[INFO] fetching crate vllm-cpp-sys 0.0.1...
[INFO] testing vllm-cpp-sys-0.0.1 against 1.100.0-beta.1+cargoflags=--release for beta-release-1.100-2
[INFO] extracting crate vllm-cpp-sys 0.0.1 into /workspace/builds/worker-2-tc2/source
[INFO] started tweaking crates.io crate vllm-cpp-sys 0.0.1
[INFO] removed 0 missing tests
[INFO] finished tweaking crates.io crate vllm-cpp-sys 0.0.1
[INFO] tweaked toml for crates.io crate vllm-cpp-sys 0.0.1 written to /workspace/builds/worker-2-tc2/source/Cargo.toml
[INFO] validating manifest of crates.io crate vllm-cpp-sys 0.0.1 on toolchain 1.100.0-beta.1
[INFO] running `Command { std: CARGO_HOME="/workspace/cargo-home" RUSTUP_HOME="/workspace/rustup-home" "/workspace/cargo-home/bin/cargo" "+1.100.0-beta.1" "metadata" "--manifest-path" "Cargo.toml" "--no-deps", kill_on_drop: false }`
[INFO] crate crates.io crate vllm-cpp-sys 0.0.1 already has a lockfile, it will not be regenerated
[INFO] running `Command { std: CARGO_HOME="/workspace/cargo-home" RUSTUP_HOME="/workspace/rustup-home" "/workspace/cargo-home/bin/cargo" "+1.100.0-beta.1" "fetch" "--manifest-path" "Cargo.toml", kill_on_drop: false }`
[INFO] running `Command { std: "docker" "create" "-v" "/var/lib/crater-agent-workspace/builds/worker-2-tc2/source:/opt/rustwide/workdir:ro,Z" "-v" "/var/lib/crater-agent-workspace/builds/worker-2-tc2/target:/opt/rustwide/target:rw,Z" "-v" "/var/lib/crater-agent-workspace/cargo-home:/opt/rustwide/cargo-home:ro,Z" "-v" "/var/lib/crater-agent-workspace/rustup-home:/opt/rustwide/rustup-home:ro,Z" "-m" "1610612736" "--network" "none" "ghcr.io/rust-lang/crates-build-env/linux@sha256:77db811e55d90add9212f6832c23229e3de5f1c1f9905e8cb07319ea15df73ac" "sleep" "infinity", kill_on_drop: false }`
[INFO] [stdout] c4e4a0cbd4178688f6db8764666a1bca4a54f9d12e96c4472afcf620ba4fa3d5
[INFO] running `Command { std: "docker" "start" "c4e4a0cbd4178688f6db8764666a1bca4a54f9d12e96c4472afcf620ba4fa3d5", kill_on_drop: false }`
[INFO] running `Command { std: "docker" "inspect" "c4e4a0cbd4178688f6db8764666a1bca4a54f9d12e96c4472afcf620ba4fa3d5", kill_on_drop: false }`
[INFO] running `Command { std: "docker" "exec" "-e" "SOURCE_DIR=/opt/rustwide/workdir" "-e" "CARGO_HOME=/opt/rustwide/cargo-home" "-e" "RUSTUP_HOME=/opt/rustwide/rustup-home" "-e" "CARGO_TARGET_DIR=/opt/rustwide/target" "-w" "/opt/rustwide/workdir" "--user" "0:0" "c4e4a0cbd4178688f6db8764666a1bca4a54f9d12e96c4472afcf620ba4fa3d5" "/opt/rustwide/cargo-home/bin/cargo" "+1.100.0-beta.1" "metadata" "--no-deps" "--format-version=1", kill_on_drop: false }`
[INFO] running `Command { std: "docker" "inspect" "c4e4a0cbd4178688f6db8764666a1bca4a54f9d12e96c4472afcf620ba4fa3d5", kill_on_drop: false }`
[INFO] running `Command { std: "docker" "exec" "-e" "SOURCE_DIR=/opt/rustwide/workdir" "-e" "CARGO_HOME=/opt/rustwide/cargo-home" "-e" "RUSTUP_HOME=/opt/rustwide/rustup-home" "-e" "CARGO_TARGET_DIR=/opt/rustwide/target" "-e" "CARGO_INCREMENTAL=0" "-e" "RUST_BACKTRACE=full" "-e" "RUSTFLAGS=--cap-lints=warn" "-e" "RUSTDOCFLAGS=--cap-lints=warn" "-w" "/opt/rustwide/workdir" "--user" "0:0" "c4e4a0cbd4178688f6db8764666a1bca4a54f9d12e96c4472afcf620ba4fa3d5" "/opt/rustwide/cargo-home/bin/cargo" "+1.100.0-beta.1" "build" "--frozen" "--message-format=json" "--release", kill_on_drop: false }`
[INFO] [stderr]    Compiling cc v1.4.0
[INFO] [stderr]    Compiling cmake v0.1.58
[INFO] [stderr]    Compiling vllm-cpp-sys v0.0.1 (/opt/rustwide/workdir)
[INFO] [stderr] error: failed to run custom build command for `vllm-cpp-sys v0.0.1 (/opt/rustwide/workdir)`
[INFO] [stderr] note: To improve backtraces for build dependencies, set the CARGO_PROFILE_RELEASE_BUILD_OVERRIDE_DEBUG=true environment variable to enable debug information generation.
[INFO] [stderr] 
[INFO] [stderr] Caused by:
[INFO] [stderr]   process didn't exit successfully: `/opt/rustwide/target/release/build/vllm-cpp-sys/1333413b5af5d365/out/build_script_build` (exit status: 101)
[INFO] [stderr]   --- stdout
[INFO] [stderr]   cargo:rerun-if-changed=build.rs
[INFO] [stderr]   cargo:rerun-if-changed=src/build_config.rs
[INFO] [stderr]   cargo:rerun-if-changed=src/build_support.rs
[INFO] [stderr]   cargo:rerun-if-changed=vllm.cpp/CMakeLists.txt
[INFO] [stderr]   cargo:rerun-if-changed=vllm.cpp/cmake
[INFO] [stderr]   cargo:rerun-if-changed=vllm.cpp/include/vllm.h
[INFO] [stderr]   cargo:rerun-if-changed=vllm.cpp/src
[INFO] [stderr]   cargo:rerun-if-changed=vllm.cpp/triton_kernels
[INFO] [stderr]   cargo:rerun-if-changed=vllm.cpp/scripts/triton-aot-compile.py
[INFO] [stderr]   cargo:rerun-if-changed=vllm.cpp/third_party/blake3
[INFO] [stderr]   cargo:rerun-if-changed=vllm.cpp/third_party/minja
[INFO] [stderr]   cargo:rerun-if-changed=vllm.cpp/third_party/nlohmann
[INFO] [stderr]   cargo:rerun-if-changed=vllm.cpp/third_party/vulkan
[INFO] [stderr]   cargo:rerun-if-env-changed=CMAKE_BUILD_PARALLEL_LEVEL
[INFO] [stderr]   cargo:rerun-if-env-changed=CMAKE_GENERATOR
[INFO] [stderr]   cargo:rerun-if-env-changed=CMAKE_GENERATOR_PLATFORM
[INFO] [stderr]   cargo:rerun-if-env-changed=CMAKE_GENERATOR_TOOLSET
[INFO] [stderr]   cargo:rerun-if-env-changed=CMAKE_PREFIX_PATH
[INFO] [stderr]   cargo:rerun-if-env-changed=VLLM_CPP_ROOT
[INFO] [stderr]   cargo:rerun-if-env-changed=VLLM_CPP_LIB_DIR
[INFO] [stderr]   cargo:rerun-if-env-changed=VLLM_CPP_BLAKE3_LIB_DIR
[INFO] [stderr]   cargo:rerun-if-env-changed=VLLM_CPP_CUDA_ARCHITECTURES
[INFO] [stderr]   cargo:rerun-if-env-changed=VLLM_CPP_CUTLASS_DIR
[INFO] [stderr]   cargo:rerun-if-env-changed=MLX_ROOT
[INFO] [stderr]   cargo:rerun-if-env-changed=VLLM_CPP_SANITIZE
[INFO] [stderr]   cargo:rerun-if-env-changed=CUDA_PATH
[INFO] [stderr]   cargo:rerun-if-env-changed=CUDA_HOME
[INFO] [stderr]   cargo:rerun-if-env-changed=CUDAToolkit_ROOT
[INFO] [stderr]   cargo:rerun-if-env-changed=CC
[INFO] [stderr]   cargo:rerun-if-env-changed=CFLAGS
[INFO] [stderr]   cargo:rerun-if-env-changed=CXX
[INFO] [stderr]   cargo:rerun-if-env-changed=CXXFLAGS
[INFO] [stderr]   CMAKE_TOOLCHAIN_FILE_x86_64-unknown-linux-gnu = None
[INFO] [stderr]   CMAKE_TOOLCHAIN_FILE_x86_64_unknown_linux_gnu = None
[INFO] [stderr]   HOST_CMAKE_TOOLCHAIN_FILE = None
[INFO] [stderr]   CMAKE_TOOLCHAIN_FILE = None
[INFO] [stderr]   CMAKE_GENERATOR_x86_64-unknown-linux-gnu = None
[INFO] [stderr]   CMAKE_GENERATOR_x86_64_unknown_linux_gnu = None
[INFO] [stderr]   HOST_CMAKE_GENERATOR = None
[INFO] [stderr]   CMAKE_GENERATOR = None
[INFO] [stderr]   CMAKE_PREFIX_PATH_x86_64-unknown-linux-gnu = None
[INFO] [stderr]   CMAKE_PREFIX_PATH_x86_64_unknown_linux_gnu = None
[INFO] [stderr]   HOST_CMAKE_PREFIX_PATH = None
[INFO] [stderr]   CMAKE_PREFIX_PATH = None
[INFO] [stderr]   CMAKE_x86_64-unknown-linux-gnu = None
[INFO] [stderr]   CMAKE_x86_64_unknown_linux_gnu = None
[INFO] [stderr]   HOST_CMAKE = None
[INFO] [stderr]   CMAKE = None
[INFO] [stderr]   -- The CXX compiler identification is GNU 15.2.0
[INFO] [stderr]   -- Detecting CXX compiler ABI info
[INFO] [stderr]   -- Detecting CXX compiler ABI info - done
[INFO] [stderr]   -- Check for working CXX compiler: /usr/bin/c++ - skipped
[INFO] [stderr]   -- Detecting CXX compile features
[INFO] [stderr]   -- Detecting CXX compile features - done
[INFO] [stderr]   -- The C compiler identification is GNU 15.2.0
[INFO] [stderr]   -- Detecting C compiler ABI info
[INFO] [stderr]   -- Detecting C compiler ABI info - done
[INFO] [stderr]   -- Check for working C compiler: /usr/bin/cc - skipped
[INFO] [stderr]   -- Detecting C compile features
[INFO] [stderr]   -- Detecting C compile features - done
[INFO] [stderr]   -- Configuring done (1.1s)
[INFO] [stderr]   -- Generating done (0.1s)
[INFO] [stderr]   -- Build files have been written to: /opt/rustwide/target/release/build/vllm-cpp-sys/86619e1e8eed001a/out/build
[INFO] [stderr]   [  0%] Building C object CMakeFiles/blake3_vendored.dir/third_party/blake3/blake3_portable.c.o
[INFO] [stderr]   [  0%] Building C object CMakeFiles/blake3_vendored.dir/third_party/blake3/blake3_dispatch.c.o
[INFO] [stderr]   [  0%] Building C object CMakeFiles/blake3_vendored.dir/third_party/blake3/blake3.c.o
[INFO] [stderr]   [  1%] Linking C static library libblake3_vendored.a
[INFO] [stderr]   [  1%] Built target blake3_vendored
[INFO] [stderr]   [  1%] Building CXX object CMakeFiles/vllm.dir/src/vllm/lora/punica_cpu.cpp.o
[INFO] [stderr]   [  1%] Building CXX object CMakeFiles/vllm.dir/src/vllm/outputs.cpp.o
[INFO] [stderr]   [  1%] Building CXX object CMakeFiles/vllm.dir/src/vllm/model_executor/model_loader/gguf_reader.cpp.o
[INFO] [stderr]   [  2%] Building CXX object CMakeFiles/vllm.dir/src/vllm/config/kv_transfer.cpp.o
[INFO] [stderr]   [  2%] Building CXX object CMakeFiles/vllm.dir/src/vllm/config/speculative.cpp.o
[INFO] [stderr]   [  3%] Building CXX object CMakeFiles/vllm.dir/src/vllm/version.cpp.o
[INFO] [stderr]   [  4%] Building CXX object CMakeFiles/vllm.dir/src/vllm/model_executor/model_loader/gguf_keep_quant.cpp.o
[INFO] [stderr]   [  4%] Building CXX object CMakeFiles/vllm.dir/src/vllm/model_executor/model_loader/nvfp4_dequant.cpp.o
[INFO] [stderr]   [  4%] Building CXX object CMakeFiles/vllm.dir/src/vllm/model_executor/model_loader/gguf_dequant.cpp.o
[INFO] [stderr]   [  5%] Building CXX object CMakeFiles/vllm.dir/src/vllm/model_executor/model_loader/mxfp4_dequant.cpp.o
[INFO] [stderr]   [  5%] Building CXX object CMakeFiles/vllm.dir/src/vllm/model_executor/model_loader/awq_gptq_dequant.cpp.o
[INFO] [stderr]   [  6%] Building CXX object CMakeFiles/vllm.dir/src/vllm/transformers_utils/hf_config.cpp.o
[INFO] [stderr]   [  6%] Building CXX object CMakeFiles/vllm.dir/src/vllm/model_executor/layers/quantization/compressed_tensors/nvfp4_emulation.cpp.o
[INFO] [stderr]   [  6%] Building CXX object CMakeFiles/vllm.dir/src/vllm/sampling_params.cpp.o
[INFO] [stderr]   [  6%] Building CXX object CMakeFiles/vllm.dir/src/vllm/config/scheduler.cpp.o
[INFO] [stderr]   [  6%] Building CXX object CMakeFiles/vllm.dir/src/vllm/model_executor/model_loader/safetensors_reader.cpp.o
[INFO] [stderr]   [  6%] Building CXX object CMakeFiles/vllm.dir/src/vllm/model_executor/models/qwen3_5_weights.cpp.o
[INFO] [stderr]   [  6%] Building CXX object CMakeFiles/vllm.dir/src/vllm/model_executor/models/qwen3_5_dense_weights.cpp.o
[INFO] [stderr]   [  7%] Building CXX object CMakeFiles/vllm.dir/src/vllm/model_executor/models/qwen3_5_mtp.cpp.o
[INFO] [stderr]   [  7%] Building CXX object CMakeFiles/vllm.dir/src/vllm/model_executor/models/qwen3_5_gguf_weights.cpp.o
[INFO] [stderr] 
[INFO] [stderr]   --- stderr
[INFO] [stderr]   running: cd "/opt/rustwide/target/release/build/vllm-cpp-sys/86619e1e8eed001a/out/build" && CMAKE_PREFIX_PATH="" LC_ALL="C" "cmake" "/opt/rustwide/workdir/vllm.cpp" "-B" "/opt/rustwide/target/release/build/vllm-cpp-sys/86619e1e8eed001a/out/build" "-DVLLM_CPP_BUILD_TESTS=OFF" "-DVLLM_CPP_BUILD_EXAMPLES=OFF" "-DVLLM_CPP_SERVER=OFF" "-DVLLM_CPP_CUDA=OFF" "-DVLLM_CPP_METAL=OFF" "-DVLLM_CPP_VULKAN=OFF" "-DVLLM_CPP_MLX=OFF" "-DVLLM_CPP_TRITON=OFF" "-DVLLM_CPP_TRITON_REGEN=OFF" "-DVLLM_CPP_CUTLASS_FETCH=OFF" "-DVLLM_CPP_SANITIZE=OFF" "-DVLLM_CPP_CUTLASS_DIR=/opt/rustwide/target/release/build/vllm-cpp-sys/86619e1e8eed001a/out/disabled-cutlass-feature" "-DCMAKE_INSTALL_PREFIX=/opt/rustwide/target/release/build/vllm-cpp-sys/86619e1e8eed001a/out" "-DCMAKE_C_FLAGS= -ffunction-sections -fdata-sections -fPIC -m64 -w" "-DCMAKE_C_COMPILER=/usr/bin/cc" "-DCMAKE_CXX_FLAGS= -ffunction-sections -fdata-sections -fPIC -m64 -w" "-DCMAKE_CXX_COMPILER=/usr/bin/c++" "-DCMAKE_ASM_FLAGS= -ffunction-sections -fdata-sections -fPIC -m64 -w" "-DCMAKE_ASM_COMPILER=/usr/bin/cc" "-DCMAKE_BUILD_TYPE=Release"
[INFO] [stderr]   CMake Warning:
[INFO] [stderr]     Manually-specified variables were not used by the project:
[INFO] [stderr] 
[INFO] [stderr]       CMAKE_ASM_COMPILER
[INFO] [stderr]       CMAKE_ASM_FLAGS
[INFO] [stderr]       VLLM_CPP_CUTLASS_DIR
[INFO] [stderr]       VLLM_CPP_CUTLASS_FETCH
[INFO] [stderr] 
[INFO] [stderr] 
[INFO] [stderr]   running: cd "/opt/rustwide/target/release/build/vllm-cpp-sys/86619e1e8eed001a/out/build" && LC_ALL="C" MAKEFLAGS="-j --jobserver-fds=4,5 --jobserver-auth=4,5" "cmake" "--build" "/opt/rustwide/target/release/build/vllm-cpp-sys/86619e1e8eed001a/out/build" "--target" "install" "--config" "Release"
[INFO] [stderr]   c++: fatal error: Killed signal terminated program cc1plus
[INFO] [stderr]   compilation terminated.
[INFO] [stderr]   gmake[2]: *** [CMakeFiles/vllm.dir/build.make:177: CMakeFiles/vllm.dir/src/vllm/transformers_utils/hf_config.cpp.o] Error 1
[INFO] [stderr]   gmake[2]: *** Waiting for unfinished jobs....
[INFO] [stderr]   c++: fatal error: Killed signal terminated program cc1plus
[INFO] [stderr]   compilation terminated.
[INFO] [stderr]   gmake[2]: *** [CMakeFiles/vllm.dir/build.make:191: CMakeFiles/vllm.dir/src/vllm/model_executor/model_loader/safetensors_reader.cpp.o] Error 1
[INFO] [stderr]   c++: fatal error: Killed signal terminated program cc1plus
[INFO] [stderr]   compilation terminated.
[INFO] [stderr]   gmake[2]: *** [CMakeFiles/vllm.dir/build.make:149: CMakeFiles/vllm.dir/src/vllm/config/speculative.cpp.o] Error 1
[INFO] [stderr]   c++: fatal error: Killed signal terminated program cc1plus
[INFO] [stderr]   compilation terminated.
[INFO] [stderr]   gmake[2]: *** [CMakeFiles/vllm.dir/build.make:345: CMakeFiles/vllm.dir/src/vllm/model_executor/models/qwen3_5_gguf_weights.cpp.o] Error 1
[INFO] [stderr]   gmake[1]: *** [CMakeFiles/Makefile2:159: CMakeFiles/vllm.dir/all] Error 2
[INFO] [stderr]   gmake: *** [Makefile:136: all] Error 2
[INFO] [stderr] 
[INFO] [stderr]   thread 'main' (105) panicked at /opt/rustwide/cargo-home/registry/src/index.crates.io-1949cf8c6b5b557f/cmake-0.1.58/src/lib.rs:1132:5:
[INFO] [stderr] 
[INFO] [stderr]   command did not execute successfully, got: exit status: 2
[INFO] [stderr] 
[INFO] [stderr]   build script failed, must exit now
[INFO] [stderr]   stack backtrace:
[INFO] [stderr]      0:     0x62f94349dd61 - <<std[617be2ca0a6fd877]::sys::backtrace::BacktraceLock>::print::DisplayBacktrace as core[a373ad73a504971]::fmt::Display>::fmt
[INFO] [stderr]      1:     0x62f9434b1dda - core[a373ad73a504971]::fmt::write
[INFO] [stderr]      2:     0x62f9434a35bc - <std[617be2ca0a6fd877]::sys::stdio::unix::Stderr as core[a373ad73a504971]::io::write::Write>::write_fmt
[INFO] [stderr]      3:     0x62f94347ca06 - std[617be2ca0a6fd877]::panicking::default_hook::{closure#0}
[INFO] [stderr]      4:     0x62f943498511 - std[617be2ca0a6fd877]::panicking::default_hook
[INFO] [stderr]      5:     0x62f9434986cb - std[617be2ca0a6fd877]::panicking::panic_with_hook
[INFO] [stderr]      6:     0x62f94347cab2 - std[617be2ca0a6fd877]::panicking::panic_handler::{closure#0}
[INFO] [stderr]      7:     0x62f9434754f9 - std[617be2ca0a6fd877]::sys::backtrace::__rust_end_short_backtrace::<std[617be2ca0a6fd877]::panicking::panic_handler::{closure#0}, !>
[INFO] [stderr]      8:     0x62f94347d29d - __rustc[ea4f61d10b84890b]::rust_begin_unwind
[INFO] [stderr]      9:     0x62f9434b254c - core[a373ad73a504971]::panicking::panic_fmt
[INFO] [stderr]     10:     0x62f943409837 - cmake[eddb3b7680884963]::fail
[INFO] [stderr]     11:     0x62f9434094c3 - cmake[eddb3b7680884963]::run
[INFO] [stderr]     12:     0x62f94340f495 - <cmake[eddb3b7680884963]::Config>::build
[INFO] [stderr]     13:     0x62f9433f85f2 - build_script_build[7d0bb9d06cd684da]::build_bundled
[INFO] [stderr]     14:     0x62f9433fb6c2 - build_script_build[7d0bb9d06cd684da]::main
[INFO] [stderr]     15:     0x62f9433f5e33 - <fn() as core[a373ad73a504971]::ops::function::FnOnce<()>>::call_once
[INFO] [stderr]     16:     0x62f9433f2a0e - std[617be2ca0a6fd877]::sys::backtrace::__rust_begin_short_backtrace::<fn(), ()>
[INFO] [stderr]     17:     0x62f9433f6ab9 - std[617be2ca0a6fd877]::rt::lang_start::<()>::{closure#0}
[INFO] [stderr]     18:     0x62f943497818 - std[617be2ca0a6fd877]::rt::lang_start_internal
[INFO] [stderr]     19:     0x62f9433f6321 - std[617be2ca0a6fd877]::rt::lang_start::<()>
[INFO] [stderr]     20:     0x62f9433fcc95 - main
[INFO] [stderr]     21:     0x7c8161042601 - <unknown>
[INFO] [stderr]     22:     0x7c8161042718 - __libc_start_main
[INFO] [stderr]     23:     0x62f9433e53a5 - _start
[INFO] [stderr]     24:                0x0 - <unknown>
[INFO] running `Command { std: "docker" "inspect" "c4e4a0cbd4178688f6db8764666a1bca4a54f9d12e96c4472afcf620ba4fa3d5", kill_on_drop: false }`
[INFO] running `Command { std: "docker" "rm" "-f" "c4e4a0cbd4178688f6db8764666a1bca4a54f9d12e96c4472afcf620ba4fa3d5", kill_on_drop: false }`
[INFO] [stdout] c4e4a0cbd4178688f6db8764666a1bca4a54f9d12e96c4472afcf620ba4fa3d5
