[INFO] fetching crate vl-convert 2.0.0-rc7...
[INFO] testing vl-convert-2.0.0-rc7 against 1.99.0-beta.8+cargoflags=--release for beta-release-1.100-2
[INFO] extracting crate vl-convert 2.0.0-rc7 into /workspace/builds/worker-2-tc1/source
[INFO] started tweaking crates.io crate vl-convert 2.0.0-rc7
[INFO] removed 0 missing tests
[INFO] finished tweaking crates.io crate vl-convert 2.0.0-rc7
[INFO] tweaked toml for crates.io crate vl-convert 2.0.0-rc7 written to /workspace/builds/worker-2-tc1/source/Cargo.toml
[INFO] validating manifest of crates.io crate vl-convert 2.0.0-rc7 on toolchain 1.99.0-beta.8
[INFO] running `Command { std: CARGO_HOME="/workspace/cargo-home" RUSTUP_HOME="/workspace/rustup-home" "/workspace/cargo-home/bin/cargo" "+1.99.0-beta.8" "metadata" "--manifest-path" "Cargo.toml" "--no-deps", kill_on_drop: false }`
[INFO] crate crates.io crate vl-convert 2.0.0-rc7 already has a lockfile, it will not be regenerated
[INFO] running `Command { std: CARGO_HOME="/workspace/cargo-home" RUSTUP_HOME="/workspace/rustup-home" "/workspace/cargo-home/bin/cargo" "+1.99.0-beta.8" "fetch" "--manifest-path" "Cargo.toml", kill_on_drop: false }`
[INFO] [stderr]     Updating crates.io index
[INFO] [stderr]  Downloading crates ...
[INFO] [stderr]   Downloaded vl-convert-server v2.0.0-rc7
[INFO] [stderr]   Downloaded vl-convert-google-fonts v2.0.0-rc7
[INFO] [stderr]   Downloaded vl-convert-rs v2.0.0-rc7
[INFO] [stderr]   Downloaded fastbloom v0.17.0
[INFO] [stderr]   Downloaded dirs v7.0.0
[INFO] [stderr]   Downloaded libredox v0.1.23
[INFO] [stderr]   Downloaded vl-convert-canvas2d-deno v2.0.0-rc7
[INFO] [stderr]   Downloaded vl-convert-canvas2d v2.0.0-rc7
[INFO] [stderr]   Downloaded bytemuck_derive v1.12.0
[INFO] [stderr]   Downloaded crc32fast v1.5.1
[INFO] [stderr]   Downloaded polycool v0.4.0
[INFO] [stderr]   Downloaded svgtypes v0.16.1
[INFO] [stderr]   Downloaded csscolorparser v0.8.4
[INFO] [stderr]   Downloaded tiny-skia v0.11.4
[INFO] [stderr]   Downloaded tiny-skia-path v0.11.4
[INFO] [stderr]   Downloaded zlib-rs v0.6.7
[INFO] [stderr]   Downloaded kurbo v0.13.1
[INFO] [stderr]   Downloaded unicode-ccc v0.4.0
[INFO] [stderr]   Downloaded svgtypes v0.15.3
[INFO] [stderr]   Downloaded simplecss v0.2.2
[INFO] [stderr]   Downloaded swash v0.2.10
[INFO] [stderr]   Downloaded font-types v0.12.4
[INFO] [stderr]   Downloaded xmlwriter v0.1.0
[INFO] [stderr]   Downloaded unicode-vo v0.1.0
[INFO] [stderr]   Downloaded zune-jpeg v0.4.21
[INFO] [stderr]   Downloaded imagesize v0.13.0
[INFO] [stderr]   Downloaded data-url v0.3.1
[INFO] [stderr]   Downloaded if_chain v1.0.3
[INFO] [stderr]   Downloaded deno_v8 v0.3.0
[INFO] [stderr]   Downloaded unicode-id-start v1.4.0
[INFO] [stderr]   Downloaded deno_error_macro v0.7.1
[INFO] [stderr]   Downloaded wasm_dep_analyzer v0.4.0
[INFO] [stderr]   Downloaded sys_traits_macros v0.1.0
[INFO] [stderr]   Downloaded zune-core v0.4.12
[INFO] [stderr]   Downloaded strck v1.0.0
[INFO] [stderr]   Downloaded font-types v0.11.3
[INFO] [stderr]   Downloaded sourcemap v9.3.2
[INFO] [stderr]   Downloaded diplomat v0.16.1
[INFO] [stderr]   Downloaded which v6.0.3
[INFO] [stderr]   Downloaded usvg v0.45.1
[INFO] [stderr]   Downloaded resvg v0.45.1
[INFO] [stderr]   Downloaded deno_error v0.7.1
[INFO] [stderr]   Downloaded diplomat_core v0.16.1
[INFO] [stderr]   Downloaded sys_traits v0.1.28
[INFO] [stderr]   Downloaded temporal_rs v0.2.6
[INFO] [stderr]   Downloaded gzip-header v1.1.0
[INFO] [stderr]   Downloaded deno_ops v0.287.0
[INFO] [stderr]   Downloaded syn-match v0.3.1
[INFO] [stderr]   Downloaded boxed_error v0.2.3
[INFO] [stderr]   Downloaded skrifa v0.44.0
[INFO] [stderr]   Downloaded rustybuzz v0.20.1
[INFO] [stderr]   Downloaded timezone_provider v0.2.6
[INFO] [stderr]   Downloaded resb v0.1.2
[INFO] [stderr]   Downloaded temporal_capi v0.2.6
[INFO] [stderr]   Downloaded deno_path_util v0.6.4
[INFO] [stderr]   Downloaded lazy-regex v3.6.1
[INFO] [stderr]   Downloaded zoneinfo64 v0.3.0
[INFO] [stderr]   Downloaded bindgen v0.70.1
[INFO] [stderr]   Downloaded svg2pdf v0.13.0
[INFO] [stderr]   Downloaded subsetter v0.2.6
[INFO] [stderr]   Downloaded write-fonts v0.48.1
[INFO] [stderr]   Downloaded capacity_builder_macros v0.3.0
[INFO] [stderr]   Downloaded read-fonts v0.41.0
[INFO] [stderr]   Downloaded deno_core v0.411.0
[INFO] [stderr]   Downloaded diplomat-runtime v0.16.0
[INFO] [stderr]   Downloaded deno_unsync v0.4.4
[INFO] [stderr]   Downloaded node_resolver v0.96.0
[INFO] [stderr]   Downloaded unicode-bidi-mirroring v0.4.0
[INFO] [stderr]   Downloaded junction v1.2.0
[INFO] [stderr]   Downloaded path-clean v0.1.0
[INFO] [stderr]   Downloaded uuid v1.26.0
[INFO] [stderr]   Downloaded skrifa v0.42.1
[INFO] [stderr]   Downloaded ecow v0.2.6
[INFO] [stderr]   Downloaded capacity_builder v0.5.0
[INFO] [stderr]   Downloaded deno_package_json v0.60.0
[INFO] [stderr]   Downloaded deno_media_type v0.4.0
[INFO] [stderr]   Downloaded escape8259 v0.5.3
[INFO] [stderr]   Downloaded tokio-metrics v0.3.1
[INFO] [stderr]   Downloaded pdf-writer v0.12.1
[INFO] [stderr]   Downloaded serde_v8 v0.320.0
[INFO] [stderr]   Downloaded cooked-waker v5.0.0
[INFO] [stderr]   Downloaded lz-str v0.2.1
[INFO] [stderr]   Downloaded deno_runtime v0.266.0
[INFO] [stderr]   Downloaded monch v0.6.0
[INFO] [stderr]   Downloaded deno_semver v0.10.1
[INFO] [stderr]   Downloaded v8x v149.4.0-rc.4
[INFO] [stderr]   Downloaded read-fonts v0.39.2
[INFO] [stderr]   Downloaded cdivsufsort v2.0.0
[INFO] [stderr]   Downloaded bzip2 v0.6.1
[INFO] [stderr]   Downloaded qbsdiff v1.4.4
[INFO] [stderr]   Downloaded libbz2-rs-sys v0.2.5
[INFO] [stderr]   Downloaded fastwebsockets v0.8.1
[INFO] [stderr]   Downloaded stringcase v0.4.0
[INFO] [stderr]   Downloaded sacabase v2.0.0
[INFO] [stderr]   Downloaded faster-hex v0.10.0
[INFO] [stderr]   Downloaded rustyline v17.0.0
[INFO] [stderr]   Downloaded deno_maybe_sync v0.45.0
[INFO] [stderr]   Downloaded hipstr v0.6.0
[INFO] [stderr]   Downloaded font-subset v0.1.0
[INFO] [stderr]   Downloaded deno_websocket v0.263.0
[INFO] [stderr]   Downloaded derive-io v0.4.1
[INFO] [stderr]   Downloaded jsonc-parser v0.33.1
[INFO] [stderr]   Downloaded fd-lock v4.0.4
[INFO] [stderr]   Downloaded deno_webstorage v0.253.0
[INFO] [stderr]   Downloaded deno_tls v0.245.0
[INFO] [stderr]   Downloaded lazy-regex-proc_macros v3.6.1
[INFO] [stderr]   Downloaded derive-io-macros v0.4.1
[INFO] [stderr]   Downloaded hickory-resolver v0.25.2
[INFO] [stderr]   Downloaded deno_native_certs v0.3.1
[INFO] [stderr]   Downloaded deno_terminal v0.2.3
[INFO] [stderr]   Downloaded error_reporter v1.0.0
[INFO] [stderr]   Downloaded suffix_array v0.5.0
[INFO] [stderr]   Downloaded vsock v0.5.4
[INFO] [stderr]   Downloaded deno_signals v0.49.0
[INFO] [stderr]   Downloaded os_pipe v1.2.1
[INFO] [stderr]   Downloaded fqdn v0.5.2
[INFO] [stderr]   Downloaded compression-codecs v0.4.39
[INFO] [stderr]   Downloaded web-transport-proto v0.2.8
[INFO] [stderr]   Downloaded tokio-socks v0.5.3
[INFO] [stderr]   Downloaded deno_tunnel v0.8.1
[INFO] [stderr]   Downloaded rustls-tokio-stream v0.8.0
[INFO] [stderr]   Downloaded deno_features v0.55.0
[INFO] [stderr]   Downloaded deno_fs v0.168.0
[INFO] [stderr]   Downloaded deno_webidl v0.258.0
[INFO] [stderr]   Downloaded tokio-vsock v0.7.2
[INFO] [stderr]   Downloaded deno_io v0.168.0
[INFO] [stderr]   Downloaded deno_subprocess_windows v0.53.0
[INFO] [stderr]   Downloaded deno_permissions v0.117.0
[INFO] [stderr]   Downloaded deno_net v0.250.0
[INFO] [stderr]   Downloaded deno_webgpu v0.225.0
[INFO] [stderr]   Downloaded x509-parser v0.15.1
[INFO] [stderr]   Downloaded deno_fetch v0.282.0
[INFO] [stderr]   Downloaded aes v0.8.3
[INFO] [stderr]   Downloaded async-compression v0.4.44
[INFO] [stderr]   Downloaded moka v0.12.16
[INFO] [stderr]   Downloaded ordered-float v5.5.0
[INFO] [stderr]   Downloaded lcms2 v6.2.0
[INFO] [stderr]   Downloaded opentelemetry-http v0.32.0
[INFO] [stderr]   Downloaded deno_npmrc v0.19.0
[INFO] [stderr]   Downloaded async-once-cell v0.5.4
[INFO] [stderr]   Downloaded deno_process v0.73.0
[INFO] [stderr]   Downloaded hickory-proto v0.25.2
[INFO] [stderr]   Downloaded wgpu-core v29.0.1
[INFO] [stderr]   Downloaded ron v0.12.2
[INFO] [stderr]   Downloaded deno_image v0.34.0
[INFO] [stderr]   Downloaded urlpattern v0.4.2
[INFO] [stderr]   Downloaded opentelemetry_sdk v0.32.1
[INFO] [stderr]   Downloaded opentelemetry v0.32.0
[INFO] [stderr]   Downloaded deno_resolver v0.89.0
[INFO] [stderr]   Downloaded yaml_parser v0.2.1
[INFO] [stderr]   Downloaded countme v3.0.1
[INFO] [stderr]   Downloaded deno_node_sqlite v0.28.0
[INFO] [stderr]   Downloaded signature v3.0.0
[INFO] [stderr]   Downloaded sec1 v0.8.1
[INFO] [stderr]   Downloaded import_map v0.25.0
[INFO] [stderr]   Downloaded netif v0.1.6
[INFO] [stderr]   Downloaded dsa v0.6.3
[INFO] [stderr]   Downloaded swc_atoms v9.0.0
[INFO] [stderr]   Downloaded from_variant v3.0.0
[INFO] [stderr]   Downloaded better_scoped_tls v1.0.1
[INFO] [stderr]   Downloaded swc_allocator v4.0.1
[INFO] [stderr]   Downloaded lcms2-sys v4.0.7
[INFO] [stderr]   Downloaded text-size v1.1.1
[INFO] [stderr]   Downloaded deno_npm v0.70.0
[INFO] [stderr]   Downloaded deno_config v0.108.0
[INFO] [stderr]   Downloaded deno_cache_dir v0.50.0
[INFO] [stderr]   Downloaded sm3 v0.4.2
[INFO] [stderr]   Downloaded p12 v0.6.3
[INFO] [stderr]   Downloaded ed448 v0.5.0
[INFO] [stderr]   Downloaded deno_crypto_provider v0.52.0
[INFO] [stderr]   Downloaded node_shim v0.33.0
[INFO] [stderr]   Downloaded deno_dotenv v0.27.0
[INFO] [stderr]   Downloaded swc_ecma_visit v18.0.1
[INFO] [stderr]   Downloaded swc_common v17.0.1
[INFO] [stderr]   Downloaded swc_ecma_transforms_base v30.0.1
[INFO] [stderr]   Downloaded deno_telemetry v0.80.0
[INFO] [stderr]   Downloaded der v0.8.2
[INFO] [stderr]   Downloaded swc_visit v2.0.1
[INFO] [stderr]   Downloaded hstr v3.0.6
[INFO] [stderr]   Downloaded macro_rules_attribute v0.2.3
[INFO] [stderr]   Downloaded opentelemetry-proto v0.32.0
[INFO] [stderr]   Downloaded shake v0.1.0
[INFO] [stderr]   Downloaded serdect v0.4.3
[INFO] [stderr]   Downloaded elliptic-curve v0.14.1
[INFO] [stderr]   Downloaded deno_ast v0.53.3
[INFO] [stderr]   Downloaded text_lines v0.6.0
[INFO] [stderr]   Downloaded swc_macros_common v1.0.1
[INFO] [stderr]   Downloaded ryu-js v1.0.3
[INFO] [stderr]   Downloaded swc_config_macro v1.0.1
[INFO] [stderr]   Downloaded compact_str v0.7.1
[INFO] [stderr]   Downloaded spki v0.8.0
[INFO] [stderr]   Downloaded ff v0.14.0
[INFO] [stderr]   Downloaded swc_ecma_ast v18.0.0
[INFO] [stderr]   Downloaded swc_sourcemap v9.3.4
[INFO] [stderr]   Downloaded swc_ecma_transforms_react v33.0.0
[INFO] [stderr]   Downloaded swc_ecma_lexer v26.0.0
[INFO] [stderr]   Downloaded dprint-swc-ext v0.26.1
[INFO] [stderr]   Downloaded deno_whoami v0.1.0
[INFO] [stderr]   Downloaded swc_ecma_transforms_typescript v33.0.0
[INFO] [stderr]   Downloaded swc_ecma_codegen_macros v2.0.2
[INFO] [stderr]   Downloaded swc_ecma_codegen v20.0.2
[INFO] [stderr]   Downloaded libnghttp2 v1.68.0
[INFO] [stderr]   Downloaded denokv_sqlite v0.14.0
[INFO] [stderr]   Downloaded ordered-channel v1.2.0
[INFO] [stderr]   Downloaded deno_node v0.196.0
[INFO] [stderr]   Downloaded crc-catalog v1.1.1
[INFO] [stderr]   Downloaded deno_napi v0.189.0
[INFO] [stderr]   Downloaded color-print-proc-macro v0.3.7
[INFO] [stderr]   Downloaded swc_ecma_transforms_proposal v30.0.0
[INFO] [stderr]   Downloaded dlopen2 v0.6.1
[INFO] [stderr]   Downloaded swc_graph_analyzer v14.0.1
[INFO] [stderr]   Downloaded swc_ecma_transforms_optimization v32.0.0
[INFO] [stderr]   Downloaded moxcms v0.9.0
[INFO] [stderr]   Downloaded swc_ecma_transforms_macros v1.0.1
[INFO] [stderr]   Downloaded cranelift-assembler-x64 v0.117.2
[INFO] [stderr]   Downloaded is-macro v0.3.8
[INFO] [stderr]   Downloaded crc v2.1.0
[INFO] [stderr]   Downloaded napi_sym v0.188.0
[INFO] [stderr]   Downloaded wtf8 v0.1.0
[INFO] [stderr]   Downloaded cranelift-control v0.117.2
[INFO] [stderr]   Downloaded dssim-core v3.5.1
[INFO] [stderr]   Downloaded deno_os v0.75.0
[INFO] [stderr]   Downloaded aead-gcm-stream v0.4.0
[INFO] [stderr]   Downloaded cranelift v0.117.2
[INFO] [stderr]   Downloaded ocb3 v0.1.0
[INFO] [stderr]   Downloaded password-hash v0.6.1
[INFO] [stderr]   Downloaded denort_helper v0.56.0
[INFO] [stderr]   Downloaded denokv_proto v0.14.0
[INFO] [stderr]   Downloaded cranelift-native v0.117.2
[INFO] [stderr]   Downloaded color-print v0.3.7
[INFO] [stderr]   Downloaded cranelift-bitset v0.117.2
[INFO] [stderr]   Downloaded cranelift-codegen-shared v0.117.2
[INFO] [stderr]   Downloaded cranelift-bforest v0.117.2
[INFO] [stderr]   Downloaded argon2 v0.6.0
[INFO] [stderr]   Downloaded phc v0.6.1
[INFO] [stderr]   Downloaded aes-kw v0.2.1
[INFO] [stderr]   Downloaded deno_cron v0.138.0
[INFO] [stderr]   Downloaded deno_canvas v0.120.0
[INFO] [stderr]   Downloaded deno_bundle_runtime v0.45.0
[INFO] [stderr]   Downloaded utoipa-axum v0.2.0
[INFO] [stderr]   Downloaded predicates v3.1.4
[INFO] [stderr]   Downloaded dssim v3.5.1
[INFO] [stderr]   Downloaded rexif v0.7.5
[INFO] [stderr]   Downloaded denokv_remote v0.14.0
[INFO] [stderr]   Downloaded deno_http_h1 v0.9.0
[INFO] [stderr]   Downloaded libffi v5.1.0
[INFO] [stderr]   Downloaded cranelift-entity v0.117.2
[INFO] [stderr]   Downloaded cranelift-assembler-x64-meta v0.117.2
[INFO] [stderr]   Downloaded cranelift-module v0.117.2
[INFO] [stderr]   Downloaded blake2 v0.11.0
[INFO] [stderr]   Downloaded deno_cache v0.191.0
[INFO] [stderr]   Downloaded signal-hook v0.4.4
[INFO] [stderr]   Downloaded rstest v0.27.0
[INFO] [stderr]   Downloaded lodepng v3.12.2
[INFO] [stderr]   Downloaded deno_kv v0.166.0
[INFO] [stderr]   Downloaded cranelift-isle v0.117.2
[INFO] [stderr]   Downloaded cranelift-frontend v0.117.2
[INFO] [stderr]   Downloaded rstest_macros v0.27.0
[INFO] [stderr]   Downloaded deno_ffi v0.245.0
[INFO] [stderr]   Downloaded cranelift-codegen-meta v0.117.2
[INFO] [stderr]   Downloaded par-core v2.0.0
[INFO] [stderr]   Downloaded v8_valueserializer v0.1.2
[INFO] [stderr]   Downloaded rowan v0.15.19
[INFO] [stderr]   Downloaded deno_lockfile v0.60.0
[INFO] [stderr]   Downloaded p224 v0.13.2
[INFO] [stderr]   Downloaded ast_node v5.0.0
[INFO] [stderr]   Downloaded deno_http v0.256.0
[INFO] [stderr]   Downloaded deno_web v0.289.0
[INFO] [stderr]   Downloaded md4 v0.10.2
[INFO] [stderr]   Downloaded libuv-sys-lite v1.48.3
[INFO] [stderr]   Downloaded regalloc2 v0.11.2
[INFO] [stderr]   Downloaded wgpu-types v29.0.1
[INFO] [stderr]   Downloaded opentelemetry-semantic-conventions v0.32.1
[INFO] [stderr]   Downloaded pkcs8 v0.11.0
[INFO] [stderr]   Downloaded swc_config v3.1.2
[INFO] [stderr]   Downloaded deno_crypto v0.272.0
[INFO] [stderr]   Downloaded crypto-bigint v0.7.5
[INFO] [stderr]   Downloaded swc_ecma_utils v24.0.0
[INFO] [stderr]   Downloaded bytes-str v0.2.8
[INFO] [stderr]   Downloaded swc_ecma_transforms_classes v30.0.0
[INFO] [stderr]   Downloaded radix_fmt v1.0.0
[INFO] [stderr]   Downloaded ed448-goldilocks v0.14.0-pre.15
[INFO] [stderr]   Downloaded webpki-root-certs v0.26.11
[INFO] [stderr]   Downloaded swc_ts_fast_strip v36.0.0
[INFO] [stderr]   Downloaded swc_ecma_loader v17.0.0
[INFO] [stderr]   Downloaded load_image v3.4.1
[INFO] [stderr]   Downloaded fips203 v0.4.3
[INFO] [stderr]   Downloaded macro_rules_attribute-proc_macro v0.2.3
[INFO] [stderr]   Downloaded string_enum v1.0.2
[INFO] [stderr]   Downloaded cranelift-codegen v0.117.2
[INFO] [stderr]   Downloaded group v0.14.0
[INFO] [stderr]   Downloaded opentelemetry-otlp v0.32.0
[INFO] [stderr]   Downloaded jsonc-parser v0.32.4
[INFO] [stderr]   Downloaded tokio-eld v0.3.0
[INFO] [stderr]   Downloaded ignore v0.4.33
[INFO] [stderr]   Downloaded deno_node_crypto v0.28.0
[INFO] [stderr]   Downloaded swc_ecma_parser v27.0.7
[INFO] [stderr]   Downloaded brotli-decompressor v4.0.3
[INFO] [stderr]   Downloaded swc_eq_ignore_macros v1.0.1
[INFO] [stderr]   Downloaded deno_inspector_server v0.32.0
[INFO] [stderr]   Downloaded swc_bundler v35.0.0
[INFO] [stderr]   Downloaded libffi-sys v4.2.2
[INFO] [stderr]   Downloaded hash2curve v0.14.0
[INFO] [stderr]   Downloaded assert_cmd v2.2.2
[INFO] [stderr]   Downloaded utoipa-swagger-ui-vendored v0.1.2
[INFO] [stderr]   Downloaded deno_graph v0.111.0
[INFO] [stderr]   Downloaded fips205 v0.4.1
[INFO] [stderr]   Downloaded v8 v150.4.0
[INFO] running `Command { std: "docker" "create" "-v" "/var/lib/crater-agent-workspace/builds/worker-2-tc1/source:/opt/rustwide/workdir:ro,Z" "-v" "/var/lib/crater-agent-workspace/builds/worker-2-tc1/target:/opt/rustwide/target:rw,Z" "-v" "/var/lib/crater-agent-workspace/cargo-home:/opt/rustwide/cargo-home:ro,Z" "-v" "/var/lib/crater-agent-workspace/rustup-home:/opt/rustwide/rustup-home:ro,Z" "-m" "1610612736" "--network" "none" "ghcr.io/rust-lang/crates-build-env/linux@sha256:77db811e55d90add9212f6832c23229e3de5f1c1f9905e8cb07319ea15df73ac" "sleep" "infinity", kill_on_drop: false }`
[INFO] [stdout] 2e5b552e8d136a9a4d6dcfb36114209ab3c11b5514bcad5adb042d277d2982e5
[INFO] running `Command { std: "docker" "start" "2e5b552e8d136a9a4d6dcfb36114209ab3c11b5514bcad5adb042d277d2982e5", kill_on_drop: false }`
[INFO] running `Command { std: "docker" "inspect" "2e5b552e8d136a9a4d6dcfb36114209ab3c11b5514bcad5adb042d277d2982e5", kill_on_drop: false }`
[INFO] running `Command { std: "docker" "exec" "-e" "SOURCE_DIR=/opt/rustwide/workdir" "-e" "CARGO_HOME=/opt/rustwide/cargo-home" "-e" "RUSTUP_HOME=/opt/rustwide/rustup-home" "-e" "CARGO_TARGET_DIR=/opt/rustwide/target" "-w" "/opt/rustwide/workdir" "--user" "0:0" "2e5b552e8d136a9a4d6dcfb36114209ab3c11b5514bcad5adb042d277d2982e5" "/opt/rustwide/cargo-home/bin/cargo" "+1.99.0-beta.8" "metadata" "--no-deps" "--format-version=1", kill_on_drop: false }`
[INFO] running `Command { std: "docker" "inspect" "2e5b552e8d136a9a4d6dcfb36114209ab3c11b5514bcad5adb042d277d2982e5", kill_on_drop: false }`
[INFO] running `Command { std: "docker" "exec" "-e" "SOURCE_DIR=/opt/rustwide/workdir" "-e" "CARGO_HOME=/opt/rustwide/cargo-home" "-e" "RUSTUP_HOME=/opt/rustwide/rustup-home" "-e" "CARGO_TARGET_DIR=/opt/rustwide/target" "-e" "CARGO_INCREMENTAL=0" "-e" "RUST_BACKTRACE=full" "-e" "RUSTFLAGS=--cap-lints=warn" "-e" "RUSTDOCFLAGS=--cap-lints=warn" "-w" "/opt/rustwide/workdir" "--user" "0:0" "2e5b552e8d136a9a4d6dcfb36114209ab3c11b5514bcad5adb042d277d2982e5" "/opt/rustwide/cargo-home/bin/cargo" "+1.99.0-beta.8" "build" "--frozen" "--message-format=json" "--release", kill_on_drop: false }`
[INFO] [stderr]    Compiling proc-macro2 v1.0.107
[INFO] [stderr]    Compiling libc v0.2.189
[INFO] [stderr]    Compiling serde_core v1.0.229
[INFO] [stderr]    Compiling portable-atomic v1.15.0
[INFO] [stderr]    Compiling num-traits v0.2.19
[INFO] [stderr]    Compiling zerocopy v0.8.56
[INFO] [stderr]    Compiling log v0.4.34
[INFO] [stderr]    Compiling serde_json v1.0.151
[INFO] [stderr]    Compiling find-msvc-tools v0.1.12
[INFO] [stderr]    Compiling foldhash v0.2.0
[INFO] [stderr]    Compiling bitflags v2.13.1
[INFO] [stderr]    Compiling hashbrown v0.17.1
[INFO] [stderr]    Compiling either v1.18.0
[INFO] [stderr]    Compiling rustc-hash v2.1.3
[INFO] [stderr]    Compiling critical-section v1.2.0
[INFO] [stderr]    Compiling aho-corasick v1.1.5
[INFO] [stderr]    Compiling regex-syntax v0.8.11
[INFO] [stderr]    Compiling quote v1.0.47
[INFO] [stderr]    Compiling indexmap v2.14.2
[INFO] [stderr]    Compiling syn v2.0.119
[INFO] [stderr]    Compiling syn v3.0.5
[INFO] [stderr]    Compiling once_cell v1.21.4
[INFO] [stderr]    Compiling jobserver v0.1.35
[INFO] [stderr]    Compiling getrandom v0.2.17
[INFO] [stderr]    Compiling rand_core v0.6.4
[INFO] [stderr]    Compiling cc v1.4.5
[INFO] [stderr]    Compiling pkg-config v0.3.34
[INFO] [stderr]    Compiling regex-automata v0.4.18
[INFO] [stderr]    Compiling stable_deref_trait v1.2.1
[INFO] [stderr]    Compiling crc32fast v1.5.1
[INFO] [stderr]    Compiling thiserror v2.0.20
[INFO] [stderr]    Compiling libloading v0.8.9
[INFO] [stderr]    Compiling clang-sys v1.9.1
[INFO] [stderr]    Compiling scopeguard v1.2.0
[INFO] [stderr]    Compiling lock_api v0.4.14
[INFO] [stderr]    Compiling subtle v2.6.1
[INFO] [stderr]    Compiling writeable v0.6.4
[INFO] [stderr]    Compiling typenum v1.20.1
[INFO] [stderr]    Compiling litemap v0.8.3
[INFO] [stderr]    Compiling cexpr v0.6.0
[INFO] [stderr]    Compiling regex v1.13.1
[INFO] [stderr]    Compiling itertools v0.13.0
[INFO] [stderr]    Compiling errno v0.3.14
[INFO] [stderr]    Compiling synstructure v0.13.2
[INFO] [stderr]    Compiling prettyplease v0.2.37
[INFO] [stderr]    Compiling signal-hook-registry v1.4.8
[INFO] [stderr]    Compiling simd-adler32 v0.3.10
[INFO] [stderr]    Compiling socket2 v0.6.5
[INFO] [stderr]    Compiling mio v1.2.3
[INFO] [stderr]    Compiling cfg_aliases v0.2.2
[INFO] [stderr]    Compiling rand_core v0.10.1
[INFO] [stderr]    Compiling serde_derive v1.0.229
[INFO] [stderr]    Compiling displaydoc v0.2.7
[INFO] [stderr]    Compiling zerovec-derive v0.11.6
[INFO] [stderr]    Compiling tokio-macros v2.7.2
[INFO] [stderr]    Compiling zeroize_derive v1.5.0
[INFO] [stderr]    Compiling zerofrom-derive v0.1.7
[INFO] [stderr]    Compiling yoke-derive v0.8.2
[INFO] [stderr]    Compiling zerocopy-derive v0.8.56
[INFO] [stderr]    Compiling thiserror-impl v2.0.20
[INFO] [stderr]    Compiling zeroize v1.9.0
[INFO] [stderr]    Compiling futures-macro v0.3.34
[INFO] [stderr]    Compiling deno_error_macro v0.7.1
[INFO] [stderr]    Compiling zerofrom v0.1.8
[INFO] [stderr]    Compiling tracing-attributes v0.1.31
[INFO] [stderr]    Compiling yoke v0.8.3
[INFO] [stderr]    Compiling sys_traits_macros v0.1.0
[INFO] [stderr]    Compiling zerovec v0.11.8
[INFO] [stderr]    Compiling zerotrie v0.2.5
[INFO] [stderr]    Compiling potential_utf v0.1.6
[INFO] [stderr]    Compiling tinystr v0.8.4
[INFO] [stderr]    Compiling serde v1.0.229
[INFO] [stderr]    Compiling icu_locale_core v2.3.0
[INFO] [stderr]    Compiling smallvec v1.16.0
[INFO] [stderr]    Compiling icu_collections v2.3.0
[INFO] [stderr]    Compiling parking_lot_core v0.9.12
[INFO] [stderr]    Compiling parking_lot v0.12.5
[INFO] [stderr]    Compiling bindgen v0.72.1
[INFO] [stderr]    Compiling getrandom v0.4.3
[INFO] [stderr]    Compiling icu_provider v2.3.1
[INFO] [stderr]    Compiling tokio v1.53.1
[INFO] [stderr]    Compiling icu_properties v2.3.0
[INFO] [stderr]    Compiling icu_normalizer v2.3.0
[INFO] [stderr]    Compiling ppv-lite86 v0.2.21
[INFO] [stderr]    Compiling idna_adapter v1.2.2
[INFO] [stderr]    Compiling rand_chacha v0.3.1
[INFO] [stderr]    Compiling rand v0.8.5
[INFO] [stderr]    Compiling idna v1.1.0
[INFO] [stderr]    Compiling icu_locale_fallback_data v2.3.0
[INFO] [stderr]    Compiling url v2.5.8
[INFO] [stderr]    Compiling form_urlencoded v1.2.2
[INFO] [stderr]    Compiling icu_calendar_data v2.3.0
[INFO] [stderr]    Compiling boxed_error v0.2.3
[INFO] [stderr]    Compiling miniz_oxide v0.8.9
[INFO] [stderr]    Compiling generic-array v0.14.7
[INFO] [stderr]    Compiling rustix v0.38.44
[INFO] [stderr]    Compiling strck v1.0.0
[INFO] [stderr]    Compiling diplomat_core v0.16.1
[INFO] [stderr]    Compiling bytemuck_derive v1.12.0
[INFO] [stderr]    Compiling gzip-header v1.1.0
[INFO] [stderr]    Compiling fslock v0.2.1
[INFO] [stderr]    Compiling crypto-common v0.1.7
[INFO] [stderr]    Compiling siphasher v1.0.3
[INFO] [stderr]    Compiling pin-project-internal v1.1.13
[INFO] [stderr]    Compiling anyhow v1.0.104
[INFO] [stderr]    Compiling futures-channel v0.3.34
[INFO] [stderr]    Compiling strum_macros v0.27.2
[INFO] [stderr]    Compiling futures-util v0.3.34
[INFO] [stderr]    Compiling syn-match v0.3.1
[INFO] [stderr]    Compiling which v6.0.3
[INFO] [stderr]    Compiling stringcase v0.4.0
[INFO] [stderr]    Compiling futures-sink v0.3.34
[INFO] [stderr]    Compiling cmake v0.1.58
[INFO] [stderr]    Compiling diplomat v0.16.1
[INFO] [stderr]    Compiling strum v0.27.2
[INFO] [stderr]    Compiling slab v0.4.12
[INFO] [stderr]    Compiling deno_ops v0.287.0
[INFO] [stderr]    Compiling num-integer v0.1.47
[INFO] [stderr]    Compiling allocator-api2 v0.2.21
[INFO] [stderr]    Compiling v8 v150.4.0
[INFO] [stderr]    Compiling tracing-core v0.1.36
[INFO] [stderr]    Compiling memoffset v0.9.1
[INFO] [stderr]    Compiling uuid v1.26.0
[INFO] [stderr]    Compiling tracing v0.1.44
[INFO] [stderr]    Compiling num-bigint v0.4.8
[INFO] [stderr]    Compiling capacity_builder_macros v0.3.0
[INFO] [stderr]    Compiling async-trait v0.1.92
[INFO] [stderr]    Compiling block-buffer v0.10.4
[INFO] [stderr]    Compiling aws-lc-sys v0.45.0
[INFO] [stderr]    Compiling digest v0.10.7
[INFO] [stderr]    Compiling data-encoding v2.11.1
[INFO] [stderr]    Compiling radium v0.7.0
[INFO] [stderr]    Compiling outref v0.5.2
[INFO] [stderr]    Compiling tap v1.0.1
[INFO] [stderr]    Compiling vsimd v0.8.0
[INFO] [stderr]    Compiling wyz v0.5.1
[INFO] [stderr]    Compiling debugid v0.8.0
[INFO] [stderr]    Compiling deno_error v0.7.1
[INFO] [stderr]    Compiling base64-simd v0.8.0
[INFO] [stderr]    Compiling core_maths v0.1.1
[INFO] [stderr]    Compiling if_chain v1.0.3
[INFO] [stderr]    Compiling unicode-id-start v1.4.0
[INFO] [stderr]    Compiling funty v2.0.0
[INFO] [stderr]    Compiling swc_macros_common v1.0.1
[INFO] [stderr]    Compiling bitvec v1.1.1
[INFO] [stderr]    Compiling aws-lc-rs v1.18.1
[INFO] [stderr]    Compiling der_derive v0.7.3
[INFO] [stderr]    Compiling phf_shared v0.11.3
[INFO] [stderr]    Compiling static_assertions v1.1.0
[INFO] [stderr]    Compiling phf_generator v0.11.3
[INFO] [stderr]    Compiling crossbeam-epoch v0.9.21
[INFO] [stderr]    Compiling phf_macros v0.11.3
[INFO] [stderr]    Compiling futures-executor v0.3.34
[INFO] [stderr]    Compiling ahash v0.8.12
[INFO] [stderr]    Compiling sys_traits v0.1.28
[INFO] [stderr]    Compiling nix v0.30.1
[INFO] [stderr]    Compiling hashbrown v0.14.5
[INFO] [stderr]    Compiling ast_node v5.0.0
[INFO] [stderr]    Compiling from_variant v3.0.0
[INFO] [stderr]    Compiling swc_eq_ignore_macros v1.0.1
[INFO] [stderr]    Compiling base64 v0.22.1
[INFO] [stderr]    Compiling deno_path_util v0.6.4
[INFO] [stderr]    Compiling thiserror-impl v1.0.69
[INFO] [stderr]    Compiling futures v0.3.34
[INFO] [stderr]    Compiling calendrical_calculations v0.2.4
[INFO] [stderr]    Compiling object v0.39.1
[INFO] [stderr]    Compiling rustls v0.23.40
[INFO] [stderr]    Compiling resb v0.1.2
[INFO] [stderr]    Compiling icu_locale_fallback v2.3.0
[INFO] [stderr]    Compiling string_enum v1.0.2
[INFO] [stderr]    Compiling zoneinfo64 v0.3.0
[INFO] [stderr]    Compiling bytemuck v1.25.2
[INFO] [stderr]    Compiling is-macro v0.3.8
[INFO] [stderr]    Compiling icu_calendar v2.3.0
[INFO] [stderr]    Compiling block-padding v0.3.3
[INFO] [stderr]    Compiling timezone_provider v0.2.6
[INFO] [stderr]    Compiling ixdtf v0.6.6
[INFO] [stderr]    Compiling inout v0.1.4
[INFO] [stderr]    Compiling diplomat-runtime v0.16.0
[INFO] [stderr]    Compiling cipher v0.4.4
[INFO] [stderr]    Compiling deno_unsync v0.4.4
[INFO] [stderr]    Compiling pin-project v1.1.13
[INFO] [stderr]    Compiling stacker v0.1.25
[INFO] [stderr]    Compiling smartstring v1.0.1
[INFO] [stderr]    Compiling temporal_rs v0.2.6
[INFO] [stderr]    Compiling bit-vec v0.8.0
[INFO] [stderr]    Compiling sourcemap v9.3.2
[INFO] [stderr]    Compiling bit-set v0.8.0
[INFO] [stderr]    Compiling wasm_dep_analyzer v0.4.0
[INFO] [stderr]    Compiling inventory v0.3.24
[INFO] [stderr]    Compiling cooked-waker v5.0.0
[INFO] [stderr]    Compiling temporal_capi v0.2.6
[INFO] [stderr]    Compiling ar_archive_writer v0.5.3
[INFO] [stderr]    Compiling sha2 v0.10.9
[INFO] [stderr]    Compiling psm v0.1.32
[INFO] [stderr]    Compiling serde_bytes v0.11.19
[INFO] [stderr]    Compiling unicode-width v0.2.2
[INFO] [stderr]    Compiling seq-macro v0.3.6
[INFO] [stderr]    Compiling syn v1.0.109
[INFO] [stderr]    Compiling nix v0.31.3
[INFO] [stderr]    Compiling sptr v0.3.2
[INFO] [stderr]    Compiling ipnet v2.12.2
[INFO] [stderr]    Compiling hipstr v0.6.0
[INFO] [stderr] error: failed to run custom build command for `v8 v150.4.0`
[INFO] [stderr] note: To improve backtraces for build dependencies, set the CARGO_PROFILE_RELEASE_BUILD_OVERRIDE_DEBUG=true environment variable to enable debug information generation.
[INFO] [stderr] 
[INFO] [stderr] Caused by:
[INFO] [stderr]   process didn't exit successfully: `/opt/rustwide/target/release/build/v8-0683f9924290c765/build-script-build` (exit status: 101)
[INFO] [stderr]   --- stdout
[INFO] [stderr]   cargo:rerun-if-changed=.gn
[INFO] [stderr]   cargo:rerun-if-changed=BUILD.gn
[INFO] [stderr]   cargo:rerun-if-changed=src/binding.cc
[INFO] [stderr]   cargo:rerun-if-env-changed=CCACHE
[INFO] [stderr]   cargo:rerun-if-env-changed=CLANG_BASE_PATH
[INFO] [stderr]   cargo:rerun-if-env-changed=CXXSTDLIB
[INFO] [stderr]   cargo:rerun-if-env-changed=DENO_TRYBUILD
[INFO] [stderr]   cargo:rerun-if-env-changed=DOCS_RS
[INFO] [stderr]   cargo:rerun-if-env-changed=GN
[INFO] [stderr]   cargo:rerun-if-env-changed=GN_ARGS
[INFO] [stderr]   cargo:rerun-if-env-changed=HOST
[INFO] [stderr]   cargo:rerun-if-env-changed=NINJA
[INFO] [stderr]   cargo:rerun-if-env-changed=OUT_DIR
[INFO] [stderr]   cargo:rerun-if-env-changed=RUSTY_V8_ARCHIVE
[INFO] [stderr]   cargo:rerun-if-env-changed=RUSTY_V8_MIRROR
[INFO] [stderr]   cargo:rerun-if-env-changed=RUSTY_V8_SRC_BINDING_PATH
[INFO] [stderr]   cargo:rerun-if-env-changed=SCCACHE
[INFO] [stderr]   cargo:rerun-if-env-changed=V8_FORCE_DEBUG
[INFO] [stderr]   cargo:rerun-if-env-changed=V8_FROM_SOURCE
[INFO] [stderr]   cargo:rerun-if-env-changed=PYTHON
[INFO] [stderr]   cargo:rerun-if-env-changed=DISABLE_CLANG
[INFO] [stderr]   cargo:rerun-if-env-changed=EXTRA_GN_ARGS
[INFO] [stderr]   cargo:rerun-if-env-changed=PRINT_GN_ARGS
[INFO] [stderr]   cargo:rerun-if-env-changed=CARGO_ENCODED_RUSTFLAGS
[INFO] [stderr]   cargo:rustc-link-lib=static=rusty_v8
[INFO] [stderr]   lockfile: "/opt/rustwide/target/release/build/v8.fslock"
[INFO] [stderr]   cargo:rustc-env=RUSTY_V8_SRC_BINDING_PATH=/opt/rustwide/cargo-home/registry/src/index.crates.io-1949cf8c6b5b557f/v8-150.4.0/gen/src_binding_simdutf_release_x86_64-unknown-linux-gnu.rs
[INFO] [stderr]   static lib URL: https://github.com/denoland/rusty_v8/releases/download/v150.4.0/librusty_v8_simdutf_release_x86_64-unknown-linux-gnu.a.gz
[INFO] [stderr]   cargo:rustc-link-search=/opt/rustwide/target/release/gn_out/obj
[INFO] [stderr]   Looking for download in '"/opt/rustwide/cargo-home/.rusty_v8/https___github_com_denoland_rusty_v8_releases_download_v150_4_0_librusty_v8_simdutf_release_x86_64_unknown_linux_gnu_a_gz"'
[INFO] [stderr]   Downloading https://github.com/denoland/rusty_v8/releases/download/v150.4.0/librusty_v8_simdutf_release_x86_64-unknown-linux-gnu.a.gz
[INFO] [stderr]   Trying with Python...
[INFO] [stderr]   Downloading https://github.com/denoland/rusty_v8/releases/download/v150.4.0/librusty_v8_simdutf_release_x86_64-unknown-linux-gnu.a.gz...
[INFO] [stderr]   <urlopen error [Errno -3] Temporary failure in name resolution>
[INFO] [stderr]   Retrying in 5 s ...
[INFO] [stderr]   Downloading https://github.com/denoland/rusty_v8/releases/download/v150.4.0/librusty_v8_simdutf_release_x86_64-unknown-linux-gnu.a.gz...
[INFO] [stderr]   <urlopen error [Errno -3] Temporary failure in name resolution>
[INFO] [stderr]   Retrying in 10 s ...
[INFO] [stderr]   Downloading https://github.com/denoland/rusty_v8/releases/download/v150.4.0/librusty_v8_simdutf_release_x86_64-unknown-linux-gnu.a.gz...
[INFO] [stderr]   <urlopen error [Errno -3] Temporary failure in name resolution>
[INFO] [stderr]   Retrying in 20 s ...
[INFO] [stderr]   Downloading https://github.com/denoland/rusty_v8/releases/download/v150.4.0/librusty_v8_simdutf_release_x86_64-unknown-linux-gnu.a.gz...
[INFO] [stderr]   <urlopen error [Errno -3] Temporary failure in name resolution>
[INFO] [stderr]   Python downloader failed, trying with curl.
[INFO] [stderr] 
[INFO] [stderr]   --- stderr
[INFO] [stderr]   Traceback (most recent call last):
[INFO] [stderr]     File "/usr/lib/python3.14/urllib/request.py", line 1321, in do_open
[INFO] [stderr]       h.request(req.get_method(), req.selector, req.data, headers,
[INFO] [stderr]       ~~~~~~~~~^^^^^^^^^^^^^^^^^^^^^^^^^^^^^^^^^^^^^^^^^^^^^^^^^^^
[INFO] [stderr]                 encode_chunked=req.has_header('Transfer-encoding'))
[INFO] [stderr]                 ^^^^^^^^^^^^^^^^^^^^^^^^^^^^^^^^^^^^^^^^^^^^^^^^^^^
[INFO] [stderr]     File "/usr/lib/python3.14/http/client.py", line 1367, in request
[INFO] [stderr]       self._send_request(method, url, body, headers, encode_chunked)
[INFO] [stderr]       ~~~~~~~~~~~~~~~~~~^^^^^^^^^^^^^^^^^^^^^^^^^^^^^^^^^^^^^^^^^^^^
[INFO] [stderr]     File "/usr/lib/python3.14/http/client.py", line 1413, in _send_request
[INFO] [stderr]       self.endheaders(body, encode_chunked=encode_chunked)
[INFO] [stderr]       ~~~~~~~~~~~~~~~^^^^^^^^^^^^^^^^^^^^^^^^^^^^^^^^^^^^^
[INFO] [stderr]     File "/usr/lib/python3.14/http/client.py", line 1362, in endheaders
[INFO] [stderr]       self._send_output(message_body, encode_chunked=encode_chunked)
[INFO] [stderr]       ~~~~~~~~~~~~~~~~~^^^^^^^^^^^^^^^^^^^^^^^^^^^^^^^^^^^^^^^^^^^^^
[INFO] [stderr]     File "/usr/lib/python3.14/http/client.py", line 1122, in _send_output
[INFO] [stderr]       self.send(msg)
[INFO] [stderr]       ~~~~~~~~~^^^^^
[INFO] [stderr]     File "/usr/lib/python3.14/http/client.py", line 1066, in send
[INFO] [stderr]       self.connect()
[INFO] [stderr]       ~~~~~~~~~~~~^^
[INFO] [stderr]     File "/usr/lib/python3.14/http/client.py", line 1501, in connect
[INFO] [stderr]       super().connect()
[INFO] [stderr]       ~~~~~~~~~~~~~~~^^
[INFO] [stderr]     File "/usr/lib/python3.14/http/client.py", line 1032, in connect
[INFO] [stderr]       self.sock = self._create_connection(
[INFO] [stderr]                   ~~~~~~~~~~~~~~~~~~~~~~~^
[INFO] [stderr]           (self.host,self.port), self.timeout, self.source_address)
[INFO] [stderr]           ^^^^^^^^^^^^^^^^^^^^^^^^^^^^^^^^^^^^^^^^^^^^^^^^^^^^^^^^^
[INFO] [stderr]     File "/usr/lib/python3.14/socket.py", line 846, in create_connection
[INFO] [stderr]       for res in getaddrinfo(host, port, 0, SOCK_STREAM):
[INFO] [stderr]                  ~~~~~~~~~~~^^^^^^^^^^^^^^^^^^^^^^^^^^^^
[INFO] [stderr]     File "/usr/lib/python3.14/socket.py", line 983, in getaddrinfo
[INFO] [stderr]       for res in _socket.getaddrinfo(host, port, family, type, proto, flags):
[INFO] [stderr]                  ~~~~~~~~~~~~~~~~~~~^^^^^^^^^^^^^^^^^^^^^^^^^^^^^^^^^^^^^^^^
[INFO] [stderr]   socket.gaierror: [Errno -3] Temporary failure in name resolution
[INFO] [stderr] 
[INFO] [stderr]   During handling of the above exception, another exception occurred:
[INFO] [stderr] 
[INFO] [stderr]   Traceback (most recent call last):
[INFO] [stderr]     File "/opt/rustwide/cargo-home/registry/src/index.crates.io-1949cf8c6b5b557f/v8-150.4.0/./tools/download_file.py", line 63, in <module>
[INFO] [stderr]       sys.exit(main())
[INFO] [stderr]                ~~~~^^
[INFO] [stderr]     File "/opt/rustwide/cargo-home/registry/src/index.crates.io-1949cf8c6b5b557f/v8-150.4.0/./tools/download_file.py", line 58, in main
[INFO] [stderr]       DownloadUrl(args.url, f)
[INFO] [stderr]       ~~~~~~~~~~~^^^^^^^^^^^^^
[INFO] [stderr]     File "/opt/rustwide/cargo-home/registry/src/index.crates.io-1949cf8c6b5b557f/v8-150.4.0/./tools/download_file.py", line 44, in DownloadUrl
[INFO] [stderr]       raise e
[INFO] [stderr]     File "/opt/rustwide/cargo-home/registry/src/index.crates.io-1949cf8c6b5b557f/v8-150.4.0/./tools/download_file.py", line 28, in DownloadUrl
[INFO] [stderr]       response = urlopen(url)
[INFO] [stderr]     File "/usr/lib/python3.14/urllib/request.py", line 187, in urlopen
[INFO] [stderr]       return opener.open(url, data, timeout)
[INFO] [stderr]              ~~~~~~~~~~~^^^^^^^^^^^^^^^^^^^^
[INFO] [stderr]     File "/usr/lib/python3.14/urllib/request.py", line 487, in open
[INFO] [stderr]       response = self._open(req, data)
[INFO] [stderr]     File "/usr/lib/python3.14/urllib/request.py", line 504, in _open
[INFO] [stderr]       result = self._call_chain(self.handle_open, protocol, protocol +
[INFO] [stderr]                                 '_open', req)
[INFO] [stderr]     File "/usr/lib/python3.14/urllib/request.py", line 464, in _call_chain
[INFO] [stderr]       result = func(*args)
[INFO] [stderr]     File "/usr/lib/python3.14/urllib/request.py", line 1369, in https_open
[INFO] [stderr]       return self.do_open(http.client.HTTPSConnection, req,
[INFO] [stderr]              ~~~~~~~~~~~~^^^^^^^^^^^^^^^^^^^^^^^^^^^^^^^^^^
[INFO] [stderr]                           context=self._context)
[INFO] [stderr]                           ^^^^^^^^^^^^^^^^^^^^^^
[INFO] [stderr]     File "/usr/lib/python3.14/urllib/request.py", line 1324, in do_open
[INFO] [stderr]       raise URLError(err)
[INFO] [stderr]   urllib.error.URLError: <urlopen error [Errno -3] Temporary failure in name resolution>
[INFO] [stderr] 
[INFO] [stderr]   thread 'main' (3408) panicked at /opt/rustwide/cargo-home/registry/src/index.crates.io-1949cf8c6b5b557f/v8-150.4.0/build.rs:852:5:
[INFO] [stderr]   Failed to download V8 prebuilt archive from https://github.com/denoland/rusty_v8/releases/download/v150.4.0/librusty_v8_simdutf_release_x86_64-unknown-linux-gnu.a.gz
[INFO] [stderr]   This is usually because no prebuilt archive is published for your target, in which case you should compile V8 from source by setting V8_FROM_SOURCE=1. It can also indicate a network connectivity problem.
[INFO] [stderr]   stack backtrace:
[INFO] [stderr]      0:     0x627d619dff91 - <<std[70759c8f55707aa4]::sys::backtrace::BacktraceLock>::print::DisplayBacktrace as core[df12db4294e9bfd3]::fmt::Display>::fmt
[INFO] [stderr]      1:     0x627d619f690a - core[df12db4294e9bfd3]::fmt::write
[INFO] [stderr]      2:     0x627d619e53fc - <std[70759c8f55707aa4]::sys::stdio::unix::Stderr as core[df12db4294e9bfd3]::io::write::Write>::write_fmt
[INFO] [stderr]      3:     0x627d619ba236 - std[70759c8f55707aa4]::panicking::default_hook::{closure#0}
[INFO] [stderr]      4:     0x627d619d7541 - std[70759c8f55707aa4]::panicking::default_hook
[INFO] [stderr]      5:     0x627d619d786b - std[70759c8f55707aa4]::panicking::panic_with_hook
[INFO] [stderr]      6:     0x627d619ba2e2 - std[70759c8f55707aa4]::panicking::panic_handler::{closure#0}
[INFO] [stderr]      7:     0x627d619b2989 - std[70759c8f55707aa4]::sys::backtrace::__rust_end_short_backtrace::<std[70759c8f55707aa4]::panicking::panic_handler::{closure#0}, !>
[INFO] [stderr]      8:     0x627d619bb05d - __rustc[8fa7c3cbc660c2b3]::rust_begin_unwind
[INFO] [stderr]      9:     0x627d619f712c - core[df12db4294e9bfd3]::panicking::panic_fmt
[INFO] [stderr]     10:     0x627d61367062 - build_script_build[5c7565eba2a5ad4a]::download_file
[INFO] [stderr]     11:     0x627d6136c022 - build_script_build[5c7565eba2a5ad4a]::download_static_lib_binaries
[INFO] [stderr]     12:     0x627d6136d8cc - build_script_build[5c7565eba2a5ad4a]::main
[INFO] [stderr]     13:     0x627d613805eb - <fn() as core[df12db4294e9bfd3]::ops::function::FnOnce<()>>::call_once
[INFO] [stderr]     14:     0x627d6137cc1e - std[70759c8f55707aa4]::sys::backtrace::__rust_begin_short_backtrace::<fn(), ()>
[INFO] [stderr]     15:     0x627d61375c89 - std[70759c8f55707aa4]::rt::lang_start::<()>::{closure#0}
[INFO] [stderr]     16:     0x627d619d6639 - std[70759c8f55707aa4]::rt::lang_start_internal
[INFO] [stderr]     17:     0x627d61375181 - std[70759c8f55707aa4]::rt::lang_start::<()>
[INFO] [stderr]     18:     0x627d61372cb5 - main
[INFO] [stderr]     19:     0x732626703601 - <unknown>
[INFO] [stderr]     20:     0x732626703718 - __libc_start_main
[INFO] [stderr]     21:     0x627d61360fd5 - _start
[INFO] [stderr]     22:                0x0 - <unknown>
[INFO] [stderr] warning: build failed, waiting for other jobs to finish...
[INFO] [stderr] error: failed to run custom build command for `v8 v150.4.0`
[INFO] [stderr] note: To improve backtraces for build dependencies, set the CARGO_PROFILE_RELEASE_BUILD_OVERRIDE_DEBUG=true environment variable to enable debug information generation.
[INFO] [stderr] 
[INFO] [stderr] Caused by:
[INFO] [stderr]   process didn't exit successfully: `/opt/rustwide/target/release/build/v8-0683f9924290c765/build-script-build` (exit status: 101)
[INFO] [stderr]   --- stdout
[INFO] [stderr]   cargo:rerun-if-changed=.gn
[INFO] [stderr]   cargo:rerun-if-changed=BUILD.gn
[INFO] [stderr]   cargo:rerun-if-changed=src/binding.cc
[INFO] [stderr]   cargo:rerun-if-env-changed=CCACHE
[INFO] [stderr]   cargo:rerun-if-env-changed=CLANG_BASE_PATH
[INFO] [stderr]   cargo:rerun-if-env-changed=CXXSTDLIB
[INFO] [stderr]   cargo:rerun-if-env-changed=DENO_TRYBUILD
[INFO] [stderr]   cargo:rerun-if-env-changed=DOCS_RS
[INFO] [stderr]   cargo:rerun-if-env-changed=GN
[INFO] [stderr]   cargo:rerun-if-env-changed=GN_ARGS
[INFO] [stderr]   cargo:rerun-if-env-changed=HOST
[INFO] [stderr]   cargo:rerun-if-env-changed=NINJA
[INFO] [stderr]   cargo:rerun-if-env-changed=OUT_DIR
[INFO] [stderr]   cargo:rerun-if-env-changed=RUSTY_V8_ARCHIVE
[INFO] [stderr]   cargo:rerun-if-env-changed=RUSTY_V8_MIRROR
[INFO] [stderr]   cargo:rerun-if-env-changed=RUSTY_V8_SRC_BINDING_PATH
[INFO] [stderr]   cargo:rerun-if-env-changed=SCCACHE
[INFO] [stderr]   cargo:rerun-if-env-changed=V8_FORCE_DEBUG
[INFO] [stderr]   cargo:rerun-if-env-changed=V8_FROM_SOURCE
[INFO] [stderr]   cargo:rerun-if-env-changed=PYTHON
[INFO] [stderr]   cargo:rerun-if-env-changed=DISABLE_CLANG
[INFO] [stderr]   cargo:rerun-if-env-changed=EXTRA_GN_ARGS
[INFO] [stderr]   cargo:rerun-if-env-changed=PRINT_GN_ARGS
[INFO] [stderr]   cargo:rerun-if-env-changed=CARGO_ENCODED_RUSTFLAGS
[INFO] [stderr]   cargo:rustc-link-lib=static=rusty_v8
[INFO] [stderr]   lockfile: "/opt/rustwide/target/release/build/v8.fslock"
[INFO] [stderr]   cargo:rustc-env=RUSTY_V8_SRC_BINDING_PATH=/opt/rustwide/cargo-home/registry/src/index.crates.io-1949cf8c6b5b557f/v8-150.4.0/gen/src_binding_simdutf_release_x86_64-unknown-linux-gnu.rs
[INFO] [stderr]   static lib URL: https://github.com/denoland/rusty_v8/releases/download/v150.4.0/librusty_v8_simdutf_release_x86_64-unknown-linux-gnu.a.gz
[INFO] [stderr]   cargo:rustc-link-search=/opt/rustwide/target/release/gn_out/obj
[INFO] [stderr]   Looking for download in '"/opt/rustwide/cargo-home/.rusty_v8/https___github_com_denoland_rusty_v8_releases_download_v150_4_0_librusty_v8_simdutf_release_x86_64_unknown_linux_gnu_a_gz"'
[INFO] [stderr]   Deleting old tmpfile /opt/rustwide/target/release/gn_out/obj/librusty_v8.tmp
[INFO] [stderr]   Downloading https://github.com/denoland/rusty_v8/releases/download/v150.4.0/librusty_v8_simdutf_release_x86_64-unknown-linux-gnu.a.gz
[INFO] [stderr]   Trying with Python...
[INFO] [stderr]   Downloading https://github.com/denoland/rusty_v8/releases/download/v150.4.0/librusty_v8_simdutf_release_x86_64-unknown-linux-gnu.a.gz...
[INFO] [stderr]   <urlopen error [Errno -3] Temporary failure in name resolution>
[INFO] [stderr]   Retrying in 5 s ...
[INFO] [stderr]   Downloading https://github.com/denoland/rusty_v8/releases/download/v150.4.0/librusty_v8_simdutf_release_x86_64-unknown-linux-gnu.a.gz...
[INFO] [stderr]   <urlopen error [Errno -3] Temporary failure in name resolution>
[INFO] [stderr]   Retrying in 10 s ...
[INFO] [stderr]   Downloading https://github.com/denoland/rusty_v8/releases/download/v150.4.0/librusty_v8_simdutf_release_x86_64-unknown-linux-gnu.a.gz...
[INFO] [stderr]   <urlopen error [Errno -3] Temporary failure in name resolution>
[INFO] [stderr]   Retrying in 20 s ...
[INFO] [stderr]   Downloading https://github.com/denoland/rusty_v8/releases/download/v150.4.0/librusty_v8_simdutf_release_x86_64-unknown-linux-gnu.a.gz...
[INFO] [stderr]   <urlopen error [Errno -3] Temporary failure in name resolution>
[INFO] [stderr]   Python downloader failed, trying with curl.
[INFO] [stderr] 
[INFO] [stderr]   --- stderr
[INFO] [stderr]   Traceback (most recent call last):
[INFO] [stderr]     File "/usr/lib/python3.14/urllib/request.py", line 1321, in do_open
[INFO] [stderr]       h.request(req.get_method(), req.selector, req.data, headers,
[INFO] [stderr]       ~~~~~~~~~^^^^^^^^^^^^^^^^^^^^^^^^^^^^^^^^^^^^^^^^^^^^^^^^^^^
[INFO] [stderr]                 encode_chunked=req.has_header('Transfer-encoding'))
[INFO] [stderr]                 ^^^^^^^^^^^^^^^^^^^^^^^^^^^^^^^^^^^^^^^^^^^^^^^^^^^
[INFO] [stderr]     File "/usr/lib/python3.14/http/client.py", line 1367, in request
[INFO] [stderr]       self._send_request(method, url, body, headers, encode_chunked)
[INFO] [stderr]       ~~~~~~~~~~~~~~~~~~^^^^^^^^^^^^^^^^^^^^^^^^^^^^^^^^^^^^^^^^^^^^
[INFO] [stderr]     File "/usr/lib/python3.14/http/client.py", line 1413, in _send_request
[INFO] [stderr]       self.endheaders(body, encode_chunked=encode_chunked)
[INFO] [stderr]       ~~~~~~~~~~~~~~~^^^^^^^^^^^^^^^^^^^^^^^^^^^^^^^^^^^^^
[INFO] [stderr]     File "/usr/lib/python3.14/http/client.py", line 1362, in endheaders
[INFO] [stderr]       self._send_output(message_body, encode_chunked=encode_chunked)
[INFO] [stderr]       ~~~~~~~~~~~~~~~~~^^^^^^^^^^^^^^^^^^^^^^^^^^^^^^^^^^^^^^^^^^^^^
[INFO] [stderr]     File "/usr/lib/python3.14/http/client.py", line 1122, in _send_output
[INFO] [stderr]       self.send(msg)
[INFO] [stderr]       ~~~~~~~~~^^^^^
[INFO] [stderr]     File "/usr/lib/python3.14/http/client.py", line 1066, in send
[INFO] [stderr]       self.connect()
[INFO] [stderr]       ~~~~~~~~~~~~^^
[INFO] [stderr]     File "/usr/lib/python3.14/http/client.py", line 1501, in connect
[INFO] [stderr]       super().connect()
[INFO] [stderr]       ~~~~~~~~~~~~~~~^^
[INFO] [stderr]     File "/usr/lib/python3.14/http/client.py", line 1032, in connect
[INFO] [stderr]       self.sock = self._create_connection(
[INFO] [stderr]                   ~~~~~~~~~~~~~~~~~~~~~~~^
[INFO] [stderr]           (self.host,self.port), self.timeout, self.source_address)
[INFO] [stderr]           ^^^^^^^^^^^^^^^^^^^^^^^^^^^^^^^^^^^^^^^^^^^^^^^^^^^^^^^^^
[INFO] [stderr]     File "/usr/lib/python3.14/socket.py", line 846, in create_connection
[INFO] [stderr]       for res in getaddrinfo(host, port, 0, SOCK_STREAM):
[INFO] [stderr]                  ~~~~~~~~~~~^^^^^^^^^^^^^^^^^^^^^^^^^^^^
[INFO] [stderr]     File "/usr/lib/python3.14/socket.py", line 983, in getaddrinfo
[INFO] [stderr]       for res in _socket.getaddrinfo(host, port, family, type, proto, flags):
[INFO] [stderr]                  ~~~~~~~~~~~~~~~~~~~^^^^^^^^^^^^^^^^^^^^^^^^^^^^^^^^^^^^^^^^
[INFO] [stderr]   socket.gaierror: [Errno -3] Temporary failure in name resolution
[INFO] [stderr] 
[INFO] [stderr]   During handling of the above exception, another exception occurred:
[INFO] [stderr] 
[INFO] [stderr]   Traceback (most recent call last):
[INFO] [stderr]     File "/opt/rustwide/cargo-home/registry/src/index.crates.io-1949cf8c6b5b557f/v8-150.4.0/./tools/download_file.py", line 63, in <module>
[INFO] [stderr]       sys.exit(main())
[INFO] [stderr]                ~~~~^^
[INFO] [stderr]     File "/opt/rustwide/cargo-home/registry/src/index.crates.io-1949cf8c6b5b557f/v8-150.4.0/./tools/download_file.py", line 58, in main
[INFO] [stderr]       DownloadUrl(args.url, f)
[INFO] [stderr]       ~~~~~~~~~~~^^^^^^^^^^^^^
[INFO] [stderr]     File "/opt/rustwide/cargo-home/registry/src/index.crates.io-1949cf8c6b5b557f/v8-150.4.0/./tools/download_file.py", line 44, in DownloadUrl
[INFO] [stderr]       raise e
[INFO] [stderr]     File "/opt/rustwide/cargo-home/registry/src/index.crates.io-1949cf8c6b5b557f/v8-150.4.0/./tools/download_file.py", line 28, in DownloadUrl
[INFO] [stderr]       response = urlopen(url)
[INFO] [stderr]     File "/usr/lib/python3.14/urllib/request.py", line 187, in urlopen
[INFO] [stderr]       return opener.open(url, data, timeout)
[INFO] [stderr]              ~~~~~~~~~~~^^^^^^^^^^^^^^^^^^^^
[INFO] [stderr]     File "/usr/lib/python3.14/urllib/request.py", line 487, in open
[INFO] [stderr]       response = self._open(req, data)
[INFO] [stderr]     File "/usr/lib/python3.14/urllib/request.py", line 504, in _open
[INFO] [stderr]       result = self._call_chain(self.handle_open, protocol, protocol +
[INFO] [stderr]                                 '_open', req)
[INFO] [stderr]     File "/usr/lib/python3.14/urllib/request.py", line 464, in _call_chain
[INFO] [stderr]       result = func(*args)
[INFO] [stderr]     File "/usr/lib/python3.14/urllib/request.py", line 1369, in https_open
[INFO] [stderr]       return self.do_open(http.client.HTTPSConnection, req,
[INFO] [stderr]              ~~~~~~~~~~~~^^^^^^^^^^^^^^^^^^^^^^^^^^^^^^^^^^
[INFO] [stderr]                           context=self._context)
[INFO] [stderr]                           ^^^^^^^^^^^^^^^^^^^^^^
[INFO] [stderr]     File "/usr/lib/python3.14/urllib/request.py", line 1324, in do_open
[INFO] [stderr]       raise URLError(err)
[INFO] [stderr]   urllib.error.URLError: <urlopen error [Errno -3] Temporary failure in name resolution>
[INFO] [stderr] 
[INFO] [stderr]   thread 'main' (3524) panicked at /opt/rustwide/cargo-home/registry/src/index.crates.io-1949cf8c6b5b557f/v8-150.4.0/build.rs:852:5:
[INFO] [stderr]   Failed to download V8 prebuilt archive from https://github.com/denoland/rusty_v8/releases/download/v150.4.0/librusty_v8_simdutf_release_x86_64-unknown-linux-gnu.a.gz
[INFO] [stderr]   This is usually because no prebuilt archive is published for your target, in which case you should compile V8 from source by setting V8_FROM_SOURCE=1. It can also indicate a network connectivity problem.
[INFO] [stderr]   stack backtrace:
[INFO] [stderr]      0:     0x6239fa9dcf91 - <<std[70759c8f55707aa4]::sys::backtrace::BacktraceLock>::print::DisplayBacktrace as core[df12db4294e9bfd3]::fmt::Display>::fmt
[INFO] [stderr]      1:     0x6239fa9f390a - core[df12db4294e9bfd3]::fmt::write
[INFO] [stderr]      2:     0x6239fa9e23fc - <std[70759c8f55707aa4]::sys::stdio::unix::Stderr as core[df12db4294e9bfd3]::io::write::Write>::write_fmt
[INFO] [stderr]      3:     0x6239fa9b7236 - std[70759c8f55707aa4]::panicking::default_hook::{closure#0}
[INFO] [stderr]      4:     0x6239fa9d4541 - std[70759c8f55707aa4]::panicking::default_hook
[INFO] [stderr]      5:     0x6239fa9d486b - std[70759c8f55707aa4]::panicking::panic_with_hook
[INFO] [stderr]      6:     0x6239fa9b72e2 - std[70759c8f55707aa4]::panicking::panic_handler::{closure#0}
[INFO] [stderr]      7:     0x6239fa9af989 - std[70759c8f55707aa4]::sys::backtrace::__rust_end_short_backtrace::<std[70759c8f55707aa4]::panicking::panic_handler::{closure#0}, !>
[INFO] [stderr]      8:     0x6239fa9b805d - __rustc[8fa7c3cbc660c2b3]::rust_begin_unwind
[INFO] [stderr]      9:     0x6239fa9f412c - core[df12db4294e9bfd3]::panicking::panic_fmt
[INFO] [stderr]     10:     0x6239fa364062 - build_script_build[5c7565eba2a5ad4a]::download_file
[INFO] [stderr]     11:     0x6239fa369022 - build_script_build[5c7565eba2a5ad4a]::download_static_lib_binaries
[INFO] [stderr]     12:     0x6239fa36a8cc - build_script_build[5c7565eba2a5ad4a]::main
[INFO] [stderr]     13:     0x6239fa37d5eb - <fn() as core[df12db4294e9bfd3]::ops::function::FnOnce<()>>::call_once
[INFO] [stderr]     14:     0x6239fa379c1e - std[70759c8f55707aa4]::sys::backtrace::__rust_begin_short_backtrace::<fn(), ()>
[INFO] [stderr]     15:     0x6239fa372c89 - std[70759c8f55707aa4]::rt::lang_start::<()>::{closure#0}
[INFO] [stderr]     16:     0x6239fa9d3639 - std[70759c8f55707aa4]::rt::lang_start_internal
[INFO] [stderr]     17:     0x6239fa372181 - std[70759c8f55707aa4]::rt::lang_start::<()>
[INFO] [stderr]     18:     0x6239fa36fcb5 - main
[INFO] [stderr]     19:     0x749fe494e601 - <unknown>
[INFO] [stderr]     20:     0x749fe494e718 - __libc_start_main
[INFO] [stderr]     21:     0x6239fa35dfd5 - _start
[INFO] [stderr]     22:                0x0 - <unknown>
[INFO] running `Command { std: "docker" "inspect" "2e5b552e8d136a9a4d6dcfb36114209ab3c11b5514bcad5adb042d277d2982e5", kill_on_drop: false }`
[INFO] running `Command { std: "docker" "rm" "-f" "2e5b552e8d136a9a4d6dcfb36114209ab3c11b5514bcad5adb042d277d2982e5", kill_on_drop: false }`
[INFO] [stdout] 2e5b552e8d136a9a4d6dcfb36114209ab3c11b5514bcad5adb042d277d2982e5
