[INFO] fetching crate vk-graph-egui 0.1.2...
[INFO] testing vk-graph-egui-0.1.2 against 1.100.0-beta.1+cargoflags=--release for beta-release-1.100-2
[INFO] extracting crate vk-graph-egui 0.1.2 into /workspace/builds/worker-7-tc2/source
[INFO] started tweaking crates.io crate vk-graph-egui 0.1.2
[INFO] finished tweaking crates.io crate vk-graph-egui 0.1.2
[INFO] tweaked toml for crates.io crate vk-graph-egui 0.1.2 written to /workspace/builds/worker-7-tc2/source/Cargo.toml
[INFO] validating manifest of crates.io crate vk-graph-egui 0.1.2 on toolchain 1.100.0-beta.1
[INFO] running `Command { std: CARGO_HOME="/workspace/cargo-home" RUSTUP_HOME="/workspace/rustup-home" "/workspace/cargo-home/bin/cargo" "+1.100.0-beta.1" "metadata" "--manifest-path" "Cargo.toml" "--no-deps", kill_on_drop: false }`
[INFO] crate crates.io crate vk-graph-egui 0.1.2 already has a lockfile, it will not be regenerated
[INFO] running `Command { std: CARGO_HOME="/workspace/cargo-home" RUSTUP_HOME="/workspace/rustup-home" "/workspace/cargo-home/bin/cargo" "+1.100.0-beta.1" "fetch" "--manifest-path" "Cargo.toml", kill_on_drop: false }`
[INFO] running `Command { std: "docker" "create" "-v" "/var/lib/crater-agent-workspace/builds/worker-7-tc2/source:/opt/rustwide/workdir:ro,Z" "-v" "/var/lib/crater-agent-workspace/builds/worker-7-tc2/target:/opt/rustwide/target:rw,Z" "-v" "/var/lib/crater-agent-workspace/cargo-home:/opt/rustwide/cargo-home:ro,Z" "-v" "/var/lib/crater-agent-workspace/rustup-home:/opt/rustwide/rustup-home:ro,Z" "-m" "1610612736" "--network" "none" "ghcr.io/rust-lang/crates-build-env/linux@sha256:77db811e55d90add9212f6832c23229e3de5f1c1f9905e8cb07319ea15df73ac" "sleep" "infinity", kill_on_drop: false }`
[INFO] [stdout] 9d7fc6d8498789b25727c662d2b42299bd2b73557e2620034bda0b1ccda5ce25
[INFO] running `Command { std: "docker" "start" "9d7fc6d8498789b25727c662d2b42299bd2b73557e2620034bda0b1ccda5ce25", kill_on_drop: false }`
[INFO] running `Command { std: "docker" "inspect" "9d7fc6d8498789b25727c662d2b42299bd2b73557e2620034bda0b1ccda5ce25", kill_on_drop: false }`
[INFO] running `Command { std: "docker" "exec" "-e" "SOURCE_DIR=/opt/rustwide/workdir" "-e" "CARGO_HOME=/opt/rustwide/cargo-home" "-e" "RUSTUP_HOME=/opt/rustwide/rustup-home" "-e" "CARGO_TARGET_DIR=/opt/rustwide/target" "-w" "/opt/rustwide/workdir" "--user" "0:0" "9d7fc6d8498789b25727c662d2b42299bd2b73557e2620034bda0b1ccda5ce25" "/opt/rustwide/cargo-home/bin/cargo" "+1.100.0-beta.1" "metadata" "--no-deps" "--format-version=1", kill_on_drop: false }`
[INFO] running `Command { std: "docker" "inspect" "9d7fc6d8498789b25727c662d2b42299bd2b73557e2620034bda0b1ccda5ce25", kill_on_drop: false }`
[INFO] running `Command { std: "docker" "exec" "-e" "SOURCE_DIR=/opt/rustwide/workdir" "-e" "CARGO_HOME=/opt/rustwide/cargo-home" "-e" "RUSTUP_HOME=/opt/rustwide/rustup-home" "-e" "CARGO_TARGET_DIR=/opt/rustwide/target" "-e" "CARGO_INCREMENTAL=0" "-e" "RUST_BACKTRACE=full" "-e" "RUSTFLAGS=--cap-lints=warn" "-e" "RUSTDOCFLAGS=--cap-lints=warn" "-w" "/opt/rustwide/workdir" "--user" "0:0" "9d7fc6d8498789b25727c662d2b42299bd2b73557e2620034bda0b1ccda5ce25" "/opt/rustwide/cargo-home/bin/cargo" "+1.100.0-beta.1" "build" "--frozen" "--message-format=json" "--release", kill_on_drop: false }`
[INFO] [stderr]    Compiling syn v2.0.118
[INFO] [stderr]    Compiling smallvec v1.15.2
[INFO] [stderr]    Compiling rustix v1.1.4
[INFO] [stderr]    Compiling linux-raw-sys v0.12.1
[INFO] [stderr]    Compiling memchr v2.8.2
[INFO] [stderr]    Compiling wayland-client v0.31.14
[INFO] [stderr]    Compiling wayland-sys v0.31.11
[INFO] [stderr]    Compiling arrayvec v0.7.7
[INFO] [stderr]    Compiling wayland-backend v0.3.15
[INFO] [stderr]    Compiling num-traits v0.2.19
[INFO] [stderr]    Compiling rustix v0.38.44
[INFO] [stderr]    Compiling link-cplusplus v1.0.12
[INFO] [stderr]    Compiling simd-adler32 v0.3.9
[INFO] [stderr]    Compiling linux-raw-sys v0.4.15
[INFO] [stderr]    Compiling ahash v0.8.12
[INFO] [stderr]    Compiling tracing v0.1.44
[INFO] [stderr]    Compiling memmap2 v0.9.11
[INFO] [stderr]    Compiling cmake v0.1.58
[INFO] [stderr]    Compiling roxmltree v0.20.0
[INFO] [stderr]    Compiling polycool v0.4.0
[INFO] [stderr]    Compiling linebender_resource_handle v0.1.1
[INFO] [stderr]    Compiling miniz_oxide v0.8.9
[INFO] [stderr]    Compiling parking_lot_core v0.9.12
[INFO] [stderr]    Compiling quick-xml v0.39.4
[INFO] [stderr]    Compiling ash v0.38.0+1.3.281
[INFO] [stderr]    Compiling owned_ttf_parser v0.25.1
[INFO] [stderr]    Compiling fdeflate v0.3.7
[INFO] [stderr]    Compiling spirv v0.3.0+sdk-1.3.268.0
[INFO] [stderr]    Compiling kurbo v0.13.1
[INFO] [stderr]    Compiling parking_lot v0.12.5
[INFO] [stderr]    Compiling x11-dl v2.21.0
[INFO] [stderr]    Compiling x11rb-protocol v0.13.2
[INFO] [stderr]    Compiling smithay-client-toolkit v0.20.0
[INFO] [stderr]    Compiling ab_glyph_rasterizer v0.1.10
[INFO] [stderr]    Compiling pxfm v0.1.29
[INFO] [stderr]    Compiling flate2 v1.1.9
[INFO] [stderr]    Compiling shaderc-sys v0.10.1
[INFO] [stderr]    Compiling ordered-float v4.6.0
[INFO] [stderr]    Compiling ab_glyph v0.2.32
[INFO] [stderr]    Compiling wayland-scanner v0.31.10
[INFO] [stderr]    Compiling png v0.18.1
[INFO] [stderr]    Compiling winit v0.30.13
[INFO] [stderr] error: could not compile `ash` (lib)
[INFO] [stderr] 
[INFO] [stderr] Caused by:
[INFO] [stderr]   process didn't exit successfully: `/opt/rustwide/rustup-home/toolchains/1.100.0-beta.1-x86_64-unknown-linux-gnu/bin/rustc --crate-name ash --edition=2021 /opt/rustwide/cargo-home/registry/src/index.crates.io-1949cf8c6b5b557f/ash-0.38.0+1.3.281/src/lib.rs --error-format=json --json=diagnostic-rendered-ansi,artifacts,future-incompat,unused-externs-silent --crate-type lib --emit=dep-info,metadata,link -C opt-level=3 -C embed-bitcode=no --cfg 'feature="debug"' --cfg 'feature="default"' --cfg 'feature="libloading"' --cfg 'feature="loaded"' --cfg 'feature="std"' --check-cfg 'cfg(docsrs,test)' --check-cfg 'cfg(feature, values("debug", "default", "libloading", "linked", "loaded", "std"))' -C metadata=f6cac2dae746f047 -C extra-filename=-889efc8081d74055 --out-dir /opt/rustwide/target/release/build/ash/889efc8081d74055/out -C strip=debuginfo -L dependency=/opt/rustwide/target/release/build/cfg-if/6d8dca19095bb388/out --extern libloading=/opt/rustwide/target/release/build/libloading/fd22cbb1bebecf86/out/liblibloading-fd22cbb1bebecf86.rmeta --cap-lints allow --cap-lints=warn --force-warn=unused_crate_dependencies` (signal: 9, SIGKILL: kill)
[INFO] [stderr] warning: build failed, waiting for other jobs to finish...
[INFO] [stderr] error: could not compile `linux-raw-sys` (lib)
[INFO] [stderr] 
[INFO] [stderr] Caused by:
[INFO] [stderr]   process didn't exit successfully: `/opt/rustwide/rustup-home/toolchains/1.100.0-beta.1-x86_64-unknown-linux-gnu/bin/rustc --crate-name linux_raw_sys --edition=2021 /opt/rustwide/cargo-home/registry/src/index.crates.io-1949cf8c6b5b557f/linux-raw-sys-0.12.1/src/lib.rs --error-format=json --json=diagnostic-rendered-ansi,artifacts,future-incompat,unused-externs-silent --crate-type lib --emit=dep-info,metadata,link -C opt-level=3 -C embed-bitcode=no --cfg 'feature="auxvec"' --cfg 'feature="elf"' --cfg 'feature="errno"' --cfg 'feature="general"' --cfg 'feature="if_ether"' --cfg 'feature="ioctl"' --cfg 'feature="net"' --cfg 'feature="netlink"' --cfg 'feature="no_std"' --cfg 'feature="prctl"' --cfg 'feature="system"' --cfg 'feature="xdp"' --check-cfg 'cfg(docsrs,test)' --check-cfg 'cfg(feature, values("auxvec", "bootparam", "btrfs", "core", "default", "elf", "elf_uapi", "errno", "general", "if_arp", "if_ether", "if_packet", "if_tun", "image", "io_uring", "ioctl", "landlock", "loop_device", "mempolicy", "net", "netlink", "no_std", "prctl", "ptrace", "rustc-dep-of-std", "std", "system", "vm_sockets", "xdp"))' -C metadata=a6a9d05018bd328d -C extra-filename=-1d2bd897a8c461cc --out-dir /opt/rustwide/target/release/build/linux-raw-sys/1d2bd897a8c461cc/out -C strip=debuginfo --cap-lints allow --cap-lints=warn --force-warn=unused_crate_dependencies` (signal: 9, SIGKILL: kill)
[INFO] [stderr] error: could not compile `x11rb-protocol` (lib)
[INFO] [stderr] 
[INFO] [stderr] Caused by:
[INFO] [stderr]   process didn't exit successfully: `/opt/rustwide/rustup-home/toolchains/1.100.0-beta.1-x86_64-unknown-linux-gnu/bin/rustc --crate-name x11rb_protocol --edition=2021 /opt/rustwide/cargo-home/registry/src/index.crates.io-1949cf8c6b5b557f/x11rb-protocol-0.13.2/src/lib.rs --error-format=json --json=diagnostic-rendered-ansi,artifacts,future-incompat,unused-externs-silent --crate-type lib --emit=dep-info,metadata,link -C opt-level=3 -C embed-bitcode=no --cfg 'feature="randr"' --cfg 'feature="render"' --cfg 'feature="resource_manager"' --cfg 'feature="shape"' --cfg 'feature="std"' --cfg 'feature="xfixes"' --cfg 'feature="xinput"' --cfg 'feature="xkb"' --check-cfg 'cfg(docsrs,test)' --check-cfg 'cfg(feature, values("all-extensions", "composite", "damage", "dbe", "default", "dpms", "dri2", "dri3", "extra-traits", "glx", "present", "randr", "record", "render", "request-parsing", "res", "resource_manager", "screensaver", "serde", "shape", "shm", "std", "sync", "xevie", "xf86dri", "xf86vidmode", "xfixes", "xinerama", "xinput", "xkb", "xprint", "xselinux", "xtest", "xv", "xvmc"))' -C metadata=aff6439e363407bd -C extra-filename=-5a1455e6aedec1b2 --out-dir /opt/rustwide/target/release/build/x11rb-protocol/5a1455e6aedec1b2/out -C strip=debuginfo --cap-lints allow --cap-lints=warn --force-warn=unused_crate_dependencies` (signal: 9, SIGKILL: kill)
[INFO] [stderr] error: could not compile `rustix` (lib)
[INFO] [stderr] 
[INFO] [stderr] Caused by:
[INFO] [stderr]   process didn't exit successfully: `/opt/rustwide/rustup-home/toolchains/1.100.0-beta.1-x86_64-unknown-linux-gnu/bin/rustc --crate-name rustix --edition=2021 /opt/rustwide/cargo-home/registry/src/index.crates.io-1949cf8c6b5b557f/rustix-0.38.44/src/lib.rs --error-format=json --json=diagnostic-rendered-ansi,artifacts,future-incompat,unused-externs-silent --crate-type lib --emit=dep-info,metadata,link -C opt-level=3 -C embed-bitcode=no --cfg 'feature="alloc"' --cfg 'feature="default"' --cfg 'feature="event"' --cfg 'feature="fs"' --cfg 'feature="libc-extra-traits"' --cfg 'feature="pipe"' --cfg 'feature="process"' --cfg 'feature="shm"' --cfg 'feature="std"' --cfg 'feature="system"' --cfg 'feature="thread"' --cfg 'feature="use-libc-auxv"' --check-cfg 'cfg(docsrs,test)' --check-cfg 'cfg(feature, values("all-apis", "alloc", "cc", "compiler_builtins", "core", "default", "event", "fs", "io_uring", "itoa", "libc", "libc-extra-traits", "libc_errno", "linux_4_11", "linux_latest", "mm", "mount", "net", "once_cell", "param", "pipe", "process", "procfs", "pty", "rand", "runtime", "rustc-dep-of-std", "rustc-std-workspace-alloc", "shm", "std", "stdio", "system", "termios", "thread", "time", "try_close", "use-explicitly-provided-auxv", "use-libc", "use-libc-auxv"))' -C metadata=0d29d8a781b8a3dd -C extra-filename=-0f445adb1948bbdc --out-dir /opt/rustwide/target/release/build/rustix/0f445adb1948bbdc/out -C strip=debuginfo --extern bitflags=/opt/rustwide/target/release/build/bitflags/8efa47acb54f2bfe/out/libbitflags-8efa47acb54f2bfe.rmeta --extern linux_raw_sys=/opt/rustwide/target/release/build/linux-raw-sys/bd667ce2f92944cc/out/liblinux_raw_sys-bd667ce2f92944cc.rmeta --cap-lints allow --cap-lints=warn --force-warn=unused_crate_dependencies --cfg linux_raw --cfg linux_like --cfg linux_kernel` (signal: 9, SIGKILL: kill)
[INFO] [stderr] error: could not compile `pxfm` (lib)
[INFO] [stderr] 
[INFO] [stderr] Caused by:
[INFO] [stderr]   process didn't exit successfully: `/opt/rustwide/rustup-home/toolchains/1.100.0-beta.1-x86_64-unknown-linux-gnu/bin/rustc --crate-name pxfm --edition=2024 /opt/rustwide/cargo-home/registry/src/index.crates.io-1949cf8c6b5b557f/pxfm-0.1.29/src/lib.rs --error-format=json --json=diagnostic-rendered-ansi,artifacts,future-incompat,unused-externs-silent --crate-type lib --emit=dep-info,metadata,link -C opt-level=3 -C embed-bitcode=no --check-cfg 'cfg(docsrs,test)' --check-cfg 'cfg(feature, values())' -C metadata=186bf95eac9a11ad -C extra-filename=-4d4bf64aa6d79555 --out-dir /opt/rustwide/target/release/build/pxfm/4d4bf64aa6d79555/out -C strip=debuginfo --cap-lints allow --cap-lints=warn --force-warn=unused_crate_dependencies` (signal: 9, SIGKILL: kill)
[INFO] [stderr] error: could not compile `syn` (lib)
[INFO] [stderr] 
[INFO] [stderr] Caused by:
[INFO] [stderr]   process didn't exit successfully: `/opt/rustwide/rustup-home/toolchains/1.100.0-beta.1-x86_64-unknown-linux-gnu/bin/rustc --crate-name syn --edition=2021 /opt/rustwide/cargo-home/registry/src/index.crates.io-1949cf8c6b5b557f/syn-2.0.118/src/lib.rs --error-format=json --json=diagnostic-rendered-ansi,artifacts,future-incompat,unused-externs-silent --crate-type lib --emit=dep-info,metadata,link -C embed-bitcode=no -C debug-assertions=off --cfg 'feature="clone-impls"' --cfg 'feature="default"' --cfg 'feature="derive"' --cfg 'feature="extra-traits"' --cfg 'feature="fold"' --cfg 'feature="full"' --cfg 'feature="parsing"' --cfg 'feature="printing"' --cfg 'feature="proc-macro"' --cfg 'feature="visit"' --cfg 'feature="visit-mut"' --check-cfg 'cfg(docsrs,test)' --check-cfg 'cfg(feature, values("clone-impls", "default", "derive", "extra-traits", "fold", "full", "parsing", "printing", "proc-macro", "test", "visit", "visit-mut"))' -C metadata=dce5d3fda8eb406b -C extra-filename=-7d6229243be50d5e --out-dir /opt/rustwide/target/release/build/syn/7d6229243be50d5e/out -C strip=debuginfo -L dependency=/opt/rustwide/target/release/build/proc-macro2/ef13cdd4e3a95223/out -L dependency=/opt/rustwide/target/release/build/unicode-ident/3d1450b03eaa80c7/out --extern proc_macro2=/opt/rustwide/target/release/build/proc-macro2/ef13cdd4e3a95223/out/libproc_macro2-ef13cdd4e3a95223.rmeta --extern quote=/opt/rustwide/target/release/build/quote/2327b47968d4deeb/out/libquote-2327b47968d4deeb.rmeta --extern unicode_ident=/opt/rustwide/target/release/build/unicode-ident/3d1450b03eaa80c7/out/libunicode_ident-3d1450b03eaa80c7.rmeta --cap-lints allow --cap-lints=warn --force-warn=unused_crate_dependencies` (signal: 9, SIGKILL: kill)
[INFO] [stderr] warning: shaderc-sys@0.10.1: shaderc: searching for native shaderc libraries on system;  use '--features build-from-source' to force building from source code
[INFO] [stderr] warning: shaderc-sys@0.10.1: shaderc: cannot find native shaderc library on system; falling back to build from source
[INFO] [stderr] error: failed to run custom build command for `shaderc-sys v0.10.1`
[INFO] [stderr] note: To improve backtraces for build dependencies, set the CARGO_PROFILE_RELEASE_BUILD_OVERRIDE_DEBUG=true environment variable to enable debug information generation.
[INFO] [stderr] 
[INFO] [stderr] Caused by:
[INFO] [stderr]   process didn't exit successfully: `/opt/rustwide/target/release/build/shaderc-sys/2b40bc7f06b2da3e/out/build_script_build` (exit status: 101)
[INFO] [stderr]   --- stdout
[INFO] [stderr]   cargo:rerun-if-env-changed=SHADERC_NO_PKG_CONFIG
[INFO] [stderr]   cargo:rerun-if-env-changed=PKG_CONFIG_x86_64-unknown-linux-gnu
[INFO] [stderr]   cargo:rerun-if-env-changed=PKG_CONFIG_x86_64_unknown_linux_gnu
[INFO] [stderr]   cargo:rerun-if-env-changed=HOST_PKG_CONFIG
[INFO] [stderr]   cargo:rerun-if-env-changed=PKG_CONFIG
[INFO] [stderr]   cargo:rerun-if-env-changed=SHADERC_STATIC
[INFO] [stderr]   cargo:rerun-if-env-changed=SHADERC_DYNAMIC
[INFO] [stderr]   cargo:rerun-if-env-changed=PKG_CONFIG_ALL_STATIC
[INFO] [stderr]   cargo:rerun-if-env-changed=PKG_CONFIG_ALL_DYNAMIC
[INFO] [stderr]   cargo:rerun-if-env-changed=PKG_CONFIG_PATH_x86_64-unknown-linux-gnu
[INFO] [stderr]   cargo:rerun-if-env-changed=PKG_CONFIG_PATH_x86_64_unknown_linux_gnu
[INFO] [stderr]   cargo:rerun-if-env-changed=HOST_PKG_CONFIG_PATH
[INFO] [stderr]   cargo:rerun-if-env-changed=PKG_CONFIG_PATH
[INFO] [stderr]   cargo:rerun-if-env-changed=PKG_CONFIG_LIBDIR_x86_64-unknown-linux-gnu
[INFO] [stderr]   cargo:rerun-if-env-changed=PKG_CONFIG_LIBDIR_x86_64_unknown_linux_gnu
[INFO] [stderr]   cargo:rerun-if-env-changed=HOST_PKG_CONFIG_LIBDIR
[INFO] [stderr]   cargo:rerun-if-env-changed=PKG_CONFIG_LIBDIR
[INFO] [stderr]   cargo:rerun-if-env-changed=PKG_CONFIG_SYSROOT_DIR_x86_64-unknown-linux-gnu
[INFO] [stderr]   cargo:rerun-if-env-changed=PKG_CONFIG_SYSROOT_DIR_x86_64_unknown_linux_gnu
[INFO] [stderr]   cargo:rerun-if-env-changed=HOST_PKG_CONFIG_SYSROOT_DIR
[INFO] [stderr]   cargo:rerun-if-env-changed=PKG_CONFIG_SYSROOT_DIR
[INFO] [stderr]   cargo:warning=shaderc: searching for native shaderc libraries on system;  use '--features build-from-source' to force building from source code
[INFO] [stderr]   cargo:warning=shaderc: cannot find native shaderc library on system; falling back to build from source
[INFO] [stderr]   CMAKE_TOOLCHAIN_FILE_x86_64-unknown-linux-gnu = None
[INFO] [stderr]   CMAKE_TOOLCHAIN_FILE_x86_64_unknown_linux_gnu = None
[INFO] [stderr]   HOST_CMAKE_TOOLCHAIN_FILE = None
[INFO] [stderr]   CMAKE_TOOLCHAIN_FILE = None
[INFO] [stderr]   CMAKE_PREFIX_PATH_x86_64-unknown-linux-gnu = None
[INFO] [stderr]   CMAKE_PREFIX_PATH_x86_64_unknown_linux_gnu = None
[INFO] [stderr]   HOST_CMAKE_PREFIX_PATH = None
[INFO] [stderr]   CMAKE_PREFIX_PATH = None
[INFO] [stderr]   CMAKE_x86_64-unknown-linux-gnu = None
[INFO] [stderr]   CMAKE_x86_64_unknown_linux_gnu = None
[INFO] [stderr]   HOST_CMAKE = None
[INFO] [stderr]   CMAKE = None
[INFO] [stderr]   -- The C compiler identification is GNU 15.2.0
[INFO] [stderr]   -- The CXX compiler identification is GNU 15.2.0
[INFO] [stderr]   -- Detecting C compiler ABI info
[INFO] [stderr]   -- Detecting C compiler ABI info - done
[INFO] [stderr]   -- Check for working C compiler: /usr/bin/cc - skipped
[INFO] [stderr]   -- Detecting C compile features
[INFO] [stderr]   -- Detecting C compile features - done
[INFO] [stderr]   -- Detecting CXX compiler ABI info
[INFO] [stderr]   -- Detecting CXX compiler ABI info - done
[INFO] [stderr]   -- Check for working CXX compiler: /usr/bin/c++ - skipped
[INFO] [stderr]   -- Detecting CXX compile features
[INFO] [stderr]   -- Detecting CXX compile features - done
[INFO] [stderr]   -- Found Python3: /usr/bin/python3 (found version "3.14.4") found components: Interpreter
[INFO] [stderr]   -- optimizer enabled
[INFO] [stderr]   -- Performing Test CMAKE_HAVE_LIBC_PTHREAD
[INFO] [stderr]   -- Performing Test CMAKE_HAVE_LIBC_PTHREAD - Success
[INFO] [stderr]   -- Found Threads: TRUE
[INFO] [stderr]   -- Shaderc: build type is "Release".
[INFO] [stderr]   -- Configuring Shaderc to avoid building tests.
[INFO] [stderr]   -- Configuring Shaderc to build examples.
[INFO] [stderr]   -- Configuring Shaderc to build executables.
[INFO] [stderr]   -- Configuring Shaderc to check copyrights.
[INFO] [stderr]   -- asciidoctor was not found - no documentation will be generated
[INFO] [stderr]   -- Found Python: /usr/bin/python3 (found version "3.14.4") found components: Interpreter
[INFO] [stderr]   -- Performing Test COMPILER_SUPPORTS_FALLTHROUGH_WARNING
[INFO] [stderr]   -- Performing Test COMPILER_SUPPORTS_FALLTHROUGH_WARNING - Success
[INFO] [stderr]   -- Performing Test COMPILER_SUPPORTS_EXTRA_SEMI_WARNING
[INFO] [stderr]   -- Performing Test COMPILER_SUPPORTS_EXTRA_SEMI_WARNING - Success
[INFO] [stderr]   -- Performing Test COMPILER_SUPPORTS_PIC
[INFO] [stderr]   -- Performing Test COMPILER_SUPPORTS_PIC - Success
[INFO] [stderr]   -- Configuring done (8.6s)
[INFO] [stderr]   -- Generating done (0.5s)
[INFO] [stderr]   -- Build files have been written to: /opt/rustwide/target/release/build/shaderc-sys/a91b851d0e435abd/out/build
[INFO] [stderr]   [1/412] Generating SPIRV-Tools-shared.pc
[INFO] [stderr]   [2/412] Generating SPIRV-Tools.pc
[INFO] [stderr]   [3/412] cd /opt/rustwide/target/release/build/shaderc-sys/a91b851d0e435abd/out/build/shaderc && /usr/bin/cmake -DCHANGES_FILE=/opt/rustwide/cargo-home/registry/src/index.crates.io-1949cf8c6b5b557f/shaderc-sys-0.10.1/build/shaderc/CHANGES -DTEMPLATE_FILE=/opt/rustwide/cargo-home/registry/src/index.crates.io-1949cf8c6b5b557f/shaderc-sys-0.10.1/build/shaderc/cmake/shaderc.pc.in -DOUT_FILE=/opt/rustwide/target/release/build/shaderc-sys/a91b851d0e435abd/out/build/shaderc/shaderc.pc -DCMAKE_INSTALL_PREFIX=/opt/rustwide/target/release/build/shaderc-sys/a91b851d0e435abd/out -DCMAKE_INSTALL_LIBDIR=lib -DCMAKE_INSTALL_INCLUDEDIR=include -DLIBS=-lshaderc_shared -P /opt/rustwide/cargo-home/registry/src/index.crates.io-1949cf8c6b5b557f/shaderc-sys-0.10.1/build/shaderc/cmake/write_pkg_config.cmake
[INFO] [stderr]   [4/412] Building CXX object glslang/glslang/OSDependent/Unix/CMakeFiles/OSDependent.dir/__/__/stub.cpp.o
[INFO] [stderr]   [5/412] Building CXX object glslang/glslang/CMakeFiles/GenericCodeGen.dir/stub.cpp.o
[INFO] [stderr]   [6/412] Generate language specific header for DebugInfo.
[INFO] [stderr]   [7/412] Generate tables based on the SPIR-V XML registry.
[INFO] [stderr]   [8/412] Building CXX object glslang/glslang/CMakeFiles/MachineIndependent.dir/stub.cpp.o
[INFO] [stderr]   [9/412] Check copyright
[INFO] [stderr]   [10/412] cd /opt/rustwide/target/release/build/shaderc-sys/a91b851d0e435abd/out/build/shaderc && /usr/bin/cmake -DCHANGES_FILE=/opt/rustwide/cargo-home/registry/src/index.crates.io-1949cf8c6b5b557f/shaderc-sys-0.10.1/build/shaderc/CHANGES -DTEMPLATE_FILE=/opt/rustwide/cargo-home/registry/src/index.crates.io-1949cf8c6b5b557f/shaderc-sys-0.10.1/build/shaderc/cmake/shaderc_static.pc.in -DOUT_FILE=/opt/rustwide/target/release/build/shaderc-sys/a91b851d0e435abd/out/build/shaderc/shaderc_static.pc -DCMAKE_INSTALL_PREFIX=/opt/rustwide/target/release/build/shaderc-sys/a91b851d0e435abd/out -DCMAKE_INSTALL_LIBDIR=lib -DCMAKE_INSTALL_INCLUDEDIR=include -DLIBS=-lshaderc\ \ -lshaderc_util -P /opt/rustwide/cargo-home/registry/src/index.crates.io-1949cf8c6b5b557f/shaderc-sys-0.10.1/build/shaderc/cmake/write_pkg_config.cmake
[INFO] [stderr]   [11/412] Generate language specific header for OpenCLDebugInfo100.
[INFO] [stderr]   [12/412] Update build-version.inc in the SPIRV-Tools build directory (if necessary).
[INFO] [stderr]   [13/412] cd /opt/rustwide/target/release/build/shaderc-sys/a91b851d0e435abd/out/build/shaderc && /usr/bin/cmake -DCHANGES_FILE=/opt/rustwide/cargo-home/registry/src/index.crates.io-1949cf8c6b5b557f/shaderc-sys-0.10.1/build/shaderc/CHANGES -DTEMPLATE_FILE=/opt/rustwide/cargo-home/registry/src/index.crates.io-1949cf8c6b5b557f/shaderc-sys-0.10.1/build/shaderc/cmake/shaderc_combined.pc.in -DOUT_FILE=/opt/rustwide/target/release/build/shaderc-sys/a91b851d0e435abd/out/build/shaderc/shaderc_combined.pc -DCMAKE_INSTALL_PREFIX=/opt/rustwide/target/release/build/shaderc-sys/a91b851d0e435abd/out -DCMAKE_INSTALL_LIBDIR=lib -DCMAKE_INSTALL_INCLUDEDIR=include -DLIBS=-lshaderc_combined -P /opt/rustwide/cargo-home/registry/src/index.crates.io-1949cf8c6b5b557f/shaderc-sys-0.10.1/build/shaderc/cmake/write_pkg_config.cmake
[INFO] [stderr]   [14/412] Update build-version.inc in the Shaderc build directory (if necessary).
[INFO] [stderr]   [15/412] Generate grammar tables
[INFO] [stderr]   [16/412] Linking CXX static library glslang/glslang/OSDependent/Unix/libOSDependent.a
[INFO] [stderr]   [17/412] Linking CXX static library glslang/glslang/libMachineIndependent.a
[INFO] [stderr]   [18/412] Generate language specific header for NonSemanticShaderDebugInfo100.
[INFO] [stderr]   [19/412] Linking CXX static library glslang/glslang/libGenericCodeGen.a
[INFO] [stderr]   [20/412] Building CXX object glslang/glslang/CMakeFiles/glslang-default-resource-limits.dir/ResourceLimits/resource_limits_c.cpp.o
[INFO] [stderr]   [21/412] Building CXX object spirv-tools/source/CMakeFiles/SPIRV-Tools-static.dir/util/string_utils.cpp.o
[INFO] [stderr]   [22/412] Building CXX object spirv-tools/source/CMakeFiles/SPIRV-Tools-static.dir/software_version.cpp.o
[INFO] [stderr]   [23/412] Building CXX object spirv-tools/source/CMakeFiles/SPIRV-Tools-static.dir/ext_inst.cpp.o
[INFO] [stderr]   [24/412] Building CXX object spirv-tools/source/CMakeFiles/SPIRV-Tools-static.dir/spirv_endian.cpp.o
[INFO] [stderr]   [25/412] Building CXX object spirv-tools/source/CMakeFiles/SPIRV-Tools-static.dir/print.cpp.o
[INFO] [stderr]   [26/412] Building CXX object spirv-tools/source/CMakeFiles/SPIRV-Tools-static.dir/extensions.cpp.o
[INFO] [stderr]   [27/412] Building CXX object spirv-tools/source/CMakeFiles/SPIRV-Tools-static.dir/spirv_optimizer_options.cpp.o
[INFO] [stderr]   [28/412] Building CXX object spirv-tools/source/CMakeFiles/SPIRV-Tools-static.dir/libspirv.cpp.o
[INFO] [stderr]   [29/412] Building CXX object spirv-tools/source/CMakeFiles/SPIRV-Tools-static.dir/util/bit_vector.cpp.o
[INFO] [stderr]   [30/412] Building CXX object spirv-tools/source/CMakeFiles/SPIRV-Tools-static.dir/spirv_validator_options.cpp.o
[INFO] [stderr]   [31/412] Building CXX object spirv-tools/source/CMakeFiles/SPIRV-Tools-static.dir/spirv_reducer_options.cpp.o
[INFO] [stderr]   [32/412] Building CXX object spirv-tools/source/CMakeFiles/SPIRV-Tools-static.dir/diagnostic.cpp.o
[INFO] [stderr]   [33/412] Building CXX object spirv-tools/source/CMakeFiles/SPIRV-Tools-static.dir/opcode.cpp.o
[INFO] [stderr]   [34/412] Building CXX object spirv-tools/source/CMakeFiles/SPIRV-Tools-static.dir/parsed_operand.cpp.o
[INFO] [stderr]   [35/412] Building CXX object spirv-tools/source/CMakeFiles/SPIRV-Tools-static.dir/assembly_grammar.cpp.o
[INFO] [stderr]   [36/412] Building CXX object spirv-tools/source/CMakeFiles/SPIRV-Tools-static.dir/spirv_fuzzer_options.cpp.o
[INFO] [stderr]   [37/412] Building CXX object glslang/glslang/CMakeFiles/glslang-default-resource-limits.dir/ResourceLimits/ResourceLimits.cpp.o
[INFO] [stderr]   [38/412] Building CXX object spirv-tools/source/CMakeFiles/SPIRV-Tools-static.dir/to_string.cpp.o
[INFO] [stderr]   [39/412] Building CXX object spirv-tools/source/CMakeFiles/SPIRV-Tools-static.dir/table.cpp.o
[INFO] [stderr]   [40/412] Building CXX object spirv-tools/source/CMakeFiles/SPIRV-Tools-static.dir/spirv_target_env.cpp.o
[INFO] [stderr]   [41/412] Building CXX object spirv-tools/source/CMakeFiles/SPIRV-Tools-static.dir/operand.cpp.o
[INFO] [stderr]   [42/412] Building CXX object spirv-tools/source/CMakeFiles/SPIRV-Tools-static.dir/disassemble.cpp.o
[INFO] [stderr]   FAILED: [code=1] spirv-tools/source/CMakeFiles/SPIRV-Tools-static.dir/disassemble.cpp.o 
[INFO] [stderr]   /usr/bin/c++ -DSPIRV_COLOR_TERMINAL -DSPIRV_TIMER_ENABLED -I/opt/rustwide/cargo-home/registry/src/index.crates.io-1949cf8c6b5b557f/shaderc-sys-0.10.1/build/spirv-tools -I/opt/rustwide/cargo-home/registry/src/index.crates.io-1949cf8c6b5b557f/shaderc-sys-0.10.1/build/spirv-tools/include -I/opt/rustwide/target/release/build/shaderc-sys/a91b851d0e435abd/out/build/spirv-tools -I/opt/rustwide/cargo-home/registry/src/index.crates.io-1949cf8c6b5b557f/shaderc-sys-0.10.1/build/spirv-headers/include -ffunction-sections -fdata-sections -fPIC -m64 -w -O3 -DNDEBUG -std=c++17 -fPIC -fno-rtti -Wall -Wextra -Wnon-virtual-dtor -Wno-missing-field-initializers -Wno-long-long -Wshadow -Wundef -Wconversion -Wno-sign-conversion -fno-exceptions -MD -MT spirv-tools/source/CMakeFiles/SPIRV-Tools-static.dir/disassemble.cpp.o -MF spirv-tools/source/CMakeFiles/SPIRV-Tools-static.dir/disassemble.cpp.o.d -o spirv-tools/source/CMakeFiles/SPIRV-Tools-static.dir/disassemble.cpp.o -c /opt/rustwide/cargo-home/registry/src/index.crates.io-1949cf8c6b5b557f/shaderc-sys-0.10.1/build/spirv-tools/source/disassemble.cpp
[INFO] [stderr]   c++: fatal error: Killed signal terminated program cc1plus
[INFO] [stderr]   compilation terminated.
[INFO] [stderr]   [43/412] Building CXX object spirv-tools/source/CMakeFiles/SPIRV-Tools-static.dir/util/parse_number.cpp.o
[INFO] [stderr]   FAILED: [code=1] spirv-tools/source/CMakeFiles/SPIRV-Tools-static.dir/util/parse_number.cpp.o 
[INFO] [stderr]   /usr/bin/c++ -DSPIRV_COLOR_TERMINAL -DSPIRV_TIMER_ENABLED -I/opt/rustwide/cargo-home/registry/src/index.crates.io-1949cf8c6b5b557f/shaderc-sys-0.10.1/build/spirv-tools -I/opt/rustwide/cargo-home/registry/src/index.crates.io-1949cf8c6b5b557f/shaderc-sys-0.10.1/build/spirv-tools/include -I/opt/rustwide/target/release/build/shaderc-sys/a91b851d0e435abd/out/build/spirv-tools -I/opt/rustwide/cargo-home/registry/src/index.crates.io-1949cf8c6b5b557f/shaderc-sys-0.10.1/build/spirv-headers/include -ffunction-sections -fdata-sections -fPIC -m64 -w -O3 -DNDEBUG -std=c++17 -fPIC -fno-rtti -Wall -Wextra -Wnon-virtual-dtor -Wno-missing-field-initializers -Wno-long-long -Wshadow -Wundef -Wconversion -Wno-sign-conversion -fno-exceptions -MD -MT spirv-tools/source/CMakeFiles/SPIRV-Tools-static.dir/util/parse_number.cpp.o -MF spirv-tools/source/CMakeFiles/SPIRV-Tools-static.dir/util/parse_number.cpp.o.d -o spirv-tools/source/CMakeFiles/SPIRV-Tools-static.dir/util/parse_number.cpp.o -c /opt/rustwide/cargo-home/registry/src/index.crates.io-1949cf8c6b5b557f/shaderc-sys-0.10.1/build/spirv-tools/source/util/parse_number.cpp
[INFO] [stderr]   c++: fatal error: Killed signal terminated program cc1plus
[INFO] [stderr]   compilation terminated.
[INFO] [stderr]   [44/412] Building CXX object spirv-tools/source/CMakeFiles/SPIRV-Tools-static.dir/table2.cpp.o
[INFO] [stderr]   [45/412] Building CXX object spirv-tools/source/CMakeFiles/SPIRV-Tools-static.dir/name_mapper.cpp.o
[INFO] [stderr]   [46/412] Building CXX object spirv-tools/source/CMakeFiles/SPIRV-Tools-static.dir/val/validate_bitwise.cpp.o
[INFO] [stderr]   FAILED: [code=1] spirv-tools/source/CMakeFiles/SPIRV-Tools-static.dir/val/validate_bitwise.cpp.o 
[INFO] [stderr]   /usr/bin/c++ -DSPIRV_COLOR_TERMINAL -DSPIRV_TIMER_ENABLED -I/opt/rustwide/cargo-home/registry/src/index.crates.io-1949cf8c6b5b557f/shaderc-sys-0.10.1/build/spirv-tools -I/opt/rustwide/cargo-home/registry/src/index.crates.io-1949cf8c6b5b557f/shaderc-sys-0.10.1/build/spirv-tools/include -I/opt/rustwide/target/release/build/shaderc-sys/a91b851d0e435abd/out/build/spirv-tools -I/opt/rustwide/cargo-home/registry/src/index.crates.io-1949cf8c6b5b557f/shaderc-sys-0.10.1/build/spirv-headers/include -ffunction-sections -fdata-sections -fPIC -m64 -w -O3 -DNDEBUG -std=c++17 -fPIC -fno-rtti -Wall -Wextra -Wnon-virtual-dtor -Wno-missing-field-initializers -Wno-long-long -Wshadow -Wundef -Wconversion -Wno-sign-conversion -fno-exceptions -MD -MT spirv-tools/source/CMakeFiles/SPIRV-Tools-static.dir/val/validate_bitwise.cpp.o -MF spirv-tools/source/CMakeFiles/SPIRV-Tools-static.dir/val/validate_bitwise.cpp.o.d -o spirv-tools/source/CMakeFiles/SPIRV-Tools-static.dir/val/validate_bitwise.cpp.o -c /opt/rustwide/cargo-home/registry/src/index.crates.io-1949cf8c6b5b557f/shaderc-sys-0.10.1/build/spirv-tools/source/val/validate_bitwise.cpp
[INFO] [stderr]   c++: fatal error: Killed signal terminated program cc1plus
[INFO] [stderr]   compilation terminated.
[INFO] [stderr]   [47/412] Building CXX object spirv-tools/source/CMakeFiles/SPIRV-Tools-static.dir/text_handler.cpp.o
[INFO] [stderr]   FAILED: [code=1] spirv-tools/source/CMakeFiles/SPIRV-Tools-static.dir/text_handler.cpp.o 
[INFO] [stderr]   /usr/bin/c++ -DSPIRV_COLOR_TERMINAL -DSPIRV_TIMER_ENABLED -I/opt/rustwide/cargo-home/registry/src/index.crates.io-1949cf8c6b5b557f/shaderc-sys-0.10.1/build/spirv-tools -I/opt/rustwide/cargo-home/registry/src/index.crates.io-1949cf8c6b5b557f/shaderc-sys-0.10.1/build/spirv-tools/include -I/opt/rustwide/target/release/build/shaderc-sys/a91b851d0e435abd/out/build/spirv-tools -I/opt/rustwide/cargo-home/registry/src/index.crates.io-1949cf8c6b5b557f/shaderc-sys-0.10.1/build/spirv-headers/include -ffunction-sections -fdata-sections -fPIC -m64 -w -O3 -DNDEBUG -std=c++17 -fPIC -fno-rtti -Wall -Wextra -Wnon-virtual-dtor -Wno-missing-field-initializers -Wno-long-long -Wshadow -Wundef -Wconversion -Wno-sign-conversion -fno-exceptions -MD -MT spirv-tools/source/CMakeFiles/SPIRV-Tools-static.dir/text_handler.cpp.o -MF spirv-tools/source/CMakeFiles/SPIRV-Tools-static.dir/text_handler.cpp.o.d -o spirv-tools/source/CMakeFiles/SPIRV-Tools-static.dir/text_handler.cpp.o -c /opt/rustwide/cargo-home/registry/src/index.crates.io-1949cf8c6b5b557f/shaderc-sys-0.10.1/build/spirv-tools/source/text_handler.cpp
[INFO] [stderr]   c++: fatal error: Killed signal terminated program cc1plus
[INFO] [stderr]   compilation terminated.
[INFO] [stderr]   [48/412] Building CXX object spirv-tools/source/CMakeFiles/SPIRV-Tools-static.dir/binary.cpp.o
[INFO] [stderr]   [49/412] Building CXX object spirv-tools/source/CMakeFiles/SPIRV-Tools-static.dir/val/validate_adjacency.cpp.o
[INFO] [stderr]   [50/412] Building CXX object spirv-tools/source/CMakeFiles/SPIRV-Tools-static.dir/val/validate_capability.cpp.o
[INFO] [stderr]   [51/412] Building CXX object spirv-tools/source/CMakeFiles/SPIRV-Tools-static.dir/val/validate_barriers.cpp.o
[INFO] [stderr]   [52/412] Building CXX object spirv-tools/source/CMakeFiles/SPIRV-Tools-static.dir/val/validate_arithmetics.cpp.o
[INFO] [stderr]   [53/412] Building CXX object spirv-tools/source/CMakeFiles/SPIRV-Tools-static.dir/val/validate_atomics.cpp.o
[INFO] [stderr]   [54/412] Building CXX object spirv-tools/source/CMakeFiles/SPIRV-Tools-static.dir/val/validate_annotation.cpp.o
[INFO] [stderr]   [55/412] Building CXX object spirv-tools/source/CMakeFiles/SPIRV-Tools-static.dir/val/validate.cpp.o
[INFO] [stderr]   [56/412] Building CXX object spirv-tools/source/CMakeFiles/SPIRV-Tools-static.dir/text.cpp.o
[INFO] [stderr]   [57/412] Building CXX object spirv-tools/source/CMakeFiles/SPIRV-Tools-static.dir/val/validate_builtins.cpp.o
[INFO] [stderr]   ninja: build stopped: subcommand failed.
[INFO] [stderr] 
[INFO] [stderr]   --- stderr
[INFO] [stderr]   running: cd "/opt/rustwide/target/release/build/shaderc-sys/a91b851d0e435abd/out/build" && CMAKE_PREFIX_PATH="" LC_ALL="C" "cmake" "/opt/rustwide/cargo-home/registry/src/index.crates.io-1949cf8c6b5b557f/shaderc-sys-0.10.1/build" "-B" "/opt/rustwide/target/release/build/shaderc-sys/a91b851d0e435abd/out/build" "-G" "Ninja" "-DCMAKE_INSTALL_LIBDIR=lib" "-DCMAKE_POSITION_INDEPENDENT_CODE=ON" "-DENABLE_SPVREMAPPER=OFF" "-DENABLE_GLSLANG_BINARIES=OFF" "-DSHADERC_SKIP_TESTS=ON" "-DSPIRV_SKIP_EXECUTABLES=ON" "-DSPIRV_WERROR=OFF" "-DCMAKE_INSTALL_PREFIX=/opt/rustwide/target/release/build/shaderc-sys/a91b851d0e435abd/out" "-DCMAKE_C_FLAGS= -ffunction-sections -fdata-sections -fPIC -m64 -w" "-DCMAKE_C_COMPILER=/usr/bin/cc" "-DCMAKE_CXX_FLAGS= -ffunction-sections -fdata-sections -fPIC -m64 -w" "-DCMAKE_CXX_COMPILER=/usr/bin/c++" "-DCMAKE_ASM_FLAGS= -ffunction-sections -fdata-sections -fPIC -m64 -w" "-DCMAKE_ASM_COMPILER=/usr/bin/cc" "-DCMAKE_BUILD_TYPE=Release"
[INFO] [stderr]   CMake Warning:
[INFO] [stderr]     Manually-specified variables were not used by the project:
[INFO] [stderr] 
[INFO] [stderr]       CMAKE_ASM_COMPILER
[INFO] [stderr]       CMAKE_ASM_FLAGS
[INFO] [stderr] 
[INFO] [stderr] 
[INFO] [stderr]   running: cd "/opt/rustwide/target/release/build/shaderc-sys/a91b851d0e435abd/out/build" && LC_ALL="C" "cmake" "--build" "/opt/rustwide/target/release/build/shaderc-sys/a91b851d0e435abd/out/build" "--target" "install" "--config" "Release" "--parallel" "16"
[INFO] [stderr] 
[INFO] [stderr]   thread 'main' (639) panicked at /opt/rustwide/cargo-home/registry/src/index.crates.io-1949cf8c6b5b557f/cmake-0.1.58/src/lib.rs:1132:5:
[INFO] [stderr] 
[INFO] [stderr]   command did not execute successfully, got: exit status: 1
[INFO] [stderr] 
[INFO] [stderr]   build script failed, must exit now
[INFO] [stderr]   stack backtrace:
[INFO] [stderr]      0:     0x575e1176f481 - <<std[617be2ca0a6fd877]::sys::backtrace::BacktraceLock>::print::DisplayBacktrace as core[a373ad73a504971]::fmt::Display>::fmt
[INFO] [stderr]      1:     0x575e1178376a - core[a373ad73a504971]::fmt::write
[INFO] [stderr]      2:     0x575e11774c6c - <std[617be2ca0a6fd877]::sys::stdio::unix::Stderr as core[a373ad73a504971]::io::write::Write>::write_fmt
[INFO] [stderr]      3:     0x575e1174df26 - std[617be2ca0a6fd877]::panicking::default_hook::{closure#0}
[INFO] [stderr]      4:     0x575e11769cc1 - std[617be2ca0a6fd877]::panicking::default_hook
[INFO] [stderr]      5:     0x575e11769e7b - std[617be2ca0a6fd877]::panicking::panic_with_hook
[INFO] [stderr]      6:     0x575e1174dfd2 - std[617be2ca0a6fd877]::panicking::panic_handler::{closure#0}
[INFO] [stderr]      7:     0x575e11746ab9 - std[617be2ca0a6fd877]::sys::backtrace::__rust_end_short_backtrace::<std[617be2ca0a6fd877]::panicking::panic_handler::{closure#0}, !>
[INFO] [stderr]      8:     0x575e1174e7bd - __rustc[ea4f61d10b84890b]::rust_begin_unwind
[INFO] [stderr]      9:     0x575e11783edc - core[a373ad73a504971]::panicking::panic_fmt
[INFO] [stderr]     10:     0x575e116dd1c7 - cmake[47cba7e14a2da763]::fail
[INFO] [stderr]     11:     0x575e116dce53 - cmake[47cba7e14a2da763]::run
[INFO] [stderr]     12:     0x575e116e2e25 - <cmake[47cba7e14a2da763]::Config>::build
[INFO] [stderr]     13:     0x575e11692d0f - build_script_build[ab055354dea6c032]::build_shaderc_unix
[INFO] [stderr]     14:     0x575e11692428 - build_script_build[ab055354dea6c032]::build_from_source
[INFO] [stderr]     15:     0x575e116958b0 - build_script_build[ab055354dea6c032]::main
[INFO] [stderr]     16:     0x575e116966c3 - <fn() as core[a373ad73a504971]::ops::function::FnOnce<()>>::call_once
[INFO] [stderr]     17:     0x575e1168b766 - std[617be2ca0a6fd877]::sys::backtrace::__rust_begin_short_backtrace::<fn(), ()>
[INFO] [stderr]     18:     0x575e11690699 - std[617be2ca0a6fd877]::rt::lang_start::<()>::{closure#0}
[INFO] [stderr]     19:     0x575e11768fc8 - std[617be2ca0a6fd877]::rt::lang_start_internal
[INFO] [stderr]     20:     0x575e1168ef01 - std[617be2ca0a6fd877]::rt::lang_start::<()>
[INFO] [stderr]     21:     0x575e116967c5 - main
[INFO] [stderr]     22:     0x780a5d509601 - <unknown>
[INFO] [stderr]     23:     0x780a5d509718 - __libc_start_main
[INFO] [stderr]     24:     0x575e11689825 - _start
[INFO] [stderr]     25:                0x0 - <unknown>
[INFO] running `Command { std: "docker" "inspect" "9d7fc6d8498789b25727c662d2b42299bd2b73557e2620034bda0b1ccda5ce25", kill_on_drop: false }`
[INFO] running `Command { std: "docker" "rm" "-f" "9d7fc6d8498789b25727c662d2b42299bd2b73557e2620034bda0b1ccda5ce25", kill_on_drop: false }`
[INFO] [stdout] 9d7fc6d8498789b25727c662d2b42299bd2b73557e2620034bda0b1ccda5ce25
