[INFO] fetching crate vize_musea 0.454.0...
[INFO] testing vize_musea-0.454.0 against 1.99.0-beta.8+cargoflags=--release for beta-release-1.100-2
[INFO] extracting crate vize_musea 0.454.0 into /workspace/builds/worker-7-tc1/source
[INFO] started tweaking crates.io crate vize_musea 0.454.0
[INFO] removed 0 missing tests
[INFO] finished tweaking crates.io crate vize_musea 0.454.0
[INFO] tweaked toml for crates.io crate vize_musea 0.454.0 written to /workspace/builds/worker-7-tc1/source/Cargo.toml
[INFO] validating manifest of crates.io crate vize_musea 0.454.0 on toolchain 1.99.0-beta.8
[INFO] running `Command { std: CARGO_HOME="/workspace/cargo-home" RUSTUP_HOME="/workspace/rustup-home" "/workspace/cargo-home/bin/cargo" "+1.99.0-beta.8" "metadata" "--manifest-path" "Cargo.toml" "--no-deps", kill_on_drop: false }`
[INFO] crate crates.io crate vize_musea 0.454.0 already has a lockfile, it will not be regenerated
[INFO] running `Command { std: CARGO_HOME="/workspace/cargo-home" RUSTUP_HOME="/workspace/rustup-home" "/workspace/cargo-home/bin/cargo" "+1.99.0-beta.8" "fetch" "--manifest-path" "Cargo.toml", kill_on_drop: false }`
[INFO] running `Command { std: "docker" "create" "-v" "/var/lib/crater-agent-workspace/builds/worker-7-tc1/source:/opt/rustwide/workdir:ro,Z" "-v" "/var/lib/crater-agent-workspace/builds/worker-7-tc1/target:/opt/rustwide/target:rw,Z" "-v" "/var/lib/crater-agent-workspace/cargo-home:/opt/rustwide/cargo-home:ro,Z" "-v" "/var/lib/crater-agent-workspace/rustup-home:/opt/rustwide/rustup-home:ro,Z" "-m" "1610612736" "--network" "none" "ghcr.io/rust-lang/crates-build-env/linux@sha256:77db811e55d90add9212f6832c23229e3de5f1c1f9905e8cb07319ea15df73ac" "sleep" "infinity", kill_on_drop: false }`
[INFO] [stdout] cb85a809f9e0f1ab61977ede56521c4f978a69e22655a5916a12b596ce3d3e29
[INFO] running `Command { std: "docker" "start" "cb85a809f9e0f1ab61977ede56521c4f978a69e22655a5916a12b596ce3d3e29", kill_on_drop: false }`
[INFO] running `Command { std: "docker" "inspect" "cb85a809f9e0f1ab61977ede56521c4f978a69e22655a5916a12b596ce3d3e29", kill_on_drop: false }`
[INFO] running `Command { std: "docker" "exec" "-e" "SOURCE_DIR=/opt/rustwide/workdir" "-e" "CARGO_HOME=/opt/rustwide/cargo-home" "-e" "RUSTUP_HOME=/opt/rustwide/rustup-home" "-e" "CARGO_TARGET_DIR=/opt/rustwide/target" "-w" "/opt/rustwide/workdir" "--user" "0:0" "cb85a809f9e0f1ab61977ede56521c4f978a69e22655a5916a12b596ce3d3e29" "/opt/rustwide/cargo-home/bin/cargo" "+1.99.0-beta.8" "metadata" "--no-deps" "--format-version=1", kill_on_drop: false }`
[INFO] running `Command { std: "docker" "inspect" "cb85a809f9e0f1ab61977ede56521c4f978a69e22655a5916a12b596ce3d3e29", kill_on_drop: false }`
[INFO] running `Command { std: "docker" "exec" "-e" "SOURCE_DIR=/opt/rustwide/workdir" "-e" "CARGO_HOME=/opt/rustwide/cargo-home" "-e" "RUSTUP_HOME=/opt/rustwide/rustup-home" "-e" "CARGO_TARGET_DIR=/opt/rustwide/target" "-e" "CARGO_INCREMENTAL=0" "-e" "RUST_BACKTRACE=full" "-e" "RUSTFLAGS=--cap-lints=warn" "-e" "RUSTDOCFLAGS=--cap-lints=warn" "-w" "/opt/rustwide/workdir" "--user" "0:0" "cb85a809f9e0f1ab61977ede56521c4f978a69e22655a5916a12b596ce3d3e29" "/opt/rustwide/cargo-home/bin/cargo" "+1.99.0-beta.8" "build" "--frozen" "--message-format=json" "--release", kill_on_drop: false }`
[INFO] [stderr]    Compiling siphasher v1.0.3
[INFO] [stderr]    Compiling fastrand v2.4.1
[INFO] [stderr]    Compiling syn v3.0.5
[INFO] [stderr]    Compiling owo-colors v4.3.0
[INFO] [stderr]    Compiling thiserror v2.0.20
[INFO] [stderr]    Compiling unicode-linebreak v0.1.5
[INFO] [stderr]    Compiling allocator-api2 v0.2.21
[INFO] [stderr]    Compiling smawk v0.3.2
[INFO] [stderr]    Compiling oxc-miette-derive v3.0.1
[INFO] [stderr]    Compiling unicode-segmentation v1.13.3
[INFO] [stderr]    Compiling oxc_data_structures v0.142.0
[INFO] [stderr]    Compiling serde v1.0.228
[INFO] [stderr]    Compiling oxc_estree v0.142.0
[INFO] [stderr]    Compiling phf_shared v0.14.0
[INFO] [stderr]    Compiling dragonbox_ecma v0.1.12
[INFO] [stderr]    Compiling cow-utils v0.1.3
[INFO] [stderr]    Compiling object v0.39.1
[INFO] [stderr]    Compiling bitflags v2.13.1
[INFO] [stderr]    Compiling unicode-id-start v1.4.0
[INFO] [stderr]    Compiling nonmax v0.5.5
[INFO] [stderr]    Compiling phf_shared v0.13.1
[INFO] [stderr]    Compiling textwrap v0.16.2
[INFO] [stderr]    Compiling num-traits v0.2.19
[INFO] [stderr]    Compiling stacker v0.1.25
[INFO] [stderr]    Compiling hashbrown v0.17.1
[INFO] [stderr]    Compiling phf_generator v0.13.1
[INFO] [stderr]    Compiling phf v0.14.0
[INFO] [stderr]    Compiling phf_generator v0.14.0
[INFO] [stderr]    Compiling serde_core v1.0.228
[INFO] [stderr]    Compiling zmij v1.0.21
[INFO] [stderr]    Compiling serde_json v1.0.149
[INFO] [stderr]    Compiling phf_macros v0.13.1
[INFO] [stderr]    Compiling phf_codegen v0.13.1
[INFO] [stderr]    Compiling phf v0.13.1
[INFO] [stderr]    Compiling vize_l0_derive v0.454.0
[INFO] [stderr]    Compiling phf_macros v0.14.0
[INFO] [stderr]    Compiling xxhash-rust v0.8.18
[INFO] [stderr]    Compiling simdutf8 v0.1.5
[INFO] [stderr]    Compiling dtoa v1.0.11
[INFO] [stderr]    Compiling compact_str v0.10.0
[INFO] [stderr]    Compiling oxc_index v5.0.0
[INFO] [stderr]    Compiling smallvec v1.15.2
[INFO] [stderr]    Compiling num-integer v0.1.46
[INFO] [stderr]    Compiling dtoa-short v0.3.5
[INFO] [stderr]    Compiling cssparser-macros v0.7.0
[INFO] [stderr]    Compiling which v8.0.5
[INFO] [stderr]    Compiling regex-automata v0.4.18
[INFO] [stderr]    Compiling itertools v0.15.0
[INFO] [stderr]    Compiling parking_lot_core v0.9.12
[INFO] [stderr]    Compiling self_cell v1.2.2
[INFO] [stderr]    Compiling cssparser v0.37.0
[INFO] [stderr]    Compiling thin-vec v0.2.20
[INFO] [stderr]    Compiling num-bigint v0.5.1
[INFO] [stderr]    Compiling dashmap v6.2.1
[INFO] [stderr]    Compiling index_vec v0.1.4
[INFO] [stderr]    Compiling oxc_allocator v0.142.0
[INFO] [stderr]    Compiling oxc_str v0.142.0
[INFO] [stderr]    Compiling thiserror-impl v2.0.20
[INFO] [stderr]    Compiling oxc_ast_macros v0.142.0
[INFO] [stderr]    Compiling oxc-miette v3.0.1
[INFO] [stderr]    Compiling oxc_span v0.142.0
[INFO] [stderr]    Compiling oxc_diagnostics v0.142.0
[INFO] [stderr]    Compiling oxc_syntax v0.142.0
[INFO] [stderr]    Compiling oxc_regular_expression v0.142.0
[INFO] [stderr]    Compiling ar_archive_writer v0.5.3
[INFO] [stderr]    Compiling psm v0.1.31
[INFO] [stderr]    Compiling htmlize v1.1.0
[INFO] [stderr]    Compiling vize_l0 v0.454.0
[INFO] [stderr]    Compiling oxc_ast v0.142.0
[INFO] [stderr]    Compiling regex v1.13.1
[INFO] [stderr]    Compiling vize_carton v0.454.0
[INFO] [stderr]    Compiling oxc_ast_visit v0.142.0
[INFO] [stderr]    Compiling oxc_ecmascript v0.142.0
[INFO] [stderr]    Compiling vize_oxc_parser v0.454.0
[INFO] [stderr]    Compiling vize_relief v0.454.0
[INFO] [stderr]    Compiling oxc_semantic v0.142.0
[INFO] [stderr]    Compiling vize_l1 v0.454.0
[INFO] [stderr]    Compiling vize_l2 v0.454.0
[INFO] [stderr]    Compiling vize_armature v0.454.0
[INFO] [stderr]    Compiling vize_l3 v0.454.0
[INFO] [stderr]    Compiling vize_croquis v0.454.0
[INFO] [stderr]    Compiling vize_musea v0.454.0 (/opt/rustwide/workdir)
[INFO] [stderr]     Finished `release` profile [optimized] target(s) in 2m 21s
[INFO] running `Command { std: "docker" "inspect" "cb85a809f9e0f1ab61977ede56521c4f978a69e22655a5916a12b596ce3d3e29", kill_on_drop: false }`
[INFO] running `Command { std: "docker" "exec" "-e" "SOURCE_DIR=/opt/rustwide/workdir" "-e" "CARGO_HOME=/opt/rustwide/cargo-home" "-e" "RUSTUP_HOME=/opt/rustwide/rustup-home" "-e" "CARGO_TARGET_DIR=/opt/rustwide/target" "-e" "CARGO_INCREMENTAL=0" "-e" "RUST_BACKTRACE=full" "-e" "RUSTFLAGS=--cap-lints=warn" "-e" "RUSTDOCFLAGS=--cap-lints=warn" "-w" "/opt/rustwide/workdir" "--user" "0:0" "cb85a809f9e0f1ab61977ede56521c4f978a69e22655a5916a12b596ce3d3e29" "/opt/rustwide/cargo-home/bin/cargo" "+1.99.0-beta.8" "test" "--frozen" "--no-run" "--message-format=json" "--release", kill_on_drop: false }`
[INFO] [stderr]    Compiling vize_musea v0.454.0 (/opt/rustwide/workdir)
[INFO] [stdout] error[E0433]: cannot find module or crate `insta` in this scope
[INFO] [stdout]    --> src/autogen.rs:188:9
[INFO] [stdout]     |
[INFO] [stdout] 188 |         insta::assert_debug_snapshot!(output);
[INFO] [stdout]     |         ^^^^^ use of unresolved module or unlinked crate `insta`
[INFO] [stdout] 
[INFO] [stdout] 
[INFO] [stdout] error[E0433]: cannot find module or crate `insta` in this scope
[INFO] [stdout]    --> src/autogen.rs:199:9
[INFO] [stdout]     |
[INFO] [stdout] 199 |         insta::assert_snapshot!(rendered.as_str());
[INFO] [stdout]     |         ^^^^^ use of unresolved module or unlinked crate `insta`
[INFO] [stdout] 
[INFO] [stdout] 
[INFO] [stdout] error[E0433]: cannot find module or crate `insta` in this scope
[INFO] [stdout]    --> src/autogen.rs:214:9
[INFO] [stdout]     |
[INFO] [stdout] 214 |         insta::assert_snapshot!(rendered.as_str());
[INFO] [stdout]     |         ^^^^^ use of unresolved module or unlinked crate `insta`
[INFO] [stdout] 
[INFO] [stdout] 
[INFO] [stdout] error[E0433]: cannot find module or crate `insta` in this scope
[INFO] [stdout]    --> src/docs/catalog.rs:386:9
[INFO] [stdout]     |
[INFO] [stdout] 386 |         insta::assert_debug_snapshot!(output);
[INFO] [stdout]     |         ^^^^^ use of unresolved module or unlinked crate `insta`
[INFO] [stdout] 
[INFO] [stdout] 
[INFO] [stdout] error[E0433]: cannot find module or crate `insta` in this scope
[INFO] [stdout]    --> src/docs/catalog.rs:398:9
[INFO] [stdout]     |
[INFO] [stdout] 398 |         insta::assert_debug_snapshot!(output);
[INFO] [stdout]     |         ^^^^^ use of unresolved module or unlinked crate `insta`
[INFO] [stdout] 
[INFO] [stdout] 
[INFO] [stdout] error[E0433]: cannot find module or crate `insta` in this scope
[INFO] [stdout]    --> src/docs/markdown.rs:237:9
[INFO] [stdout]     |
[INFO] [stdout] 237 |         insta::assert_snapshot!(format_status_badge(ArtStatus::Draft).as_str());
[INFO] [stdout]     |         ^^^^^ use of unresolved module or unlinked crate `insta`
[INFO] [stdout] 
[INFO] [stdout] 
[INFO] [stdout] error[E0433]: cannot find module or crate `insta` in this scope
[INFO] [stdout]    --> src/docs/markdown.rs:238:9
[INFO] [stdout]     |
[INFO] [stdout] 238 |         insta::assert_snapshot!(format_status_badge(ArtStatus::Deprecated).as_str());
[INFO] [stdout]     |         ^^^^^ use of unresolved module or unlinked crate `insta`
[INFO] [stdout] 
[INFO] [stdout] 
[INFO] [stdout] error[E0433]: cannot find module or crate `insta` in this scope
[INFO] [stdout]    --> src/docs.rs:148:9
[INFO] [stdout]     |
[INFO] [stdout] 148 |         insta::assert_debug_snapshot!(output);
[INFO] [stdout]     |         ^^^^^ use of unresolved module or unlinked crate `insta`
[INFO] [stdout] 
[INFO] [stdout] 
[INFO] [stdout] error[E0433]: cannot find module or crate `insta` in this scope
[INFO] [stdout]    --> src/docs.rs:169:9
[INFO] [stdout]     |
[INFO] [stdout] 169 |         insta::assert_debug_snapshot!(output);
[INFO] [stdout]     |         ^^^^^ use of unresolved module or unlinked crate `insta`
[INFO] [stdout] 
[INFO] [stdout] 
[INFO] [stdout] error[E0433]: cannot find module or crate `insta` in this scope
[INFO] [stdout]    --> src/palette/codegen.rs:312:9
[INFO] [stdout]     |
[INFO] [stdout] 312 |         insta::assert_snapshot!(ts.as_str());
[INFO] [stdout]     |         ^^^^^ use of unresolved module or unlinked crate `insta`
[INFO] [stdout] 
[INFO] [stdout] 
[INFO] [stdout] error[E0433]: cannot find module or crate `insta` in this scope
[INFO] [stdout]    --> src/palette/codegen.rs:337:9
[INFO] [stdout]     |
[INFO] [stdout] 337 |         insta::assert_snapshot!(argtypes.as_str());
[INFO] [stdout]     |         ^^^^^ use of unresolved module or unlinked crate `insta`
[INFO] [stdout] 
[INFO] [stdout] 
[INFO] [stdout] error[E0433]: cannot find module or crate `insta` in this scope
[INFO] [stdout]    --> src/parse/art_block.rs:156:9
[INFO] [stdout]     |
[INFO] [stdout] 156 |         insta::assert_debug_snapshot!(block);
[INFO] [stdout]     |         ^^^^^ use of unresolved module or unlinked crate `insta`
[INFO] [stdout] 
[INFO] [stdout] 
[INFO] [stdout] error[E0433]: cannot find module or crate `insta` in this scope
[INFO] [stdout]    --> src/parse/variant.rs:157:9
[INFO] [stdout]     |
[INFO] [stdout] 157 |         insta::assert_debug_snapshot!(variants);
[INFO] [stdout]     |         ^^^^^ use of unresolved module or unlinked crate `insta`
[INFO] [stdout] 
[INFO] [stdout] 
[INFO] [stdout] error[E0433]: cannot find module or crate `insta` in this scope
[INFO] [stdout]   --> src/tokens/tests.rs:23:5
[INFO] [stdout]    |
[INFO] [stdout] 23 |     insta::assert_debug_snapshot!(resolved);
[INFO] [stdout]    |     ^^^^^ use of unresolved module or unlinked crate `insta`
[INFO] [stdout] 
[INFO] [stdout] 
[INFO] [stdout] error[E0433]: cannot find module or crate `insta` in this scope
[INFO] [stdout]   --> src/tokens/tests.rs:39:5
[INFO] [stdout]    |
[INFO] [stdout] 39 |     insta::assert_debug_snapshot!(validate_reference(&map, "color.a", Some("color.b")));
[INFO] [stdout]    |     ^^^^^ use of unresolved module or unlinked crate `insta`
[INFO] [stdout] 
[INFO] [stdout] 
[INFO] [stdout] error[E0433]: cannot find module or crate `insta` in this scope
[INFO] [stdout]   --> src/tokens/tests.rs:54:5
[INFO] [stdout]    |
[INFO] [stdout] 54 |     insta::assert_snapshot!(generate_tokens_markdown(
[INFO] [stdout]    |     ^^^^^ use of unresolved module or unlinked crate `insta`
[INFO] [stdout] 
[INFO] [stdout] 
[INFO] [stdout] error[E0433]: cannot find module or crate `insta` in this scope
[INFO] [stdout]   --> src/transform/to_csf/tests.rs:20:5
[INFO] [stdout]    |
[INFO] [stdout] 20 |     insta::assert_debug_snapshot!(csf);
[INFO] [stdout]    |     ^^^^^ use of unresolved module or unlinked crate `insta`
[INFO] [stdout] 
[INFO] [stdout] 
[INFO] [stdout] error[E0433]: cannot find module or crate `insta` in this scope
[INFO] [stdout]   --> src/transform/to_csf/tests.rs:37:5
[INFO] [stdout]    |
[INFO] [stdout] 37 |     insta::assert_debug_snapshot!(csf);
[INFO] [stdout]    |     ^^^^^ use of unresolved module or unlinked crate `insta`
[INFO] [stdout] 
[INFO] [stdout] 
[INFO] [stdout] error[E0433]: cannot find module or crate `insta` in this scope
[INFO] [stdout]   --> src/transform/to_csf/tests.rs:57:5
[INFO] [stdout]    |
[INFO] [stdout] 57 |     insta::assert_debug_snapshot!(csf);
[INFO] [stdout]    |     ^^^^^ use of unresolved module or unlinked crate `insta`
[INFO] [stdout] 
[INFO] [stdout] 
[INFO] [stdout] error[E0433]: cannot find module or crate `insta` in this scope
[INFO] [stdout]    --> src/transform/to_vue.rs:334:9
[INFO] [stdout]     |
[INFO] [stdout] 334 |         insta::assert_debug_snapshot!(output);
[INFO] [stdout]     |         ^^^^^ use of unresolved module or unlinked crate `insta`
[INFO] [stdout] 
[INFO] [stdout] 
[INFO] [stdout] error[E0433]: cannot find module or crate `insta` in this scope
[INFO] [stdout]    --> src/transform/to_vue.rs:354:9
[INFO] [stdout]     |
[INFO] [stdout] 354 |         insta::assert_debug_snapshot!(output);
[INFO] [stdout]     |         ^^^^^ use of unresolved module or unlinked crate `insta`
[INFO] [stdout] 
[INFO] [stdout] 
[INFO] [stdout] error[E0433]: cannot find module or crate `insta` in this scope
[INFO] [stdout]    --> src/lib.rs:177:9
[INFO] [stdout]     |
[INFO] [stdout] 177 |         insta::assert_debug_snapshot!(csf);
[INFO] [stdout]     |         ^^^^^ use of unresolved module or unlinked crate `insta`
[INFO] [stdout] 
[INFO] [stdout] 
[INFO] [stdout] error[E0433]: cannot find module or crate `insta` in this scope
[INFO] [stdout]    --> src/lib.rs:181:9
[INFO] [stdout]     |
[INFO] [stdout] 181 |         insta::assert_debug_snapshot!(vue);
[INFO] [stdout]     |         ^^^^^ use of unresolved module or unlinked crate `insta`
[INFO] [stdout] 
[INFO] [stdout] 
[INFO] [stdout] warning: unused imports: `generate_tokens_markdown` and `validate_reference`
[INFO] [stdout]  --> src/tokens/tests.rs:2:37
[INFO] [stdout]   |
[INFO] [stdout] 2 |     TokenCategory, build_token_map, generate_tokens_markdown, parse_tokens_from_json,
[INFO] [stdout]   |                                     ^^^^^^^^^^^^^^^^^^^^^^^^
[INFO] [stdout] 3 |     parse_tokens_from_path, resolve_token_categories, validate_reference,
[INFO] [stdout]   |                                                       ^^^^^^^^^^^^^^^^^^
[INFO] [stdout]   |
[INFO] [stdout]   = note: `#[warn(unused_imports)]` (part of `#[warn(unused)]`) on by default
[INFO] [stdout] 
[INFO] [stdout] 
[INFO] [stdout] For more information about this error, try `rustc --explain E0433`.
[INFO] [stdout] 
[INFO] [stderr] error: could not compile `vize_musea` (lib test) due to 23 previous errors; 1 warning emitted
[INFO] running `Command { std: "docker" "inspect" "cb85a809f9e0f1ab61977ede56521c4f978a69e22655a5916a12b596ce3d3e29", kill_on_drop: false }`
[INFO] running `Command { std: "docker" "rm" "-f" "cb85a809f9e0f1ab61977ede56521c4f978a69e22655a5916a12b596ce3d3e29", kill_on_drop: false }`
[INFO] [stdout] cb85a809f9e0f1ab61977ede56521c4f978a69e22655a5916a12b596ce3d3e29
