[INFO] fetching crate vize_l4 0.454.0...
[INFO] testing vize_l4-0.454.0 against 1.100.0-beta.1+cargoflags=--release for beta-release-1.100-2
[INFO] extracting crate vize_l4 0.454.0 into /workspace/builds/worker-6-tc2/source
[INFO] started tweaking crates.io crate vize_l4 0.454.0
[INFO] removed 0 missing tests
[INFO] finished tweaking crates.io crate vize_l4 0.454.0
[INFO] tweaked toml for crates.io crate vize_l4 0.454.0 written to /workspace/builds/worker-6-tc2/source/Cargo.toml
[INFO] validating manifest of crates.io crate vize_l4 0.454.0 on toolchain 1.100.0-beta.1
[INFO] running `Command { std: CARGO_HOME="/workspace/cargo-home" RUSTUP_HOME="/workspace/rustup-home" "/workspace/cargo-home/bin/cargo" "+1.100.0-beta.1" "metadata" "--manifest-path" "Cargo.toml" "--no-deps", kill_on_drop: false }`
[INFO] crate crates.io crate vize_l4 0.454.0 already has a lockfile, it will not be regenerated
[INFO] running `Command { std: CARGO_HOME="/workspace/cargo-home" RUSTUP_HOME="/workspace/rustup-home" "/workspace/cargo-home/bin/cargo" "+1.100.0-beta.1" "fetch" "--manifest-path" "Cargo.toml", kill_on_drop: false }`
[INFO] running `Command { std: "docker" "create" "-v" "/var/lib/crater-agent-workspace/builds/worker-6-tc2/source:/opt/rustwide/workdir:ro,Z" "-v" "/var/lib/crater-agent-workspace/builds/worker-6-tc2/target:/opt/rustwide/target:rw,Z" "-v" "/var/lib/crater-agent-workspace/cargo-home:/opt/rustwide/cargo-home:ro,Z" "-v" "/var/lib/crater-agent-workspace/rustup-home:/opt/rustwide/rustup-home:ro,Z" "-m" "1610612736" "--network" "none" "ghcr.io/rust-lang/crates-build-env/linux@sha256:77db811e55d90add9212f6832c23229e3de5f1c1f9905e8cb07319ea15df73ac" "sleep" "infinity", kill_on_drop: false }`
[INFO] [stdout] 709095a8c3c2efec3f1b7454bccbf1d7f1359f287b0f12f70e7ab15b38fa210c
[INFO] running `Command { std: "docker" "start" "709095a8c3c2efec3f1b7454bccbf1d7f1359f287b0f12f70e7ab15b38fa210c", kill_on_drop: false }`
[INFO] running `Command { std: "docker" "inspect" "709095a8c3c2efec3f1b7454bccbf1d7f1359f287b0f12f70e7ab15b38fa210c", kill_on_drop: false }`
[INFO] running `Command { std: "docker" "exec" "-e" "SOURCE_DIR=/opt/rustwide/workdir" "-e" "CARGO_HOME=/opt/rustwide/cargo-home" "-e" "RUSTUP_HOME=/opt/rustwide/rustup-home" "-e" "CARGO_TARGET_DIR=/opt/rustwide/target" "-w" "/opt/rustwide/workdir" "--user" "0:0" "709095a8c3c2efec3f1b7454bccbf1d7f1359f287b0f12f70e7ab15b38fa210c" "/opt/rustwide/cargo-home/bin/cargo" "+1.100.0-beta.1" "metadata" "--no-deps" "--format-version=1", kill_on_drop: false }`
[INFO] running `Command { std: "docker" "inspect" "709095a8c3c2efec3f1b7454bccbf1d7f1359f287b0f12f70e7ab15b38fa210c", kill_on_drop: false }`
[INFO] running `Command { std: "docker" "exec" "-e" "SOURCE_DIR=/opt/rustwide/workdir" "-e" "CARGO_HOME=/opt/rustwide/cargo-home" "-e" "RUSTUP_HOME=/opt/rustwide/rustup-home" "-e" "CARGO_TARGET_DIR=/opt/rustwide/target" "-e" "CARGO_INCREMENTAL=0" "-e" "RUST_BACKTRACE=full" "-e" "RUSTFLAGS=--cap-lints=warn" "-e" "RUSTDOCFLAGS=--cap-lints=warn" "-w" "/opt/rustwide/workdir" "--user" "0:0" "709095a8c3c2efec3f1b7454bccbf1d7f1359f287b0f12f70e7ab15b38fa210c" "/opt/rustwide/cargo-home/bin/cargo" "+1.100.0-beta.1" "build" "--frozen" "--message-format=json" "--release", kill_on_drop: false }`
[INFO] [stderr]    Compiling syn v2.0.117
[INFO] [stderr]    Compiling siphasher v1.0.3
[INFO] [stderr]    Compiling fastrand v2.4.1
[INFO] [stderr]    Compiling syn v3.0.5
[INFO] [stderr]    Compiling owo-colors v4.3.0
[INFO] [stderr]    Compiling thiserror v2.0.20
[INFO] [stderr]    Compiling memchr v2.8.3
[INFO] [stderr]    Compiling allocator-api2 v0.2.21
[INFO] [stderr]    Compiling smawk v0.3.2
[INFO] [stderr]    Compiling unicode-linebreak v0.1.5
[INFO] [stderr]    Compiling oxc_data_structures v0.142.0
[INFO] [stderr]    Compiling oxc_estree v0.142.0
[INFO] [stderr]    Compiling object v0.39.1
[INFO] [stderr]    Compiling dragonbox_ecma v0.1.12
[INFO] [stderr]    Compiling cow-utils v0.1.3
[INFO] [stderr]    Compiling cc v1.2.62
[INFO] [stderr]    Compiling bitflags v2.13.1
[INFO] [stderr]    Compiling nonmax v0.5.5
[INFO] [stderr]    Compiling unicode-id-start v1.4.0
[INFO] [stderr]    Compiling phf_shared v0.14.0
[INFO] [stderr]    Compiling phf_shared v0.13.1
[INFO] [stderr]    Compiling num-bigint v0.5.1
[INFO] [stderr]    Compiling textwrap v0.16.2
[INFO] [stderr]    Compiling phf_generator v0.14.0
[INFO] [stderr]    Compiling phf v0.14.0
[INFO] [stderr]    Compiling serde_json v1.0.149
[INFO] [stderr]    Compiling seq-macro v0.3.6
[INFO] [stderr]    Compiling xxhash-rust v0.8.18
[INFO] [stderr]    Compiling pastey v0.1.1
[INFO] [stderr]    Compiling itertools v0.15.0
[INFO] [stderr]    Compiling hashbrown v0.17.1
[INFO] [stderr]    Compiling phf_generator v0.13.1
[INFO] [stderr]    Compiling phf v0.13.1
[INFO] [stderr]    Compiling phf_codegen v0.13.1
[INFO] [stderr]    Compiling self_cell v1.2.2
[INFO] [stderr]    Compiling stacker v0.1.25
[INFO] [stderr]    Compiling oxc_allocator v0.142.0
[INFO] [stderr]    Compiling htmlize v1.1.0
[INFO] [stderr]    Compiling thiserror-impl v2.0.20
[INFO] [stderr]    Compiling oxc_ast_macros v0.142.0
[INFO] [stderr]    Compiling serde_derive v1.0.228
[INFO] [stderr]    Compiling oxc-miette-derive v3.0.1
[INFO] [stderr]    Compiling phf_macros v0.14.0
[INFO] [stderr]    Compiling phf_macros v0.13.1
[INFO] [stderr]    Compiling vize_l0_derive v0.454.0
[INFO] [stderr]    Compiling cssparser-macros v0.7.0
[INFO] [stderr]    Compiling ar_archive_writer v0.5.3
[INFO] [stderr]    Compiling oxc-miette v3.0.1
[INFO] [stderr]    Compiling psm v0.1.31
[INFO] [stderr]    Compiling oxc_diagnostics v0.142.0
[INFO] [stderr]    Compiling serde v1.0.228
[INFO] [stderr]    Compiling compact_str v0.10.0
[INFO] [stderr]    Compiling oxc_index v5.0.0
[INFO] [stderr]    Compiling smallvec v1.15.2
[INFO] [stderr]    Compiling cssparser v0.37.0
[INFO] [stderr]    Compiling oxc_str v0.142.0
[INFO] [stderr]    Compiling oxc_span v0.142.0
[INFO] [stderr]    Compiling oxc_syntax v0.142.0
[INFO] [stderr]    Compiling oxc_regular_expression v0.142.0
[INFO] [stderr]    Compiling vize_l0 v0.454.0
[INFO] [stderr]    Compiling oxc_ast v0.142.0
[INFO] [stderr]    Compiling oxc_ast_visit v0.142.0
[INFO] [stderr]    Compiling oxc_ecmascript v0.142.0
[INFO] [stderr]    Compiling vize_oxc_parser v0.454.0
[INFO] [stderr]    Compiling oxc_semantic v0.142.0
[INFO] [stderr]    Compiling vize_l1 v0.454.0
[INFO] [stderr]    Compiling vize_l2 v0.454.0
[INFO] [stderr]    Compiling vize_l3 v0.454.0
[INFO] [stderr]    Compiling vize_l1_to_l2 v0.454.0
[INFO] [stderr]    Compiling vize_l4 v0.454.0 (/opt/rustwide/workdir)
[INFO] [stderr]     Finished `release` profile [optimized] target(s) in 2m 05s
[INFO] running `Command { std: "docker" "inspect" "709095a8c3c2efec3f1b7454bccbf1d7f1359f287b0f12f70e7ab15b38fa210c", kill_on_drop: false }`
[INFO] running `Command { std: "docker" "exec" "-e" "SOURCE_DIR=/opt/rustwide/workdir" "-e" "CARGO_HOME=/opt/rustwide/cargo-home" "-e" "RUSTUP_HOME=/opt/rustwide/rustup-home" "-e" "CARGO_TARGET_DIR=/opt/rustwide/target" "-e" "CARGO_INCREMENTAL=0" "-e" "RUST_BACKTRACE=full" "-e" "RUSTFLAGS=--cap-lints=warn" "-e" "RUSTDOCFLAGS=--cap-lints=warn" "-w" "/opt/rustwide/workdir" "--user" "0:0" "709095a8c3c2efec3f1b7454bccbf1d7f1359f287b0f12f70e7ab15b38fa210c" "/opt/rustwide/cargo-home/bin/cargo" "+1.100.0-beta.1" "test" "--frozen" "--no-run" "--message-format=json" "--release", kill_on_drop: false }`
[INFO] [stderr]    Compiling vize_l4 v0.454.0 (/opt/rustwide/workdir)
[INFO] [stdout] error[E0433]: cannot find module or crate `vize_l1` in this scope
[INFO] [stdout]  --> tests/native_expression.rs:2:5
[INFO] [stdout]   |
[INFO] [stdout] 2 | use vize_l1::embed::{
[INFO] [stdout]   |     ^^^^^^^ use of unresolved module or unlinked crate `vize_l1`
[INFO] [stdout]   |
[INFO] [stdout] help: there is a crate or module with a similar name
[INFO] [stdout]   |
[INFO] [stdout] 2 - use vize_l1::embed::{
[INFO] [stdout] 2 + use vize_l0::embed::{
[INFO] [stdout]   |
[INFO] [stdout] 
[INFO] [stdout] 
[INFO] [stdout] error: couldn't read `tests/../../../tests/tooling/support/native-array-typescript.ts`: No such file or directory (os error 2)
[INFO] [stdout]    --> tests/array_program_projection.rs:137:17
[INFO] [stdout]     |
[INFO] [stdout] 137 |                 include_str!("../../../tests/tooling/support/native-array-typescript.ts"),
[INFO] [stdout]     |                 ^^^^^^^^^^^^^^^^^^^^^^^^^^^^^^^^^^^^^^^^^^^^^^^^^^^^^^^^^^^^^^^^^^^^^^^^^
[INFO] [stdout] 
[INFO] [stdout] 
[INFO] [stdout] error[E0433]: cannot find module or crate `vize_l1` in this scope
[INFO] [stdout]  --> tests/native_dom_static_class.rs:4:5
[INFO] [stdout]   |
[INFO] [stdout] 4 | use vize_l1::embed::Lang;
[INFO] [stdout]   |     ^^^^^^^ use of unresolved module or unlinked crate `vize_l1`
[INFO] [stdout]   |
[INFO] [stdout] help: there is a crate or module with a similar name
[INFO] [stdout]   |
[INFO] [stdout] 4 - use vize_l1::embed::Lang;
[INFO] [stdout] 4 + use vize_l0::embed::Lang;
[INFO] [stdout]   |
[INFO] [stdout] 
[INFO] [stdout] 
[INFO] [stdout] error[E0432]: unresolved import `oxc_parser`
[INFO] [stdout]  --> tests/array_program_projection.rs:4:9
[INFO] [stdout]   |
[INFO] [stdout] 4 |     use oxc_parser::Parser;
[INFO] [stdout]   |         ^^^^^^^^^^ use of unresolved module or unlinked crate `oxc_parser`
[INFO] [stdout]   |
[INFO] [stdout]   = help: if you wanted to use a crate named `oxc_parser`, use `cargo add oxc_parser` to add it to your `Cargo.toml`
[INFO] [stdout] 
[INFO] [stdout] 
[INFO] [stdout] error[E0433]: cannot find module or crate `vize_l1` in this scope
[INFO] [stdout]  --> tests/array_program_projection.rs:9:9
[INFO] [stdout]   |
[INFO] [stdout] 9 |     use vize_l1::embed::{
[INFO] [stdout]   |         ^^^^^^^ use of unresolved module or unlinked crate `vize_l1`
[INFO] [stdout]   |
[INFO] [stdout] help: there is a crate or module with a similar name
[INFO] [stdout]   |
[INFO] [stdout] 9 -     use vize_l1::embed::{
[INFO] [stdout] 9 +     use vize_l0::embed::{
[INFO] [stdout]   |
[INFO] [stdout] 
[INFO] [stdout] 
[INFO] [stdout] error[E0432]: unresolved import `oxc_span`
[INFO] [stdout]  --> tests/array_program_projection.rs:5:9
[INFO] [stdout]   |
[INFO] [stdout] 5 |     use oxc_span::SourceType;
[INFO] [stdout]   |         ^^^^^^^^ use of unresolved module or unlinked crate `oxc_span`
[INFO] [stdout]   |
[INFO] [stdout]   = help: if you wanted to use a crate named `oxc_span`, use `cargo add oxc_span` to add it to your `Cargo.toml`
[INFO] [stdout] 
[INFO] [stdout] 
[INFO] [stdout] error[E0432]: unresolved import `oxc_parser`
[INFO] [stdout]  --> tests/jsx_original_expression.rs:1:5
[INFO] [stdout]   |
[INFO] [stdout] 1 | use oxc_parser::Parser;
[INFO] [stdout]   |     ^^^^^^^^^^ use of unresolved module or unlinked crate `oxc_parser`
[INFO] [stdout]   |
[INFO] [stdout]   = help: if you wanted to use a crate named `oxc_parser`, use `cargo add oxc_parser` to add it to your `Cargo.toml`
[INFO] [stdout] 
[INFO] [stdout] 
[INFO] [stdout] error[E0432]: unresolved import `oxc_span`
[INFO] [stdout]  --> tests/jsx_original_expression.rs:2:5
[INFO] [stdout]   |
[INFO] [stdout] 2 | use oxc_span::SourceType;
[INFO] [stdout]   |     ^^^^^^^^ use of unresolved module or unlinked crate `oxc_span`
[INFO] [stdout]   |
[INFO] [stdout]   = help: if you wanted to use a crate named `oxc_span`, use `cargo add oxc_span` to add it to your `Cargo.toml`
[INFO] [stdout] 
[INFO] [stdout] 
[INFO] [stdout] error[E0433]: cannot find module or crate `vize_l1` in this scope
[INFO] [stdout]  --> tests/module_setup_runtime_segments.rs:7:5
[INFO] [stdout]   |
[INFO] [stdout] 7 | use vize_l1::{SurfaceParseOptions, container::vue::DescriptorOptions};
[INFO] [stdout]   |     ^^^^^^^ use of unresolved module or unlinked crate `vize_l1`
[INFO] [stdout]   |
[INFO] [stdout] help: there is a crate or module with a similar name
[INFO] [stdout]   |
[INFO] [stdout] 7 - use vize_l1::{SurfaceParseOptions, container::vue::DescriptorOptions};
[INFO] [stdout] 7 + use vize_l0::{SurfaceParseOptions, container::vue::DescriptorOptions};
[INFO] [stdout]   |
[INFO] [stdout] 
[INFO] [stdout] 
[INFO] [stdout] error[E0432]: unresolved import `vize_l1`
[INFO] [stdout]  --> tests/module_setup_runtime_segments.rs:7:5
[INFO] [stdout]   |
[INFO] [stdout] 7 | use vize_l1::{SurfaceParseOptions, container::vue::DescriptorOptions};
[INFO] [stdout]   |     ^^^^^^^ use of unresolved module or unlinked crate `vize_l1`
[INFO] [stdout]   |
[INFO] [stdout] help: there is a crate or module with a similar name
[INFO] [stdout]   |
[INFO] [stdout] 7 - use vize_l1::{SurfaceParseOptions, container::vue::DescriptorOptions};
[INFO] [stdout] 7 + use vize_l0::{SurfaceParseOptions, container::vue::DescriptorOptions};
[INFO] [stdout]   |
[INFO] [stdout] 
[INFO] [stdout] 
[INFO] [stdout] error[E0433]: cannot find module or crate `vize_l1` in this scope
[INFO] [stdout]   --> tests/native_vue_reads.rs:12:5
[INFO] [stdout]    |
[INFO] [stdout] 12 | use vize_l1::container::vue::DescriptorOptions;
[INFO] [stdout]    |     ^^^^^^^ use of unresolved module or unlinked crate `vize_l1`
[INFO] [stdout]    |
[INFO] [stdout] help: there is a crate or module with a similar name
[INFO] [stdout]    |
[INFO] [stdout] 12 - use vize_l1::container::vue::DescriptorOptions;
[INFO] [stdout] 12 + use vize_l0::container::vue::DescriptorOptions;
[INFO] [stdout]    |
[INFO] [stdout] 
[INFO] [stdout] 
[INFO] [stdout] error[E0433]: cannot find module or crate `vize_l1` in this scope
[INFO] [stdout]  --> tests/native_selected_template_literals.rs:7:5
[INFO] [stdout]   |
[INFO] [stdout] 7 | use vize_l1::{
[INFO] [stdout]   |     ^^^^^^^ use of unresolved module or unlinked crate `vize_l1`
[INFO] [stdout]   |
[INFO] [stdout] help: there is a crate or module with a similar name
[INFO] [stdout]   |
[INFO] [stdout] 7 - use vize_l1::{
[INFO] [stdout] 7 + use vize_l0::{
[INFO] [stdout]   |
[INFO] [stdout] 
[INFO] [stdout] 
[INFO] [stdout] error[E0432]: unresolved import `vize_l1`
[INFO] [stdout]  --> tests/native_selected_template_literals.rs:7:5
[INFO] [stdout]   |
[INFO] [stdout] 7 | use vize_l1::{
[INFO] [stdout]   |     ^^^^^^^ use of unresolved module or unlinked crate `vize_l1`
[INFO] [stdout]   |
[INFO] [stdout] help: there is a crate or module with a similar name
[INFO] [stdout]   |
[INFO] [stdout] 7 - use vize_l1::{
[INFO] [stdout] 7 + use vize_l0::{
[INFO] [stdout]   |
[INFO] [stdout] 
[INFO] [stdout] 
[INFO] [stdout] error[E0432]: unresolved import `vize_l1`
[INFO] [stdout]  --> tests/native_selected_template_literal_cases/mod.rs:5:5
[INFO] [stdout]   |
[INFO] [stdout] 5 | use vize_l1::SurfaceChild;
[INFO] [stdout]   |     ^^^^^^^ use of unresolved module or unlinked crate `vize_l1`
[INFO] [stdout]   |
[INFO] [stdout] help: there is a crate or module with a similar name
[INFO] [stdout]   |
[INFO] [stdout] 5 - use vize_l1::SurfaceChild;
[INFO] [stdout] 5 + use vize_l0::SurfaceChild;
[INFO] [stdout]   |
[INFO] [stdout] 
[INFO] [stdout] 
[INFO] [stdout] For more information about this error, try `rustc --explain E0433`.
[INFO] [stdout] 
[INFO] [stdout] error[E0433]: cannot find module or crate `vize_l1` in this scope
[INFO] [stdout]  --> tests/native_selected_template.rs:7:5
[INFO] [stdout]   |
[INFO] [stdout] 7 | use vize_l1::{
[INFO] [stdout]   |     ^^^^^^^ use of unresolved module or unlinked crate `vize_l1`
[INFO] [stdout]   |
[INFO] [stdout] help: there is a crate or module with a similar name
[INFO] [stdout]   |
[INFO] [stdout] 7 - use vize_l1::{
[INFO] [stdout] 7 + use vize_l0::{
[INFO] [stdout]   |
[INFO] [stdout] 
[INFO] [stdout] 
[INFO] [stdout] error[E0432]: unresolved import `vize_l1`
[INFO] [stdout]  --> tests/native_selected_template.rs:7:5
[INFO] [stdout]   |
[INFO] [stdout] 7 | use vize_l1::{
[INFO] [stdout]   |     ^^^^^^^ use of unresolved module or unlinked crate `vize_l1`
[INFO] [stdout]   |
[INFO] [stdout] help: there is a crate or module with a similar name
[INFO] [stdout]   |
[INFO] [stdout] 7 - use vize_l1::{
[INFO] [stdout] 7 + use vize_l0::{
[INFO] [stdout]   |
[INFO] [stdout] 
[INFO] [stdout] 
[INFO] [stdout] error[E0433]: cannot find module or crate `vize_l1` in this scope
[INFO] [stdout]  --> tests/native_selected_template_cases/projection.rs:3:5
[INFO] [stdout]   |
[INFO] [stdout] 3 | use vize_l1::{
[INFO] [stdout]   |     ^^^^^^^ use of unresolved module or unlinked crate `vize_l1`
[INFO] [stdout]   |
[INFO] [stdout] help: there is a crate or module with a similar name
[INFO] [stdout]   |
[INFO] [stdout] 3 - use vize_l1::{
[INFO] [stdout] 3 + use vize_l0::{
[INFO] [stdout]   |
[INFO] [stdout] 
[INFO] [stdout] 
[INFO] [stdout] error[E0432]: unresolved import `vize_l1`
[INFO] [stdout]  --> tests/native_selected_template_cases/projection.rs:3:5
[INFO] [stdout]   |
[INFO] [stdout] 3 | use vize_l1::{
[INFO] [stdout]   |     ^^^^^^^ use of unresolved module or unlinked crate `vize_l1`
[INFO] [stdout]   |
[INFO] [stdout] help: there is a crate or module with a similar name
[INFO] [stdout]   |
[INFO] [stdout] 3 - use vize_l1::{
[INFO] [stdout] 3 + use vize_l0::{
[INFO] [stdout]   |
[INFO] [stdout] 
[INFO] [stdout] 
[INFO] [stderr] error: could not compile `vize_l4` (test "native_dom_static_class") due to 1 previous error
[INFO] [stderr] warning: build failed, waiting for other jobs to finish...
[INFO] [stdout] error[E0433]: cannot find module or crate `vize_l1` in this scope
[INFO] [stdout]  --> tests/module_ordinary.rs:5:5
[INFO] [stdout]   |
[INFO] [stdout] 5 | use vize_l1::{
[INFO] [stdout]   |     ^^^^^^^ use of unresolved module or unlinked crate `vize_l1`
[INFO] [stdout]   |
[INFO] [stdout] help: there is a crate or module with a similar name
[INFO] [stdout]   |
[INFO] [stdout] 5 - use vize_l1::{
[INFO] [stdout] 5 + use vize_l0::{
[INFO] [stdout]   |
[INFO] [stdout] 
[INFO] [stdout] 
[INFO] [stdout] error[E0432]: unresolved import `vize_l1`
[INFO] [stdout]  --> tests/module_ordinary.rs:5:5
[INFO] [stdout]   |
[INFO] [stdout] 5 | use vize_l1::{
[INFO] [stdout]   |     ^^^^^^^ use of unresolved module or unlinked crate `vize_l1`
[INFO] [stdout]   |
[INFO] [stdout] help: there is a crate or module with a similar name
[INFO] [stdout]   |
[INFO] [stdout] 5 - use vize_l1::{
[INFO] [stdout] 5 + use vize_l0::{
[INFO] [stdout]   |
[INFO] [stdout] 
[INFO] [stdout] 
[INFO] [stdout] error[E0433]: cannot find module or crate `vize_l1` in this scope
[INFO] [stdout]   --> tests/native_vue_reads.rs:41:19
[INFO] [stdout]    |
[INFO] [stdout] 41 |         template: vize_l1::SurfaceParseOptions::default(),
[INFO] [stdout]    |                   ^^^^^^^ use of unresolved module or unlinked crate `vize_l1`
[INFO] [stdout]    |
[INFO] [stdout] help: there is a crate or module with a similar name
[INFO] [stdout]    |
[INFO] [stdout] 41 -         template: vize_l1::SurfaceParseOptions::default(),
[INFO] [stdout] 41 +         template: vize_l0::SurfaceParseOptions::default(),
[INFO] [stdout]    |
[INFO] [stdout] 
[INFO] [stdout] 
[INFO] [stdout] Some errors have detailed explanations: E0432, E0433.
[INFO] [stdout] 
[INFO] [stdout] For more information about an error, try `rustc --explain E0432`.
[INFO] [stdout] 
[INFO] [stdout] For more information about this error, try `rustc --explain E0432`.
[INFO] [stdout] 
[INFO] [stderr] error: could not compile `vize_l4` (test "array_program_projection") due to 4 previous errors
[INFO] [stderr] error: could not compile `vize_l4` (test "jsx_original_expression") due to 2 previous errors
[INFO] [stdout] For more information about this error, try `rustc --explain E0433`.
[INFO] [stdout] 
[INFO] [stdout] Some errors have detailed explanations: E0432, E0433.
[INFO] [stdout] 
[INFO] [stdout] For more information about an error, try `rustc --explain E0432`.
[INFO] [stdout] 
[INFO] [stdout] error: couldn't read `tests/../../../tests/tooling/support/native-expression-prototype.ts`: No such file or directory (os error 2)
[INFO] [stdout]   --> tests/shorthand_prototype.rs:93:13
[INFO] [stdout]    |
[INFO] [stdout] 93 |             include_str!("../../../tests/tooling/support/native-expression-prototype.ts"),
[INFO] [stdout]    |             ^^^^^^^^^^^^^^^^^^^^^^^^^^^^^^^^^^^^^^^^^^^^^^^^^^^^^^^^^^^^^^^^^^^^^^^^^^^^^
[INFO] [stdout] 
[INFO] [stdout] 
[INFO] [stderr] error: could not compile `vize_l4` (test "native_expression") due to 1 previous error
[INFO] [stderr] error: could not compile `vize_l4` (test "module_setup_runtime_segments") due to 2 previous errors
[INFO] [stdout] error[E0432]: unresolved import `oxc_parser`
[INFO] [stdout]  --> tests/jsx_program_projection.rs:3:5
[INFO] [stdout]   |
[INFO] [stdout] 3 | use oxc_parser::Parser;
[INFO] [stdout]   |     ^^^^^^^^^^ use of unresolved module or unlinked crate `oxc_parser`
[INFO] [stdout]   |
[INFO] [stdout]   = help: if you wanted to use a crate named `oxc_parser`, use `cargo add oxc_parser` to add it to your `Cargo.toml`
[INFO] [stdout] 
[INFO] [stdout] 
[INFO] [stdout] error[E0432]: unresolved import `oxc_span`
[INFO] [stdout]  --> tests/jsx_program_projection.rs:4:5
[INFO] [stdout]   |
[INFO] [stdout] 4 | use oxc_span::SourceType;
[INFO] [stdout]   |     ^^^^^^^^ use of unresolved module or unlinked crate `oxc_span`
[INFO] [stdout]   |
[INFO] [stdout]   = help: if you wanted to use a crate named `oxc_span`, use `cargo add oxc_span` to add it to your `Cargo.toml`
[INFO] [stdout] 
[INFO] [stdout] 
[INFO] [stdout] error[E0433]: cannot find module or crate `vize_l1` in this scope
[INFO] [stdout]  --> tests/native_vapor/class_successor.rs:4:5
[INFO] [stdout]   |
[INFO] [stdout] 4 | use vize_l1::markup::NativeAttributeValue;
[INFO] [stdout]   |     ^^^^^^^ use of unresolved module or unlinked crate `vize_l1`
[INFO] [stdout]   |
[INFO] [stdout] help: there is a crate or module with a similar name
[INFO] [stdout]   |
[INFO] [stdout] 4 - use vize_l1::markup::NativeAttributeValue;
[INFO] [stdout] 4 + use vize_l0::markup::NativeAttributeValue;
[INFO] [stdout]   |
[INFO] [stdout] 
[INFO] [stdout] 
[INFO] [stdout] error[E0433]: cannot find module or crate `vize_l1` in this scope
[INFO] [stdout]   --> tests/native_vapor.rs:11:5
[INFO] [stdout]    |
[INFO] [stdout] 11 | use vize_l1::{
[INFO] [stdout]    |     ^^^^^^^ use of unresolved module or unlinked crate `vize_l1`
[INFO] [stdout]    |
[INFO] [stdout] help: there is a crate or module with a similar name
[INFO] [stdout]    |
[INFO] [stdout] 11 - use vize_l1::{
[INFO] [stdout] 11 + use vize_l0::{
[INFO] [stdout]    |
[INFO] [stdout] 
[INFO] [stdout] 
[INFO] [stdout] error[E0433]: cannot find module or crate `vize_l1` in this scope
[INFO] [stdout]    --> tests/native_vapor.rs:189:9
[INFO] [stdout]     |
[INFO] [stdout] 189 |     use vize_l1::embed::{
[INFO] [stdout]     |         ^^^^^^^ use of unresolved module or unlinked crate `vize_l1`
[INFO] [stdout]     |
[INFO] [stdout] help: there is a crate or module with a similar name
[INFO] [stdout]     |
[INFO] [stdout] 189 -     use vize_l1::embed::{
[INFO] [stdout] 189 +     use vize_l0::embed::{
[INFO] [stdout]     |
[INFO] [stdout] 
[INFO] [stdout] 
[INFO] [stdout] error[E0432]: unresolved import `vize_l1`
[INFO] [stdout]   --> tests/native_vapor.rs:11:5
[INFO] [stdout]    |
[INFO] [stdout] 11 | use vize_l1::{
[INFO] [stdout]    |     ^^^^^^^ use of unresolved module or unlinked crate `vize_l1`
[INFO] [stdout]    |
[INFO] [stdout] help: there is a crate or module with a similar name
[INFO] [stdout]    |
[INFO] [stdout] 11 - use vize_l1::{
[INFO] [stdout] 11 + use vize_l0::{
[INFO] [stdout]    |
[INFO] [stdout] 
[INFO] [stdout] 
[INFO] [stdout] error[E0433]: cannot find module or crate `oxc_parser` in this scope
[INFO] [stdout]    --> tests/module_ordinary_cases/mod.rs:154:18
[INFO] [stdout]     |
[INFO] [stdout] 154 |     let second = oxc_parser::Parser::new(
[INFO] [stdout]     |                  ^^^^^^^^^^ use of unresolved module or unlinked crate `oxc_parser`
[INFO] [stdout]     |
[INFO] [stdout]     = help: if you wanted to use a crate named `oxc_parser`, use `cargo add oxc_parser` to add it to your `Cargo.toml`
[INFO] [stdout] 
[INFO] [stdout] 
[INFO] [stdout] error[E0433]: cannot find module or crate `vize_l1` in this scope
[INFO] [stdout]  --> tests/native_selected_template_output_cases/mod.rs:7:5
[INFO] [stdout]   |
[INFO] [stdout] 7 | use vize_l1::{
[INFO] [stdout]   |     ^^^^^^^ use of unresolved module or unlinked crate `vize_l1`
[INFO] [stdout]   |
[INFO] [stdout] help: there is a crate or module with a similar name
[INFO] [stdout]   |
[INFO] [stdout] 7 - use vize_l1::{
[INFO] [stdout] 7 + use vize_l0::{
[INFO] [stdout]   |
[INFO] [stdout] 
[INFO] [stdout] 
[INFO] [stdout] error[E0432]: unresolved import `vize_l1`
[INFO] [stdout]  --> tests/native_selected_template_output_cases/mod.rs:7:5
[INFO] [stdout]   |
[INFO] [stdout] 7 | use vize_l1::{
[INFO] [stdout]   |     ^^^^^^^ use of unresolved module or unlinked crate `vize_l1`
[INFO] [stdout]   |
[INFO] [stdout] help: there is a crate or module with a similar name
[INFO] [stdout]   |
[INFO] [stdout] 7 - use vize_l1::{
[INFO] [stdout] 7 + use vize_l0::{
[INFO] [stdout]   |
[INFO] [stdout] 
[INFO] [stdout] 
[INFO] [stdout] error[E0433]: cannot find module or crate `vize_l1` in this scope
[INFO] [stdout]  --> tests/original_for_refusal.rs:7:5
[INFO] [stdout]   |
[INFO] [stdout] 7 | use vize_l1::{
[INFO] [stdout]   |     ^^^^^^^ use of unresolved module or unlinked crate `vize_l1`
[INFO] [stdout]   |
[INFO] [stdout] help: there is a crate or module with a similar name
[INFO] [stdout]   |
[INFO] [stdout] 7 - use vize_l1::{
[INFO] [stdout] 7 + use vize_l0::{
[INFO] [stdout]   |
[INFO] [stdout] 
[INFO] [stdout] 
[INFO] [stdout] error[E0432]: unresolved import `vize_l1`
[INFO] [stdout]  --> tests/original_for_refusal.rs:7:5
[INFO] [stdout]   |
[INFO] [stdout] 7 | use vize_l1::{
[INFO] [stdout]   |     ^^^^^^^ use of unresolved module or unlinked crate `vize_l1`
[INFO] [stdout]   |
[INFO] [stdout] help: there is a crate or module with a similar name
[INFO] [stdout]   |
[INFO] [stdout] 7 - use vize_l1::{
[INFO] [stdout] 7 + use vize_l0::{
[INFO] [stdout]   |
[INFO] [stdout] 
[INFO] [stdout] 
[INFO] [stdout] error[E0433]: cannot find module or crate `oxc_span` in this scope
[INFO] [stdout]    --> tests/module_ordinary_cases/mod.rs:157:9
[INFO] [stdout]     |
[INFO] [stdout] 157 |         oxc_span::SourceType::mjs(),
[INFO] [stdout]     |         ^^^^^^^^ use of unresolved module or unlinked crate `oxc_span`
[INFO] [stdout]     |
[INFO] [stdout]     = help: if you wanted to use a crate named `oxc_span`, use `cargo add oxc_span` to add it to your `Cargo.toml`
[INFO] [stdout] 
[INFO] [stdout] 
[INFO] [stderr] error: could not compile `vize_l4` (test "shorthand_prototype") due to 1 previous error
[INFO] [stdout] For more information about this error, try `rustc --explain E0433`.
[INFO] [stdout] 
[INFO] [stderr] error: could not compile `vize_l4` (test "native_vue_reads") due to 2 previous errors
[INFO] [stdout] Some errors have detailed explanations: E0432, E0433.
[INFO] [stdout] 
[INFO] [stdout] For more information about an error, try `rustc --explain E0432`.
[INFO] [stdout] 
[INFO] [stdout] error[E0433]: cannot find module or crate `vize_l1` in this scope
[INFO] [stdout]   --> tests/native_vapor/class_cases.rs:93:26
[INFO] [stdout]    |
[INFO] [stdout] 93 |         let descriptor = vize_l1::container::Vue.observe_descriptor(
[INFO] [stdout]    |                          ^^^^^^^ use of unresolved module or unlinked crate `vize_l1`
[INFO] [stdout]    |
[INFO] [stdout] help: there is a crate or module with a similar name
[INFO] [stdout]    |
[INFO] [stdout] 93 -         let descriptor = vize_l1::container::Vue.observe_descriptor(
[INFO] [stdout] 93 +         let descriptor = vize_l0::container::Vue.observe_descriptor(
[INFO] [stdout]    |
[INFO] [stdout] 
[INFO] [stdout] 
[INFO] [stderr] error: could not compile `vize_l4` (test "original_for_refusal") due to 2 previous errors
[INFO] [stdout] error[E0433]: cannot find module or crate `vize_l1` in this scope
[INFO] [stdout]   --> tests/native_vapor/class_cases.rs:96:13
[INFO] [stdout]    |
[INFO] [stdout] 96 |             vize_l1::container::vue::DescriptorOptions {
[INFO] [stdout]    |             ^^^^^^^ use of unresolved module or unlinked crate `vize_l1`
[INFO] [stdout]    |
[INFO] [stdout] help: there is a crate or module with a similar name
[INFO] [stdout]    |
[INFO] [stdout] 96 -             vize_l1::container::vue::DescriptorOptions {
[INFO] [stdout] 96 +             vize_l0::container::vue::DescriptorOptions {
[INFO] [stdout]    |
[INFO] [stdout] 
[INFO] [stdout] 
[INFO] [stdout] error[E0308]: mismatched types
[INFO] [stdout]   --> tests/native_selected_template_cases/projection.rs:95:40
[INFO] [stdout]    |
[INFO] [stdout] 94 |         match (original.surface(), canonical) {
[INFO] [stdout]    |               ------------------------------- this expression has type `({type error}, *const vize_l2::op::Op<'_>)`
[INFO] [stdout] 95 |             (SurfaceChild::Element(_), Op::Element(element)) => {
[INFO] [stdout]    |                                        ^^^^^^^^^^^^^^^^^^^^ expected `*const Op<'_>`, found `Op<'_>`
[INFO] [stdout]    |
[INFO] [stdout]    = note: expected raw pointer `*const vize_l2::op::Op<'_>`
[INFO] [stdout]                      found enum `vize_l2::op::Op<'_>`
[INFO] [stdout] 
[INFO] [stdout] 
[INFO] [stdout] error[E0308]: mismatched types
[INFO] [stdout]    --> tests/native_selected_template_cases/projection.rs:100:41
[INFO] [stdout]     |
[INFO] [stdout]  94 |         match (original.surface(), canonical) {
[INFO] [stdout]     |               ------------------------------- this expression has type `({type error}, *const vize_l2::op::Op<'_>)`
[INFO] [stdout] ...
[INFO] [stdout] 100 |             (SurfaceChild::Text(token), Op::Text(text)) => {
[INFO] [stdout]     |                                         ^^^^^^^^^^^^^^ expected `*const Op<'_>`, found `Op<'_>`
[INFO] [stdout]     |
[INFO] [stdout]     = note: expected raw pointer `*const vize_l2::op::Op<'_>`
[INFO] [stdout]                       found enum `vize_l2::op::Op<'_>`
[INFO] [stdout] 
[INFO] [stdout] 
[INFO] [stdout] error[E0308]: mismatched types
[INFO] [stdout]    --> tests/native_selected_template_cases/projection.rs:112:44
[INFO] [stdout]     |
[INFO] [stdout]  94 |         match (original.surface(), canonical) {
[INFO] [stdout]     |               ------------------------------- this expression has type `({type error}, *const vize_l2::op::Op<'_>)`
[INFO] [stdout] ...
[INFO] [stdout] 112 |             (SurfaceChild::Comment(token), Op::Comment(comment)) => {
[INFO] [stdout]     |                                            ^^^^^^^^^^^^^^^^^^^^ expected `*const Op<'_>`, found `Op<'_>`
[INFO] [stdout]     |
[INFO] [stdout]     = note: expected raw pointer `*const vize_l2::op::Op<'_>`
[INFO] [stdout]                       found enum `vize_l2::op::Op<'_>`
[INFO] [stdout] 
[INFO] [stdout] 
[INFO] [stdout] For more information about this error, try `rustc --explain E0432`.
[INFO] [stdout] 
[INFO] [stdout] error[E0433]: cannot find module or crate `vize_l1` in this scope
[INFO] [stdout]   --> tests/native_vapor/class_cases.rs:99:27
[INFO] [stdout]    |
[INFO] [stdout] 99 |                 template: vize_l1::SurfaceParseOptions::default(),
[INFO] [stdout]    |                           ^^^^^^^ use of unresolved module or unlinked crate `vize_l1`
[INFO] [stdout]    |
[INFO] [stdout] help: there is a crate or module with a similar name
[INFO] [stdout]    |
[INFO] [stdout] 99 -                 template: vize_l1::SurfaceParseOptions::default(),
[INFO] [stdout] 99 +                 template: vize_l0::SurfaceParseOptions::default(),
[INFO] [stdout]    |
[INFO] [stdout] 
[INFO] [stdout] 
[INFO] [stderr] error: could not compile `vize_l4` (test "jsx_program_projection") due to 2 previous errors
[INFO] [stdout] Some errors have detailed explanations: E0432, E0433.
[INFO] [stdout] 
[INFO] [stdout] For more information about an error, try `rustc --explain E0432`.
[INFO] [stdout] 
[INFO] [stdout] error[E0433]: cannot find module or crate `vize_l1` in this scope
[INFO] [stdout]    --> tests/native_vapor/class_cases.rs:102:24
[INFO] [stdout]     |
[INFO] [stdout] 102 |         let selected = vize_l1::markup::NativeTemplateComponent::parse_in(
[INFO] [stdout]     |                        ^^^^^^^ use of unresolved module or unlinked crate `vize_l1`
[INFO] [stdout]     |
[INFO] [stdout] help: there is a crate or module with a similar name
[INFO] [stdout]     |
[INFO] [stdout] 102 -         let selected = vize_l1::markup::NativeTemplateComponent::parse_in(
[INFO] [stdout] 102 +         let selected = vize_l0::markup::NativeTemplateComponent::parse_in(
[INFO] [stdout]     |
[INFO] [stdout] 
[INFO] [stdout] 
[INFO] [stderr] error: could not compile `vize_l4` (test "module_ordinary") due to 4 previous errors
[INFO] [stdout] Some errors have detailed explanations: E0432, E0433.
[INFO] [stdout] 
[INFO] [stdout] For more information about an error, try `rustc --explain E0432`.
[INFO] [stdout] 
[INFO] [stdout] error[E0308]: mismatched types
[INFO] [stdout]    --> tests/native_selected_template_cases/projection.rs:98:46
[INFO] [stdout]     |
[INFO] [stdout]  98 |                 element_projection(original, element, analysis, document, expected, counts)?;
[INFO] [stdout]     |                 ------------------           ^^^^^^^ expected `&ElementOp<'_>`, found `Box<'_, ElementOp<'_>>`
[INFO] [stdout]     |                 |
[INFO] [stdout]     |                 arguments to this function are incorrect
[INFO] [stdout]     |
[INFO] [stdout]     = note: expected reference `&ElementOp<'_>`
[INFO] [stdout]                   found struct `vize_l0::Box<'_, ElementOp<'_>>`
[INFO] [stdout] note: function defined here
[INFO] [stdout]    --> tests/native_selected_template_cases/projection.rs:135:4
[INFO] [stdout]     |
[INFO] [stdout] 135 | fn element_projection<'owner, 'a>(
[INFO] [stdout]     |    ^^^^^^^^^^^^^^^^^^
[INFO] [stdout] 136 |     original: NativeChild<'owner, 'a>,
[INFO] [stdout] 137 |     element: &'owner ElementOp<'a>,
[INFO] [stdout]     |     ------------------------------
[INFO] [stdout] help: consider borrowing here
[INFO] [stdout]     |
[INFO] [stdout]  98 |                 element_projection(original, &element, analysis, document, expected, counts)?;
[INFO] [stdout]     |                                              +
[INFO] [stdout] 
[INFO] [stdout] 
[INFO] [stderr] error: could not compile `vize_l4` (test "native_selected_template_literals") due to 3 previous errors
[INFO] [stdout] error[E0433]: cannot find module or crate `vize_l1` in this scope
[INFO] [stdout]    --> tests/native_vapor.rs:236:17
[INFO] [stdout]     |
[INFO] [stdout] 236 |                 vize_l1::container::vue::ScriptRole::Ordinary => {
[INFO] [stdout]     |                 ^^^^^^^ use of unresolved module or unlinked crate `vize_l1`
[INFO] [stdout]     |
[INFO] [stdout] help: there is a crate or module with a similar name
[INFO] [stdout]     |
[INFO] [stdout] 236 -                 vize_l1::container::vue::ScriptRole::Ordinary => {
[INFO] [stdout] 236 +                 vize_l0::container::vue::ScriptRole::Ordinary => {
[INFO] [stdout]     |
[INFO] [stdout] 
[INFO] [stdout] 
[INFO] [stdout] error[E0433]: cannot find module or crate `vize_l1` in this scope
[INFO] [stdout]    --> tests/native_vapor.rs:239:17
[INFO] [stdout]     |
[INFO] [stdout] 239 |                 vize_l1::container::vue::ScriptRole::Setup => owner.setup_program(program).unwrap(),
[INFO] [stdout]     |                 ^^^^^^^ use of unresolved module or unlinked crate `vize_l1`
[INFO] [stdout]     |
[INFO] [stdout] help: there is a crate or module with a similar name
[INFO] [stdout]     |
[INFO] [stdout] 239 -                 vize_l1::container::vue::ScriptRole::Setup => owner.setup_program(program).unwrap(),
[INFO] [stdout] 239 +                 vize_l0::container::vue::ScriptRole::Setup => owner.setup_program(program).unwrap(),
[INFO] [stdout]     |
[INFO] [stdout] 
[INFO] [stdout] 
[INFO] [stdout] error[E0433]: cannot find module or crate `vize_l1` in this scope
[INFO] [stdout]  --> src/targets/dom/file/../../../../tests/native_dom_file/support.rs:4:5
[INFO] [stdout]   |
[INFO] [stdout] 4 | use vize_l1::embed::syntax::{NativeSyntax, ProgramOptions, parse_program_once};
[INFO] [stdout]   |     ^^^^^^^ use of unresolved module or unlinked crate `vize_l1`
[INFO] [stdout]   |
[INFO] [stdout] help: there is a crate or module with a similar name
[INFO] [stdout]   |
[INFO] [stdout] 4 - use vize_l1::embed::syntax::{NativeSyntax, ProgramOptions, parse_program_once};
[INFO] [stdout] 4 + use vize_l0::embed::syntax::{NativeSyntax, ProgramOptions, parse_program_once};
[INFO] [stdout]   |
[INFO] [stdout] 
[INFO] [stdout] 
[INFO] [stdout] error[E0433]: cannot find module or crate `vize_l1` in this scope
[INFO] [stdout]  --> src/targets/dom/file/../../../../tests/native_dom_file/support.rs:5:5
[INFO] [stdout]   |
[INFO] [stdout] 5 | use vize_l1::embed::{EmbedSource, Lang};
[INFO] [stdout]   |     ^^^^^^^ use of unresolved module or unlinked crate `vize_l1`
[INFO] [stdout]   |
[INFO] [stdout] help: there is a crate or module with a similar name
[INFO] [stdout]   |
[INFO] [stdout] 5 - use vize_l1::embed::{EmbedSource, Lang};
[INFO] [stdout] 5 + use vize_l0::embed::{EmbedSource, Lang};
[INFO] [stdout]   |
[INFO] [stdout] 
[INFO] [stdout] 
[INFO] [stdout] Some errors have detailed explanations: E0432, E0433.
[INFO] [stdout] 
[INFO] [stdout] For more information about an error, try `rustc --explain E0432`.
[INFO] [stdout] 
[INFO] [stderr] error: could not compile `vize_l4` (test "native_selected_template_output") due to 2 previous errors
[INFO] [stdout] Some errors have detailed explanations: E0308, E0432, E0433.
[INFO] [stdout] 
[INFO] [stdout] For more information about an error, try `rustc --explain E0308`.
[INFO] [stdout] 
[INFO] [stdout] Some errors have detailed explanations: E0432, E0433.
[INFO] [stdout] 
[INFO] [stdout] For more information about an error, try `rustc --explain E0432`.
[INFO] [stdout] 
[INFO] [stderr] error: could not compile `vize_l4` (test "native_selected_template") due to 8 previous errors
[INFO] [stderr] error: could not compile `vize_l4` (test "native_vapor") due to 10 previous errors
[INFO] [stdout] For more information about this error, try `rustc --explain E0433`.
[INFO] [stdout] 
[INFO] [stderr] error: could not compile `vize_l4` (lib test) due to 2 previous errors
[INFO] running `Command { std: "docker" "inspect" "709095a8c3c2efec3f1b7454bccbf1d7f1359f287b0f12f70e7ab15b38fa210c", kill_on_drop: false }`
[INFO] running `Command { std: "docker" "rm" "-f" "709095a8c3c2efec3f1b7454bccbf1d7f1359f287b0f12f70e7ab15b38fa210c", kill_on_drop: false }`
[INFO] [stdout] 709095a8c3c2efec3f1b7454bccbf1d7f1359f287b0f12f70e7ab15b38fa210c
