[INFO] fetching crate vize_l3 0.454.0...
[INFO] testing vize_l3-0.454.0 against 1.99.0-beta.8+cargoflags=--release for beta-release-1.100-2
[INFO] extracting crate vize_l3 0.454.0 into /workspace/builds/worker-2-tc1/source
[INFO] started tweaking crates.io crate vize_l3 0.454.0
[INFO] removed 0 missing tests
[INFO] finished tweaking crates.io crate vize_l3 0.454.0
[INFO] tweaked toml for crates.io crate vize_l3 0.454.0 written to /workspace/builds/worker-2-tc1/source/Cargo.toml
[INFO] validating manifest of crates.io crate vize_l3 0.454.0 on toolchain 1.99.0-beta.8
[INFO] running `Command { std: CARGO_HOME="/workspace/cargo-home" RUSTUP_HOME="/workspace/rustup-home" "/workspace/cargo-home/bin/cargo" "+1.99.0-beta.8" "metadata" "--manifest-path" "Cargo.toml" "--no-deps", kill_on_drop: false }`
[INFO] crate crates.io crate vize_l3 0.454.0 already has a lockfile, it will not be regenerated
[INFO] running `Command { std: CARGO_HOME="/workspace/cargo-home" RUSTUP_HOME="/workspace/rustup-home" "/workspace/cargo-home/bin/cargo" "+1.99.0-beta.8" "fetch" "--manifest-path" "Cargo.toml", kill_on_drop: false }`
[INFO] [stderr]     Updating crates.io index
[INFO] [stderr]  Downloading crates ...
[INFO] [stderr]   Downloaded oxc_syntax v0.142.0
[INFO] [stderr]   Downloaded vize_l0_derive v0.454.0
[INFO] [stderr]   Downloaded oxc_diagnostics v0.142.0
[INFO] [stderr]   Downloaded oxc_ast_macros v0.142.0
[INFO] [stderr]   Downloaded oxc_str v0.142.0
[INFO] [stderr]   Downloaded oxc_estree v0.142.0
[INFO] [stderr]   Downloaded oxc_span v0.142.0
[INFO] [stderr]   Downloaded oxc_data_structures v0.142.0
[INFO] [stderr]   Downloaded oxc_regular_expression v0.142.0
[INFO] [stderr]   Downloaded oxc_ecmascript v0.142.0
[INFO] [stderr]   Downloaded oxc_ast_visit v0.142.0
[INFO] [stderr]   Downloaded vize_oxc_parser v0.454.0
[INFO] [stderr]   Downloaded htmlize v1.1.0
[INFO] [stderr]   Downloaded oxc_allocator v0.142.0
[INFO] [stderr]   Downloaded oxc_ast v0.142.0
[INFO] [stderr]   Downloaded vize_l0 v0.454.0
[INFO] [stderr]   Downloaded vize_l2 v0.454.0
[INFO] [stderr]   Downloaded vize_l1 v0.454.0
[INFO] running `Command { std: "docker" "create" "-v" "/var/lib/crater-agent-workspace/builds/worker-2-tc1/source:/opt/rustwide/workdir:ro,Z" "-v" "/var/lib/crater-agent-workspace/builds/worker-2-tc1/target:/opt/rustwide/target:rw,Z" "-v" "/var/lib/crater-agent-workspace/cargo-home:/opt/rustwide/cargo-home:ro,Z" "-v" "/var/lib/crater-agent-workspace/rustup-home:/opt/rustwide/rustup-home:ro,Z" "-m" "1610612736" "--network" "none" "ghcr.io/rust-lang/crates-build-env/linux@sha256:77db811e55d90add9212f6832c23229e3de5f1c1f9905e8cb07319ea15df73ac" "sleep" "infinity", kill_on_drop: false }`
[INFO] [stdout] 147d625b2f31fd86ca64afd851ed8f76715daf72462dac9629322667d5a6bcfa
[INFO] running `Command { std: "docker" "start" "147d625b2f31fd86ca64afd851ed8f76715daf72462dac9629322667d5a6bcfa", kill_on_drop: false }`
[INFO] running `Command { std: "docker" "inspect" "147d625b2f31fd86ca64afd851ed8f76715daf72462dac9629322667d5a6bcfa", kill_on_drop: false }`
[INFO] running `Command { std: "docker" "exec" "-e" "SOURCE_DIR=/opt/rustwide/workdir" "-e" "CARGO_HOME=/opt/rustwide/cargo-home" "-e" "RUSTUP_HOME=/opt/rustwide/rustup-home" "-e" "CARGO_TARGET_DIR=/opt/rustwide/target" "-w" "/opt/rustwide/workdir" "--user" "0:0" "147d625b2f31fd86ca64afd851ed8f76715daf72462dac9629322667d5a6bcfa" "/opt/rustwide/cargo-home/bin/cargo" "+1.99.0-beta.8" "metadata" "--no-deps" "--format-version=1", kill_on_drop: false }`
[INFO] running `Command { std: "docker" "inspect" "147d625b2f31fd86ca64afd851ed8f76715daf72462dac9629322667d5a6bcfa", kill_on_drop: false }`
[INFO] running `Command { std: "docker" "exec" "-e" "SOURCE_DIR=/opt/rustwide/workdir" "-e" "CARGO_HOME=/opt/rustwide/cargo-home" "-e" "RUSTUP_HOME=/opt/rustwide/rustup-home" "-e" "CARGO_TARGET_DIR=/opt/rustwide/target" "-e" "CARGO_INCREMENTAL=0" "-e" "RUST_BACKTRACE=full" "-e" "RUSTFLAGS=--cap-lints=warn" "-e" "RUSTDOCFLAGS=--cap-lints=warn" "-w" "/opt/rustwide/workdir" "--user" "0:0" "147d625b2f31fd86ca64afd851ed8f76715daf72462dac9629322667d5a6bcfa" "/opt/rustwide/cargo-home/bin/cargo" "+1.99.0-beta.8" "build" "--frozen" "--message-format=json" "--release", kill_on_drop: false }`
[INFO] [stderr]    Compiling phf_shared v0.14.0
[INFO] [stderr]    Compiling syn v2.0.117
[INFO] [stderr]    Compiling syn v3.0.5
[INFO] [stderr]    Compiling allocator-api2 v0.2.21
[INFO] [stderr]    Compiling textwrap v0.16.2
[INFO] [stderr]    Compiling castaway v0.2.4
[INFO] [stderr]    Compiling oxc_data_structures v0.142.0
[INFO] [stderr]    Compiling object v0.39.1
[INFO] [stderr]    Compiling oxc_estree v0.142.0
[INFO] [stderr]    Compiling phf_generator v0.13.1
[INFO] [stderr]    Compiling dragonbox_ecma v0.1.12
[INFO] [stderr]    Compiling phf v0.14.0
[INFO] [stderr]    Compiling phf_generator v0.14.0
[INFO] [stderr]    Compiling cow-utils v0.1.3
[INFO] [stderr]    Compiling hashbrown v0.17.1
[INFO] [stderr]    Compiling bitflags v2.13.1
[INFO] [stderr]    Compiling nonmax v0.5.5
[INFO] [stderr]    Compiling unicode-id-start v1.4.0
[INFO] [stderr]    Compiling serde_core v1.0.228
[INFO] [stderr]    Compiling zmij v1.0.21
[INFO] [stderr]    Compiling serde_json v1.0.149
[INFO] [stderr]    Compiling stacker v0.1.25
[INFO] [stderr]    Compiling phf_codegen v0.13.1
[INFO] [stderr]    Compiling phf v0.13.1
[INFO] [stderr]    Compiling num-bigint v0.5.1
[INFO] [stderr]    Compiling smallvec v1.15.2
[INFO] [stderr]    Compiling oxc_allocator v0.142.0
[INFO] [stderr]    Compiling xxhash-rust v0.8.18
[INFO] [stderr]    Compiling simdutf8 v0.1.5
[INFO] [stderr]    Compiling pastey v0.1.1
[INFO] [stderr]    Compiling thiserror-impl v2.0.20
[INFO] [stderr]    Compiling oxc_ast_macros v0.142.0
[INFO] [stderr]    Compiling ar_archive_writer v0.5.3
[INFO] [stderr]    Compiling thiserror v2.0.20
[INFO] [stderr]    Compiling psm v0.1.31
[INFO] [stderr]    Compiling htmlize v1.1.0
[INFO] [stderr]    Compiling serde_derive v1.0.228
[INFO] [stderr]    Compiling oxc-miette-derive v3.0.1
[INFO] [stderr]    Compiling phf_macros v0.14.0
[INFO] [stderr]    Compiling phf_macros v0.13.1
[INFO] [stderr]    Compiling vize_l0_derive v0.454.0
[INFO] [stderr]    Compiling cssparser-macros v0.7.0
[INFO] [stderr]    Compiling oxc-miette v3.0.1
[INFO] [stderr]    Compiling cssparser v0.37.0
[INFO] [stderr]    Compiling oxc_diagnostics v0.142.0
[INFO] [stderr]    Compiling serde v1.0.228
[INFO] [stderr]    Compiling compact_str v0.10.0
[INFO] [stderr]    Compiling oxc_index v5.0.0
[INFO] [stderr]    Compiling oxc_str v0.142.0
[INFO] [stderr]    Compiling oxc_span v0.142.0
[INFO] [stderr]    Compiling oxc_syntax v0.142.0
[INFO] [stderr]    Compiling oxc_regular_expression v0.142.0
[INFO] [stderr]    Compiling vize_l0 v0.454.0
[INFO] [stderr]    Compiling oxc_ast v0.142.0
[INFO] [stderr]    Compiling oxc_ast_visit v0.142.0
[INFO] [stderr]    Compiling oxc_ecmascript v0.142.0
[INFO] [stderr]    Compiling vize_oxc_parser v0.454.0
[INFO] [stderr]    Compiling vize_l1 v0.454.0
[INFO] [stderr]    Compiling vize_l2 v0.454.0
[INFO] [stderr]    Compiling vize_l3 v0.454.0 (/opt/rustwide/workdir)
[INFO] [stderr]     Finished `release` profile [optimized] target(s) in 2m 30s
[INFO] running `Command { std: "docker" "inspect" "147d625b2f31fd86ca64afd851ed8f76715daf72462dac9629322667d5a6bcfa", kill_on_drop: false }`
[INFO] running `Command { std: "docker" "exec" "-e" "SOURCE_DIR=/opt/rustwide/workdir" "-e" "CARGO_HOME=/opt/rustwide/cargo-home" "-e" "RUSTUP_HOME=/opt/rustwide/rustup-home" "-e" "CARGO_TARGET_DIR=/opt/rustwide/target" "-e" "CARGO_INCREMENTAL=0" "-e" "RUST_BACKTRACE=full" "-e" "RUSTFLAGS=--cap-lints=warn" "-e" "RUSTDOCFLAGS=--cap-lints=warn" "-w" "/opt/rustwide/workdir" "--user" "0:0" "147d625b2f31fd86ca64afd851ed8f76715daf72462dac9629322667d5a6bcfa" "/opt/rustwide/cargo-home/bin/cargo" "+1.99.0-beta.8" "test" "--frozen" "--no-run" "--message-format=json" "--release", kill_on_drop: false }`
[INFO] [stderr]    Compiling vize_l3 v0.454.0 (/opt/rustwide/workdir)
[INFO] [stdout] error[E0433]: cannot find module or crate `vize_l1` in this scope
[INFO] [stdout]  --> tests/original_for_decisions.rs:7:5
[INFO] [stdout]   |
[INFO] [stdout] 7 | use vize_l1::{
[INFO] [stdout]   |     ^^^^^^^ use of unresolved module or unlinked crate `vize_l1`
[INFO] [stdout]   |
[INFO] [stdout] help: there is a crate or module with a similar name
[INFO] [stdout]   |
[INFO] [stdout] 7 - use vize_l1::{
[INFO] [stdout] 7 + use vize_l0::{
[INFO] [stdout]   |
[INFO] [stdout] 
[INFO] [stdout] 
[INFO] [stdout] error[E0432]: unresolved import `vize_l1`
[INFO] [stdout]  --> tests/original_for_decisions.rs:7:5
[INFO] [stdout]   |
[INFO] [stdout] 7 | use vize_l1::{
[INFO] [stdout]   |     ^^^^^^^ use of unresolved module or unlinked crate `vize_l1`
[INFO] [stdout]   |
[INFO] [stdout] help: there is a crate or module with a similar name
[INFO] [stdout]   |
[INFO] [stdout] 7 - use vize_l1::{
[INFO] [stdout] 7 + use vize_l0::{
[INFO] [stdout]   |
[INFO] [stdout] 
[INFO] [stdout] 
[INFO] [stdout] error[E0433]: cannot find module or crate `vize_l1` in this scope
[INFO] [stdout]  --> tests/native_setup_ssr.rs:5:5
[INFO] [stdout]   |
[INFO] [stdout] 5 | use vize_l1::{SurfaceParseOptions, container::vue::DescriptorOptions};
[INFO] [stdout]   |     ^^^^^^^ use of unresolved module or unlinked crate `vize_l1`
[INFO] [stdout]   |
[INFO] [stdout] help: there is a crate or module with a similar name
[INFO] [stdout]   |
[INFO] [stdout] 5 - use vize_l1::{SurfaceParseOptions, container::vue::DescriptorOptions};
[INFO] [stdout] 5 + use vize_l0::{SurfaceParseOptions, container::vue::DescriptorOptions};
[INFO] [stdout]   |
[INFO] [stdout] 
[INFO] [stdout] 
[INFO] [stdout] error[E0433]: cannot find module or crate `vize_l1_to_l2` in this scope
[INFO] [stdout]  --> tests/native_setup_ssr.rs:6:5
[INFO] [stdout]   |
[INFO] [stdout] 6 | use vize_l1_to_l2::native_file::lower_selected_setup_sfc_native;
[INFO] [stdout]   |     ^^^^^^^^^^^^^ use of unresolved module or unlinked crate `vize_l1_to_l2`
[INFO] [stdout]   |
[INFO] [stdout]   = help: if you wanted to use a crate named `vize_l1_to_l2`, use `cargo add vize_l1_to_l2` to add it to your `Cargo.toml`
[INFO] [stdout] 
[INFO] [stdout] 
[INFO] [stdout] error[E0432]: unresolved import `vize_l1`
[INFO] [stdout]  --> tests/native_setup_ssr.rs:5:5
[INFO] [stdout]   |
[INFO] [stdout] 5 | use vize_l1::{SurfaceParseOptions, container::vue::DescriptorOptions};
[INFO] [stdout]   |     ^^^^^^^ use of unresolved module or unlinked crate `vize_l1`
[INFO] [stdout]   |
[INFO] [stdout] help: there is a crate or module with a similar name
[INFO] [stdout]   |
[INFO] [stdout] 5 - use vize_l1::{SurfaceParseOptions, container::vue::DescriptorOptions};
[INFO] [stdout] 5 + use vize_l0::{SurfaceParseOptions, container::vue::DescriptorOptions};
[INFO] [stdout]   |
[INFO] [stdout] 
[INFO] [stdout] 
[INFO] [stdout] error: couldn't read `tests/native_template_cases/../../../vize_l1/tests/fixtures/native-root-text-vue-3.5.35.json`: No such file or directory (os error 2)
[INFO] [stdout]   --> tests/native_template_cases/condense.rs:9:46
[INFO] [stdout]    |
[INFO] [stdout]  9 |       let packet: Value = serde_json::from_str(include_str!(
[INFO] [stdout]    |  ______________________________________________^
[INFO] [stdout] 10 | |         "../../../vize_l1/tests/fixtures/native-root-text-vue-3.5.35.json"
[INFO] [stdout] 11 | |     ))
[INFO] [stdout]    | |_____^
[INFO] [stdout] 
[INFO] [stdout] 
[INFO] [stdout] error[E0433]: cannot find module or crate `vize_l1` in this scope
[INFO] [stdout]  --> tests/native_template.rs:6:5
[INFO] [stdout]   |
[INFO] [stdout] 6 | use vize_l1::{
[INFO] [stdout]   |     ^^^^^^^ use of unresolved module or unlinked crate `vize_l1`
[INFO] [stdout]   |
[INFO] [stdout] help: there is a crate or module with a similar name
[INFO] [stdout]   |
[INFO] [stdout] 6 - use vize_l1::{
[INFO] [stdout] 6 + use vize_l0::{
[INFO] [stdout]   |
[INFO] [stdout] 
[INFO] [stdout] 
[INFO] [stdout] error[E0432]: unresolved import `vize_l1`
[INFO] [stdout]  --> tests/native_template.rs:6:5
[INFO] [stdout]   |
[INFO] [stdout] 6 | use vize_l1::{
[INFO] [stdout]   |     ^^^^^^^ use of unresolved module or unlinked crate `vize_l1`
[INFO] [stdout]   |
[INFO] [stdout] help: there is a crate or module with a similar name
[INFO] [stdout]   |
[INFO] [stdout] 6 - use vize_l1::{
[INFO] [stdout] 6 + use vize_l0::{
[INFO] [stdout]   |
[INFO] [stdout] 
[INFO] [stdout] 
[INFO] [stdout] error[E0432]: unresolved import `vize_l1`
[INFO] [stdout]  --> tests/native_template_cases/condense.rs:3:5
[INFO] [stdout]   |
[INFO] [stdout] 3 | use vize_l1::SurfaceChild;
[INFO] [stdout]   |     ^^^^^^^ use of unresolved module or unlinked crate `vize_l1`
[INFO] [stdout]   |
[INFO] [stdout] help: there is a crate or module with a similar name
[INFO] [stdout]   |
[INFO] [stdout] 3 - use vize_l1::SurfaceChild;
[INFO] [stdout] 3 + use vize_l0::SurfaceChild;
[INFO] [stdout]   |
[INFO] [stdout] 
[INFO] [stdout] 
[INFO] [stdout] Some errors have detailed explanations: E0432, E0433.
[INFO] [stdout] 
[INFO] [stdout] For more information about an error, try `rustc --explain E0432`.
[INFO] [stdout] 
[INFO] [stderr] error: could not compile `vize_l3` (test "native_setup_ssr") due to 3 previous errors
[INFO] [stderr] warning: build failed, waiting for other jobs to finish...
[INFO] [stdout] error[E0433]: cannot find module or crate `vize_l1` in this scope
[INFO] [stdout]  --> src/decision/attribute_value/tests.rs:7:5
[INFO] [stdout]   |
[INFO] [stdout] 7 | use vize_l1::{
[INFO] [stdout]   |     ^^^^^^^ use of unresolved module or unlinked crate `vize_l1`
[INFO] [stdout]   |
[INFO] [stdout] help: there is a crate or module with a similar name
[INFO] [stdout]   |
[INFO] [stdout] 7 - use vize_l1::{
[INFO] [stdout] 7 + use vize_l0::{
[INFO] [stdout]   |
[INFO] [stdout] 
[INFO] [stdout] 
[INFO] [stdout] error[E0433]: cannot find module or crate `vize_l1_to_l2` in this scope
[INFO] [stdout]  --> src/decision/attribute_value/tests/scoped.rs:2:5
[INFO] [stdout]   |
[INFO] [stdout] 2 | use vize_l1_to_l2::native_file::lower_selected_scoped_sfc_native;
[INFO] [stdout]   |     ^^^^^^^^^^^^^ use of unresolved module or unlinked crate `vize_l1_to_l2`
[INFO] [stdout]   |
[INFO] [stdout]   = help: if you wanted to use a crate named `vize_l1_to_l2`, use `cargo add vize_l1_to_l2` to add it to your `Cargo.toml`
[INFO] [stdout] 
[INFO] [stdout] 
[INFO] [stdout] error[E0433]: cannot find module or crate `vize_l1_to_l2` in this scope
[INFO] [stdout]  --> src/decision/attribute_value/tests/setup.rs:2:5
[INFO] [stdout]   |
[INFO] [stdout] 2 | use vize_l1_to_l2::native_file::lower_selected_setup_sfc_native;
[INFO] [stdout]   |     ^^^^^^^^^^^^^ use of unresolved module or unlinked crate `vize_l1_to_l2`
[INFO] [stdout]   |
[INFO] [stdout]   = help: if you wanted to use a crate named `vize_l1_to_l2`, use `cargo add vize_l1_to_l2` to add it to your `Cargo.toml`
[INFO] [stdout] 
[INFO] [stdout] 
[INFO] [stdout] error[E0432]: unresolved import `vize_l1`
[INFO] [stdout]  --> src/decision/attribute_value/tests.rs:7:5
[INFO] [stdout]   |
[INFO] [stdout] 7 | use vize_l1::{
[INFO] [stdout]   |     ^^^^^^^ use of unresolved module or unlinked crate `vize_l1`
[INFO] [stdout]   |
[INFO] [stdout] help: there is a crate or module with a similar name
[INFO] [stdout]   |
[INFO] [stdout] 7 - use vize_l1::{
[INFO] [stdout] 7 + use vize_l0::{
[INFO] [stdout]   |
[INFO] [stdout] 
[INFO] [stdout] 
[INFO] [stdout] error[E0433]: cannot find module or crate `vize_l1` in this scope
[INFO] [stdout]  --> src/decision/build/tests/prepared_text.rs:7:5
[INFO] [stdout]   |
[INFO] [stdout] 7 | use vize_l1::{
[INFO] [stdout]   |     ^^^^^^^ use of unresolved module or unlinked crate `vize_l1`
[INFO] [stdout]   |
[INFO] [stdout] help: there is a crate or module with a similar name
[INFO] [stdout]   |
[INFO] [stdout] 7 - use vize_l1::{
[INFO] [stdout] 7 + use vize_l0::{
[INFO] [stdout]   |
[INFO] [stdout] 
[INFO] [stdout] 
[INFO] [stdout] error[E0432]: unresolved import `vize_l1`
[INFO] [stdout]  --> src/decision/build/tests/prepared_text.rs:7:5
[INFO] [stdout]   |
[INFO] [stdout] 7 | use vize_l1::{
[INFO] [stdout]   |     ^^^^^^^ use of unresolved module or unlinked crate `vize_l1`
[INFO] [stdout]   |
[INFO] [stdout] help: there is a crate or module with a similar name
[INFO] [stdout]   |
[INFO] [stdout] 7 - use vize_l1::{
[INFO] [stdout] 7 + use vize_l0::{
[INFO] [stdout]   |
[INFO] [stdout] 
[INFO] [stdout] 
[INFO] [stdout] error[E0433]: cannot find module or crate `vize_l1` in this scope
[INFO] [stdout]  --> src/decision/dom/build/for_head/runtime/tests.rs:8:5
[INFO] [stdout]   |
[INFO] [stdout] 8 | use vize_l1::{SurfaceParseOptions, container::vue::DescriptorOptions};
[INFO] [stdout]   |     ^^^^^^^ use of unresolved module or unlinked crate `vize_l1`
[INFO] [stdout]   |
[INFO] [stdout] help: there is a crate or module with a similar name
[INFO] [stdout]   |
[INFO] [stdout] 8 - use vize_l1::{SurfaceParseOptions, container::vue::DescriptorOptions};
[INFO] [stdout] 8 + use vize_l0::{SurfaceParseOptions, container::vue::DescriptorOptions};
[INFO] [stdout]   |
[INFO] [stdout] 
[INFO] [stdout] 
[INFO] [stdout] error[E0433]: cannot find module or crate `vize_l1_to_l2` in this scope
[INFO] [stdout]  --> src/decision/dom/build/for_head/runtime/tests.rs:9:5
[INFO] [stdout]   |
[INFO] [stdout] 9 | use vize_l1_to_l2::native_file::lower_selected_setup_sfc_native;
[INFO] [stdout]   |     ^^^^^^^^^^^^^ use of unresolved module or unlinked crate `vize_l1_to_l2`
[INFO] [stdout]   |
[INFO] [stdout]   = help: if you wanted to use a crate named `vize_l1_to_l2`, use `cargo add vize_l1_to_l2` to add it to your `Cargo.toml`
[INFO] [stdout] 
[INFO] [stdout] 
[INFO] [stdout] error[E0432]: unresolved import `vize_l1`
[INFO] [stdout]  --> src/decision/dom/build/for_head/runtime/tests.rs:8:5
[INFO] [stdout]   |
[INFO] [stdout] 8 | use vize_l1::{SurfaceParseOptions, container::vue::DescriptorOptions};
[INFO] [stdout]   |     ^^^^^^^ use of unresolved module or unlinked crate `vize_l1`
[INFO] [stdout]   |
[INFO] [stdout] help: there is a crate or module with a similar name
[INFO] [stdout]   |
[INFO] [stdout] 8 - use vize_l1::{SurfaceParseOptions, container::vue::DescriptorOptions};
[INFO] [stdout] 8 + use vize_l0::{SurfaceParseOptions, container::vue::DescriptorOptions};
[INFO] [stdout]   |
[INFO] [stdout] 
[INFO] [stdout] 
[INFO] [stdout] error[E0433]: cannot find module or crate `vize_l1` in this scope
[INFO] [stdout]  --> src/decision/dom/build/for_head/value/tests.rs:8:5
[INFO] [stdout]   |
[INFO] [stdout] 8 | use vize_l1::{SurfaceParseOptions, container::vue::DescriptorOptions};
[INFO] [stdout]   |     ^^^^^^^ use of unresolved module or unlinked crate `vize_l1`
[INFO] [stdout]   |
[INFO] [stdout] help: there is a crate or module with a similar name
[INFO] [stdout]   |
[INFO] [stdout] 8 - use vize_l1::{SurfaceParseOptions, container::vue::DescriptorOptions};
[INFO] [stdout] 8 + use vize_l0::{SurfaceParseOptions, container::vue::DescriptorOptions};
[INFO] [stdout]   |
[INFO] [stdout] 
[INFO] [stdout] 
[INFO] [stdout] error[E0433]: cannot find module or crate `vize_l1_to_l2` in this scope
[INFO] [stdout]  --> src/decision/dom/build/for_head/value/tests.rs:9:5
[INFO] [stdout]   |
[INFO] [stdout] 9 | use vize_l1_to_l2::native_file::lower_selected_setup_sfc_native;
[INFO] [stdout]   |     ^^^^^^^^^^^^^ use of unresolved module or unlinked crate `vize_l1_to_l2`
[INFO] [stdout]   |
[INFO] [stdout]   = help: if you wanted to use a crate named `vize_l1_to_l2`, use `cargo add vize_l1_to_l2` to add it to your `Cargo.toml`
[INFO] [stdout] 
[INFO] [stdout] 
[INFO] [stdout] error[E0432]: unresolved import `vize_l1`
[INFO] [stdout]  --> src/decision/dom/build/for_head/value/tests.rs:8:5
[INFO] [stdout]   |
[INFO] [stdout] 8 | use vize_l1::{SurfaceParseOptions, container::vue::DescriptorOptions};
[INFO] [stdout]   |     ^^^^^^^ use of unresolved module or unlinked crate `vize_l1`
[INFO] [stdout]   |
[INFO] [stdout] help: there is a crate or module with a similar name
[INFO] [stdout]   |
[INFO] [stdout] 8 - use vize_l1::{SurfaceParseOptions, container::vue::DescriptorOptions};
[INFO] [stdout] 8 + use vize_l0::{SurfaceParseOptions, container::vue::DescriptorOptions};
[INFO] [stdout]   |
[INFO] [stdout] 
[INFO] [stdout] 
[INFO] [stdout] error[E0433]: cannot find module or crate `vize_l1` in this scope
[INFO] [stdout]  --> src/decision/dom/build/for_head/tests.rs:6:5
[INFO] [stdout]   |
[INFO] [stdout] 6 | use vize_l1::{
[INFO] [stdout]   |     ^^^^^^^ use of unresolved module or unlinked crate `vize_l1`
[INFO] [stdout]   |
[INFO] [stdout] help: there is a crate or module with a similar name
[INFO] [stdout]   |
[INFO] [stdout] 6 - use vize_l1::{
[INFO] [stdout] 6 + use vize_l0::{
[INFO] [stdout]   |
[INFO] [stdout] 
[INFO] [stdout] 
[INFO] [stdout] error[E0432]: unresolved import `vize_l1`
[INFO] [stdout]  --> src/decision/dom/build/for_head/tests.rs:6:5
[INFO] [stdout]   |
[INFO] [stdout] 6 | use vize_l1::{
[INFO] [stdout]   |     ^^^^^^^ use of unresolved module or unlinked crate `vize_l1`
[INFO] [stdout]   |
[INFO] [stdout] help: there is a crate or module with a similar name
[INFO] [stdout]   |
[INFO] [stdout] 6 - use vize_l1::{
[INFO] [stdout] 6 + use vize_l0::{
[INFO] [stdout]   |
[INFO] [stdout] 
[INFO] [stdout] 
[INFO] [stdout] error[E0433]: cannot find module or crate `vize_l1` in this scope
[INFO] [stdout]  --> src/decision/dom/build/handler/access/tests.rs:6:5
[INFO] [stdout]   |
[INFO] [stdout] 6 | use vize_l1::{
[INFO] [stdout]   |     ^^^^^^^ use of unresolved module or unlinked crate `vize_l1`
[INFO] [stdout]   |
[INFO] [stdout] help: there is a crate or module with a similar name
[INFO] [stdout]   |
[INFO] [stdout] 6 - use vize_l1::{
[INFO] [stdout] 6 + use vize_l0::{
[INFO] [stdout]   |
[INFO] [stdout] 
[INFO] [stdout] 
[INFO] [stdout] error[E0433]: cannot find module or crate `vize_l1_to_l2` in this scope
[INFO] [stdout]  --> src/decision/vapor/tests/setup.rs:7:5
[INFO] [stdout]   |
[INFO] [stdout] 7 | use vize_l1_to_l2::native_file::lower_selected_setup_sfc_native;
[INFO] [stdout]   |     ^^^^^^^^^^^^^ use of unresolved module or unlinked crate `vize_l1_to_l2`
[INFO] [stdout]   |
[INFO] [stdout]   = help: if you wanted to use a crate named `vize_l1_to_l2`, use `cargo add vize_l1_to_l2` to add it to your `Cargo.toml`
[INFO] [stdout] 
[INFO] [stdout] 
[INFO] [stdout] error[E0432]: unresolved import `vize_l1`
[INFO] [stdout]  --> src/decision/dom/build/handler/access/tests.rs:6:5
[INFO] [stdout]   |
[INFO] [stdout] 6 | use vize_l1::{
[INFO] [stdout]   |     ^^^^^^^ use of unresolved module or unlinked crate `vize_l1`
[INFO] [stdout]   |
[INFO] [stdout] help: there is a crate or module with a similar name
[INFO] [stdout]   |
[INFO] [stdout] 6 - use vize_l1::{
[INFO] [stdout] 6 + use vize_l0::{
[INFO] [stdout]   |
[INFO] [stdout] 
[INFO] [stdout] 
[INFO] [stdout] error[E0433]: cannot find module or crate `vize_l1` in this scope
[INFO] [stdout]   --> src/decision/vapor/tests.rs:10:5
[INFO] [stdout]    |
[INFO] [stdout] 10 | use vize_l1::{SurfaceParseOptions, container::vue::DescriptorOptions};
[INFO] [stdout]    |     ^^^^^^^ use of unresolved module or unlinked crate `vize_l1`
[INFO] [stdout]    |
[INFO] [stdout] help: there is a crate or module with a similar name
[INFO] [stdout]    |
[INFO] [stdout] 10 - use vize_l1::{SurfaceParseOptions, container::vue::DescriptorOptions};
[INFO] [stdout] 10 + use vize_l0::{SurfaceParseOptions, container::vue::DescriptorOptions};
[INFO] [stdout]    |
[INFO] [stdout] 
[INFO] [stdout] 
[INFO] [stdout] error[E0433]: cannot find module or crate `vize_l1_to_l2` in this scope
[INFO] [stdout]   --> src/decision/vapor/tests.rs:11:5
[INFO] [stdout]    |
[INFO] [stdout] 11 | use vize_l1_to_l2::native_file::lower_sfc_native;
[INFO] [stdout]    |     ^^^^^^^^^^^^^ use of unresolved module or unlinked crate `vize_l1_to_l2`
[INFO] [stdout]    |
[INFO] [stdout]    = help: if you wanted to use a crate named `vize_l1_to_l2`, use `cargo add vize_l1_to_l2` to add it to your `Cargo.toml`
[INFO] [stdout] 
[INFO] [stdout] 
[INFO] [stdout] error[E0433]: cannot find module or crate `vize_l1` in this scope
[INFO] [stdout]    --> src/decision/vapor/tests.rs:149:9
[INFO] [stdout]     |
[INFO] [stdout] 149 |     use vize_l1::{container::Vue, markup::NativeTemplateComponent};
[INFO] [stdout]     |         ^^^^^^^ use of unresolved module or unlinked crate `vize_l1`
[INFO] [stdout]     |
[INFO] [stdout] help: there is a crate or module with a similar name
[INFO] [stdout]     |
[INFO] [stdout] 149 -     use vize_l1::{container::Vue, markup::NativeTemplateComponent};
[INFO] [stdout] 149 +     use vize_l0::{container::Vue, markup::NativeTemplateComponent};
[INFO] [stdout]     |
[INFO] [stdout] 
[INFO] [stdout] 
[INFO] [stdout] error[E0432]: unresolved import `vize_l1`
[INFO] [stdout]   --> src/decision/vapor/tests.rs:10:5
[INFO] [stdout]    |
[INFO] [stdout] 10 | use vize_l1::{SurfaceParseOptions, container::vue::DescriptorOptions};
[INFO] [stdout]    |     ^^^^^^^ use of unresolved module or unlinked crate `vize_l1`
[INFO] [stdout]    |
[INFO] [stdout] help: there is a crate or module with a similar name
[INFO] [stdout]    |
[INFO] [stdout] 10 - use vize_l1::{SurfaceParseOptions, container::vue::DescriptorOptions};
[INFO] [stdout] 10 + use vize_l0::{SurfaceParseOptions, container::vue::DescriptorOptions};
[INFO] [stdout]    |
[INFO] [stdout] 
[INFO] [stdout] 
[INFO] [stdout] Some errors have detailed explanations: E0432, E0433.
[INFO] [stdout] 
[INFO] [stdout] For more information about an error, try `rustc --explain E0432`.
[INFO] [stdout] 
[INFO] [stderr] error: could not compile `vize_l3` (test "original_for_decisions") due to 2 previous errors
[INFO] [stdout] Some errors have detailed explanations: E0432, E0433.
[INFO] [stdout] 
[INFO] [stdout] For more information about an error, try `rustc --explain E0432`.
[INFO] [stdout] 
[INFO] [stderr] error: could not compile `vize_l3` (test "native_template") due to 4 previous errors
[INFO] [stdout] error[E0308]: mismatched types
[INFO] [stdout]   --> src/decision/dom/build/for_head/runtime/tests/constant.rs:85:31
[INFO] [stdout]    |
[INFO] [stdout] 85 |             .accepts_original(original)
[INFO] [stdout]    |              ---------------- ^^^^^^^^ expected `&OriginalForOp<'_>`, found `Box<'_, OriginalForOp<'_>>`
[INFO] [stdout]    |              |
[INFO] [stdout]    |              arguments to this method are incorrect
[INFO] [stdout]    |
[INFO] [stdout]    = note: expected reference `&OriginalForOp<'_>`
[INFO] [stdout]                  found struct `vize_l0::Box<'_, OriginalForOp<'_>>`
[INFO] [stdout] note: method defined here
[INFO] [stdout]   --> src/decision/dom/for_head.rs:84:12
[INFO] [stdout]    |
[INFO] [stdout] 84 |     pub fn accepts_original(&self, original: &OriginalForOp<'arena>) -> bool {
[INFO] [stdout]    |            ^^^^^^^^^^^^^^^^        --------------------------------
[INFO] [stdout] help: consider borrowing here
[INFO] [stdout]    |
[INFO] [stdout] 85 |             .accepts_original(&original)
[INFO] [stdout]    |                               +
[INFO] [stdout] 
[INFO] [stdout] 
[INFO] [stdout] Some errors have detailed explanations: E0308, E0432, E0433.
[INFO] [stdout] 
[INFO] [stdout] For more information about an error, try `rustc --explain E0308`.
[INFO] [stdout] 
[INFO] [stderr] error: could not compile `vize_l3` (lib test) due to 22 previous errors
[INFO] running `Command { std: "docker" "inspect" "147d625b2f31fd86ca64afd851ed8f76715daf72462dac9629322667d5a6bcfa", kill_on_drop: false }`
[INFO] running `Command { std: "docker" "rm" "-f" "147d625b2f31fd86ca64afd851ed8f76715daf72462dac9629322667d5a6bcfa", kill_on_drop: false }`
[INFO] [stdout] 147d625b2f31fd86ca64afd851ed8f76715daf72462dac9629322667d5a6bcfa
