[INFO] fetching crate vize_l1_to_l2 0.454.0...
[INFO] testing vize_l1_to_l2-0.454.0 against 1.99.0-beta.8+cargoflags=--release for beta-release-1.100-2
[INFO] extracting crate vize_l1_to_l2 0.454.0 into /workspace/builds/worker-6-tc1/source
[INFO] started tweaking crates.io crate vize_l1_to_l2 0.454.0
[INFO] removed 0 missing tests
[INFO] finished tweaking crates.io crate vize_l1_to_l2 0.454.0
[INFO] tweaked toml for crates.io crate vize_l1_to_l2 0.454.0 written to /workspace/builds/worker-6-tc1/source/Cargo.toml
[INFO] validating manifest of crates.io crate vize_l1_to_l2 0.454.0 on toolchain 1.99.0-beta.8
[INFO] running `Command { std: CARGO_HOME="/workspace/cargo-home" RUSTUP_HOME="/workspace/rustup-home" "/workspace/cargo-home/bin/cargo" "+1.99.0-beta.8" "metadata" "--manifest-path" "Cargo.toml" "--no-deps", kill_on_drop: false }`
[INFO] crate crates.io crate vize_l1_to_l2 0.454.0 already has a lockfile, it will not be regenerated
[INFO] running `Command { std: CARGO_HOME="/workspace/cargo-home" RUSTUP_HOME="/workspace/rustup-home" "/workspace/cargo-home/bin/cargo" "+1.99.0-beta.8" "fetch" "--manifest-path" "Cargo.toml", kill_on_drop: false }`
[INFO] [stderr]     Updating crates.io index
[INFO] [stderr]  Downloading crates ...
[INFO] [stderr]   Downloaded psm v0.1.31
[INFO] [stderr]   Downloaded phf v0.14.0
[INFO] [stderr]   Downloaded unicode-id-start v1.4.0
[INFO] [stderr]   Downloaded oxc_syntax v0.142.0
[INFO] [stderr]   Downloaded oxc_diagnostics v0.142.0
[INFO] [stderr]   Downloaded vize_l0_derive v0.454.0
[INFO] [stderr]   Downloaded cssparser-macros v0.7.0
[INFO] [stderr]   Downloaded oxc_compat v0.142.0
[INFO] [stderr]   Downloaded cow-utils v0.1.3
[INFO] [stderr]   Downloaded oxc_ast_macros v0.142.0
[INFO] [stderr]   Downloaded oxc-miette-derive v3.0.1
[INFO] [stderr]   Downloaded self_cell v1.2.2
[INFO] [stderr]   Downloaded hmac-sha1-compact v1.1.7
[INFO] [stderr]   Downloaded phf_shared v0.14.0
[INFO] [stderr]   Downloaded phf_macros v0.14.0
[INFO] [stderr]   Downloaded oxc_str v0.142.0
[INFO] [stderr]   Downloaded json-escape-simd v3.0.2
[INFO] [stderr]   Downloaded oxc_estree v0.142.0
[INFO] [stderr]   Downloaded str_indices v0.4.4
[INFO] [stderr]   Downloaded oxc_span v0.142.0
[INFO] [stderr]   Downloaded oxc_regular_expression v0.142.0
[INFO] [stderr]   Downloaded phf_generator v0.14.0
[INFO] [stderr]   Downloaded oxc_codegen v0.142.0
[INFO] [stderr]   Downloaded oxc_sourcemap v8.1.2
[INFO] [stderr]   Downloaded oxc_data_structures v0.142.0
[INFO] [stderr]   Downloaded oxc_ecmascript v0.142.0
[INFO] [stderr]   Downloaded oxc_ast_visit v0.142.0
[INFO] [stderr]   Downloaded htmlize v1.1.0
[INFO] [stderr]   Downloaded base64 v0.23.0
[INFO] [stderr]   Downloaded oxc_semantic v0.142.0
[INFO] [stderr]   Downloaded oxc_traverse v0.142.0
[INFO] [stderr]   Downloaded vize_oxc_parser v0.454.0
[INFO] [stderr]   Downloaded oxc-miette v3.0.1
[INFO] [stderr]   Downloaded vize_l3 v0.454.0
[INFO] [stderr]   Downloaded oxc_allocator v0.142.0
[INFO] [stderr]   Downloaded ropey v1.6.1
[INFO] [stderr]   Downloaded compact_str v0.10.0
[INFO] [stderr]   Downloaded oxc-browserslist v3.0.12
[INFO] [stderr]   Downloaded oxc_ast v0.142.0
[INFO] [stderr]   Downloaded oxc_transformer v0.142.0
[INFO] [stderr]   Downloaded vize_l2 v0.454.0
[INFO] [stderr]   Downloaded vize_l1 v0.454.0
[INFO] [stderr]   Downloaded vize_l0 v0.454.0
[INFO] running `Command { std: "docker" "create" "-v" "/var/lib/crater-agent-workspace/builds/worker-6-tc1/source:/opt/rustwide/workdir:ro,Z" "-v" "/var/lib/crater-agent-workspace/builds/worker-6-tc1/target:/opt/rustwide/target:rw,Z" "-v" "/var/lib/crater-agent-workspace/cargo-home:/opt/rustwide/cargo-home:ro,Z" "-v" "/var/lib/crater-agent-workspace/rustup-home:/opt/rustwide/rustup-home:ro,Z" "-m" "1610612736" "--network" "none" "ghcr.io/rust-lang/crates-build-env/linux@sha256:77db811e55d90add9212f6832c23229e3de5f1c1f9905e8cb07319ea15df73ac" "sleep" "infinity", kill_on_drop: false }`
[INFO] [stdout] adad36bf2010dc941a1646924719be4c4de75d6e05558d666e1688166911dbdb
[INFO] running `Command { std: "docker" "start" "adad36bf2010dc941a1646924719be4c4de75d6e05558d666e1688166911dbdb", kill_on_drop: false }`
[INFO] running `Command { std: "docker" "inspect" "adad36bf2010dc941a1646924719be4c4de75d6e05558d666e1688166911dbdb", kill_on_drop: false }`
[INFO] running `Command { std: "docker" "exec" "-e" "SOURCE_DIR=/opt/rustwide/workdir" "-e" "CARGO_HOME=/opt/rustwide/cargo-home" "-e" "RUSTUP_HOME=/opt/rustwide/rustup-home" "-e" "CARGO_TARGET_DIR=/opt/rustwide/target" "-w" "/opt/rustwide/workdir" "--user" "0:0" "adad36bf2010dc941a1646924719be4c4de75d6e05558d666e1688166911dbdb" "/opt/rustwide/cargo-home/bin/cargo" "+1.99.0-beta.8" "metadata" "--no-deps" "--format-version=1", kill_on_drop: false }`
[INFO] running `Command { std: "docker" "inspect" "adad36bf2010dc941a1646924719be4c4de75d6e05558d666e1688166911dbdb", kill_on_drop: false }`
[INFO] running `Command { std: "docker" "exec" "-e" "SOURCE_DIR=/opt/rustwide/workdir" "-e" "CARGO_HOME=/opt/rustwide/cargo-home" "-e" "RUSTUP_HOME=/opt/rustwide/rustup-home" "-e" "CARGO_TARGET_DIR=/opt/rustwide/target" "-e" "CARGO_INCREMENTAL=0" "-e" "RUST_BACKTRACE=full" "-e" "RUSTFLAGS=--cap-lints=warn" "-e" "RUSTDOCFLAGS=--cap-lints=warn" "-w" "/opt/rustwide/workdir" "--user" "0:0" "adad36bf2010dc941a1646924719be4c4de75d6e05558d666e1688166911dbdb" "/opt/rustwide/cargo-home/bin/cargo" "+1.99.0-beta.8" "build" "--frozen" "--message-format=json" "--release", kill_on_drop: false }`
[INFO] [stderr]    Compiling siphasher v1.0.3
[INFO] [stderr]    Compiling fastrand v2.4.1
[INFO] [stderr]    Compiling serde v1.0.228
[INFO] [stderr]    Compiling syn v2.0.117
[INFO] [stderr]    Compiling syn v3.0.5
[INFO] [stderr]    Compiling owo-colors v4.3.0
[INFO] [stderr]    Compiling thiserror v2.0.20
[INFO] [stderr]    Compiling phf_shared v0.14.0
[INFO] [stderr]    Compiling memchr v2.8.3
[INFO] [stderr]    Compiling smawk v0.3.2
[INFO] [stderr]    Compiling hashbrown v0.17.1
[INFO] [stderr]    Compiling unicode-segmentation v1.13.3
[INFO] [stderr]    Compiling textwrap v0.16.2
[INFO] [stderr]    Compiling oxc_data_structures v0.142.0
[INFO] [stderr]    Compiling rustc-hash v2.1.3
[INFO] [stderr]    Compiling phf v0.14.0
[INFO] [stderr]    Compiling phf_generator v0.14.0
[INFO] [stderr]    Compiling phf_shared v0.13.1
[INFO] [stderr]    Compiling oxc_estree v0.142.0
[INFO] [stderr]    Compiling object v0.39.1
[INFO] [stderr]    Compiling cow-utils v0.1.3
[INFO] [stderr]    Compiling phf_generator v0.13.1
[INFO] [stderr]    Compiling oxc_allocator v0.142.0
[INFO] [stderr]    Compiling cc v1.2.62
[INFO] [stderr]    Compiling bitflags v2.13.1
[INFO] [stderr]    Compiling nonmax v0.5.5
[INFO] [stderr]    Compiling unicode-id-start v1.4.0
[INFO] [stderr]    Compiling serde_core v1.0.228
[INFO] [stderr]    Compiling num-integer v0.1.46
[INFO] [stderr]    Compiling num-bigint v0.5.1
[INFO] [stderr]    Compiling phf_codegen v0.13.1
[INFO] [stderr]    Compiling phf v0.13.1
[INFO] [stderr]    Compiling dtoa v1.0.11
[INFO] [stderr]    Compiling dtoa-short v0.3.5
[INFO] [stderr]    Compiling serde_json v1.0.149
[INFO] [stderr]    Compiling xxhash-rust v0.8.18
[INFO] [stderr]    Compiling stacker v0.1.25
[INFO] [stderr]    Compiling pastey v0.1.1
[INFO] [stderr]    Compiling either v1.15.0
[INFO] [stderr]    Compiling self_cell v1.2.2
[INFO] [stderr]    Compiling itertools v0.15.0
[INFO] [stderr]    Compiling thiserror-impl v2.0.20
[INFO] [stderr]    Compiling oxc_ast_macros v0.142.0
[INFO] [stderr]    Compiling serde_derive v1.0.228
[INFO] [stderr]    Compiling oxc-miette-derive v3.0.1
[INFO] [stderr]    Compiling phf_macros v0.14.0
[INFO] [stderr]    Compiling phf_macros v0.13.1
[INFO] [stderr]    Compiling cssparser-macros v0.7.0
[INFO] [stderr]    Compiling ar_archive_writer v0.5.3
[INFO] [stderr]    Compiling vize_l0_derive v0.454.0
[INFO] [stderr]    Compiling htmlize v1.1.0
[INFO] [stderr]    Compiling psm v0.1.31
[INFO] [stderr]    Compiling oxc-miette v3.0.1
[INFO] [stderr]    Compiling oxc_diagnostics v0.142.0
[INFO] [stderr]    Compiling compact_str v0.10.0
[INFO] [stderr]    Compiling oxc_index v5.0.0
[INFO] [stderr]    Compiling smallvec v1.15.2
[INFO] [stderr]    Compiling cssparser v0.37.0
[INFO] [stderr]    Compiling oxc_str v0.142.0
[INFO] [stderr]    Compiling oxc_span v0.142.0
[INFO] [stderr]    Compiling oxc_syntax v0.142.0
[INFO] [stderr]    Compiling oxc_regular_expression v0.142.0
[INFO] [stderr]    Compiling vize_l0 v0.454.0
[INFO] [stderr]    Compiling oxc_ast v0.142.0
[INFO] [stderr]    Compiling oxc_ecmascript v0.142.0
[INFO] [stderr]    Compiling oxc_ast_visit v0.142.0
[INFO] [stderr]    Compiling vize_oxc_parser v0.454.0
[INFO] [stderr]    Compiling oxc_semantic v0.142.0
[INFO] [stderr]    Compiling vize_l1 v0.454.0
[INFO] [stderr]    Compiling vize_l2 v0.454.0
[INFO] [stderr]    Compiling vize_l3 v0.454.0
[INFO] [stderr]    Compiling vize_l1_to_l2 v0.454.0 (/opt/rustwide/workdir)
[INFO] [stderr]     Finished `release` profile [optimized] target(s) in 3m 50s
[INFO] running `Command { std: "docker" "inspect" "adad36bf2010dc941a1646924719be4c4de75d6e05558d666e1688166911dbdb", kill_on_drop: false }`
[INFO] running `Command { std: "docker" "exec" "-e" "SOURCE_DIR=/opt/rustwide/workdir" "-e" "CARGO_HOME=/opt/rustwide/cargo-home" "-e" "RUSTUP_HOME=/opt/rustwide/rustup-home" "-e" "CARGO_TARGET_DIR=/opt/rustwide/target" "-e" "CARGO_INCREMENTAL=0" "-e" "RUST_BACKTRACE=full" "-e" "RUSTFLAGS=--cap-lints=warn" "-e" "RUSTDOCFLAGS=--cap-lints=warn" "-w" "/opt/rustwide/workdir" "--user" "0:0" "adad36bf2010dc941a1646924719be4c4de75d6e05558d666e1688166911dbdb" "/opt/rustwide/cargo-home/bin/cargo" "+1.99.0-beta.8" "test" "--frozen" "--no-run" "--message-format=json" "--release", kill_on_drop: false }`
[INFO] [stderr]    Compiling vize_l1_to_l2 v0.454.0 (/opt/rustwide/workdir)
[INFO] [stdout] error: couldn't read `tests/../../../tests/fuzz/regressions/l1_lowering/issue-8628.input`: No such file or directory (os error 2)
[INFO] [stdout]   --> tests/attribute_name_roundtrip.rs:14:18
[INFO] [stdout]    |
[INFO] [stdout] 14 |     let source = include_str!("../../../tests/fuzz/regressions/l1_lowering/issue-8628.input");
[INFO] [stdout]    |                  ^^^^^^^^^^^^^^^^^^^^^^^^^^^^^^^^^^^^^^^^^^^^^^^^^^^^^^^^^^^^^^^^^^^^^^^^^^^^
[INFO] [stdout] 
[INFO] [stdout] 
[INFO] [stdout] error[E0432]: unresolved import `sha2`
[INFO] [stdout]  --> tests/attribute_name_roundtrip.rs:4:5
[INFO] [stdout]   |
[INFO] [stdout] 4 | use sha2::{Digest, Sha256};
[INFO] [stdout]   |     ^^^^ use of unresolved module or unlinked crate `sha2`
[INFO] [stdout]   |
[INFO] [stdout]   = help: if you wanted to use a crate named `sha2`, use `cargo add sha2` to add it to your `Cargo.toml`
[INFO] [stdout] 
[INFO] [stdout] 
[INFO] [stdout] For more information about this error, try `rustc --explain E0432`.
[INFO] [stdout] 
[INFO] [stderr] error: could not compile `vize_l1_to_l2` (test "attribute_name_roundtrip") due to 2 previous errors
[INFO] [stderr] warning: build failed, waiting for other jobs to finish...
[INFO] [stdout] error[E0433]: cannot find `insta` in the list of imported crates
[INFO] [stdout]   --> tests/hoist_pass_snapshot.rs:93:9
[INFO] [stdout]    |
[INFO] [stdout] 93 |         assert_dump_snapshot!(*folio);
[INFO] [stdout]    |         ^^^^^^^^^^^^^^^^^^^^^^^^^^^^^ could not find `insta` in the list of imported crates
[INFO] [stdout]    |
[INFO] [stdout]    = note: this error originates in the macro `assert_dump_snapshot` (in Nightly builds, run with -Z macro-backtrace for more info)
[INFO] [stdout] 
[INFO] [stdout] 
[INFO] [stdout] error[E0433]: cannot find `insta` in the list of imported crates
[INFO] [stdout]   --> tests/hoist_pass_snapshot.rs:46:9
[INFO] [stdout]    |
[INFO] [stdout] 46 |         assert_dump_snapshot!(*folio);
[INFO] [stdout]    |         ^^^^^^^^^^^^^^^^^^^^^^^^^^^^^ could not find `insta` in the list of imported crates
[INFO] [stdout]    |
[INFO] [stdout]    = note: this error originates in the macro `assert_dump_snapshot` (in Nightly builds, run with -Z macro-backtrace for more info)
[INFO] [stdout] 
[INFO] [stdout] 
[INFO] [stdout] error[E0433]: cannot find module or crate `vize_atelier_dom` in this scope
[INFO] [stdout]   --> tests/emit_svg_static_bind_hoist.rs:19:28
[INFO] [stdout]    |
[INFO] [stdout] 19 |     let (_, errors, old) = vize_atelier_dom::compile_template(&allocator, source);
[INFO] [stdout]    |                            ^^^^^^^^^^^^^^^^ use of unresolved module or unlinked crate `vize_atelier_dom`
[INFO] [stdout]    |
[INFO] [stdout]    = help: if you wanted to use a crate named `vize_atelier_dom`, use `cargo add vize_atelier_dom` to add it to your `Cargo.toml`
[INFO] [stdout] 
[INFO] [stdout] 
[INFO] [stdout] For more information about this error, try `rustc --explain E0433`.
[INFO] [stdout] 
[INFO] [stdout] For more information about this error, try `rustc --explain E0433`.
[INFO] [stdout] 
[INFO] [stderr] error: could not compile `vize_l1_to_l2` (test "hoist_pass_snapshot") due to 2 previous errors
[INFO] [stderr] error: could not compile `vize_l1_to_l2` (test "emit_svg_static_bind_hoist") due to 1 previous error
[INFO] [stdout] error: couldn't read `/opt/rustwide/workdir/../../tests/_fixtures/differential/compiler/slot-default-setup-bindings-8142/controls.json`: No such file or directory (os error 2)
[INFO] [stdout]   --> src/emit/prefix/slot_defaults/setup_bindings_tests.rs:25:48
[INFO] [stdout]    |
[INFO] [stdout] 25 |       let controls: Value = serde_json::from_str(include_str!(concat!(
[INFO] [stdout]    |  ________________________________________________^
[INFO] [stdout] 26 | |         env!("CARGO_MANIFEST_DIR"),
[INFO] [stdout] 27 | |         "/../../tests/_fixtures/differential/compiler/slot-default-setup-bindings-8142/controls.json"
[INFO] [stdout] 28 | |     )))
[INFO] [stdout]    | |______^
[INFO] [stdout] 
[INFO] [stdout] 
[INFO] [stdout] error: couldn't read `src/pass/cfg/../../../../../docs/davinci/plan/complexity-metrics.md`: No such file or directory (os error 2)
[INFO] [stdout]   --> src/pass/cfg/source.rs:74:20
[INFO] [stdout]    |
[INFO] [stdout] 74 |         let spec = include_str!("../../../../../docs/davinci/plan/complexity-metrics.md");
[INFO] [stdout]    |                    ^^^^^^^^^^^^^^^^^^^^^^^^^^^^^^^^^^^^^^^^^^^^^^^^^^^^^^^^^^^^^^^^^^^^^^
[INFO] [stdout] 
[INFO] [stdout] 
[INFO] [stdout] error[E0432]: unresolved import `serde_json`
[INFO] [stdout]  --> src/emit/prefix/slot_defaults/setup_bindings_tests.rs:4:5
[INFO] [stdout]   |
[INFO] [stdout] 4 | use serde_json::{Value, json};
[INFO] [stdout]   |     ^^^^^^^^^^ use of unresolved module or unlinked crate `serde_json`
[INFO] [stdout]   |
[INFO] [stdout]   = help: if you wanted to use a crate named `serde_json`, use `cargo add serde_json` to add it to your `Cargo.toml`
[INFO] [stdout] 
[INFO] [stdout] 
[INFO] [stdout] error[E0433]: cannot find module or crate `std` in this scope
[INFO] [stdout]   --> src/emit/prefix/slot_defaults/setup_bindings_tests.rs:53:16
[INFO] [stdout]    |
[INFO] [stdout] 53 |     let path = std::path::Path::new(env!("CARGO_MANIFEST_DIR")).join(
[INFO] [stdout]    |                ^^^ use of unresolved module or unlinked crate `std`
[INFO] [stdout]    |
[INFO] [stdout]    = help: if you wanted to use a crate named `std`, use `cargo add std` to add it to your `Cargo.toml`
[INFO] [stdout] 
[INFO] [stdout] 
[INFO] [stdout] error[E0433]: cannot find module or crate `std` in this scope
[INFO] [stdout]   --> src/emit/prefix/slot_defaults/setup_bindings_tests.rs:56:5
[INFO] [stdout]    |
[INFO] [stdout] 56 |     std::fs::create_dir_all(path.parent().expect("output directory"))
[INFO] [stdout]    |     ^^^ use of unresolved module or unlinked crate `std`
[INFO] [stdout]    |
[INFO] [stdout]    = help: if you wanted to use a crate named `std`, use `cargo add std` to add it to your `Cargo.toml`
[INFO] [stdout] 
[INFO] [stdout] 
[INFO] [stdout] error[E0433]: cannot find module or crate `std` in this scope
[INFO] [stdout]   --> src/emit/prefix/slot_defaults/setup_bindings_tests.rs:58:5
[INFO] [stdout]    |
[INFO] [stdout] 58 |     std::fs::write(
[INFO] [stdout]    |     ^^^ use of unresolved module or unlinked crate `std`
[INFO] [stdout]    |
[INFO] [stdout]    = help: if you wanted to use a crate named `std`, use `cargo add std` to add it to your `Cargo.toml`
[INFO] [stdout] 
[INFO] [stdout] 
[INFO] [stdout] error[E0433]: cannot find module or crate `std` in this scope
[INFO] [stdout]   --> src/emit/prefix/slot_defaults/setup_bindings_tests.rs:30:23
[INFO] [stdout]    |
[INFO] [stdout] 30 |     let mut packets = std::vec::Vec::new();
[INFO] [stdout]    |                       ^^^ use of unresolved module or unlinked crate `std`
[INFO] [stdout]    |
[INFO] [stdout]    = help: if you wanted to use a crate named `std`, use `cargo add std` to add it to your `Cargo.toml`
[INFO] [stdout] help: consider importing this struct
[INFO] [stdout]    |
[INFO] [stdout]  1 + use alloc::vec::Vec;
[INFO] [stdout]    |
[INFO] [stdout] help: if you import `Vec`, refer to it directly
[INFO] [stdout]    |
[INFO] [stdout] 30 -     let mut packets = std::vec::Vec::new();
[INFO] [stdout] 30 +     let mut packets = Vec::new();
[INFO] [stdout]    |
[INFO] [stdout] 
[INFO] [stdout] 
[INFO] [stdout] error[E0433]: cannot find module or crate `serde_json` in this scope
[INFO] [stdout]   --> src/emit/prefix/slot_defaults/setup_bindings_tests.rs:25:27
[INFO] [stdout]    |
[INFO] [stdout] 25 |     let controls: Value = serde_json::from_str(include_str!(concat!(
[INFO] [stdout]    |                           ^^^^^^^^^^ use of unresolved module or unlinked crate `serde_json`
[INFO] [stdout]    |
[INFO] [stdout]    = help: if you wanted to use a crate named `serde_json`, use `cargo add serde_json` to add it to your `Cargo.toml`
[INFO] [stdout] 
[INFO] [stdout] 
[INFO] [stdout] error[E0433]: cannot find module or crate `serde_json` in this scope
[INFO] [stdout]   --> src/emit/prefix/slot_defaults/setup_bindings_tests.rs:60:9
[INFO] [stdout]    |
[INFO] [stdout] 60 |         serde_json::to_vec_pretty(&json!({
[INFO] [stdout]    |         ^^^^^^^^^^ use of unresolved module or unlinked crate `serde_json`
[INFO] [stdout]    |
[INFO] [stdout]    = help: if you wanted to use a crate named `serde_json`, use `cargo add serde_json` to add it to your `Cargo.toml`
[INFO] [stdout] 
[INFO] [stdout] 
[INFO] [stdout] Some errors have detailed explanations: E0432, E0433.
[INFO] [stdout] 
[INFO] [stdout] For more information about an error, try `rustc --explain E0432`.
[INFO] [stdout] 
[INFO] [stderr] error: could not compile `vize_l1_to_l2` (lib test) due to 9 previous errors
[INFO] running `Command { std: "docker" "inspect" "adad36bf2010dc941a1646924719be4c4de75d6e05558d666e1688166911dbdb", kill_on_drop: false }`
[INFO] running `Command { std: "docker" "rm" "-f" "adad36bf2010dc941a1646924719be4c4de75d6e05558d666e1688166911dbdb", kill_on_drop: false }`
[INFO] [stdout] adad36bf2010dc941a1646924719be4c4de75d6e05558d666e1688166911dbdb
