[INFO] fetching crate vize_l1 0.454.0...
[INFO] testing vize_l1-0.454.0 against 1.99.0-beta.8+cargoflags=--release for beta-release-1.100-2
[INFO] extracting crate vize_l1 0.454.0 into /workspace/builds/worker-0-tc1/source
[INFO] started tweaking crates.io crate vize_l1 0.454.0
[INFO] removed 0 missing tests
[INFO] finished tweaking crates.io crate vize_l1 0.454.0
[INFO] tweaked toml for crates.io crate vize_l1 0.454.0 written to /workspace/builds/worker-0-tc1/source/Cargo.toml
[INFO] validating manifest of crates.io crate vize_l1 0.454.0 on toolchain 1.99.0-beta.8
[INFO] running `Command { std: CARGO_HOME="/workspace/cargo-home" RUSTUP_HOME="/workspace/rustup-home" "/workspace/cargo-home/bin/cargo" "+1.99.0-beta.8" "metadata" "--manifest-path" "Cargo.toml" "--no-deps", kill_on_drop: false }`
[INFO] crate crates.io crate vize_l1 0.454.0 already has a lockfile, it will not be regenerated
[INFO] running `Command { std: CARGO_HOME="/workspace/cargo-home" RUSTUP_HOME="/workspace/rustup-home" "/workspace/cargo-home/bin/cargo" "+1.99.0-beta.8" "fetch" "--manifest-path" "Cargo.toml", kill_on_drop: false }`
[INFO] [stderr]     Updating crates.io index
[INFO] [stderr]  Downloading crates ...
[INFO] [stderr]   Downloaded oxc_syntax v0.142.0
[INFO] [stderr]   Downloaded phf_macros v0.14.0
[INFO] [stderr]   Downloaded oxc_ast_macros v0.142.0
[INFO] [stderr]   Downloaded smawk v0.3.2
[INFO] [stderr]   Downloaded oxc_diagnostics v0.142.0
[INFO] [stderr]   Downloaded vize_l0_derive v0.454.0
[INFO] [stderr]   Downloaded psm v0.1.31
[INFO] [stderr]   Downloaded oxc-miette-derive v3.0.1
[INFO] [stderr]   Downloaded oxc_index v5.0.0
[INFO] [stderr]   Downloaded oxc_str v0.142.0
[INFO] [stderr]   Downloaded oxc_estree v0.142.0
[INFO] [stderr]   Downloaded oxc_span v0.142.0
[INFO] [stderr]   Downloaded vize_oxc_parser v0.454.0
[INFO] [stderr]   Downloaded oxc_data_structures v0.142.0
[INFO] [stderr]   Downloaded oxc_regular_expression v0.142.0
[INFO] [stderr]   Downloaded oxc_ecmascript v0.142.0
[INFO] [stderr]   Downloaded oxc_ast_visit v0.142.0
[INFO] [stderr]   Downloaded htmlize v1.1.0
[INFO] [stderr]   Downloaded compact_str v0.10.0
[INFO] [stderr]   Downloaded oxc-miette v3.0.1
[INFO] [stderr]   Downloaded oxc_allocator v0.142.0
[INFO] [stderr]   Downloaded oxc_ast v0.142.0
[INFO] [stderr]   Downloaded vize_l0 v0.454.0
[INFO] running `Command { std: "docker" "create" "-v" "/var/lib/crater-agent-workspace/builds/worker-0-tc1/source:/opt/rustwide/workdir:ro,Z" "-v" "/var/lib/crater-agent-workspace/builds/worker-0-tc1/target:/opt/rustwide/target:rw,Z" "-v" "/var/lib/crater-agent-workspace/cargo-home:/opt/rustwide/cargo-home:ro,Z" "-v" "/var/lib/crater-agent-workspace/rustup-home:/opt/rustwide/rustup-home:ro,Z" "-m" "1610612736" "--network" "none" "ghcr.io/rust-lang/crates-build-env/linux@sha256:77db811e55d90add9212f6832c23229e3de5f1c1f9905e8cb07319ea15df73ac" "sleep" "infinity", kill_on_drop: false }`
[INFO] [stdout] e77ed888c1202f7a8befb3149e418d680f4dcb5292692342ec794d3ac9aa0c4f
[INFO] running `Command { std: "docker" "start" "e77ed888c1202f7a8befb3149e418d680f4dcb5292692342ec794d3ac9aa0c4f", kill_on_drop: false }`
[INFO] running `Command { std: "docker" "inspect" "e77ed888c1202f7a8befb3149e418d680f4dcb5292692342ec794d3ac9aa0c4f", kill_on_drop: false }`
[INFO] running `Command { std: "docker" "exec" "-e" "SOURCE_DIR=/opt/rustwide/workdir" "-e" "CARGO_HOME=/opt/rustwide/cargo-home" "-e" "RUSTUP_HOME=/opt/rustwide/rustup-home" "-e" "CARGO_TARGET_DIR=/opt/rustwide/target" "-w" "/opt/rustwide/workdir" "--user" "0:0" "e77ed888c1202f7a8befb3149e418d680f4dcb5292692342ec794d3ac9aa0c4f" "/opt/rustwide/cargo-home/bin/cargo" "+1.99.0-beta.8" "metadata" "--no-deps" "--format-version=1", kill_on_drop: false }`
[INFO] running `Command { std: "docker" "inspect" "e77ed888c1202f7a8befb3149e418d680f4dcb5292692342ec794d3ac9aa0c4f", kill_on_drop: false }`
[INFO] running `Command { std: "docker" "exec" "-e" "SOURCE_DIR=/opt/rustwide/workdir" "-e" "CARGO_HOME=/opt/rustwide/cargo-home" "-e" "RUSTUP_HOME=/opt/rustwide/rustup-home" "-e" "CARGO_TARGET_DIR=/opt/rustwide/target" "-e" "CARGO_INCREMENTAL=0" "-e" "RUST_BACKTRACE=full" "-e" "RUSTFLAGS=--cap-lints=warn" "-e" "RUSTDOCFLAGS=--cap-lints=warn" "-w" "/opt/rustwide/workdir" "--user" "0:0" "e77ed888c1202f7a8befb3149e418d680f4dcb5292692342ec794d3ac9aa0c4f" "/opt/rustwide/cargo-home/bin/cargo" "+1.99.0-beta.8" "build" "--frozen" "--message-format=json" "--release", kill_on_drop: false }`
[INFO] [stderr]    Compiling phf_shared v0.14.0
[INFO] [stderr]    Compiling owo-colors v4.3.0
[INFO] [stderr]    Compiling thiserror v2.0.20
[INFO] [stderr]    Compiling memchr v2.8.3
[INFO] [stderr]    Compiling syn v2.0.117
[INFO] [stderr]    Compiling syn v3.0.5
[INFO] [stderr]    Compiling allocator-api2 v0.2.21
[INFO] [stderr]    Compiling unicode-linebreak v0.1.5
[INFO] [stderr]    Compiling smawk v0.3.2
[INFO] [stderr]    Compiling castaway v0.2.4
[INFO] [stderr]    Compiling oxc_data_structures v0.142.0
[INFO] [stderr]    Compiling textwrap v0.16.2
[INFO] [stderr]    Compiling unicode-segmentation v1.13.3
[INFO] [stderr]    Compiling hashbrown v0.17.1
[INFO] [stderr]    Compiling phf v0.14.0
[INFO] [stderr]    Compiling phf_generator v0.14.0
[INFO] [stderr]    Compiling object v0.39.1
[INFO] [stderr]    Compiling oxc_estree v0.142.0
[INFO] [stderr]    Compiling cc v1.2.62
[INFO] [stderr]    Compiling cow-utils v0.1.3
[INFO] [stderr]    Compiling oxc_allocator v0.142.0
[INFO] [stderr]    Compiling dragonbox_ecma v0.1.12
[INFO] [stderr]    Compiling bitflags v2.13.1
[INFO] [stderr]    Compiling nonmax v0.5.5
[INFO] [stderr]    Compiling unicode-id-start v1.4.0
[INFO] [stderr]    Compiling num-traits v0.2.19
[INFO] [stderr]    Compiling phf_shared v0.13.1
[INFO] [stderr]    Compiling serde_json v1.0.149
[INFO] [stderr]    Compiling phf v0.13.1
[INFO] [stderr]    Compiling stacker v0.1.25
[INFO] [stderr]    Compiling smallvec v1.15.2
[INFO] [stderr]    Compiling simdutf8 v0.1.5
[INFO] [stderr]    Compiling seq-macro v0.3.6
[INFO] [stderr]    Compiling xxhash-rust v0.8.18
[INFO] [stderr]    Compiling pastey v0.1.1
[INFO] [stderr]    Compiling num-integer v0.1.46
[INFO] [stderr]    Compiling num-bigint v0.5.1
[INFO] [stderr]    Compiling htmlize v1.1.0
[INFO] [stderr]    Compiling thiserror-impl v2.0.20
[INFO] [stderr]    Compiling oxc_ast_macros v0.142.0
[INFO] [stderr]    Compiling serde_derive v1.0.228
[INFO] [stderr]    Compiling oxc-miette-derive v3.0.1
[INFO] [stderr]    Compiling phf_macros v0.14.0
[INFO] [stderr]    Compiling phf_macros v0.13.1
[INFO] [stderr]    Compiling vize_l0_derive v0.454.0
[INFO] [stderr]    Compiling cssparser-macros v0.7.0
[INFO] [stderr]    Compiling oxc-miette v3.0.1
[INFO] [stderr]    Compiling cssparser v0.37.0
[INFO] [stderr]    Compiling ar_archive_writer v0.5.3
[INFO] [stderr]    Compiling psm v0.1.31
[INFO] [stderr]    Compiling oxc_diagnostics v0.142.0
[INFO] [stderr]    Compiling serde v1.0.228
[INFO] [stderr]    Compiling compact_str v0.10.0
[INFO] [stderr]    Compiling oxc_index v5.0.0
[INFO] [stderr]    Compiling oxc_str v0.142.0
[INFO] [stderr]    Compiling oxc_span v0.142.0
[INFO] [stderr]    Compiling oxc_syntax v0.142.0
[INFO] [stderr]    Compiling oxc_regular_expression v0.142.0
[INFO] [stderr]    Compiling vize_l0 v0.454.0
[INFO] [stderr]    Compiling oxc_ast v0.142.0
[INFO] [stderr]    Compiling oxc_ast_visit v0.142.0
[INFO] [stderr]    Compiling oxc_ecmascript v0.142.0
[INFO] [stderr]    Compiling vize_oxc_parser v0.454.0
[INFO] [stderr]    Compiling vize_l1 v0.454.0 (/opt/rustwide/workdir)
[INFO] [stderr]     Finished `release` profile [optimized] target(s) in 2m 01s
[INFO] running `Command { std: "docker" "inspect" "e77ed888c1202f7a8befb3149e418d680f4dcb5292692342ec794d3ac9aa0c4f", kill_on_drop: false }`
[INFO] running `Command { std: "docker" "exec" "-e" "SOURCE_DIR=/opt/rustwide/workdir" "-e" "CARGO_HOME=/opt/rustwide/cargo-home" "-e" "RUSTUP_HOME=/opt/rustwide/rustup-home" "-e" "CARGO_TARGET_DIR=/opt/rustwide/target" "-e" "CARGO_INCREMENTAL=0" "-e" "RUST_BACKTRACE=full" "-e" "RUSTFLAGS=--cap-lints=warn" "-e" "RUSTDOCFLAGS=--cap-lints=warn" "-w" "/opt/rustwide/workdir" "--user" "0:0" "e77ed888c1202f7a8befb3149e418d680f4dcb5292692342ec794d3ac9aa0c4f" "/opt/rustwide/cargo-home/bin/cargo" "+1.99.0-beta.8" "test" "--frozen" "--no-run" "--message-format=json" "--release", kill_on_drop: false }`
[INFO] [stderr]    Compiling vize_l1 v0.454.0 (/opt/rustwide/workdir)
[INFO] [stdout] error[E0433]: cannot find module or crate `davinci_test_support` in this scope
[INFO] [stdout]    --> tests/default_markup_provider.rs:135:20
[INFO] [stdout]     |
[INFO] [stdout] 135 |     for fixture in davinci_test_support::surface_fixture::WELL_FORMED
[INFO] [stdout]     |                    ^^^^^^^^^^^^^^^^^^^^ use of unresolved module or unlinked crate `davinci_test_support`
[INFO] [stdout]     |
[INFO] [stdout]     = help: if you wanted to use a crate named `davinci_test_support`, use `cargo add davinci_test_support` to add it to your `Cargo.toml`
[INFO] [stdout] 
[INFO] [stdout] 
[INFO] [stdout] error[E0433]: cannot find module or crate `davinci_test_support` in this scope
[INFO] [stdout]    --> tests/default_markup_provider.rs:137:16
[INFO] [stdout]     |
[INFO] [stdout] 137 |         .chain(davinci_test_support::surface_fixture::MALFORMED)
[INFO] [stdout]     |                ^^^^^^^^^^^^^^^^^^^^ use of unresolved module or unlinked crate `davinci_test_support`
[INFO] [stdout]     |
[INFO] [stdout]     = help: if you wanted to use a crate named `davinci_test_support`, use `cargo add davinci_test_support` to add it to your `Cargo.toml`
[INFO] [stdout] 
[INFO] [stdout] 
[INFO] [stdout] For more information about this error, try `rustc --explain E0433`.
[INFO] [stdout] 
[INFO] [stderr] error: could not compile `vize_l1` (test "default_markup_provider") due to 2 previous errors
[INFO] [stderr] warning: build failed, waiting for other jobs to finish...
[INFO] [stdout] error[E0432]: unresolved import `serde_json`
[INFO] [stdout]  --> tests/html_body_void_elements.rs:3:5
[INFO] [stdout]   |
[INFO] [stdout] 3 | use serde_json::{Value, json};
[INFO] [stdout]   |     ^^^^^^^^^^ use of unresolved module or unlinked crate `serde_json`
[INFO] [stdout]   |
[INFO] [stdout]   = help: if you wanted to use a crate named `serde_json`, use `cargo add serde_json` to add it to your `Cargo.toml`
[INFO] [stdout] 
[INFO] [stdout] 
[INFO] [stdout] error[E0433]: cannot find module or crate `serde_json` in this scope
[INFO] [stdout]   --> tests/html_body_void_elements.rs:12:25
[INFO] [stdout]    |
[INFO] [stdout] 12 |     let corpus: Value = serde_json::from_str(CORPUS).unwrap();
[INFO] [stdout]    |                         ^^^^^^^^^^ use of unresolved module or unlinked crate `serde_json`
[INFO] [stdout]    |
[INFO] [stdout]    = help: if you wanted to use a crate named `serde_json`, use `cargo add serde_json` to add it to your `Cargo.toml`
[INFO] [stdout] 
[INFO] [stdout] 
[INFO] [stdout] error: couldn't read `/opt/rustwide/workdir/../../crates/vize_maestro/tests/fixtures/native-linked-history-3471.vue`: No such file or directory (os error 2)
[INFO] [stdout]   --> src/container/vue/descriptor/template/tests.rs:28:18
[INFO] [stdout]    |
[INFO] [stdout] 28 |       let source = include_str!(concat!(
[INFO] [stdout]    |  __________________^
[INFO] [stdout] 29 | |         env!("CARGO_MANIFEST_DIR"),
[INFO] [stdout] 30 | |         "/../../crates/vize_maestro/tests/fixtures/native-linked-history-3471.vue"
[INFO] [stdout] 31 | |     ));
[INFO] [stdout]    | |______^
[INFO] [stdout] 
[INFO] [stdout] 
[INFO] [stdout] Some errors have detailed explanations: E0432, E0433.
[INFO] [stdout] 
[INFO] [stdout] For more information about an error, try `rustc --explain E0432`.
[INFO] [stdout] 
[INFO] [stderr] error: could not compile `vize_l1` (test "html_body_void_elements") due to 2 previous errors
[INFO] [stdout] error: couldn't read `src/embed/syntax/program/../../../../../../tests/fuzz/regressions/l1_program/issue-7805-nested-array.tsx.input`: No such file or directory (os error 2)
[INFO] [stdout]   --> src/embed/syntax/program/stack_tests.rs:15:26
[INFO] [stdout]    |
[INFO] [stdout] 15 |   const REPRODUCER: &str = include_str!(
[INFO] [stdout]    |  __________________________^
[INFO] [stdout] 16 | |     "../../../../../../tests/fuzz/regressions/l1_program/issue-7805-nested-array.tsx.input"
[INFO] [stdout] 17 | | );
[INFO] [stdout]    | |_^
[INFO] [stdout] 
[INFO] [stdout] 
[INFO] [stdout] error[E0432]: unresolved import `serde_json`
[INFO] [stdout]  --> src/markup/native/text/tests/fixtures.rs:2:5
[INFO] [stdout]   |
[INFO] [stdout] 2 | use serde_json::Value;
[INFO] [stdout]   |     ^^^^^^^^^^ use of unresolved module or unlinked crate `serde_json`
[INFO] [stdout]   |
[INFO] [stdout]   = help: if you wanted to use a crate named `serde_json`, use `cargo add serde_json` to add it to your `Cargo.toml`
[INFO] [stdout] 
[INFO] [stdout] 
[INFO] [stdout] error[E0433]: cannot find module or crate `serde_json` in this scope
[INFO] [stdout]    --> src/markup/native/text/tests/fixtures.rs:103:23
[INFO] [stdout]     |
[INFO] [stdout] 103 |                 Some(&serde_json::json!(receipt.content())),
[INFO] [stdout]     |                       ^^^^^^^^^^ use of unresolved module or unlinked crate `serde_json`
[INFO] [stdout] 
[INFO] [stdout] 
[INFO] [stdout] error[E0433]: cannot find module or crate `serde_json` in this scope
[INFO] [stdout]   --> src/markup/native/text/tests/fixtures.rs:95:23
[INFO] [stdout]    |
[INFO] [stdout] 95 |                 Some(&serde_json::json!([
[INFO] [stdout]    |                       ^^^^^^^^^^ use of unresolved module or unlinked crate `serde_json`
[INFO] [stdout] 
[INFO] [stdout] 
[INFO] [stdout] error[E0433]: cannot find module or crate `serde_json` in this scope
[INFO] [stdout]   --> src/markup/native/text/tests/fixtures.rs:57:23
[INFO] [stdout]    |
[INFO] [stdout] 57 |                 Some(&serde_json::json!([span.start, span.end])),
[INFO] [stdout]    |                       ^^^^^^^^^^ use of unresolved module or unlinked crate `serde_json`
[INFO] [stdout] 
[INFO] [stdout] 
[INFO] [stdout] error[E0433]: cannot find module or crate `serde_json` in this scope
[INFO] [stdout]   --> src/markup/document/structure/node/tests.rs:70:13
[INFO] [stdout]    |
[INFO] [stdout] 70 |             serde_json::Value::Array(
[INFO] [stdout]    |             ^^^^^^^^^^ use of unresolved module or unlinked crate `serde_json`
[INFO] [stdout]    |
[INFO] [stdout]    = help: if you wanted to use a crate named `serde_json`, use `cargo add serde_json` to add it to your `Cargo.toml`
[INFO] [stdout] 
[INFO] [stdout] 
[INFO] [stdout] error[E0433]: cannot find module or crate `davinci_test_support` in this scope
[INFO] [stdout]    --> src/markup/lex/compat/facade_tests.rs:204:24
[INFO] [stdout]     |
[INFO] [stdout] 204 |         for fixture in davinci_test_support::surface_fixture::WELL_FORMED
[INFO] [stdout]     |                        ^^^^^^^^^^^^^^^^^^^^ use of unresolved module or unlinked crate `davinci_test_support`
[INFO] [stdout]     |
[INFO] [stdout]     = help: if you wanted to use a crate named `davinci_test_support`, use `cargo add davinci_test_support` to add it to your `Cargo.toml`
[INFO] [stdout] 
[INFO] [stdout] 
[INFO] [stdout] error[E0433]: cannot find module or crate `davinci_test_support` in this scope
[INFO] [stdout]    --> src/markup/lex/compat/facade_tests.rs:206:20
[INFO] [stdout]     |
[INFO] [stdout] 206 |             .chain(davinci_test_support::surface_fixture::MALFORMED)
[INFO] [stdout]     |                    ^^^^^^^^^^^^^^^^^^^^ use of unresolved module or unlinked crate `davinci_test_support`
[INFO] [stdout]     |
[INFO] [stdout]     = help: if you wanted to use a crate named `davinci_test_support`, use `cargo add davinci_test_support` to add it to your `Cargo.toml`
[INFO] [stdout] 
[INFO] [stdout] 
[INFO] [stdout] error[E0433]: cannot find module or crate `davinci_test_support` in this scope
[INFO] [stdout]   --> src/event/tests.rs:54:20
[INFO] [stdout]    |
[INFO] [stdout] 54 |     for fixture in davinci_test_support::surface_fixture::WELL_FORMED
[INFO] [stdout]    |                    ^^^^^^^^^^^^^^^^^^^^ use of unresolved module or unlinked crate `davinci_test_support`
[INFO] [stdout]    |
[INFO] [stdout]    = help: if you wanted to use a crate named `davinci_test_support`, use `cargo add davinci_test_support` to add it to your `Cargo.toml`
[INFO] [stdout] 
[INFO] [stdout] 
[INFO] [stdout] error[E0433]: cannot find module or crate `davinci_test_support` in this scope
[INFO] [stdout]   --> src/event/tests.rs:56:16
[INFO] [stdout]    |
[INFO] [stdout] 56 |         .chain(davinci_test_support::surface_fixture::MALFORMED)
[INFO] [stdout]    |                ^^^^^^^^^^^^^^^^^^^^ use of unresolved module or unlinked crate `davinci_test_support`
[INFO] [stdout]    |
[INFO] [stdout]    = help: if you wanted to use a crate named `davinci_test_support`, use `cargo add davinci_test_support` to add it to your `Cargo.toml`
[INFO] [stdout] 
[INFO] [stdout] 
[INFO] [stdout] warning: unused import: `self`
[INFO] [stdout]  --> src/container/vue/descriptor/vue2/tests.rs:4:37
[INFO] [stdout]   |
[INFO] [stdout] 4 | use crate::dialect::vue2::surface::{self, TextRefusal};
[INFO] [stdout]   |                                     ^^^^
[INFO] [stdout]   |
[INFO] [stdout]   = note: `#[warn(unused_imports)]` (part of `#[warn(unused)]`) on by default
[INFO] [stdout] 
[INFO] [stdout] 
[INFO] [stdout] error[E0433]: cannot find module or crate `serde_json` in this scope
[INFO] [stdout]   --> src/markup/document/structure/attribute/tests.rs:23:37
[INFO] [stdout]    |
[INFO] [stdout] 23 |     let corpus: serde_json::Value = serde_json::from_str(CORPUS).expect("shared original corpus");
[INFO] [stdout]    |                                     ^^^^^^^^^^ use of unresolved module or unlinked crate `serde_json`
[INFO] [stdout]    |
[INFO] [stdout]    = help: if you wanted to use a crate named `serde_json`, use `cargo add serde_json` to add it to your `Cargo.toml`
[INFO] [stdout] 
[INFO] [stdout] 
[INFO] [stdout] error[E0433]: cannot find module or crate `serde_json` in this scope
[INFO] [stdout]   --> src/markup/document/structure/attribute/tests.rs:49:13
[INFO] [stdout]    |
[INFO] [stdout] 49 |             serde_json::to_value(actual).expect("test-only census"),
[INFO] [stdout]    |             ^^^^^^^^^^ use of unresolved module or unlinked crate `serde_json`
[INFO] [stdout]    |
[INFO] [stdout]    = help: if you wanted to use a crate named `serde_json`, use `cargo add serde_json` to add it to your `Cargo.toml`
[INFO] [stdout] 
[INFO] [stdout] 
[INFO] [stdout] error[E0433]: cannot find module or crate `serde_json` in this scope
[INFO] [stdout]   --> src/markup/document/structure/node/tests.rs:32:37
[INFO] [stdout]    |
[INFO] [stdout] 32 |     let corpus: serde_json::Value = serde_json::from_str(CORPUS).expect("whole original sources");
[INFO] [stdout]    |                                     ^^^^^^^^^^ use of unresolved module or unlinked crate `serde_json`
[INFO] [stdout]    |
[INFO] [stdout]    = help: if you wanted to use a crate named `serde_json`, use `cargo add serde_json` to add it to your `Cargo.toml`
[INFO] [stdout] 
[INFO] [stdout] 
[INFO] [stdout] error[E0433]: cannot find module or crate `serde_json` in this scope
[INFO] [stdout]   --> src/markup/document/structure/node/tests.rs:82:20
[INFO] [stdout]    |
[INFO] [stdout] 82 |         assert_eq!(serde_json::to_value(actual).unwrap(), expected, "{name}");
[INFO] [stdout]    |                    ^^^^^^^^^^ use of unresolved module or unlinked crate `serde_json`
[INFO] [stdout]    |
[INFO] [stdout]    = help: if you wanted to use a crate named `serde_json`, use `cargo add serde_json` to add it to your `Cargo.toml`
[INFO] [stdout] 
[INFO] [stdout] 
[INFO] [stdout] error[E0433]: cannot find module or crate `serde_json` in this scope
[INFO] [stdout]  --> src/markup/native/text/tests/fixtures.rs:8:26
[INFO] [stdout]   |
[INFO] [stdout] 8 |     let fixture: Value = serde_json::from_str(include_str!(
[INFO] [stdout]   |                          ^^^^^^^^^^ use of unresolved module or unlinked crate `serde_json`
[INFO] [stdout]   |
[INFO] [stdout]   = help: if you wanted to use a crate named `serde_json`, use `cargo add serde_json` to add it to your `Cargo.toml`
[INFO] [stdout] 
[INFO] [stdout] 
[INFO] [stdout] error[E0433]: cannot find module or crate `serde_json` in this scope
[INFO] [stdout]   --> src/markup/document/structure/attribute/tests.rs:23:17
[INFO] [stdout]    |
[INFO] [stdout] 23 |     let corpus: serde_json::Value = serde_json::from_str(CORPUS).expect("shared original corpus");
[INFO] [stdout]    |                 ^^^^^^^^^^ use of unresolved module or unlinked crate `serde_json`
[INFO] [stdout]    |
[INFO] [stdout]    = help: if you wanted to use a crate named `serde_json`, use `cargo add serde_json` to add it to your `Cargo.toml`
[INFO] [stdout] 
[INFO] [stdout] 
[INFO] [stdout] error[E0433]: cannot find module or crate `serde_json` in this scope
[INFO] [stdout]   --> src/markup/document/structure/node/tests.rs:32:17
[INFO] [stdout]    |
[INFO] [stdout] 32 |     let corpus: serde_json::Value = serde_json::from_str(CORPUS).expect("whole original sources");
[INFO] [stdout]    |                 ^^^^^^^^^^ use of unresolved module or unlinked crate `serde_json`
[INFO] [stdout]    |
[INFO] [stdout]    = help: if you wanted to use a crate named `serde_json`, use `cargo add serde_json` to add it to your `Cargo.toml`
[INFO] [stdout] 
[INFO] [stdout] 
[INFO] [stdout] Some errors have detailed explanations: E0432, E0433.
[INFO] [stdout] 
[INFO] [stdout] For more information about an error, try `rustc --explain E0432`.
[INFO] [stdout] 
[INFO] [stderr] error: could not compile `vize_l1` (lib test) due to 18 previous errors; 1 warning emitted
[INFO] running `Command { std: "docker" "inspect" "e77ed888c1202f7a8befb3149e418d680f4dcb5292692342ec794d3ac9aa0c4f", kill_on_drop: false }`
[INFO] running `Command { std: "docker" "rm" "-f" "e77ed888c1202f7a8befb3149e418d680f4dcb5292692342ec794d3ac9aa0c4f", kill_on_drop: false }`
[INFO] [stdout] e77ed888c1202f7a8befb3149e418d680f4dcb5292692342ec794d3ac9aa0c4f
