[INFO] fetching crate vize_l0 0.454.0...
[INFO] testing vize_l0-0.454.0 against 1.99.0-beta.8+cargoflags=--release for beta-release-1.100-2
[INFO] extracting crate vize_l0 0.454.0 into /workspace/builds/worker-6-tc1/source
[INFO] started tweaking crates.io crate vize_l0 0.454.0
[INFO] removed 0 missing tests
[INFO] finished tweaking crates.io crate vize_l0 0.454.0
[INFO] tweaked toml for crates.io crate vize_l0 0.454.0 written to /workspace/builds/worker-6-tc1/source/Cargo.toml
[INFO] validating manifest of crates.io crate vize_l0 0.454.0 on toolchain 1.99.0-beta.8
[INFO] running `Command { std: CARGO_HOME="/workspace/cargo-home" RUSTUP_HOME="/workspace/rustup-home" "/workspace/cargo-home/bin/cargo" "+1.99.0-beta.8" "metadata" "--manifest-path" "Cargo.toml" "--no-deps", kill_on_drop: false }`
[INFO] crate crates.io crate vize_l0 0.454.0 already has a lockfile, it will not be regenerated
[INFO] running `Command { std: CARGO_HOME="/workspace/cargo-home" RUSTUP_HOME="/workspace/rustup-home" "/workspace/cargo-home/bin/cargo" "+1.99.0-beta.8" "fetch" "--manifest-path" "Cargo.toml", kill_on_drop: false }`
[INFO] [stderr]     Updating crates.io index
[INFO] [stderr]  Downloading crates ...
[INFO] [stderr]   Downloaded vize_l0_derive v0.454.0
[INFO] [stderr]   Downloaded oxc_estree v0.142.0
[INFO] [stderr]   Downloaded oxc_str v0.142.0
[INFO] [stderr]   Downloaded oxc_syntax v0.142.0
[INFO] [stderr]   Downloaded oxc_span v0.142.0
[INFO] [stderr]   Downloaded oxc-miette-derive v3.0.1
[INFO] [stderr]   Downloaded oxc_index v5.0.0
[INFO] [stderr]   Downloaded oxc_ast_macros v0.142.0
[INFO] [stderr]   Downloaded oxc_data_structures v0.142.0
[INFO] [stderr]   Downloaded oxc_allocator v0.142.0
[INFO] [stderr]   Downloaded oxc-miette v3.0.1
[INFO] running `Command { std: "docker" "create" "-v" "/var/lib/crater-agent-workspace/builds/worker-6-tc1/source:/opt/rustwide/workdir:ro,Z" "-v" "/var/lib/crater-agent-workspace/builds/worker-6-tc1/target:/opt/rustwide/target:rw,Z" "-v" "/var/lib/crater-agent-workspace/cargo-home:/opt/rustwide/cargo-home:ro,Z" "-v" "/var/lib/crater-agent-workspace/rustup-home:/opt/rustwide/rustup-home:ro,Z" "-m" "1610612736" "--network" "none" "ghcr.io/rust-lang/crates-build-env/linux@sha256:77db811e55d90add9212f6832c23229e3de5f1c1f9905e8cb07319ea15df73ac" "sleep" "infinity", kill_on_drop: false }`
[INFO] [stdout] a1412e1bce961afe88a3b0f133a340164ea96e84ab7beb32c4657d899246cf37
[INFO] running `Command { std: "docker" "start" "a1412e1bce961afe88a3b0f133a340164ea96e84ab7beb32c4657d899246cf37", kill_on_drop: false }`
[INFO] running `Command { std: "docker" "inspect" "a1412e1bce961afe88a3b0f133a340164ea96e84ab7beb32c4657d899246cf37", kill_on_drop: false }`
[INFO] running `Command { std: "docker" "exec" "-e" "SOURCE_DIR=/opt/rustwide/workdir" "-e" "CARGO_HOME=/opt/rustwide/cargo-home" "-e" "RUSTUP_HOME=/opt/rustwide/rustup-home" "-e" "CARGO_TARGET_DIR=/opt/rustwide/target" "-w" "/opt/rustwide/workdir" "--user" "0:0" "a1412e1bce961afe88a3b0f133a340164ea96e84ab7beb32c4657d899246cf37" "/opt/rustwide/cargo-home/bin/cargo" "+1.99.0-beta.8" "metadata" "--no-deps" "--format-version=1", kill_on_drop: false }`
[INFO] running `Command { std: "docker" "inspect" "a1412e1bce961afe88a3b0f133a340164ea96e84ab7beb32c4657d899246cf37", kill_on_drop: false }`
[INFO] running `Command { std: "docker" "exec" "-e" "SOURCE_DIR=/opt/rustwide/workdir" "-e" "CARGO_HOME=/opt/rustwide/cargo-home" "-e" "RUSTUP_HOME=/opt/rustwide/rustup-home" "-e" "CARGO_TARGET_DIR=/opt/rustwide/target" "-e" "CARGO_INCREMENTAL=0" "-e" "RUST_BACKTRACE=full" "-e" "RUSTFLAGS=--cap-lints=warn" "-e" "RUSTDOCFLAGS=--cap-lints=warn" "-w" "/opt/rustwide/workdir" "--user" "0:0" "a1412e1bce961afe88a3b0f133a340164ea96e84ab7beb32c4657d899246cf37" "/opt/rustwide/cargo-home/bin/cargo" "+1.99.0-beta.8" "build" "--frozen" "--message-format=json" "--release", kill_on_drop: false }`
[INFO] [stderr]    Compiling siphasher v1.0.3
[INFO] [stderr]    Compiling fastrand v2.4.1
[INFO] [stderr]    Compiling serde_derive v1.0.228
[INFO] [stderr]    Compiling syn v3.0.5
[INFO] [stderr]    Compiling owo-colors v4.3.0
[INFO] [stderr]    Compiling object v0.39.1
[INFO] [stderr]    Compiling cc v1.2.62
[INFO] [stderr]    Compiling allocator-api2 v0.2.21
[INFO] [stderr]    Compiling oxc_data_structures v0.142.0
[INFO] [stderr]    Compiling oxc-miette-derive v3.0.1
[INFO] [stderr]    Compiling oxc_estree v0.142.0
[INFO] [stderr]    Compiling phf_shared v0.14.0
[INFO] [stderr]    Compiling serde_json v1.0.149
[INFO] [stderr]    Compiling nonmax v0.5.5
[INFO] [stderr]    Compiling phf_shared v0.13.1
[INFO] [stderr]    Compiling bitflags v2.13.1
[INFO] [stderr]    Compiling cow-utils v0.1.3
[INFO] [stderr]    Compiling unicode-id-start v1.4.0
[INFO] [stderr]    Compiling vize_l0_derive v0.454.0
[INFO] [stderr]    Compiling simdutf8 v0.1.5
[INFO] [stderr]    Compiling xxhash-rust v0.8.18
[INFO] [stderr]    Compiling phf v0.14.0
[INFO] [stderr]    Compiling phf_generator v0.14.0
[INFO] [stderr]    Compiling phf_generator v0.13.1
[INFO] [stderr]    Compiling hashbrown v0.17.1
[INFO] [stderr]    Compiling smallvec v1.15.2
[INFO] [stderr]    Compiling phf_macros v0.14.0
[INFO] [stderr]    Compiling phf_macros v0.13.1
[INFO] [stderr]    Compiling phf v0.13.1
[INFO] [stderr]    Compiling stacker v0.1.25
[INFO] [stderr]    Compiling oxc_allocator v0.142.0
[INFO] [stderr]    Compiling serde v1.0.228
[INFO] [stderr]    Compiling compact_str v0.10.0
[INFO] [stderr]    Compiling oxc_index v5.0.0
[INFO] [stderr]    Compiling thiserror-impl v2.0.20
[INFO] [stderr]    Compiling oxc_ast_macros v0.142.0
[INFO] [stderr]    Compiling oxc_str v0.142.0
[INFO] [stderr]    Compiling ar_archive_writer v0.5.3
[INFO] [stderr]    Compiling psm v0.1.31
[INFO] [stderr]    Compiling thiserror v2.0.20
[INFO] [stderr]    Compiling oxc-miette v3.0.1
[INFO] [stderr]    Compiling oxc_span v0.142.0
[INFO] [stderr]    Compiling oxc_syntax v0.142.0
[INFO] [stderr]    Compiling vize_l0 v0.454.0 (/opt/rustwide/workdir)
[INFO] [stderr]     Finished `release` profile [optimized] target(s) in 30.78s
[INFO] running `Command { std: "docker" "inspect" "a1412e1bce961afe88a3b0f133a340164ea96e84ab7beb32c4657d899246cf37", kill_on_drop: false }`
[INFO] running `Command { std: "docker" "exec" "-e" "SOURCE_DIR=/opt/rustwide/workdir" "-e" "CARGO_HOME=/opt/rustwide/cargo-home" "-e" "RUSTUP_HOME=/opt/rustwide/rustup-home" "-e" "CARGO_TARGET_DIR=/opt/rustwide/target" "-e" "CARGO_INCREMENTAL=0" "-e" "RUST_BACKTRACE=full" "-e" "RUSTFLAGS=--cap-lints=warn" "-e" "RUSTDOCFLAGS=--cap-lints=warn" "-w" "/opt/rustwide/workdir" "--user" "0:0" "a1412e1bce961afe88a3b0f133a340164ea96e84ab7beb32c4657d899246cf37" "/opt/rustwide/cargo-home/bin/cargo" "+1.99.0-beta.8" "test" "--frozen" "--no-run" "--message-format=json" "--release", kill_on_drop: false }`
[INFO] [stderr]    Compiling vize_l0 v0.454.0 (/opt/rustwide/workdir)
[INFO] [stdout] error: couldn't read `tests/fact_alpha/../../../../docs/davinci/plan/fact-alpha-schemas.md`: No such file or directory (os error 2)
[INFO] [stdout]   --> tests/fact_alpha/main.rs:20:26
[INFO] [stdout]    |
[INFO] [stdout] 20 | const SCHEMA_DOC: &str = include_str!("../../../../docs/davinci/plan/fact-alpha-schemas.md");
[INFO] [stdout]    |                          ^^^^^^^^^^^^^^^^^^^^^^^^^^^^^^^^^^^^^^^^^^^^^^^^^^^^^^^^^^^^^^^^^^^
[INFO] [stdout] 
[INFO] [stdout] 
[INFO] [stdout] error[E0432]: unresolved import `davinci_test_support`
[INFO] [stdout]  --> tests/dump_remarks.rs:7:5
[INFO] [stdout]   |
[INFO] [stdout] 7 | use davinci_test_support::schema as schema_check;
[INFO] [stdout]   |     ^^^^^^^^^^^^^^^^^^^^ use of unresolved module or unlinked crate `davinci_test_support`
[INFO] [stdout]   |
[INFO] [stdout]   = help: if you wanted to use a crate named `davinci_test_support`, use `cargo add davinci_test_support` to add it to your `Cargo.toml`
[INFO] [stdout] 
[INFO] [stdout] 
[INFO] [stdout] error[E0433]: cannot find module or crate `davinci_harness` in this scope
[INFO] [stdout]   --> tests/remark_zero_cost.rs:19:5
[INFO] [stdout]    |
[INFO] [stdout] 19 | use davinci_harness::alloc::{CountingAllocator, mark_installed, measure};
[INFO] [stdout]    |     ^^^^^^^^^^^^^^^ use of unresolved module or unlinked crate `davinci_harness`
[INFO] [stdout]    |
[INFO] [stdout]    = help: if you wanted to use a crate named `davinci_harness`, use `cargo add davinci_harness` to add it to your `Cargo.toml`
[INFO] [stdout] 
[INFO] [stdout] 
[INFO] [stdout] error[E0433]: cannot find module or crate `vize_carton` in this scope
[INFO] [stdout]   --> tests/remark_zero_cost.rs:20:5
[INFO] [stdout]    |
[INFO] [stdout] 20 | use vize_carton::timing_observer::TimingObserver;
[INFO] [stdout]    |     ^^^^^^^^^^^ use of unresolved module or unlinked crate `vize_carton`
[INFO] [stdout]    |
[INFO] [stdout]    = help: if you wanted to use a crate named `vize_carton`, use `cargo add vize_carton` to add it to your `Cargo.toml`
[INFO] [stdout] 
[INFO] [stdout] 
[INFO] [stdout] error: couldn't read `tests/../../../tests/fuzz/regressions/js_ts_expression/slow-unit-a117c12decb552d05f038566e9a966039d91acb1`: No such file or directory (os error 2)
[INFO] [stdout]   --> tests/expression_guard_whitespace_8186.rs:12:26
[INFO] [stdout]    |
[INFO] [stdout] 12 |   const ORIGINAL_A: &str = include_str!(
[INFO] [stdout]    |  __________________________^
[INFO] [stdout] 13 | |     "../../../tests/fuzz/regressions/js_ts_expression/slow-unit-a117c12decb552d05f038566e9a966039d91acb1"
[INFO] [stdout] 14 | | );
[INFO] [stdout]    | |_^
[INFO] [stdout] 
[INFO] [stdout] 
[INFO] [stdout] error: couldn't read `tests/../../../tests/fuzz/regressions/js_ts_expression/slow-unit-20ec7d2257bd09bef36390f4003322c72eb32f0a`: No such file or directory (os error 2)
[INFO] [stdout]   --> tests/expression_guard_whitespace_8186.rs:15:26
[INFO] [stdout]    |
[INFO] [stdout] 15 |   const ORIGINAL_B: &str = include_str!(
[INFO] [stdout]    |  __________________________^
[INFO] [stdout] 16 | |     "../../../tests/fuzz/regressions/js_ts_expression/slow-unit-20ec7d2257bd09bef36390f4003322c72eb32f0a"
[INFO] [stdout] 17 | | );
[INFO] [stdout]    | |_^
[INFO] [stdout] 
[INFO] [stdout] 
[INFO] [stdout] error: couldn't read `tests/../../../tests/_fixtures/differential/compat/source-range-intersections-8639/cases.json`: No such file or directory (os error 2)
[INFO] [stdout]   --> tests/source_range_intersections.rs:15:50
[INFO] [stdout]    |
[INFO] [stdout] 15 |       let cases: [Case; 16] = serde_json::from_str(include_str!(
[INFO] [stdout]    |  __________________________________________________^
[INFO] [stdout] 16 | |         "../../../tests/_fixtures/differential/compat/source-range-intersections-8639/cases.json"
[INFO] [stdout] 17 | |     ))
[INFO] [stdout]    | |_____^
[INFO] [stdout] 
[INFO] [stdout] 
[INFO] [stdout] warning: unused import: `FactError`
[INFO] [stdout]   --> tests/fact_demand/main.rs:12:27
[INFO] [stdout]    |
[INFO] [stdout] 12 |     Demand, FactConsumer, FactError, FactGroup, FactManager, FactTable, GroupDesc, StrataError,
[INFO] [stdout]    |                           ^^^^^^^^^
[INFO] [stdout]    |
[INFO] [stdout]    = note: `#[warn(unused_imports)]` (part of `#[warn(unused)]`) on by default
[INFO] [stdout] 
[INFO] [stdout] 
[INFO] [stdout] For more information about this error, try `rustc --explain E0432`.
[INFO] [stdout] 
[INFO] [stderr] error: could not compile `vize_l0` (test "dump_remarks") due to 1 previous error
[INFO] [stderr] warning: build failed, waiting for other jobs to finish...
[INFO] [stderr] error: could not compile `vize_l0` (test "fact_alpha") due to 1 previous error
[INFO] [stdout] For more information about this error, try `rustc --explain E0433`.
[INFO] [stdout] 
[INFO] [stderr] error: could not compile `vize_l0` (test "remark_zero_cost") due to 2 previous errors
[INFO] [stdout] error[E0433]: cannot find module or crate `vize_l1_to_l2` in this scope
[INFO] [stdout]   --> tests/artifact_keys.rs:40:5
[INFO] [stdout]    |
[INFO] [stdout] 40 | use vize_l1_to_l2::key::SurfacePage;
[INFO] [stdout]    |     ^^^^^^^^^^^^^ use of unresolved module or unlinked crate `vize_l1_to_l2`
[INFO] [stdout]    |
[INFO] [stdout]    = help: if you wanted to use a crate named `vize_l1_to_l2`, use `cargo add vize_l1_to_l2` to add it to your `Cargo.toml`
[INFO] [stdout] 
[INFO] [stdout] 
[INFO] [stdout] error[E0433]: cannot find module or crate `vize_l2` in this scope
[INFO] [stdout]   --> tests/artifact_keys.rs:41:5
[INFO] [stdout]    |
[INFO] [stdout] 41 | use vize_l2::dump::Page as L2Page;
[INFO] [stdout]    |     ^^^^^^^ use of unresolved module or unlinked crate `vize_l2`
[INFO] [stdout]    |
[INFO] [stdout] help: there is a crate or module with a similar name
[INFO] [stdout]    |
[INFO] [stdout] 41 - use vize_l2::dump::Page as L2Page;
[INFO] [stdout] 41 + use vize_l0::dump::Page as L2Page;
[INFO] [stdout]    |
[INFO] [stdout] 
[INFO] [stdout] 
[INFO] [stdout] error[E0432]: unresolved import `vize_atelier_sfc`
[INFO] [stdout]   --> tests/artifact_keys.rs:37:5
[INFO] [stdout]    |
[INFO] [stdout] 37 | use vize_atelier_sfc::{SfcParseOptions, parse_sfc};
[INFO] [stdout]    |     ^^^^^^^^^^^^^^^^ use of unresolved module or unlinked crate `vize_atelier_sfc`
[INFO] [stdout]    |
[INFO] [stdout]    = help: if you wanted to use a crate named `vize_atelier_sfc`, use `cargo add vize_atelier_sfc` to add it to your `Cargo.toml`
[INFO] [stdout] 
[INFO] [stdout] 
[INFO] [stdout] error: couldn't read `tests/../../../docs/davinci/plan/key-manifests.md`: No such file or directory (os error 2)
[INFO] [stdout]   --> tests/key_manifests.rs:23:19
[INFO] [stdout]    |
[INFO] [stdout] 23 | const DOC: &str = include_str!("../../../docs/davinci/plan/key-manifests.md");
[INFO] [stdout]    |                   ^^^^^^^^^^^^^^^^^^^^^^^^^^^^^^^^^^^^^^^^^^^^^^^^^^^^^^^^^^^
[INFO] [stdout] 
[INFO] [stdout] 
[INFO] [stdout] error[E0432]: unresolved import `davinci_test_support`
[INFO] [stdout]   --> tests/remark_dump.rs:11:5
[INFO] [stdout]    |
[INFO] [stdout] 11 | use davinci_test_support::schema as schema_check;
[INFO] [stdout]    |     ^^^^^^^^^^^^^^^^^^^^ use of unresolved module or unlinked crate `davinci_test_support`
[INFO] [stdout]    |
[INFO] [stdout]    = help: if you wanted to use a crate named `davinci_test_support`, use `cargo add davinci_test_support` to add it to your `Cargo.toml`
[INFO] [stdout] 
[INFO] [stdout] 
[INFO] [stderr] error: could not compile `vize_l0` (test "expression_guard_whitespace_8186") due to 2 previous errors
[INFO] [stderr] error: could not compile `vize_l0` (test "source_range_intersections") due to 1 previous error
[INFO] [stdout] error[E0433]: cannot find module or crate `vize_l1` in this scope
[INFO] [stdout]   --> tests/artifact_keys.rs:81:26
[INFO] [stdout]    |
[INFO] [stdout] 81 |     let (tree, errors) = vize_l1::parse(&allocator, block);
[INFO] [stdout]    |                          ^^^^^^^ use of unresolved module or unlinked crate `vize_l1`
[INFO] [stdout]    |
[INFO] [stdout] help: there is a crate or module with a similar name
[INFO] [stdout]    |
[INFO] [stdout] 81 -     let (tree, errors) = vize_l1::parse(&allocator, block);
[INFO] [stdout] 81 +     let (tree, errors) = vize_l0::parse(&allocator, block);
[INFO] [stdout]    |
[INFO] [stdout] 
[INFO] [stdout] 
[INFO] [stdout] error[E0433]: cannot find module or crate `vize_l1_to_l2` in this scope
[INFO] [stdout]   --> tests/artifact_keys.rs:86:19
[INFO] [stdout]    |
[INFO] [stdout] 86 |     let lowered = vize_l1_to_l2::lower_source_block(&allocator, &tree, &errors, frame);
[INFO] [stdout]    |                   ^^^^^^^^^^^^^ use of unresolved module or unlinked crate `vize_l1_to_l2`
[INFO] [stdout]    |
[INFO] [stdout]    = help: if you wanted to use a crate named `vize_l1_to_l2`, use `cargo add vize_l1_to_l2` to add it to your `Cargo.toml`
[INFO] [stdout] 
[INFO] [stdout] 
[INFO] [stdout] For more information about this error, try `rustc --explain E0432`.
[INFO] [stdout] 
[INFO] [stderr] error: could not compile `vize_l0` (test "key_manifests") due to 1 previous error
[INFO] [stderr] error: could not compile `vize_l0` (test "remark_dump") due to 1 previous error
[INFO] [stdout] Some errors have detailed explanations: E0432, E0433.
[INFO] [stdout] 
[INFO] [stdout] For more information about an error, try `rustc --explain E0432`.
[INFO] [stdout] 
[INFO] [stderr] error: could not compile `vize_l0` (test "artifact_keys") due to 5 previous errors
[INFO] running `Command { std: "docker" "inspect" "a1412e1bce961afe88a3b0f133a340164ea96e84ab7beb32c4657d899246cf37", kill_on_drop: false }`
[INFO] running `Command { std: "docker" "rm" "-f" "a1412e1bce961afe88a3b0f133a340164ea96e84ab7beb32c4657d899246cf37", kill_on_drop: false }`
[INFO] [stdout] a1412e1bce961afe88a3b0f133a340164ea96e84ab7beb32c4657d899246cf37
