[INFO] fetching crate vize_atelier_core 0.454.0...
[INFO] testing vize_atelier_core-0.454.0 against 1.99.0-beta.8+cargoflags=--release for beta-release-1.100-2
[INFO] extracting crate vize_atelier_core 0.454.0 into /workspace/builds/worker-0-tc1/source
[INFO] started tweaking crates.io crate vize_atelier_core 0.454.0
[INFO] removed 0 missing examples
[INFO] removed 0 missing tests
[INFO] finished tweaking crates.io crate vize_atelier_core 0.454.0
[INFO] tweaked toml for crates.io crate vize_atelier_core 0.454.0 written to /workspace/builds/worker-0-tc1/source/Cargo.toml
[INFO] validating manifest of crates.io crate vize_atelier_core 0.454.0 on toolchain 1.99.0-beta.8
[INFO] running `Command { std: CARGO_HOME="/workspace/cargo-home" RUSTUP_HOME="/workspace/rustup-home" "/workspace/cargo-home/bin/cargo" "+1.99.0-beta.8" "metadata" "--manifest-path" "Cargo.toml" "--no-deps", kill_on_drop: false }`
[INFO] crate crates.io crate vize_atelier_core 0.454.0 already has a lockfile, it will not be regenerated
[INFO] running `Command { std: CARGO_HOME="/workspace/cargo-home" RUSTUP_HOME="/workspace/rustup-home" "/workspace/cargo-home/bin/cargo" "+1.99.0-beta.8" "fetch" "--manifest-path" "Cargo.toml", kill_on_drop: false }`
[INFO] [stderr]     Updating crates.io index
[INFO] [stderr]  Downloading crates ...
[INFO] [stderr]   Downloaded vize_l0_derive v0.454.0
[INFO] [stderr]   Downloaded vize_relief v0.454.0
[INFO] [stderr]   Downloaded oxc_syntax v0.142.0
[INFO] [stderr]   Downloaded oxc_str v0.142.0
[INFO] [stderr]   Downloaded cssparser-macros v0.7.0
[INFO] [stderr]   Downloaded oxc_diagnostics v0.142.0
[INFO] [stderr]   Downloaded oxc_ast_macros v0.142.0
[INFO] [stderr]   Downloaded hmac-sha1-compact v1.1.7
[INFO] [stderr]   Downloaded oxc_compat v0.142.0
[INFO] [stderr]   Downloaded oxc_estree v0.142.0
[INFO] [stderr]   Downloaded oxc_span v0.142.0
[INFO] [stderr]   Downloaded oxc-miette-derive v3.0.1
[INFO] [stderr]   Downloaded oxc_index v5.0.0
[INFO] [stderr]   Downloaded which v8.0.5
[INFO] [stderr]   Downloaded json-escape-simd v3.0.2
[INFO] [stderr]   Downloaded thin-vec v0.2.20
[INFO] [stderr]   Downloaded index_vec v0.1.4
[INFO] [stderr]   Downloaded oxc_sourcemap v8.1.2
[INFO] [stderr]   Downloaded oxc_ecmascript v0.142.0
[INFO] [stderr]   Downloaded oxc_ast_visit v0.142.0
[INFO] [stderr]   Downloaded oxc_regular_expression v0.142.0
[INFO] [stderr]   Downloaded oxc_data_structures v0.142.0
[INFO] [stderr]   Downloaded oxc_codegen v0.142.0
[INFO] [stderr]   Downloaded htmlize v1.1.0
[INFO] [stderr]   Downloaded oxc_semantic v0.142.0
[INFO] [stderr]   Downloaded compact_str v0.10.0
[INFO] [stderr]   Downloaded oxc-miette v3.0.1
[INFO] [stderr]   Downloaded oxc_traverse v0.142.0
[INFO] [stderr]   Downloaded vize_l0 v0.454.0
[INFO] [stderr]   Downloaded vize_l3 v0.454.0
[INFO] [stderr]   Downloaded oxc-browserslist v3.0.12
[INFO] [stderr]   Downloaded oxc_allocator v0.142.0
[INFO] [stderr]   Downloaded vize_carton v0.454.0
[INFO] [stderr]   Downloaded vize_armature v0.454.0
[INFO] [stderr]   Downloaded vize_oxc_parser v0.454.0
[INFO] [stderr]   Downloaded oxc_transformer v0.142.0
[INFO] [stderr]   Downloaded oxc_ast v0.142.0
[INFO] [stderr]   Downloaded vize_l2 v0.454.0
[INFO] [stderr]   Downloaded vize_l1 v0.454.0
[INFO] [stderr]   Downloaded vize_croquis v0.454.0
[INFO] running `Command { std: "docker" "create" "-v" "/var/lib/crater-agent-workspace/builds/worker-0-tc1/source:/opt/rustwide/workdir:ro,Z" "-v" "/var/lib/crater-agent-workspace/builds/worker-0-tc1/target:/opt/rustwide/target:rw,Z" "-v" "/var/lib/crater-agent-workspace/cargo-home:/opt/rustwide/cargo-home:ro,Z" "-v" "/var/lib/crater-agent-workspace/rustup-home:/opt/rustwide/rustup-home:ro,Z" "-m" "1610612736" "--network" "none" "ghcr.io/rust-lang/crates-build-env/linux@sha256:77db811e55d90add9212f6832c23229e3de5f1c1f9905e8cb07319ea15df73ac" "sleep" "infinity", kill_on_drop: false }`
[INFO] [stdout] 01e1579ed1c9cc6e2bb394fdf50de03c122e4191bbb51710ec4b903dfe2a10ba
[INFO] running `Command { std: "docker" "start" "01e1579ed1c9cc6e2bb394fdf50de03c122e4191bbb51710ec4b903dfe2a10ba", kill_on_drop: false }`
[INFO] running `Command { std: "docker" "inspect" "01e1579ed1c9cc6e2bb394fdf50de03c122e4191bbb51710ec4b903dfe2a10ba", kill_on_drop: false }`
[INFO] running `Command { std: "docker" "exec" "-e" "SOURCE_DIR=/opt/rustwide/workdir" "-e" "CARGO_HOME=/opt/rustwide/cargo-home" "-e" "RUSTUP_HOME=/opt/rustwide/rustup-home" "-e" "CARGO_TARGET_DIR=/opt/rustwide/target" "-w" "/opt/rustwide/workdir" "--user" "0:0" "01e1579ed1c9cc6e2bb394fdf50de03c122e4191bbb51710ec4b903dfe2a10ba" "/opt/rustwide/cargo-home/bin/cargo" "+1.99.0-beta.8" "metadata" "--no-deps" "--format-version=1", kill_on_drop: false }`
[INFO] running `Command { std: "docker" "inspect" "01e1579ed1c9cc6e2bb394fdf50de03c122e4191bbb51710ec4b903dfe2a10ba", kill_on_drop: false }`
[INFO] running `Command { std: "docker" "exec" "-e" "SOURCE_DIR=/opt/rustwide/workdir" "-e" "CARGO_HOME=/opt/rustwide/cargo-home" "-e" "RUSTUP_HOME=/opt/rustwide/rustup-home" "-e" "CARGO_TARGET_DIR=/opt/rustwide/target" "-e" "CARGO_INCREMENTAL=0" "-e" "RUST_BACKTRACE=full" "-e" "RUSTFLAGS=--cap-lints=warn" "-e" "RUSTDOCFLAGS=--cap-lints=warn" "-w" "/opt/rustwide/workdir" "--user" "0:0" "01e1579ed1c9cc6e2bb394fdf50de03c122e4191bbb51710ec4b903dfe2a10ba" "/opt/rustwide/cargo-home/bin/cargo" "+1.99.0-beta.8" "build" "--frozen" "--message-format=json" "--release", kill_on_drop: false }`
[INFO] [stderr]    Compiling syn v2.0.117
[INFO] [stderr]    Compiling siphasher v1.0.3
[INFO] [stderr]    Compiling fastrand v2.4.1
[INFO] [stderr]    Compiling syn v3.0.5
[INFO] [stderr]    Compiling owo-colors v4.3.0
[INFO] [stderr]    Compiling allocator-api2 v0.2.21
[INFO] [stderr]    Compiling str_indices v0.4.4
[INFO] [stderr]    Compiling unicode-linebreak v0.1.5
[INFO] [stderr]    Compiling smawk v0.3.2
[INFO] [stderr]    Compiling oxc_estree v0.142.0
[INFO] [stderr]    Compiling dragonbox_ecma v0.1.12
[INFO] [stderr]    Compiling cow-utils v0.1.3
[INFO] [stderr]    Compiling bitflags v2.13.1
[INFO] [stderr]    Compiling unicode-id-start v1.4.0
[INFO] [stderr]    Compiling nonmax v0.5.5
[INFO] [stderr]    Compiling object v0.39.1
[INFO] [stderr]    Compiling phf_shared v0.14.0
[INFO] [stderr]    Compiling cc v1.2.62
[INFO] [stderr]    Compiling num-traits v0.2.19
[INFO] [stderr]    Compiling textwrap v0.16.2
[INFO] [stderr]    Compiling serde_json v1.0.149
[INFO] [stderr]    Compiling phf_shared v0.13.1
[INFO] [stderr]    Compiling phf v0.14.0
[INFO] [stderr]    Compiling phf_generator v0.14.0
[INFO] [stderr]    Compiling simdutf8 v0.1.5
[INFO] [stderr]    Compiling dtoa v1.0.11
[INFO] [stderr]    Compiling pastey v0.1.1
[INFO] [stderr]    Compiling phf_generator v0.13.1
[INFO] [stderr]    Compiling hashbrown v0.17.1
[INFO] [stderr]    Compiling phf v0.13.1
[INFO] [stderr]    Compiling dtoa-short v0.3.5
[INFO] [stderr]    Compiling itertools v0.15.0
[INFO] [stderr]    Compiling self_cell v1.2.2
[INFO] [stderr]    Compiling phf_codegen v0.13.1
[INFO] [stderr]    Compiling which v8.0.5
[INFO] [stderr]    Compiling miniz_oxide v0.9.1
[INFO] [stderr]    Compiling aho-corasick v1.1.4
[INFO] [stderr]    Compiling oxc_sourcemap v8.1.2
[INFO] [stderr]    Compiling vsimd v0.8.0
[INFO] [stderr]    Compiling outref v0.5.2
[INFO] [stderr]    Compiling memoffset v0.9.1
[INFO] [stderr]    Compiling hashbrown v0.14.5
[INFO] [stderr]    Compiling json-escape-simd v3.0.2
[INFO] [stderr]    Compiling num-integer v0.1.46
[INFO] [stderr]    Compiling base64 v0.23.0
[INFO] [stderr]    Compiling thin-vec v0.2.20
[INFO] [stderr]    Compiling stacker v0.1.25
[INFO] [stderr]    Compiling base64-simd v0.8.0
[INFO] [stderr]    Compiling indexmap v2.14.0
[INFO] [stderr]    Compiling hmac-sha1-compact v1.1.7
[INFO] [stderr]    Compiling index_vec v0.1.4
[INFO] [stderr]    Compiling htmlize v1.1.0
[INFO] [stderr]    Compiling num-bigint v0.5.1
[INFO] [stderr]    Compiling regex-automata v0.4.18
[INFO] [stderr]    Compiling thiserror-impl v2.0.20
[INFO] [stderr]    Compiling oxc_ast_macros v0.142.0
[INFO] [stderr]    Compiling thiserror v2.0.20
[INFO] [stderr]    Compiling cobs v0.3.0
[INFO] [stderr]    Compiling serde_derive v1.0.228
[INFO] [stderr]    Compiling oxc-miette-derive v3.0.1
[INFO] [stderr]    Compiling phf_macros v0.14.0
[INFO] [stderr]    Compiling phf_macros v0.13.1
[INFO] [stderr]    Compiling vize_l0_derive v0.454.0
[INFO] [stderr]    Compiling cssparser-macros v0.7.0
[INFO] [stderr]    Compiling ar_archive_writer v0.5.3
[INFO] [stderr]    Compiling regex v1.13.1
[INFO] [stderr]    Compiling oxc-miette v3.0.1
[INFO] [stderr]    Compiling psm v0.1.31
[INFO] [stderr]    Compiling oxc_diagnostics v0.142.0
[INFO] [stderr]    Compiling serde v1.0.228
[INFO] [stderr]    Compiling smallvec v1.15.2
[INFO] [stderr]    Compiling compact_str v0.10.0
[INFO] [stderr]    Compiling oxc_index v5.0.0
[INFO] [stderr]    Compiling postcard v1.1.3
[INFO] [stderr]    Compiling ropey v1.6.1
[INFO] [stderr]    Compiling cssparser v0.37.0
[INFO] [stderr]    Compiling parking_lot_core v0.9.12
[INFO] [stderr]    Compiling oxc-browserslist v3.0.12
[INFO] [stderr]    Compiling dashmap v6.2.1
[INFO] [stderr]    Compiling oxc_data_structures v0.142.0
[INFO] [stderr]    Compiling oxc_allocator v0.142.0
[INFO] [stderr]    Compiling oxc_str v0.142.0
[INFO] [stderr]    Compiling oxc_span v0.142.0
[INFO] [stderr]    Compiling oxc_syntax v0.142.0
[INFO] [stderr]    Compiling oxc_regular_expression v0.142.0
[INFO] [stderr]    Compiling vize_l0 v0.454.0
[INFO] [stderr]    Compiling oxc_compat v0.142.0
[INFO] [stderr]    Compiling oxc_ast v0.142.0
[INFO] [stderr]    Compiling vize_carton v0.454.0
[INFO] [stderr]    Compiling oxc_ast_visit v0.142.0
[INFO] [stderr]    Compiling oxc_ecmascript v0.142.0
[INFO] [stderr]    Compiling vize_oxc_parser v0.454.0
[INFO] [stderr]    Compiling oxc_semantic v0.142.0
[INFO] [stderr]    Compiling vize_relief v0.454.0
[INFO] [stderr]    Compiling oxc_traverse v0.142.0
[INFO] [stderr]    Compiling oxc_codegen v0.142.0
[INFO] [stderr]    Compiling oxc_transformer v0.142.0
[INFO] [stderr]    Compiling vize_l1 v0.454.0
[INFO] [stderr]    Compiling vize_l2 v0.454.0
[INFO] [stderr]    Compiling vize_armature v0.454.0
[INFO] [stderr]    Compiling vize_l3 v0.454.0
[INFO] [stderr]    Compiling vize_croquis v0.454.0
[INFO] [stderr]    Compiling vize_atelier_core v0.454.0 (/opt/rustwide/workdir)
[INFO] [stderr]     Finished `release` profile [optimized] target(s) in 3m 12s
[INFO] running `Command { std: "docker" "inspect" "01e1579ed1c9cc6e2bb394fdf50de03c122e4191bbb51710ec4b903dfe2a10ba", kill_on_drop: false }`
[INFO] running `Command { std: "docker" "exec" "-e" "SOURCE_DIR=/opt/rustwide/workdir" "-e" "CARGO_HOME=/opt/rustwide/cargo-home" "-e" "RUSTUP_HOME=/opt/rustwide/rustup-home" "-e" "CARGO_TARGET_DIR=/opt/rustwide/target" "-e" "CARGO_INCREMENTAL=0" "-e" "RUST_BACKTRACE=full" "-e" "RUSTFLAGS=--cap-lints=warn" "-e" "RUSTDOCFLAGS=--cap-lints=warn" "-w" "/opt/rustwide/workdir" "--user" "0:0" "01e1579ed1c9cc6e2bb394fdf50de03c122e4191bbb51710ec4b903dfe2a10ba" "/opt/rustwide/cargo-home/bin/cargo" "+1.99.0-beta.8" "test" "--frozen" "--no-run" "--message-format=json" "--release", kill_on_drop: false }`
[INFO] [stderr]    Compiling vize_atelier_core v0.454.0 (/opt/rustwide/workdir)
[INFO] [stdout] error[E0433]: cannot find module or crate `vize_l1_to_l2` in this scope
[INFO] [stdout]   --> tests/l2_support/compare.rs:15:5
[INFO] [stdout]    |
[INFO] [stdout] 15 | use vize_l1_to_l2::pass::run_transform;
[INFO] [stdout]    |     ^^^^^^^^^^^^^ use of unresolved module or unlinked crate `vize_l1_to_l2`
[INFO] [stdout]    |
[INFO] [stdout]    = help: if you wanted to use a crate named `vize_l1_to_l2`, use `cargo add vize_l1_to_l2` to add it to your `Cargo.toml`
[INFO] [stdout] 
[INFO] [stdout] 
[INFO] [stdout] error[E0433]: cannot find module or crate `vize_l2` in this scope
[INFO] [stdout]   --> tests/l2_support/compare.rs:16:5
[INFO] [stdout]    |
[INFO] [stdout] 16 | use vize_l2::dump::Page as L2Page;
[INFO] [stdout]    |     ^^^^^^^ use of unresolved module or unlinked crate `vize_l2`
[INFO] [stdout]    |
[INFO] [stdout] help: there is a crate or module with a similar name
[INFO] [stdout]    |
[INFO] [stdout] 16 - use vize_l2::dump::Page as L2Page;
[INFO] [stdout] 16 + use vize_l0::dump::Page as L2Page;
[INFO] [stdout]    |
[INFO] [stdout] 
[INFO] [stdout] 
[INFO] [stdout] error[E0433]: cannot find module or crate `vize_l1_to_l2` in this scope
[INFO] [stdout]   --> tests/l2_support/hoist.rs:53:5
[INFO] [stdout]    |
[INFO] [stdout] 53 | use vize_l1_to_l2::pass::{StaticFacts, StaticLevel};
[INFO] [stdout]    |     ^^^^^^^^^^^^^ use of unresolved module or unlinked crate `vize_l1_to_l2`
[INFO] [stdout]    |
[INFO] [stdout]    = help: if you wanted to use a crate named `vize_l1_to_l2`, use `cargo add vize_l1_to_l2` to add it to your `Cargo.toml`
[INFO] [stdout] 
[INFO] [stdout] 
[INFO] [stdout] error[E0433]: cannot find module or crate `vize_l2` in this scope
[INFO] [stdout]   --> tests/l2_support/hoist.rs:54:5
[INFO] [stdout]    |
[INFO] [stdout] 54 | use vize_l2::dump::Op as DumpOp;
[INFO] [stdout]    |     ^^^^^^^ use of unresolved module or unlinked crate `vize_l2`
[INFO] [stdout]    |
[INFO] [stdout] help: there is a crate or module with a similar name
[INFO] [stdout]    |
[INFO] [stdout] 54 - use vize_l2::dump::Op as DumpOp;
[INFO] [stdout] 54 + use vize_l0::dump::Op as DumpOp;
[INFO] [stdout]    |
[INFO] [stdout] 
[INFO] [stdout] 
[INFO] [stdout] error[E0433]: cannot find module or crate `vize_l1_to_l2` in this scope
[INFO] [stdout]   --> tests/l2_support/hoist_old.rs:20:5
[INFO] [stdout]    |
[INFO] [stdout] 20 | use vize_l1_to_l2::pass::hoist::constant_for_hoist;
[INFO] [stdout]    |     ^^^^^^^^^^^^^ use of unresolved module or unlinked crate `vize_l1_to_l2`
[INFO] [stdout]    |
[INFO] [stdout]    = help: if you wanted to use a crate named `vize_l1_to_l2`, use `cargo add vize_l1_to_l2` to add it to your `Cargo.toml`
[INFO] [stdout] 
[INFO] [stdout] 
[INFO] [stdout] error[E0433]: cannot find module or crate `vize_l2` in this scope
[INFO] [stdout]   --> tests/l2_support/hoist_old.rs:21:5
[INFO] [stdout]    |
[INFO] [stdout] 21 | use vize_l2::expr::ExprRef;
[INFO] [stdout]    |     ^^^^^^^ use of unresolved module or unlinked crate `vize_l2`
[INFO] [stdout]    |
[INFO] [stdout] help: there is a crate or module with a similar name
[INFO] [stdout]    |
[INFO] [stdout] 21 - use vize_l2::expr::ExprRef;
[INFO] [stdout] 21 + use vize_l0::expr::ExprRef;
[INFO] [stdout]    |
[INFO] [stdout] 
[INFO] [stdout] 
[INFO] [stdout] error[E0433]: cannot find module or crate `vize_l1_to_l2` in this scope
[INFO] [stdout]   --> tests/l2_support/hoist_owner.rs:15:5
[INFO] [stdout]    |
[INFO] [stdout] 15 | use vize_l1_to_l2::pass::StaticFacts;
[INFO] [stdout]    |     ^^^^^^^^^^^^^ use of unresolved module or unlinked crate `vize_l1_to_l2`
[INFO] [stdout]    |
[INFO] [stdout]    = help: if you wanted to use a crate named `vize_l1_to_l2`, use `cargo add vize_l1_to_l2` to add it to your `Cargo.toml`
[INFO] [stdout] 
[INFO] [stdout] 
[INFO] [stdout] error[E0433]: cannot find module or crate `vize_l2` in this scope
[INFO] [stdout]   --> tests/l2_support/hoist_owner.rs:16:5
[INFO] [stdout]    |
[INFO] [stdout] 16 | use vize_l2::dump::{
[INFO] [stdout]    |     ^^^^^^^ use of unresolved module or unlinked crate `vize_l2`
[INFO] [stdout]    |
[INFO] [stdout] help: there is a crate or module with a similar name
[INFO] [stdout]    |
[INFO] [stdout] 16 - use vize_l2::dump::{
[INFO] [stdout] 16 + use vize_l0::dump::{
[INFO] [stdout]    |
[INFO] [stdout] 
[INFO] [stdout] 
[INFO] [stdout] error[E0433]: cannot find module or crate `vize_l1_to_l2` in this scope
[INFO] [stdout]   --> tests/l2_support/hoist_walk.rs:16:5
[INFO] [stdout]    |
[INFO] [stdout] 16 | use vize_l1_to_l2::pass::StaticFacts;
[INFO] [stdout]    |     ^^^^^^^^^^^^^ use of unresolved module or unlinked crate `vize_l1_to_l2`
[INFO] [stdout]    |
[INFO] [stdout]    = help: if you wanted to use a crate named `vize_l1_to_l2`, use `cargo add vize_l1_to_l2` to add it to your `Cargo.toml`
[INFO] [stdout] 
[INFO] [stdout] 
[INFO] [stdout] error[E0433]: cannot find module or crate `vize_l2` in this scope
[INFO] [stdout]   --> tests/l2_support/hoist_walk.rs:17:5
[INFO] [stdout]    |
[INFO] [stdout] 17 | use vize_l2::dump::{For, Op as DumpOp, OriginalFor};
[INFO] [stdout]    |     ^^^^^^^ use of unresolved module or unlinked crate `vize_l2`
[INFO] [stdout]    |
[INFO] [stdout] help: there is a crate or module with a similar name
[INFO] [stdout]    |
[INFO] [stdout] 17 - use vize_l2::dump::{For, Op as DumpOp, OriginalFor};
[INFO] [stdout] 17 + use vize_l0::dump::{For, Op as DumpOp, OriginalFor};
[INFO] [stdout]    |
[INFO] [stdout] 
[INFO] [stdout] 
[INFO] [stdout] error[E0433]: cannot find module or crate `vize_l1_to_l2` in this scope
[INFO] [stdout]   --> tests/l2_support/l2_lane.rs:12:5
[INFO] [stdout]    |
[INFO] [stdout] 12 | use vize_l1_to_l2::pass::{BranchKeyKind, IfFacts, ModelFacts, SlotFacts, TextFacts};
[INFO] [stdout]    |     ^^^^^^^^^^^^^ use of unresolved module or unlinked crate `vize_l1_to_l2`
[INFO] [stdout]    |
[INFO] [stdout]    = help: if you wanted to use a crate named `vize_l1_to_l2`, use `cargo add vize_l1_to_l2` to add it to your `Cargo.toml`
[INFO] [stdout] 
[INFO] [stdout] 
[INFO] [stdout] error[E0433]: cannot find module or crate `vize_l2` in this scope
[INFO] [stdout]   --> tests/l2_support/l2_lane.rs:13:5
[INFO] [stdout]    |
[INFO] [stdout] 13 | use vize_l2::dump::{Expr as DumpExpr, Op as DumpOp, Page as L2Page};
[INFO] [stdout]    |     ^^^^^^^ use of unresolved module or unlinked crate `vize_l2`
[INFO] [stdout]    |
[INFO] [stdout] help: there is a crate or module with a similar name
[INFO] [stdout]    |
[INFO] [stdout] 13 - use vize_l2::dump::{Expr as DumpExpr, Op as DumpOp, Page as L2Page};
[INFO] [stdout] 13 + use vize_l0::dump::{Expr as DumpExpr, Op as DumpOp, Page as L2Page};
[INFO] [stdout]    |
[INFO] [stdout] 
[INFO] [stdout] 
[INFO] [stdout] error[E0433]: cannot find module or crate `vize_l1_to_l2` in this scope
[INFO] [stdout]   --> tests/l2_support/slots.rs:43:5
[INFO] [stdout]    |
[INFO] [stdout] 43 | use vize_l1_to_l2::pass::SlotFacts;
[INFO] [stdout]    |     ^^^^^^^^^^^^^ use of unresolved module or unlinked crate `vize_l1_to_l2`
[INFO] [stdout]    |
[INFO] [stdout]    = help: if you wanted to use a crate named `vize_l1_to_l2`, use `cargo add vize_l1_to_l2` to add it to your `Cargo.toml`
[INFO] [stdout] 
[INFO] [stdout] 
[INFO] [stdout] error[E0433]: cannot find module or crate `vize_l1_to_l2` in this scope
[INFO] [stdout]   --> tests/l2_support/slots.rs:44:5
[INFO] [stdout]    |
[INFO] [stdout] 44 | use vize_l1_to_l2::pass::vslot::{SlotName, SlotParams};
[INFO] [stdout]    |     ^^^^^^^^^^^^^ use of unresolved module or unlinked crate `vize_l1_to_l2`
[INFO] [stdout]    |
[INFO] [stdout]    = help: if you wanted to use a crate named `vize_l1_to_l2`, use `cargo add vize_l1_to_l2` to add it to your `Cargo.toml`
[INFO] [stdout] 
[INFO] [stdout] 
[INFO] [stdout] error[E0433]: cannot find module or crate `vize_l2` in this scope
[INFO] [stdout]   --> tests/l2_support/slots.rs:45:5
[INFO] [stdout]    |
[INFO] [stdout] 45 | use vize_l2::dump::{Binding as DumpBinding, Name as DumpName, Op as DumpOp};
[INFO] [stdout]    |     ^^^^^^^ use of unresolved module or unlinked crate `vize_l2`
[INFO] [stdout]    |
[INFO] [stdout] help: there is a crate or module with a similar name
[INFO] [stdout]    |
[INFO] [stdout] 45 - use vize_l2::dump::{Binding as DumpBinding, Name as DumpName, Op as DumpOp};
[INFO] [stdout] 45 + use vize_l0::dump::{Binding as DumpBinding, Name as DumpName, Op as DumpOp};
[INFO] [stdout]    |
[INFO] [stdout] 
[INFO] [stdout] 
[INFO] [stdout] error[E0433]: cannot find module or crate `vize_l2` in this scope
[INFO] [stdout]   --> tests/l2_support/surface_l2.rs:14:5
[INFO] [stdout]    |
[INFO] [stdout] 14 | use vize_l2::dump::{
[INFO] [stdout]    |     ^^^^^^^ use of unresolved module or unlinked crate `vize_l2`
[INFO] [stdout]    |
[INFO] [stdout] help: there is a crate or module with a similar name
[INFO] [stdout]    |
[INFO] [stdout] 14 - use vize_l2::dump::{
[INFO] [stdout] 14 + use vize_l0::dump::{
[INFO] [stdout]    |
[INFO] [stdout] 
[INFO] [stdout] 
[INFO] [stdout] error[E0433]: cannot find module or crate `vize_l2` in this scope
[INFO] [stdout]   --> tests/l2_support/text.rs:49:5
[INFO] [stdout]    |
[INFO] [stdout] 49 | use vize_l2::expr::VueFilterExpr;
[INFO] [stdout]    |     ^^^^^^^ use of unresolved module or unlinked crate `vize_l2`
[INFO] [stdout]    |
[INFO] [stdout] help: there is a crate or module with a similar name
[INFO] [stdout]    |
[INFO] [stdout] 49 - use vize_l2::expr::VueFilterExpr;
[INFO] [stdout] 49 + use vize_l0::expr::VueFilterExpr;
[INFO] [stdout]    |
[INFO] [stdout] 
[INFO] [stdout] 
[INFO] [stdout] error[E0433]: cannot find module or crate `vize_l1_to_l2` in this scope
[INFO] [stdout]    --> tests/davinci_l2_transform.rs:130:9
[INFO] [stdout]     |
[INFO] [stdout] 130 |     use vize_l1_to_l2::pass::vslot;
[INFO] [stdout]     |         ^^^^^^^^^^^^^ use of unresolved module or unlinked crate `vize_l1_to_l2`
[INFO] [stdout]     |
[INFO] [stdout]     = help: if you wanted to use a crate named `vize_l1_to_l2`, use `cargo add vize_l1_to_l2` to add it to your `Cargo.toml`
[INFO] [stdout] 
[INFO] [stdout] 
[INFO] [stdout] error[E0433]: cannot find module or crate `vize_l1_to_l2` in this scope
[INFO] [stdout]    --> tests/davinci_l2_transform.rs:196:9
[INFO] [stdout]     |
[INFO] [stdout] 196 |     use vize_l1_to_l2::pass::vmodel;
[INFO] [stdout]     |         ^^^^^^^^^^^^^ use of unresolved module or unlinked crate `vize_l1_to_l2`
[INFO] [stdout]     |
[INFO] [stdout]     = help: if you wanted to use a crate named `vize_l1_to_l2`, use `cargo add vize_l1_to_l2` to add it to your `Cargo.toml`
[INFO] [stdout] 
[INFO] [stdout] 
[INFO] [stdout] error[E0432]: unresolved import `vize_l1_to_l2`
[INFO] [stdout]   --> tests/l2_support/compare.rs:14:5
[INFO] [stdout]    |
[INFO] [stdout] 14 | use vize_l1_to_l2::LegacyCaps;
[INFO] [stdout]    |     ^^^^^^^^^^^^^ use of unresolved module or unlinked crate `vize_l1_to_l2`
[INFO] [stdout]    |
[INFO] [stdout]    = help: if you wanted to use a crate named `vize_l1_to_l2`, use `cargo add vize_l1_to_l2` to add it to your `Cargo.toml`
[INFO] [stdout] 
[INFO] [stdout] 
[INFO] [stdout] error[E0433]: cannot find module or crate `insta` in this scope
[INFO] [stdout]   --> tests/v_once_prop_keys.rs:34:5
[INFO] [stdout]    |
[INFO] [stdout] 34 |     insta::assert_snapshot!(output.as_str());
[INFO] [stdout]    |     ^^^^^ use of unresolved module or unlinked crate `insta`
[INFO] [stdout] 
[INFO] [stdout] 
[INFO] [stdout] error[E0433]: cannot find module or crate `vize_l1_to_l2` in this scope
[INFO] [stdout]    --> tests/l2_support/compare.rs:268:43
[INFO] [stdout]     |
[INFO] [stdout] 268 |         && diagnostic.message.as_str() != vize_l1_to_l2::pass::vif::SAME_KEY_MESSAGE
[INFO] [stdout]     |                                           ^^^^^^^^^^^^^ use of unresolved module or unlinked crate `vize_l1_to_l2`
[INFO] [stdout]     |
[INFO] [stdout]     = help: if you wanted to use a crate named `vize_l1_to_l2`, use `cargo add vize_l1_to_l2` to add it to your `Cargo.toml`
[INFO] [stdout] 
[INFO] [stdout] 
[INFO] [stdout] error[E0433]: cannot find module or crate `vize_l2` in this scope
[INFO] [stdout]    --> tests/l2_support/slots.rs:152:29
[INFO] [stdout]     |
[INFO] [stdout] 152 |                     origin: vize_l2::scope::ScopeOrigin::Synthesized { .. },
[INFO] [stdout]     |                             ^^^^^^^ use of unresolved module or unlinked crate `vize_l2`
[INFO] [stdout]     |
[INFO] [stdout] help: there is a crate or module with a similar name
[INFO] [stdout]     |
[INFO] [stdout] 152 -                     origin: vize_l2::scope::ScopeOrigin::Synthesized { .. },
[INFO] [stdout] 152 +                     origin: vize_l0::scope::ScopeOrigin::Synthesized { .. },
[INFO] [stdout]     |
[INFO] [stdout] 
[INFO] [stdout] 
[INFO] [stdout] error[E0433]: cannot find module or crate `vize_l2` in this scope
[INFO] [stdout]    --> tests/l2_support/slots.rs:175:21
[INFO] [stdout]     |
[INFO] [stdout] 175 |                     vize_l2::dump::Expr::Js { source, .. }
[INFO] [stdout]     |                     ^^^^^^^ use of unresolved module or unlinked crate `vize_l2`
[INFO] [stdout]     |
[INFO] [stdout] help: there is a crate or module with a similar name
[INFO] [stdout]     |
[INFO] [stdout] 175 -                     vize_l2::dump::Expr::Js { source, .. }
[INFO] [stdout] 175 +                     vize_l0::dump::Expr::Js { source, .. }
[INFO] [stdout]     |
[INFO] [stdout] 
[INFO] [stdout] 
[INFO] [stdout] error[E0433]: cannot find module or crate `vize_l2` in this scope
[INFO] [stdout]    --> tests/l2_support/slots.rs:176:23
[INFO] [stdout]     |
[INFO] [stdout] 176 |                     | vize_l2::dump::Expr::Foreign { source, .. }
[INFO] [stdout]     |                       ^^^^^^^ use of unresolved module or unlinked crate `vize_l2`
[INFO] [stdout]     |
[INFO] [stdout] help: there is a crate or module with a similar name
[INFO] [stdout]     |
[INFO] [stdout] 176 -                     | vize_l2::dump::Expr::Foreign { source, .. }
[INFO] [stdout] 176 +                     | vize_l0::dump::Expr::Foreign { source, .. }
[INFO] [stdout]     |
[INFO] [stdout] 
[INFO] [stdout] 
[INFO] [stdout] error[E0433]: cannot find module or crate `vize_l2` in this scope
[INFO] [stdout]    --> tests/l2_support/slots.rs:177:23
[INFO] [stdout]     |
[INFO] [stdout] 177 |                     | vize_l2::dump::Expr::Opaque { source, .. }
[INFO] [stdout]     |                       ^^^^^^^ use of unresolved module or unlinked crate `vize_l2`
[INFO] [stdout]     |
[INFO] [stdout] help: there is a crate or module with a similar name
[INFO] [stdout]     |
[INFO] [stdout] 177 -                     | vize_l2::dump::Expr::Opaque { source, .. }
[INFO] [stdout] 177 +                     | vize_l0::dump::Expr::Opaque { source, .. }
[INFO] [stdout]     |
[INFO] [stdout] 
[INFO] [stdout] 
[INFO] [stdout] error[E0433]: cannot find module or crate `vize_l2` in this scope
[INFO] [stdout]    --> tests/l2_support/slots.rs:178:23
[INFO] [stdout]     |
[INFO] [stdout] 178 |                     | vize_l2::dump::Expr::Filter { source, .. } => source,
[INFO] [stdout]     |                       ^^^^^^^ use of unresolved module or unlinked crate `vize_l2`
[INFO] [stdout]     |
[INFO] [stdout] help: there is a crate or module with a similar name
[INFO] [stdout]     |
[INFO] [stdout] 178 -                     | vize_l2::dump::Expr::Filter { source, .. } => source,
[INFO] [stdout] 178 +                     | vize_l0::dump::Expr::Filter { source, .. } => source,
[INFO] [stdout]     |
[INFO] [stdout] 
[INFO] [stdout] 
[INFO] [stdout] error[E0433]: cannot find module or crate `vize_l1_to_l2` in this scope
[INFO] [stdout]    --> tests/davinci_l2_transform.rs:119:9
[INFO] [stdout]     |
[INFO] [stdout] 119 |         vize_l1_to_l2::pass::vif::SAME_KEY_MESSAGE,
[INFO] [stdout]     |         ^^^^^^^^^^^^^ use of unresolved module or unlinked crate `vize_l1_to_l2`
[INFO] [stdout]     |
[INFO] [stdout]     = help: if you wanted to use a crate named `vize_l1_to_l2`, use `cargo add vize_l1_to_l2` to add it to your `Cargo.toml`
[INFO] [stdout] 
[INFO] [stdout] 
[INFO] [stdout] For more information about this error, try `rustc --explain E0433`.
[INFO] [stdout] 
[INFO] [stderr] error: could not compile `vize_atelier_core` (test "v_once_prop_keys") due to 1 previous error
[INFO] [stderr] warning: build failed, waiting for other jobs to finish...
[INFO] [stdout] error[E0433]: cannot find module or crate `vize_l1_to_l2` in this scope
[INFO] [stdout]    --> tests/davinci_l2_transform.rs:178:18
[INFO] [stdout]     |
[INFO] [stdout] 178 |     let _facts = vize_l1_to_l2::pass::run_transform(&mut lowered, &mut vize_l0::pass::NoObserver);
[INFO] [stdout]     |                  ^^^^^^^^^^^^^ use of unresolved module or unlinked crate `vize_l1_to_l2`
[INFO] [stdout]     |
[INFO] [stdout]     = help: if you wanted to use a crate named `vize_l1_to_l2`, use `cargo add vize_l1_to_l2` to add it to your `Cargo.toml`
[INFO] [stdout] 
[INFO] [stdout] 
[INFO] [stdout] error[E0433]: cannot find module or crate `vize_l1_to_l2` in this scope
[INFO] [stdout]    --> tests/davinci_l2_transform.rs:184:20
[INFO] [stdout]     |
[INFO] [stdout] 184 |                 == vize_l1_to_l2::pass::vslot::DUPLICATE_MESSAGE),
[INFO] [stdout]     |                    ^^^^^^^^^^^^^ use of unresolved module or unlinked crate `vize_l1_to_l2`
[INFO] [stdout]     |
[INFO] [stdout]     = help: if you wanted to use a crate named `vize_l1_to_l2`, use `cargo add vize_l1_to_l2` to add it to your `Cargo.toml`
[INFO] [stdout] 
[INFO] [stdout] 
[INFO] [stdout] error[E0433]: cannot find module or crate `vize_l1_to_l2` in this scope
[INFO] [stdout]    --> tests/davinci_l2_transform.rs:233:18
[INFO] [stdout]     |
[INFO] [stdout] 233 |     let _facts = vize_l1_to_l2::pass::run_transform(&mut lowered, &mut vize_l0::pass::NoObserver);
[INFO] [stdout]     |                  ^^^^^^^^^^^^^ use of unresolved module or unlinked crate `vize_l1_to_l2`
[INFO] [stdout]     |
[INFO] [stdout]     = help: if you wanted to use a crate named `vize_l1_to_l2`, use `cargo add vize_l1_to_l2` to add it to your `Cargo.toml`
[INFO] [stdout] 
[INFO] [stdout] 
[INFO] [stdout] error[E0433]: cannot find module or crate `vize_l1_to_l2` in this scope
[INFO] [stdout]    --> tests/davinci_l2_transform.rs:239:20
[INFO] [stdout]     |
[INFO] [stdout] 239 |                 == vize_l1_to_l2::pass::vmodel::ON_SCOPE_MESSAGE),
[INFO] [stdout]     |                    ^^^^^^^^^^^^^ use of unresolved module or unlinked crate `vize_l1_to_l2`
[INFO] [stdout]     |
[INFO] [stdout]     = help: if you wanted to use a crate named `vize_l1_to_l2`, use `cargo add vize_l1_to_l2` to add it to your `Cargo.toml`
[INFO] [stdout] 
[INFO] [stdout] 
[INFO] [stdout] error[E0433]: cannot find module or crate `vize_l1_to_l2` in this scope
[INFO] [stdout]    --> tests/davinci_l2_transform.rs:274:18
[INFO] [stdout]     |
[INFO] [stdout] 274 |     let _facts = vize_l1_to_l2::pass::run_transform(&mut lowered, &mut vize_l0::pass::NoObserver);
[INFO] [stdout]     |                  ^^^^^^^^^^^^^ use of unresolved module or unlinked crate `vize_l1_to_l2`
[INFO] [stdout]     |
[INFO] [stdout]     = help: if you wanted to use a crate named `vize_l1_to_l2`, use `cargo add vize_l1_to_l2` to add it to your `Cargo.toml`
[INFO] [stdout] 
[INFO] [stdout] 
[INFO] [stdout] error[E0433]: cannot find module or crate `vize_l1_to_l2` in this scope
[INFO] [stdout]    --> tests/davinci_l2_transform.rs:280:20
[INFO] [stdout]     |
[INFO] [stdout] 280 |                 == vize_l1_to_l2::pass::vif::SAME_KEY_MESSAGE),
[INFO] [stdout]     |                    ^^^^^^^^^^^^^ use of unresolved module or unlinked crate `vize_l1_to_l2`
[INFO] [stdout]     |
[INFO] [stdout]     = help: if you wanted to use a crate named `vize_l1_to_l2`, use `cargo add vize_l1_to_l2` to add it to your `Cargo.toml`
[INFO] [stdout] 
[INFO] [stdout] 
[INFO] [stdout] error[E0433]: cannot find module or crate `vize_l1` in this scope
[INFO] [stdout]    --> tests/l2_support/compare.rs:131:34
[INFO] [stdout]     |
[INFO] [stdout] 131 |     let (tree, surface_errors) = vize_l1::parse(&l2_allocator, source);
[INFO] [stdout]     |                                  ^^^^^^^ use of unresolved module or unlinked crate `vize_l1`
[INFO] [stdout]     |
[INFO] [stdout] help: there is a crate or module with a similar name
[INFO] [stdout]     |
[INFO] [stdout] 131 -     let (tree, surface_errors) = vize_l1::parse(&l2_allocator, source);
[INFO] [stdout] 131 +     let (tree, surface_errors) = vize_l0::parse(&l2_allocator, source);
[INFO] [stdout]     |
[INFO] [stdout] 
[INFO] [stdout] 
[INFO] [stdout] error[E0433]: cannot find module or crate `vize_l1_to_l2` in this scope
[INFO] [stdout]    --> tests/l2_support/compare.rs:132:23
[INFO] [stdout]     |
[INFO] [stdout] 132 |     let mut lowered = vize_l1_to_l2::lower_with_caps(
[INFO] [stdout]     |                       ^^^^^^^^^^^^^ use of unresolved module or unlinked crate `vize_l1_to_l2`
[INFO] [stdout]     |
[INFO] [stdout]     = help: if you wanted to use a crate named `vize_l1_to_l2`, use `cargo add vize_l1_to_l2` to add it to your `Cargo.toml`
[INFO] [stdout] 
[INFO] [stdout] 
[INFO] [stdout] error: couldn't read `/opt/rustwide/workdir/../../tests/_fixtures/differential/compiler/slot-default-setup-bindings-8142/controls.json`: No such file or directory (os error 2)
[INFO] [stdout]   --> src/codegen/slots/params/setup_bindings_tests.rs:8:48
[INFO] [stdout]    |
[INFO] [stdout]  8 |       let controls: Value = serde_json::from_str(include_str!(concat!(
[INFO] [stdout]    |  ________________________________________________^
[INFO] [stdout]  9 | |         env!("CARGO_MANIFEST_DIR"),
[INFO] [stdout] 10 | |         "/../../tests/_fixtures/differential/compiler/slot-default-setup-bindings-8142/controls.json"
[INFO] [stdout] 11 | |     )))
[INFO] [stdout]    | |______^
[INFO] [stdout] 
[INFO] [stdout] 
[INFO] [stdout] error: couldn't read `src/lane/element/directive_expressions/../../../../../../tests/_fixtures/differential/compiler/setup-dynamic-args-7881/App.vue.txt`: No such file or directory (os error 2)
[INFO] [stdout]   --> src/lane/element/directive_expressions/tests.rs:17:23
[INFO] [stdout]    |
[INFO] [stdout] 17 |       const APP: &str = include_str!(
[INFO] [stdout]    |  _______________________^
[INFO] [stdout] 18 | |         "../../../../../../tests/_fixtures/differential/compiler/setup-dynamic-args-7881/App.vue.txt"
[INFO] [stdout] 19 | |     );
[INFO] [stdout]    | |_____^
[INFO] [stdout] 
[INFO] [stdout] 
[INFO] [stdout] error[E0433]: cannot find module or crate `insta` in this scope
[INFO] [stdout]    --> src/codegen/expression/generate.rs:179:9
[INFO] [stdout]     |
[INFO] [stdout] 179 |         insta::assert_snapshot!(result.as_str());
[INFO] [stdout]     |         ^^^^^ use of unresolved module or unlinked crate `insta`
[INFO] [stdout] 
[INFO] [stdout] 
[INFO] [stdout] error[E0433]: cannot find module or crate `insta` in this scope
[INFO] [stdout]    --> src/codegen/expression/generate.rs:200:9
[INFO] [stdout]     |
[INFO] [stdout] 200 |         insta::assert_snapshot!(result.as_str());
[INFO] [stdout]     |         ^^^^^ use of unresolved module or unlinked crate `insta`
[INFO] [stdout] 
[INFO] [stdout] 
[INFO] [stdout] error[E0433]: cannot find module or crate `insta` in this scope
[INFO] [stdout]    --> src/codegen/expression/generate.rs:221:9
[INFO] [stdout]     |
[INFO] [stdout] 221 |         insta::assert_snapshot!(result.as_str());
[INFO] [stdout]     |         ^^^^^ use of unresolved module or unlinked crate `insta`
[INFO] [stdout] 
[INFO] [stdout] 
[INFO] [stdout] error[E0433]: cannot find module or crate `insta` in this scope
[INFO] [stdout]    --> src/codegen/expression/generate.rs:246:9
[INFO] [stdout]     |
[INFO] [stdout] 246 |         insta::assert_snapshot!(result.as_str());
[INFO] [stdout]     |         ^^^^^ use of unresolved module or unlinked crate `insta`
[INFO] [stdout] 
[INFO] [stdout] 
[INFO] [stdout] error[E0433]: cannot find module or crate `insta` in this scope
[INFO] [stdout]    --> src/codegen/expression/generate.rs:255:9
[INFO] [stdout]     |
[INFO] [stdout] 255 |         insta::assert_snapshot!(output.as_str());
[INFO] [stdout]     |         ^^^^^ use of unresolved module or unlinked crate `insta`
[INFO] [stdout] 
[INFO] [stdout] 
[INFO] [stdout] error[E0433]: cannot find module or crate `insta` in this scope
[INFO] [stdout]   --> src/codegen/tests.rs:18:9
[INFO] [stdout]    |
[INFO] [stdout] 18 |         insta::assert_snapshot!(output.as_str());
[INFO] [stdout]    |         ^^^^^ use of unresolved module or unlinked crate `insta`
[INFO] [stdout] ...
[INFO] [stdout] 25 |     assert_codegen_snapshot!(result);
[INFO] [stdout]    |     -------------------------------- in this macro invocation
[INFO] [stdout]    |
[INFO] [stdout]    = note: this error originates in the macro `assert_codegen_snapshot` (in Nightly builds, run with -Z macro-backtrace for more info)
[INFO] [stdout] 
[INFO] [stdout] 
[INFO] [stdout] error[E0433]: cannot find module or crate `insta` in this scope
[INFO] [stdout]   --> src/codegen/tests.rs:18:9
[INFO] [stdout]    |
[INFO] [stdout] 18 |         insta::assert_snapshot!(output.as_str());
[INFO] [stdout]    |         ^^^^^ use of unresolved module or unlinked crate `insta`
[INFO] [stdout] ...
[INFO] [stdout] 32 |     assert_codegen_snapshot!(result);
[INFO] [stdout]    |     -------------------------------- in this macro invocation
[INFO] [stdout]    |
[INFO] [stdout]    = note: this error originates in the macro `assert_codegen_snapshot` (in Nightly builds, run with -Z macro-backtrace for more info)
[INFO] [stdout] 
[INFO] [stdout] 
[INFO] [stdout] error[E0433]: cannot find module or crate `insta` in this scope
[INFO] [stdout]   --> src/codegen/tests.rs:18:9
[INFO] [stdout]    |
[INFO] [stdout] 18 |         insta::assert_snapshot!(output.as_str());
[INFO] [stdout]    |         ^^^^^ use of unresolved module or unlinked crate `insta`
[INFO] [stdout] ...
[INFO] [stdout] 38 |     assert_codegen_snapshot!(result);
[INFO] [stdout]    |     -------------------------------- in this macro invocation
[INFO] [stdout]    |
[INFO] [stdout]    = note: this error originates in the macro `assert_codegen_snapshot` (in Nightly builds, run with -Z macro-backtrace for more info)
[INFO] [stdout] 
[INFO] [stdout] 
[INFO] [stdout] error[E0433]: cannot find module or crate `insta` in this scope
[INFO] [stdout]   --> src/codegen/tests.rs:18:9
[INFO] [stdout]    |
[INFO] [stdout] 18 |         insta::assert_snapshot!(output.as_str());
[INFO] [stdout]    |         ^^^^^ use of unresolved module or unlinked crate `insta`
[INFO] [stdout] ...
[INFO] [stdout] 44 |     assert_codegen_snapshot!(result);
[INFO] [stdout]    |     -------------------------------- in this macro invocation
[INFO] [stdout]    |
[INFO] [stdout]    = note: this error originates in the macro `assert_codegen_snapshot` (in Nightly builds, run with -Z macro-backtrace for more info)
[INFO] [stdout] 
[INFO] [stdout] 
[INFO] [stdout] error[E0433]: cannot find module or crate `insta` in this scope
[INFO] [stdout]    --> src/codegen/tests.rs:18:9
[INFO] [stdout]     |
[INFO] [stdout]  18 |         insta::assert_snapshot!(output.as_str());
[INFO] [stdout]     |         ^^^^^ use of unresolved module or unlinked crate `insta`
[INFO] [stdout] ...
[INFO] [stdout] 143 |     assert_codegen_snapshot!(result);
[INFO] [stdout]     |     -------------------------------- in this macro invocation
[INFO] [stdout]     |
[INFO] [stdout]     = note: this error originates in the macro `assert_codegen_snapshot` (in Nightly builds, run with -Z macro-backtrace for more info)
[INFO] [stdout] 
[INFO] [stdout] 
[INFO] [stdout] error[E0433]: cannot find module or crate `insta` in this scope
[INFO] [stdout]    --> src/codegen/tests.rs:18:9
[INFO] [stdout]     |
[INFO] [stdout]  18 |         insta::assert_snapshot!(output.as_str());
[INFO] [stdout]     |         ^^^^^ use of unresolved module or unlinked crate `insta`
[INFO] [stdout] ...
[INFO] [stdout] 150 |     assert_codegen_snapshot!(result);
[INFO] [stdout]     |     -------------------------------- in this macro invocation
[INFO] [stdout]     |
[INFO] [stdout]     = note: this error originates in the macro `assert_codegen_snapshot` (in Nightly builds, run with -Z macro-backtrace for more info)
[INFO] [stdout] 
[INFO] [stdout] 
[INFO] [stdout] error[E0433]: cannot find module or crate `insta` in this scope
[INFO] [stdout]    --> src/codegen/tests.rs:18:9
[INFO] [stdout]     |
[INFO] [stdout]  18 |         insta::assert_snapshot!(output.as_str());
[INFO] [stdout]     |         ^^^^^ use of unresolved module or unlinked crate `insta`
[INFO] [stdout] ...
[INFO] [stdout] 171 |     assert_codegen_snapshot!(result);
[INFO] [stdout]     |     -------------------------------- in this macro invocation
[INFO] [stdout]     |
[INFO] [stdout]     = note: this error originates in the macro `assert_codegen_snapshot` (in Nightly builds, run with -Z macro-backtrace for more info)
[INFO] [stdout] 
[INFO] [stdout] 
[INFO] [stdout] error[E0433]: cannot find module or crate `insta` in this scope
[INFO] [stdout]    --> src/codegen/tests.rs:18:9
[INFO] [stdout]     |
[INFO] [stdout]  18 |         insta::assert_snapshot!(output.as_str());
[INFO] [stdout]     |         ^^^^^ use of unresolved module or unlinked crate `insta`
[INFO] [stdout] ...
[INFO] [stdout] 179 |     assert_codegen_snapshot!(result);
[INFO] [stdout]     |     -------------------------------- in this macro invocation
[INFO] [stdout]     |
[INFO] [stdout]     = note: this error originates in the macro `assert_codegen_snapshot` (in Nightly builds, run with -Z macro-backtrace for more info)
[INFO] [stdout] 
[INFO] [stdout] 
[INFO] [stdout] error[E0433]: cannot find module or crate `insta` in this scope
[INFO] [stdout]    --> src/codegen/tests.rs:18:9
[INFO] [stdout]     |
[INFO] [stdout]  18 |         insta::assert_snapshot!(output.as_str());
[INFO] [stdout]     |         ^^^^^ use of unresolved module or unlinked crate `insta`
[INFO] [stdout] ...
[INFO] [stdout] 297 |     assert_codegen_snapshot!(result);
[INFO] [stdout]     |     -------------------------------- in this macro invocation
[INFO] [stdout]     |
[INFO] [stdout]     = note: this error originates in the macro `assert_codegen_snapshot` (in Nightly builds, run with -Z macro-backtrace for more info)
[INFO] [stdout] 
[INFO] [stdout] 
[INFO] [stdout] error[E0433]: cannot find module or crate `insta` in this scope
[INFO] [stdout]    --> src/codegen/tests.rs:18:9
[INFO] [stdout]     |
[INFO] [stdout]  18 |         insta::assert_snapshot!(output.as_str());
[INFO] [stdout]     |         ^^^^^ use of unresolved module or unlinked crate `insta`
[INFO] [stdout] ...
[INFO] [stdout] 306 |     assert_codegen_snapshot!(result);
[INFO] [stdout]     |     -------------------------------- in this macro invocation
[INFO] [stdout]     |
[INFO] [stdout]     = note: this error originates in the macro `assert_codegen_snapshot` (in Nightly builds, run with -Z macro-backtrace for more info)
[INFO] [stdout] 
[INFO] [stdout] 
[INFO] [stdout] error[E0433]: cannot find module or crate `insta` in this scope
[INFO] [stdout]    --> src/codegen/tests.rs:317:5
[INFO] [stdout]     |
[INFO] [stdout] 317 |     insta::assert_snapshot!(result.preamble.as_str());
[INFO] [stdout]     |     ^^^^^ use of unresolved module or unlinked crate `insta`
[INFO] [stdout] 
[INFO] [stdout] 
[INFO] [stdout] error[E0433]: cannot find module or crate `insta` in this scope
[INFO] [stdout]    --> src/codegen/tests.rs:18:9
[INFO] [stdout]     |
[INFO] [stdout]  18 |         insta::assert_snapshot!(output.as_str());
[INFO] [stdout]     |         ^^^^^ use of unresolved module or unlinked crate `insta`
[INFO] [stdout] ...
[INFO] [stdout] 323 |     assert_codegen_snapshot!(result);
[INFO] [stdout]     |     -------------------------------- in this macro invocation
[INFO] [stdout]     |
[INFO] [stdout]     = note: this error originates in the macro `assert_codegen_snapshot` (in Nightly builds, run with -Z macro-backtrace for more info)
[INFO] [stdout] 
[INFO] [stdout] 
[INFO] [stdout] error[E0433]: cannot find module or crate `insta` in this scope
[INFO] [stdout]    --> src/codegen/tests.rs:18:9
[INFO] [stdout]     |
[INFO] [stdout]  18 |         insta::assert_snapshot!(output.as_str());
[INFO] [stdout]     |         ^^^^^ use of unresolved module or unlinked crate `insta`
[INFO] [stdout] ...
[INFO] [stdout] 329 |     assert_codegen_snapshot!(result);
[INFO] [stdout]     |     -------------------------------- in this macro invocation
[INFO] [stdout]     |
[INFO] [stdout]     = note: this error originates in the macro `assert_codegen_snapshot` (in Nightly builds, run with -Z macro-backtrace for more info)
[INFO] [stdout] 
[INFO] [stdout] 
[INFO] [stdout] error[E0433]: cannot find module or crate `insta` in this scope
[INFO] [stdout]    --> src/codegen/tests.rs:18:9
[INFO] [stdout]     |
[INFO] [stdout]  18 |         insta::assert_snapshot!(output.as_str());
[INFO] [stdout]     |         ^^^^^ use of unresolved module or unlinked crate `insta`
[INFO] [stdout] ...
[INFO] [stdout] 335 |     assert_codegen_snapshot!(result);
[INFO] [stdout]     |     -------------------------------- in this macro invocation
[INFO] [stdout]     |
[INFO] [stdout]     = note: this error originates in the macro `assert_codegen_snapshot` (in Nightly builds, run with -Z macro-backtrace for more info)
[INFO] [stdout] 
[INFO] [stdout] 
[INFO] [stdout] error[E0433]: cannot find module or crate `insta` in this scope
[INFO] [stdout]    --> src/codegen/tests.rs:18:9
[INFO] [stdout]     |
[INFO] [stdout]  18 |         insta::assert_snapshot!(output.as_str());
[INFO] [stdout]     |         ^^^^^ use of unresolved module or unlinked crate `insta`
[INFO] [stdout] ...
[INFO] [stdout] 359 |     assert_codegen_snapshot!(result);
[INFO] [stdout]     |     -------------------------------- in this macro invocation
[INFO] [stdout]     |
[INFO] [stdout]     = note: this error originates in the macro `assert_codegen_snapshot` (in Nightly builds, run with -Z macro-backtrace for more info)
[INFO] [stdout] 
[INFO] [stdout] 
[INFO] [stdout] error[E0433]: cannot find module or crate `insta` in this scope
[INFO] [stdout]    --> src/codegen/tests.rs:18:9
[INFO] [stdout]     |
[INFO] [stdout]  18 |         insta::assert_snapshot!(output.as_str());
[INFO] [stdout]     |         ^^^^^ use of unresolved module or unlinked crate `insta`
[INFO] [stdout] ...
[INFO] [stdout] 365 |     assert_codegen_snapshot!(result);
[INFO] [stdout]     |     -------------------------------- in this macro invocation
[INFO] [stdout]     |
[INFO] [stdout]     = note: this error originates in the macro `assert_codegen_snapshot` (in Nightly builds, run with -Z macro-backtrace for more info)
[INFO] [stdout] 
[INFO] [stdout] 
[INFO] [stdout] error[E0433]: cannot find module or crate `insta` in this scope
[INFO] [stdout]    --> src/codegen/tests.rs:18:9
[INFO] [stdout]     |
[INFO] [stdout]  18 |         insta::assert_snapshot!(output.as_str());
[INFO] [stdout]     |         ^^^^^ use of unresolved module or unlinked crate `insta`
[INFO] [stdout] ...
[INFO] [stdout] 372 |     assert_codegen_snapshot!(result);
[INFO] [stdout]     |     -------------------------------- in this macro invocation
[INFO] [stdout]     |
[INFO] [stdout]     = note: this error originates in the macro `assert_codegen_snapshot` (in Nightly builds, run with -Z macro-backtrace for more info)
[INFO] [stdout] 
[INFO] [stdout] 
[INFO] [stdout] error[E0433]: cannot find module or crate `insta` in this scope
[INFO] [stdout]    --> src/codegen/tests.rs:18:9
[INFO] [stdout]     |
[INFO] [stdout]  18 |         insta::assert_snapshot!(output.as_str());
[INFO] [stdout]     |         ^^^^^ use of unresolved module or unlinked crate `insta`
[INFO] [stdout] ...
[INFO] [stdout] 378 |     assert_codegen_snapshot!(result);
[INFO] [stdout]     |     -------------------------------- in this macro invocation
[INFO] [stdout]     |
[INFO] [stdout]     = note: this error originates in the macro `assert_codegen_snapshot` (in Nightly builds, run with -Z macro-backtrace for more info)
[INFO] [stdout] 
[INFO] [stdout] 
[INFO] [stdout] error[E0433]: cannot find module or crate `insta` in this scope
[INFO] [stdout]    --> src/codegen/tests.rs:385:5
[INFO] [stdout]     |
[INFO] [stdout] 385 |     insta::assert_snapshot!(result.code.as_str());
[INFO] [stdout]     |     ^^^^^ use of unresolved module or unlinked crate `insta`
[INFO] [stdout] 
[INFO] [stdout] 
[INFO] [stdout] error[E0433]: cannot find module or crate `insta` in this scope
[INFO] [stdout]    --> src/codegen/tests.rs:18:9
[INFO] [stdout]     |
[INFO] [stdout]  18 |         insta::assert_snapshot!(output.as_str());
[INFO] [stdout]     |         ^^^^^ use of unresolved module or unlinked crate `insta`
[INFO] [stdout] ...
[INFO] [stdout] 444 |     assert_codegen_snapshot!(result);
[INFO] [stdout]     |     -------------------------------- in this macro invocation
[INFO] [stdout]     |
[INFO] [stdout]     = note: this error originates in the macro `assert_codegen_snapshot` (in Nightly builds, run with -Z macro-backtrace for more info)
[INFO] [stdout] 
[INFO] [stdout] 
[INFO] [stdout] error[E0433]: cannot find module or crate `insta` in this scope
[INFO] [stdout]    --> src/codegen/tests.rs:18:9
[INFO] [stdout]     |
[INFO] [stdout]  18 |         insta::assert_snapshot!(output.as_str());
[INFO] [stdout]     |         ^^^^^ use of unresolved module or unlinked crate `insta`
[INFO] [stdout] ...
[INFO] [stdout] 546 |     assert_codegen_snapshot!(result);
[INFO] [stdout]     |     -------------------------------- in this macro invocation
[INFO] [stdout]     |
[INFO] [stdout]     = note: this error originates in the macro `assert_codegen_snapshot` (in Nightly builds, run with -Z macro-backtrace for more info)
[INFO] [stdout] 
[INFO] [stdout] 
[INFO] [stdout] error[E0433]: cannot find module or crate `insta` in this scope
[INFO] [stdout]    --> src/codegen/tests.rs:18:9
[INFO] [stdout]     |
[INFO] [stdout]  18 |         insta::assert_snapshot!(output.as_str());
[INFO] [stdout]     |         ^^^^^ use of unresolved module or unlinked crate `insta`
[INFO] [stdout] ...
[INFO] [stdout] 559 |     assert_codegen_snapshot!(result);
[INFO] [stdout]     |     -------------------------------- in this macro invocation
[INFO] [stdout]     |
[INFO] [stdout]     = note: this error originates in the macro `assert_codegen_snapshot` (in Nightly builds, run with -Z macro-backtrace for more info)
[INFO] [stdout] 
[INFO] [stdout] 
[INFO] [stdout] error[E0433]: cannot find module or crate `insta` in this scope
[INFO] [stdout]    --> src/codegen/tests.rs:18:9
[INFO] [stdout]     |
[INFO] [stdout]  18 |         insta::assert_snapshot!(output.as_str());
[INFO] [stdout]     |         ^^^^^ use of unresolved module or unlinked crate `insta`
[INFO] [stdout] ...
[INFO] [stdout] 574 |     assert_codegen_snapshot!(result);
[INFO] [stdout]     |     -------------------------------- in this macro invocation
[INFO] [stdout]     |
[INFO] [stdout]     = note: this error originates in the macro `assert_codegen_snapshot` (in Nightly builds, run with -Z macro-backtrace for more info)
[INFO] [stdout] 
[INFO] [stdout] 
[INFO] [stdout] error[E0433]: cannot find module or crate `insta` in this scope
[INFO] [stdout]    --> src/codegen/tests.rs:18:9
[INFO] [stdout]     |
[INFO] [stdout]  18 |         insta::assert_snapshot!(output.as_str());
[INFO] [stdout]     |         ^^^^^ use of unresolved module or unlinked crate `insta`
[INFO] [stdout] ...
[INFO] [stdout] 581 |     assert_codegen_snapshot!(result);
[INFO] [stdout]     |     -------------------------------- in this macro invocation
[INFO] [stdout]     |
[INFO] [stdout]     = note: this error originates in the macro `assert_codegen_snapshot` (in Nightly builds, run with -Z macro-backtrace for more info)
[INFO] [stdout] 
[INFO] [stdout] 
[INFO] [stdout] error[E0433]: cannot find module or crate `insta` in this scope
[INFO] [stdout]    --> src/codegen/tests.rs:18:9
[INFO] [stdout]     |
[INFO] [stdout]  18 |         insta::assert_snapshot!(output.as_str());
[INFO] [stdout]     |         ^^^^^ use of unresolved module or unlinked crate `insta`
[INFO] [stdout] ...
[INFO] [stdout] 628 |     assert_codegen_snapshot!(result);
[INFO] [stdout]     |     -------------------------------- in this macro invocation
[INFO] [stdout]     |
[INFO] [stdout]     = note: this error originates in the macro `assert_codegen_snapshot` (in Nightly builds, run with -Z macro-backtrace for more info)
[INFO] [stdout] 
[INFO] [stdout] 
[INFO] [stdout] error[E0433]: cannot find module or crate `insta` in this scope
[INFO] [stdout]    --> src/codegen/tests.rs:18:9
[INFO] [stdout]     |
[INFO] [stdout]  18 |         insta::assert_snapshot!(output.as_str());
[INFO] [stdout]     |         ^^^^^ use of unresolved module or unlinked crate `insta`
[INFO] [stdout] ...
[INFO] [stdout] 682 |     assert_codegen_snapshot!(result);
[INFO] [stdout]     |     -------------------------------- in this macro invocation
[INFO] [stdout]     |
[INFO] [stdout]     = note: this error originates in the macro `assert_codegen_snapshot` (in Nightly builds, run with -Z macro-backtrace for more info)
[INFO] [stdout] 
[INFO] [stdout] 
[INFO] [stdout] error[E0433]: cannot find module or crate `insta` in this scope
[INFO] [stdout]    --> src/codegen/tests.rs:18:9
[INFO] [stdout]     |
[INFO] [stdout]  18 |         insta::assert_snapshot!(output.as_str());
[INFO] [stdout]     |         ^^^^^ use of unresolved module or unlinked crate `insta`
[INFO] [stdout] ...
[INFO] [stdout] 696 |     assert_codegen_snapshot!(result);
[INFO] [stdout]     |     -------------------------------- in this macro invocation
[INFO] [stdout]     |
[INFO] [stdout]     = note: this error originates in the macro `assert_codegen_snapshot` (in Nightly builds, run with -Z macro-backtrace for more info)
[INFO] [stdout] 
[INFO] [stdout] 
[INFO] [stdout] error[E0433]: cannot find module or crate `insta` in this scope
[INFO] [stdout]    --> src/codegen/tests.rs:18:9
[INFO] [stdout]     |
[INFO] [stdout]  18 |         insta::assert_snapshot!(output.as_str());
[INFO] [stdout]     |         ^^^^^ use of unresolved module or unlinked crate `insta`
[INFO] [stdout] ...
[INFO] [stdout] 731 |     assert_codegen_snapshot!(result);
[INFO] [stdout]     |     -------------------------------- in this macro invocation
[INFO] [stdout]     |
[INFO] [stdout]     = note: this error originates in the macro `assert_codegen_snapshot` (in Nightly builds, run with -Z macro-backtrace for more info)
[INFO] [stdout] 
[INFO] [stdout] 
[INFO] [stdout] error[E0433]: cannot find module or crate `insta` in this scope
[INFO] [stdout]    --> src/codegen/tests.rs:772:5
[INFO] [stdout]     |
[INFO] [stdout] 772 |     insta::assert_snapshot!(output.as_str());
[INFO] [stdout]     |     ^^^^^ use of unresolved module or unlinked crate `insta`
[INFO] [stdout] 
[INFO] [stdout] 
[INFO] [stdout] error[E0433]: cannot find module or crate `insta` in this scope
[INFO] [stdout]    --> src/codegen/tests.rs:18:9
[INFO] [stdout]     |
[INFO] [stdout]  18 |         insta::assert_snapshot!(output.as_str());
[INFO] [stdout]     |         ^^^^^ use of unresolved module or unlinked crate `insta`
[INFO] [stdout] ...
[INFO] [stdout] 908 |     assert_codegen_snapshot!(result);
[INFO] [stdout]     |     -------------------------------- in this macro invocation
[INFO] [stdout]     |
[INFO] [stdout]     = note: this error originates in the macro `assert_codegen_snapshot` (in Nightly builds, run with -Z macro-backtrace for more info)
[INFO] [stdout] 
[INFO] [stdout] 
[INFO] [stdout] error[E0433]: cannot find module or crate `insta` in this scope
[INFO] [stdout]    --> src/codegen/tests.rs:18:9
[INFO] [stdout]     |
[INFO] [stdout]  18 |         insta::assert_snapshot!(output.as_str());
[INFO] [stdout]     |         ^^^^^ use of unresolved module or unlinked crate `insta`
[INFO] [stdout] ...
[INFO] [stdout] 920 |     assert_codegen_snapshot!(result);
[INFO] [stdout]     |     -------------------------------- in this macro invocation
[INFO] [stdout]     |
[INFO] [stdout]     = note: this error originates in the macro `assert_codegen_snapshot` (in Nightly builds, run with -Z macro-backtrace for more info)
[INFO] [stdout] 
[INFO] [stdout] 
[INFO] [stdout] error[E0433]: cannot find module or crate `insta` in this scope
[INFO] [stdout]    --> src/codegen/tests.rs:18:9
[INFO] [stdout]     |
[INFO] [stdout]  18 |         insta::assert_snapshot!(output.as_str());
[INFO] [stdout]     |         ^^^^^ use of unresolved module or unlinked crate `insta`
[INFO] [stdout] ...
[INFO] [stdout] 927 |     assert_codegen_snapshot!(result);
[INFO] [stdout]     |     -------------------------------- in this macro invocation
[INFO] [stdout]     |
[INFO] [stdout]     = note: this error originates in the macro `assert_codegen_snapshot` (in Nightly builds, run with -Z macro-backtrace for more info)
[INFO] [stdout] 
[INFO] [stdout] 
[INFO] [stdout] error[E0433]: cannot find module or crate `insta` in this scope
[INFO] [stdout]    --> src/codegen/tests.rs:18:9
[INFO] [stdout]     |
[INFO] [stdout]  18 |         insta::assert_snapshot!(output.as_str());
[INFO] [stdout]     |         ^^^^^ use of unresolved module or unlinked crate `insta`
[INFO] [stdout] ...
[INFO] [stdout] 939 |     assert_codegen_snapshot!(result);
[INFO] [stdout]     |     -------------------------------- in this macro invocation
[INFO] [stdout]     |
[INFO] [stdout]     = note: this error originates in the macro `assert_codegen_snapshot` (in Nightly builds, run with -Z macro-backtrace for more info)
[INFO] [stdout] 
[INFO] [stdout] 
[INFO] [stdout] error[E0433]: cannot find module or crate `insta` in this scope
[INFO] [stdout]    --> src/test_macros.rs:281:9
[INFO] [stdout]     |
[INFO] [stdout] 281 |         insta::assert_snapshot!(result.code.as_str());
[INFO] [stdout]     |         ^^^^^ use of unresolved module or unlinked crate `insta`
[INFO] [stdout] ...
[INFO] [stdout] 351 |         assert_codegen!("<div>hello</div>" => snapshot);
[INFO] [stdout]     |         ----------------------------------------------- in this macro invocation
[INFO] [stdout]     |
[INFO] [stdout]     = note: this error originates in the macro `assert_codegen` (in Nightly builds, run with -Z macro-backtrace for more info)
[INFO] [stdout] 
[INFO] [stdout] 
[INFO] [stdout] error[E0433]: cannot find module or crate `insta` in this scope
[INFO] [stdout]    --> src/test_macros.rs:281:9
[INFO] [stdout]     |
[INFO] [stdout] 281 |         insta::assert_snapshot!(result.code.as_str());
[INFO] [stdout]     |         ^^^^^ use of unresolved module or unlinked crate `insta`
[INFO] [stdout] ...
[INFO] [stdout] 357 |         assert_codegen!("<div>{{ msg }}</div>" => snapshot);
[INFO] [stdout]     |         --------------------------------------------------- in this macro invocation
[INFO] [stdout]     |
[INFO] [stdout]     = note: this error originates in the macro `assert_codegen` (in Nightly builds, run with -Z macro-backtrace for more info)
[INFO] [stdout] 
[INFO] [stdout] 
[INFO] [stdout] error[E0433]: cannot find module or crate `insta` in this scope
[INFO] [stdout]    --> src/test_macros.rs:363:9
[INFO] [stdout]     |
[INFO] [stdout] 363 |         insta::assert_snapshot!(result.code.as_str());
[INFO] [stdout]     |         ^^^^^ use of unresolved module or unlinked crate `insta`
[INFO] [stdout] 
[INFO] [stdout] 
[INFO] [stdout] error[E0433]: cannot find module or crate `insta` in this scope
[INFO] [stdout]    --> src/lane/tests.rs:199:5
[INFO] [stdout]     |
[INFO] [stdout] 199 |     insta::assert_snapshot!(result.code.as_str());
[INFO] [stdout]     |     ^^^^^ use of unresolved module or unlinked crate `insta`
[INFO] [stdout] 
[INFO] [stdout] 
[INFO] [stdout] error[E0433]: cannot find module or crate `insta` in this scope
[INFO] [stdout]    --> src/steps/expression/typescript.rs:327:9
[INFO] [stdout]     |
[INFO] [stdout] 327 |         insta::assert_snapshot!(result.as_str());
[INFO] [stdout]     |         ^^^^^ use of unresolved module or unlinked crate `insta`
[INFO] [stdout] 
[INFO] [stdout] 
[INFO] [stdout] error[E0433]: cannot find module or crate `insta` in this scope
[INFO] [stdout]    --> src/steps/expression/typescript.rs:332:9
[INFO] [stdout]     |
[INFO] [stdout] 332 |         insta::assert_snapshot!(result.as_str());
[INFO] [stdout]     |         ^^^^^ use of unresolved module or unlinked crate `insta`
[INFO] [stdout] 
[INFO] [stdout] 
[INFO] [stdout] error[E0433]: cannot find module or crate `insta` in this scope
[INFO] [stdout]    --> src/steps/expression/typescript.rs:343:9
[INFO] [stdout]     |
[INFO] [stdout] 343 |         insta::assert_snapshot!(result.as_str());
[INFO] [stdout]     |         ^^^^^ use of unresolved module or unlinked crate `insta`
[INFO] [stdout] 
[INFO] [stdout] 
[INFO] [stdout] error[E0433]: cannot find module or crate `insta` in this scope
[INFO] [stdout]    --> src/steps/expression/typescript.rs:407:9
[INFO] [stdout]     |
[INFO] [stdout] 407 |         insta::assert_snapshot!(result.as_str());
[INFO] [stdout]     |         ^^^^^ use of unresolved module or unlinked crate `insta`
[INFO] [stdout] 
[INFO] [stdout] 
[INFO] [stdout] error[E0308]: mismatched types
[INFO] [stdout]    --> tests/l2_support/hoist_walk.rs:138:70
[INFO] [stdout]     |
[INFO] [stdout] 138 |                         if b1.is_template_if && wraps_single_element(el1) =>
[INFO] [stdout]     |                                                 -------------------- ^^^ expected `&ElementNode<'_>`, found `AllocBox<'_, ElementNode<'_>>`
[INFO] [stdout]     |                                                 |
[INFO] [stdout]     |                                                 arguments to this function are incorrect
[INFO] [stdout]     |
[INFO] [stdout]     = note: expected reference `&ElementNode<'_>`
[INFO] [stdout]                   found struct `AllocBox<'_, ElementNode<'_>>`
[INFO] [stdout] note: function defined here
[INFO] [stdout]    --> tests/l2_support/hoist_walk.rs:339:4
[INFO] [stdout]     |
[INFO] [stdout] 339 | fn wraps_single_element(template: &ElementNode<'_>) -> bool {
[INFO] [stdout]     |    ^^^^^^^^^^^^^^^^^^^^ --------------------------
[INFO] [stdout] help: consider borrowing here
[INFO] [stdout]     |
[INFO] [stdout] 138 |                         if b1.is_template_if && wraps_single_element(&el1) =>
[INFO] [stdout]     |                                                                      +
[INFO] [stdout] 
[INFO] [stdout] 
[INFO] [stdout] error[E0433]: cannot find module or crate `vize_l1` in this scope
[INFO] [stdout]    --> tests/davinci_l2_transform.rs:176:34
[INFO] [stdout]     |
[INFO] [stdout] 176 |     let (tree, surface_errors) = vize_l1::parse(&l2_allocator, source);
[INFO] [stdout]     |                                  ^^^^^^^ use of unresolved module or unlinked crate `vize_l1`
[INFO] [stdout]     |
[INFO] [stdout] help: there is a crate or module with a similar name
[INFO] [stdout]     |
[INFO] [stdout] 176 -     let (tree, surface_errors) = vize_l1::parse(&l2_allocator, source);
[INFO] [stdout] 176 +     let (tree, surface_errors) = vize_l0::parse(&l2_allocator, source);
[INFO] [stdout]     |
[INFO] [stdout] 
[INFO] [stdout] 
[INFO] [stdout] error[E0433]: cannot find module or crate `vize_l1_to_l2` in this scope
[INFO] [stdout]    --> tests/davinci_l2_transform.rs:177:23
[INFO] [stdout]     |
[INFO] [stdout] 177 |     let mut lowered = vize_l1_to_l2::lower(&l2_allocator, &tree, &surface_errors);
[INFO] [stdout]     |                       ^^^^^^^^^^^^^ use of unresolved module or unlinked crate `vize_l1_to_l2`
[INFO] [stdout]     |
[INFO] [stdout]     = help: if you wanted to use a crate named `vize_l1_to_l2`, use `cargo add vize_l1_to_l2` to add it to your `Cargo.toml`
[INFO] [stdout] 
[INFO] [stdout] 
[INFO] [stdout] error[E0433]: cannot find module or crate `vize_l1` in this scope
[INFO] [stdout]    --> tests/davinci_l2_transform.rs:231:34
[INFO] [stdout]     |
[INFO] [stdout] 231 |     let (tree, surface_errors) = vize_l1::parse(&l2_allocator, source);
[INFO] [stdout]     |                                  ^^^^^^^ use of unresolved module or unlinked crate `vize_l1`
[INFO] [stdout]     |
[INFO] [stdout] help: there is a crate or module with a similar name
[INFO] [stdout]     |
[INFO] [stdout] 231 -     let (tree, surface_errors) = vize_l1::parse(&l2_allocator, source);
[INFO] [stdout] 231 +     let (tree, surface_errors) = vize_l0::parse(&l2_allocator, source);
[INFO] [stdout]     |
[INFO] [stdout] 
[INFO] [stdout] 
[INFO] [stdout] error[E0433]: cannot find module or crate `vize_l1_to_l2` in this scope
[INFO] [stdout]    --> tests/davinci_l2_transform.rs:232:23
[INFO] [stdout]     |
[INFO] [stdout] 232 |     let mut lowered = vize_l1_to_l2::lower(&l2_allocator, &tree, &surface_errors);
[INFO] [stdout]     |                       ^^^^^^^^^^^^^ use of unresolved module or unlinked crate `vize_l1_to_l2`
[INFO] [stdout]     |
[INFO] [stdout]     = help: if you wanted to use a crate named `vize_l1_to_l2`, use `cargo add vize_l1_to_l2` to add it to your `Cargo.toml`
[INFO] [stdout] 
[INFO] [stdout] 
[INFO] [stdout] error[E0433]: cannot find module or crate `vize_l1` in this scope
[INFO] [stdout]    --> tests/davinci_l2_transform.rs:272:34
[INFO] [stdout]     |
[INFO] [stdout] 272 |     let (tree, surface_errors) = vize_l1::parse(&l2_allocator, source);
[INFO] [stdout]     |                                  ^^^^^^^ use of unresolved module or unlinked crate `vize_l1`
[INFO] [stdout]     |
[INFO] [stdout] help: there is a crate or module with a similar name
[INFO] [stdout]     |
[INFO] [stdout] 272 -     let (tree, surface_errors) = vize_l1::parse(&l2_allocator, source);
[INFO] [stdout] 272 +     let (tree, surface_errors) = vize_l0::parse(&l2_allocator, source);
[INFO] [stdout]     |
[INFO] [stdout] 
[INFO] [stdout] 
[INFO] [stdout] error[E0433]: cannot find module or crate `vize_l1_to_l2` in this scope
[INFO] [stdout]    --> tests/davinci_l2_transform.rs:273:23
[INFO] [stdout]     |
[INFO] [stdout] 273 |     let mut lowered = vize_l1_to_l2::lower(&l2_allocator, &tree, &surface_errors);
[INFO] [stdout]     |                       ^^^^^^^^^^^^^ use of unresolved module or unlinked crate `vize_l1_to_l2`
[INFO] [stdout]     |
[INFO] [stdout]     = help: if you wanted to use a crate named `vize_l1_to_l2`, use `cargo add vize_l1_to_l2` to add it to your `Cargo.toml`
[INFO] [stdout] 
[INFO] [stdout] 
[INFO] [stdout] Some errors have detailed explanations: E0308, E0432, E0433.
[INFO] [stdout] 
[INFO] [stdout] For more information about an error, try `rustc --explain E0308`.
[INFO] [stdout] 
[INFO] [stderr] error: could not compile `vize_atelier_core` (test "davinci_l2_transform") due to 42 previous errors
[INFO] [stdout] For more information about this error, try `rustc --explain E0433`.
[INFO] [stdout] 
[INFO] [stderr] error: could not compile `vize_atelier_core` (lib test) due to 48 previous errors
[INFO] running `Command { std: "docker" "inspect" "01e1579ed1c9cc6e2bb394fdf50de03c122e4191bbb51710ec4b903dfe2a10ba", kill_on_drop: false }`
[INFO] running `Command { std: "docker" "rm" "-f" "01e1579ed1c9cc6e2bb394fdf50de03c122e4191bbb51710ec4b903dfe2a10ba", kill_on_drop: false }`
[INFO] [stdout] 01e1579ed1c9cc6e2bb394fdf50de03c122e4191bbb51710ec4b903dfe2a10ba
