[INFO] fetching crate vite-rs-axum-0-8 0.3.0...
[INFO] testing vite-rs-axum-0-8-0.3.0 against 1.99.0-beta.8+cargoflags=--release for beta-release-1.100-2
[INFO] extracting crate vite-rs-axum-0-8 0.3.0 into /workspace/builds/worker-5-tc1/source
[INFO] started tweaking crates.io crate vite-rs-axum-0-8 0.3.0
[INFO] removed 0 missing tests
[INFO] finished tweaking crates.io crate vite-rs-axum-0-8 0.3.0
[INFO] tweaked toml for crates.io crate vite-rs-axum-0-8 0.3.0 written to /workspace/builds/worker-5-tc1/source/Cargo.toml
[INFO] validating manifest of crates.io crate vite-rs-axum-0-8 0.3.0 on toolchain 1.99.0-beta.8
[INFO] running `Command { std: CARGO_HOME="/workspace/cargo-home" RUSTUP_HOME="/workspace/rustup-home" "/workspace/cargo-home/bin/cargo" "+1.99.0-beta.8" "metadata" "--manifest-path" "Cargo.toml" "--no-deps", kill_on_drop: false }`
[INFO] crate crates.io crate vite-rs-axum-0-8 0.3.0 already has a lockfile, it will not be regenerated
[INFO] running `Command { std: CARGO_HOME="/workspace/cargo-home" RUSTUP_HOME="/workspace/rustup-home" "/workspace/cargo-home/bin/cargo" "+1.99.0-beta.8" "fetch" "--manifest-path" "Cargo.toml", kill_on_drop: false }`
[INFO] [stderr]     Updating crates.io index
[INFO] [stderr]  Downloading crates ...
[INFO] [stderr]   Downloaded vite-rs-interface v0.3.0
[INFO] [stderr]   Downloaded vite-rs-embed-macro v0.3.0
[INFO] [stderr]   Downloaded vite-rs-dev-server v0.3.0
[INFO] [stderr]   Downloaded vite-rs v0.3.0
[INFO] [stderr]   Downloaded security-framework v2.11.0
[INFO] [stderr]   Downloaded getrandom v0.2.14
[INFO] [stderr]   Downloaded serde_derive v1.0.199
[INFO] [stderr]   Downloaded bytes v1.6.0
[INFO] [stderr]   Downloaded cc v1.0.97
[INFO] [stderr]   Downloaded serde v1.0.199
[INFO] [stderr]   Downloaded indexmap v2.4.0
[INFO] [stderr]   Downloaded syn v2.0.58
[INFO] [stderr]   Downloaded hyper v1.3.1
[INFO] [stderr]   Downloaded serde_json v1.0.116
[INFO] [stderr]   Downloaded command-group v5.0.1
[INFO] [stderr]   Downloaded tokio v1.37.0
[INFO] running `Command { std: "docker" "create" "-v" "/var/lib/crater-agent-workspace/builds/worker-5-tc1/source:/opt/rustwide/workdir:ro,Z" "-v" "/var/lib/crater-agent-workspace/builds/worker-5-tc1/target:/opt/rustwide/target:rw,Z" "-v" "/var/lib/crater-agent-workspace/cargo-home:/opt/rustwide/cargo-home:ro,Z" "-v" "/var/lib/crater-agent-workspace/rustup-home:/opt/rustwide/rustup-home:ro,Z" "-m" "1610612736" "--network" "none" "ghcr.io/rust-lang/crates-build-env/linux@sha256:77db811e55d90add9212f6832c23229e3de5f1c1f9905e8cb07319ea15df73ac" "sleep" "infinity", kill_on_drop: false }`
[INFO] [stdout] a9293e7ee75de63aeac22988a6add505e0e4011cd0acc2739176ff4b5c5760cb
[INFO] running `Command { std: "docker" "start" "a9293e7ee75de63aeac22988a6add505e0e4011cd0acc2739176ff4b5c5760cb", kill_on_drop: false }`
[INFO] running `Command { std: "docker" "inspect" "a9293e7ee75de63aeac22988a6add505e0e4011cd0acc2739176ff4b5c5760cb", kill_on_drop: false }`
[INFO] running `Command { std: "docker" "exec" "-e" "SOURCE_DIR=/opt/rustwide/workdir" "-e" "CARGO_HOME=/opt/rustwide/cargo-home" "-e" "RUSTUP_HOME=/opt/rustwide/rustup-home" "-e" "CARGO_TARGET_DIR=/opt/rustwide/target" "-w" "/opt/rustwide/workdir" "--user" "0:0" "a9293e7ee75de63aeac22988a6add505e0e4011cd0acc2739176ff4b5c5760cb" "/opt/rustwide/cargo-home/bin/cargo" "+1.99.0-beta.8" "metadata" "--no-deps" "--format-version=1", kill_on_drop: false }`
[INFO] running `Command { std: "docker" "inspect" "a9293e7ee75de63aeac22988a6add505e0e4011cd0acc2739176ff4b5c5760cb", kill_on_drop: false }`
[INFO] running `Command { std: "docker" "exec" "-e" "SOURCE_DIR=/opt/rustwide/workdir" "-e" "CARGO_HOME=/opt/rustwide/cargo-home" "-e" "RUSTUP_HOME=/opt/rustwide/rustup-home" "-e" "CARGO_TARGET_DIR=/opt/rustwide/target" "-e" "CARGO_INCREMENTAL=0" "-e" "RUST_BACKTRACE=full" "-e" "RUSTFLAGS=--cap-lints=warn" "-e" "RUSTDOCFLAGS=--cap-lints=warn" "-w" "/opt/rustwide/workdir" "--user" "0:0" "a9293e7ee75de63aeac22988a6add505e0e4011cd0acc2739176ff4b5c5760cb" "/opt/rustwide/cargo-home/bin/cargo" "+1.99.0-beta.8" "build" "--frozen" "--message-format=json" "--release", kill_on_drop: false }`
[INFO] [stderr]    Compiling bytes v1.6.0
[INFO] [stderr]    Compiling itoa v1.0.11
[INFO] [stderr]    Compiling rustversion v1.0.21
[INFO] [stderr]    Compiling sync_wrapper v1.0.1
[INFO] [stderr]    Compiling futures-task v0.3.30
[INFO] [stderr]    Compiling serde v1.0.199
[INFO] [stderr]    Compiling memchr v2.7.2
[INFO] [stderr]    Compiling vite-rs-interface v0.3.0
[INFO] [stderr]    Compiling futures-util v0.3.30
[INFO] [stderr]    Compiling http v1.3.1
[INFO] [stderr]    Compiling http-body v1.0.0
[INFO] [stderr]    Compiling http-body-util v0.1.1
[INFO] [stderr]    Compiling axum-core v0.5.2
[INFO] [stderr]    Compiling tower v0.5.2
[INFO] [stderr]    Compiling axum v0.8.4
[INFO] [stderr]    Compiling vite-rs-axum-0-8 v0.3.0 (/opt/rustwide/workdir)
[INFO] [stderr]     Finished `release` profile [optimized] target(s) in 19.94s
[INFO] running `Command { std: "docker" "inspect" "a9293e7ee75de63aeac22988a6add505e0e4011cd0acc2739176ff4b5c5760cb", kill_on_drop: false }`
[INFO] running `Command { std: "docker" "exec" "-e" "SOURCE_DIR=/opt/rustwide/workdir" "-e" "CARGO_HOME=/opt/rustwide/cargo-home" "-e" "RUSTUP_HOME=/opt/rustwide/rustup-home" "-e" "CARGO_TARGET_DIR=/opt/rustwide/target" "-e" "CARGO_INCREMENTAL=0" "-e" "RUST_BACKTRACE=full" "-e" "RUSTFLAGS=--cap-lints=warn" "-e" "RUSTDOCFLAGS=--cap-lints=warn" "-w" "/opt/rustwide/workdir" "--user" "0:0" "a9293e7ee75de63aeac22988a6add505e0e4011cd0acc2739176ff4b5c5760cb" "/opt/rustwide/cargo-home/bin/cargo" "+1.99.0-beta.8" "test" "--frozen" "--no-run" "--message-format=json" "--release", kill_on_drop: false }`
[INFO] [stderr]    Compiling libc v0.2.158
[INFO] [stderr]    Compiling autocfg v1.3.0
[INFO] [stderr]    Compiling futures-sink v0.3.30
[INFO] [stderr]    Compiling once_cell v1.19.0
[INFO] [stderr]    Compiling pkg-config v0.3.30
[INFO] [stderr]    Compiling proc-macro2 v1.0.79
[INFO] [stderr]    Compiling cc v1.0.97
[INFO] [stderr]    Compiling itoa v1.0.11
[INFO] [stderr]    Compiling log v0.4.21
[INFO] [stderr]    Compiling futures-core v0.3.30
[INFO] [stderr]    Compiling pin-project-lite v0.2.14
[INFO] [stderr]    Compiling bitflags v2.5.0
[INFO] [stderr]    Compiling bytes v1.6.0
[INFO] [stderr]    Compiling typenum v1.17.0
[INFO] [stderr]    Compiling tracing-core v0.1.32
[INFO] [stderr]    Compiling openssl v0.10.66
[INFO] [stderr]    Compiling futures-task v0.3.30
[INFO] [stderr]    Compiling tinyvec_macros v0.1.1
[INFO] [stderr]    Compiling pin-utils v0.1.0
[INFO] [stderr]    Compiling serde v1.0.199
[INFO] [stderr]    Compiling futures-io v0.3.30
[INFO] [stderr]    Compiling memchr v2.7.2
[INFO] [stderr]    Compiling tinyvec v1.6.0
[INFO] [stderr]    Compiling indexmap v2.4.0
[INFO] [stderr]    Compiling quote v1.0.35
[INFO] [stderr]    Compiling generic-array v0.14.7
[INFO] [stderr]    Compiling slab v0.4.9
[INFO] [stderr]    Compiling unicase v2.7.0
[INFO] [stderr]    Compiling httparse v1.8.0
[INFO] [stderr]    Compiling sync_wrapper v1.0.1
[INFO] [stderr]    Compiling http v1.3.1
[INFO] [stderr]    Compiling syn v2.0.58
[INFO] [stderr]    Compiling futures-util v0.3.30
[INFO] [stderr]    Compiling try-lock v0.2.5
[INFO] [stderr]    Compiling native-tls v0.2.12
[INFO] [stderr]    Compiling percent-encoding v2.3.1
[INFO] [stderr]    Compiling form_urlencoded v1.2.1
[INFO] [stderr]    Compiling want v0.3.1
[INFO] [stderr]    Compiling futures-channel v0.3.30
[INFO] [stderr]    Compiling tracing v0.1.40
[INFO] [stderr]    Compiling openssl-probe v0.1.5
[INFO] [stderr]    Compiling unicode-bidi v0.3.15
[INFO] [stderr]    Compiling ryu v1.0.17
[INFO] [stderr]    Compiling smallvec v1.13.2
[INFO] [stderr]    Compiling nix v0.29.0
[INFO] [stderr]    Compiling unicode-normalization v0.1.23
[INFO] [stderr]    Compiling http-body v1.0.0
[INFO] [stderr]    Compiling num-traits v0.2.19
[INFO] [stderr]    Compiling http-body-util v0.1.1
[INFO] [stderr]    Compiling socket2 v0.5.7
[INFO] [stderr]    Compiling mio v0.8.11
[INFO] [stderr]    Compiling nix v0.27.1
[INFO] [stderr]    Compiling mime_guess v2.0.4
[INFO] [stderr]    Compiling ipnet v2.9.0
[INFO] [stderr]    Compiling serde_json v1.0.116
[INFO] [stderr]    Compiling rustls-pki-types v1.8.0
[INFO] [stderr]    Compiling crypto-common v0.1.6
[INFO] [stderr]    Compiling block-buffer v0.10.4
[INFO] [stderr]    Compiling base64 v0.22.1
[INFO] [stderr]    Compiling tokio v1.37.0
[INFO] [stderr]    Compiling digest v0.10.7
[INFO] [stderr]    Compiling openssl-sys v0.9.103
[INFO] [stderr]    Compiling rustls-pemfile v2.1.3
[INFO] [stderr]    Compiling num_cpus v1.17.0
[INFO] [stderr]    Compiling idna v0.5.0
[INFO] [stderr]    Compiling serde_urlencoded v0.7.1
[INFO] [stderr]    Compiling encoding_rs v0.8.34
[INFO] [stderr]    Compiling cpufeatures v0.2.16
[INFO] [stderr]    Compiling sha2 v0.10.9
[INFO] [stderr]    Compiling url v2.5.0
[INFO] [stderr]    Compiling chrono v0.4.41
[INFO] [stderr]    Compiling axum-core v0.5.2
[INFO] [stderr]    Compiling command-group v5.0.1
[INFO] [stderr]    Compiling ctrlc v3.4.5
[INFO] [stderr]    Compiling pin-project-internal v1.1.5
[INFO] [stderr]    Compiling tokio-macros v2.2.0
[INFO] [stderr]    Compiling openssl-macros v0.1.1
[INFO] [stderr]    Compiling serde_derive v1.0.199
[INFO] [stderr]    Compiling tower v0.5.2
[INFO] [stderr]    Compiling hyper v1.3.1
[INFO] [stderr]    Compiling axum v0.8.4
[INFO] [stderr]    Compiling pin-project v1.1.5
[INFO] [stderr]    Compiling tower v0.4.13
[INFO] [stderr]    Compiling hyper-util v0.1.3
[INFO] [stderr]    Compiling tokio-util v0.7.11
[INFO] [stderr]    Compiling tokio-native-tls v0.3.1
[INFO] [stderr]    Compiling vite-rs-axum-0-8 v0.3.0 (/opt/rustwide/workdir)
[INFO] [stderr]    Compiling h2 v0.4.6
[INFO] [stderr]    Compiling reqwest v0.12.7
[INFO] [stderr]    Compiling vite-rs-dev-server v0.3.0
[INFO] [stderr]    Compiling vite-rs-embed-macro v0.3.0
[INFO] [stderr]    Compiling hyper-tls v0.6.0
[INFO] [stderr]    Compiling vite-rs v0.3.0
[INFO] [stdout] warning: function `test_project_path` is never used
[INFO] [stdout]  --> tests/util/run_project.rs:1:4
[INFO] [stdout]   |
[INFO] [stdout] 1 | fn test_project_path(test_project_name: &str) -> std::path::PathBuf {
[INFO] [stdout]   |    ^^^^^^^^^^^^^^^^^
[INFO] [stdout]   |
[INFO] [stdout]   = note: `#[warn(dead_code)]` (part of `#[warn(unused)]`) on by default
[INFO] [stdout] 
[INFO] [stdout] 
[INFO] [stdout] warning: function `run` is never used
[INFO] [stdout]   --> tests/util/run_project.rs:17:8
[INFO] [stdout]    |
[INFO] [stdout] 17 | pub fn run(
[INFO] [stdout]    |        ^^^
[INFO] [stdout] 
[INFO] [stdout] 
[INFO] [stdout] warning: function `stop` is never used
[INFO] [stdout]   --> tests/util/run_project.rs:43:8
[INFO] [stdout]    |
[INFO] [stdout] 43 | pub fn stop(mut child: std::process::Child) {
[INFO] [stdout]    |        ^^^^
[INFO] [stdout] 
[INFO] [stdout] 
[INFO] [stdout] error: Could not create output directory (path: "/opt/rustwide/workdir/test_projects/basic_usage_test/app/dist")
[INFO] [stdout]   --> tests/basic_usage_test.rs:13:1
[INFO] [stdout]    |
[INFO] [stdout] 13 | / #[root = "test_projects/basic_usage_test/app"]
[INFO] [stdout] 14 | | struct Assets;
[INFO] [stdout]    | |______________^
[INFO] [stdout] 
[INFO] [stdout] 
[INFO] [stdout] error[E0599]: the associated function or constant `boxed` exists for struct `Assets`, but its trait bounds were not satisfied
[INFO] [stdout]    --> tests/basic_usage_test.rs:68:81
[INFO] [stdout]     |
[INFO] [stdout]  14 | struct Assets;
[INFO] [stdout]     | ------------- associated function or constant `boxed` not found for this struct because it doesn't satisfy `Assets: Service<_>` or `Assets: tower::ServiceExt<_>`
[INFO] [stdout] ...
[INFO] [stdout]  68 |     let mut app = axum::Router::new().route_service("/", ViteServe::new(Assets::boxed()));
[INFO] [stdout]     |                                                                                 ^^^^^ associated function or constant cannot be called on `Assets` due to unsatisfied trait bounds
[INFO] [stdout]     |
[INFO] [stdout]     = note: the following trait bounds were not satisfied:
[INFO] [stdout]             `Assets: Service<_>`
[INFO] [stdout]             which is required by `Assets: tower::ServiceExt<_>`
[INFO] [stdout]             `&Assets: Service<_>`
[INFO] [stdout]             which is required by `&Assets: tower::ServiceExt<_>`
[INFO] [stdout]             `&mut Assets: Service<_>`
[INFO] [stdout]             which is required by `&mut Assets: tower::ServiceExt<_>`
[INFO] [stdout] note: the trait `Service` must be implemented
[INFO] [stdout]    --> /opt/rustwide/cargo-home/registry/src/index.crates.io-1949cf8c6b5b557f/tower-service-0.3.3/src/lib.rs:311:1
[INFO] [stdout]     |
[INFO] [stdout] 311 | pub trait Service<Request> {
[INFO] [stdout]     | ^^^^^^^^^^^^^^^^^^^^^^^^^^
[INFO] [stdout]     = help: items from traits can only be used if the trait is implemented and in scope
[INFO] [stdout]     = note: the following traits define an item `boxed`, perhaps you need to implement one of them:
[INFO] [stdout]             candidate #1: `futures_util::future::future::FutureExt`
[INFO] [stdout]             candidate #2: `futures_util::stream::stream::StreamExt`
[INFO] [stdout]             candidate #3: `http_body_util::BodyExt`
[INFO] [stdout]             candidate #4: `tower::ServiceExt`
[INFO] [stdout]             candidate #5: `tower::util::ServiceExt`
[INFO] [stdout] 
[INFO] [stdout] 
[INFO] [stdout] error[E0599]: the associated function or constant `boxed` exists for struct `Assets`, but its trait bounds were not satisfied
[INFO] [stdout]    --> tests/basic_usage_test.rs:98:32
[INFO] [stdout]     |
[INFO] [stdout]  14 | struct Assets;
[INFO] [stdout]     | ------------- associated function or constant `boxed` not found for this struct because it doesn't satisfy `Assets: Service<_>` or `Assets: tower::ServiceExt<_>`
[INFO] [stdout] ...
[INFO] [stdout]  98 |         ViteServe::new(Assets::boxed())
[INFO] [stdout]     |                                ^^^^^ associated function or constant cannot be called on `Assets` due to unsatisfied trait bounds
[INFO] [stdout]     |
[INFO] [stdout]     = note: the following trait bounds were not satisfied:
[INFO] [stdout]             `Assets: Service<_>`
[INFO] [stdout]             which is required by `Assets: tower::ServiceExt<_>`
[INFO] [stdout]             `&Assets: Service<_>`
[INFO] [stdout]             which is required by `&Assets: tower::ServiceExt<_>`
[INFO] [stdout]             `&mut Assets: Service<_>`
[INFO] [stdout]             which is required by `&mut Assets: tower::ServiceExt<_>`
[INFO] [stdout] note: the trait `Service` must be implemented
[INFO] [stdout]    --> /opt/rustwide/cargo-home/registry/src/index.crates.io-1949cf8c6b5b557f/tower-service-0.3.3/src/lib.rs:311:1
[INFO] [stdout]     |
[INFO] [stdout] 311 | pub trait Service<Request> {
[INFO] [stdout]     | ^^^^^^^^^^^^^^^^^^^^^^^^^^
[INFO] [stdout]     = help: items from traits can only be used if the trait is implemented and in scope
[INFO] [stdout]     = note: the following traits define an item `boxed`, perhaps you need to implement one of them:
[INFO] [stdout]             candidate #1: `futures_util::future::future::FutureExt`
[INFO] [stdout]             candidate #2: `futures_util::stream::stream::StreamExt`
[INFO] [stdout]             candidate #3: `http_body_util::BodyExt`
[INFO] [stdout]             candidate #4: `tower::ServiceExt`
[INFO] [stdout]             candidate #5: `tower::util::ServiceExt`
[INFO] [stdout] 
[INFO] [stdout] 
[INFO] [stdout] error[E0599]: the associated function or constant `boxed` exists for struct `Assets`, but its trait bounds were not satisfied
[INFO] [stdout]    --> tests/basic_usage_test.rs:122:32
[INFO] [stdout]     |
[INFO] [stdout]  14 | struct Assets;
[INFO] [stdout]     | ------------- associated function or constant `boxed` not found for this struct because it doesn't satisfy `Assets: Service<_>` or `Assets: tower::ServiceExt<_>`
[INFO] [stdout] ...
[INFO] [stdout] 122 |         ViteServe::new(Assets::boxed()).with_cache_strategy(vite_rs_axum_0_8::CacheStrategy::Lazy),
[INFO] [stdout]     |                                ^^^^^ associated function or constant cannot be called on `Assets` due to unsatisfied trait bounds
[INFO] [stdout]     |
[INFO] [stdout]     = note: the following trait bounds were not satisfied:
[INFO] [stdout]             `Assets: Service<_>`
[INFO] [stdout]             which is required by `Assets: tower::ServiceExt<_>`
[INFO] [stdout]             `&Assets: Service<_>`
[INFO] [stdout]             which is required by `&Assets: tower::ServiceExt<_>`
[INFO] [stdout]             `&mut Assets: Service<_>`
[INFO] [stdout]             which is required by `&mut Assets: tower::ServiceExt<_>`
[INFO] [stdout] note: the trait `Service` must be implemented
[INFO] [stdout]    --> /opt/rustwide/cargo-home/registry/src/index.crates.io-1949cf8c6b5b557f/tower-service-0.3.3/src/lib.rs:311:1
[INFO] [stdout]     |
[INFO] [stdout] 311 | pub trait Service<Request> {
[INFO] [stdout]     | ^^^^^^^^^^^^^^^^^^^^^^^^^^
[INFO] [stdout]     = help: items from traits can only be used if the trait is implemented and in scope
[INFO] [stdout]     = note: the following traits define an item `boxed`, perhaps you need to implement one of them:
[INFO] [stdout]             candidate #1: `futures_util::future::future::FutureExt`
[INFO] [stdout]             candidate #2: `futures_util::stream::stream::StreamExt`
[INFO] [stdout]             candidate #3: `http_body_util::BodyExt`
[INFO] [stdout]             candidate #4: `tower::ServiceExt`
[INFO] [stdout]             candidate #5: `tower::util::ServiceExt`
[INFO] [stdout] 
[INFO] [stdout] 
[INFO] [stdout] error[E0599]: the associated function or constant `boxed` exists for struct `Assets`, but its trait bounds were not satisfied
[INFO] [stdout]    --> tests/basic_usage_test.rs:145:77
[INFO] [stdout]     |
[INFO] [stdout]  14 | struct Assets;
[INFO] [stdout]     | ------------- associated function or constant `boxed` not found for this struct because it doesn't satisfy `Assets: Service<_>` or `Assets: tower::ServiceExt<_>`
[INFO] [stdout] ...
[INFO] [stdout] 145 |     let app = axum::Router::new().route_service("/", ViteServe::new(Assets::boxed()));
[INFO] [stdout]     |                                                                             ^^^^^ associated function or constant cannot be called on `Assets` due to unsatisfied trait bounds
[INFO] [stdout]     |
[INFO] [stdout]     = note: the following trait bounds were not satisfied:
[INFO] [stdout]             `Assets: Service<_>`
[INFO] [stdout]             which is required by `Assets: tower::ServiceExt<_>`
[INFO] [stdout]             `&Assets: Service<_>`
[INFO] [stdout]             which is required by `&Assets: tower::ServiceExt<_>`
[INFO] [stdout]             `&mut Assets: Service<_>`
[INFO] [stdout]             which is required by `&mut Assets: tower::ServiceExt<_>`
[INFO] [stdout] note: the trait `Service` must be implemented
[INFO] [stdout]    --> /opt/rustwide/cargo-home/registry/src/index.crates.io-1949cf8c6b5b557f/tower-service-0.3.3/src/lib.rs:311:1
[INFO] [stdout]     |
[INFO] [stdout] 311 | pub trait Service<Request> {
[INFO] [stdout]     | ^^^^^^^^^^^^^^^^^^^^^^^^^^
[INFO] [stdout]     = help: items from traits can only be used if the trait is implemented and in scope
[INFO] [stdout]     = note: the following traits define an item `boxed`, perhaps you need to implement one of them:
[INFO] [stdout]             candidate #1: `futures_util::future::future::FutureExt`
[INFO] [stdout]             candidate #2: `futures_util::stream::stream::StreamExt`
[INFO] [stdout]             candidate #3: `http_body_util::BodyExt`
[INFO] [stdout]             candidate #4: `tower::ServiceExt`
[INFO] [stdout]             candidate #5: `tower::util::ServiceExt`
[INFO] [stdout] 
[INFO] [stdout] 
[INFO] [stdout] error[E0599]: the associated function or constant `boxed` exists for struct `Assets`, but its trait bounds were not satisfied
[INFO] [stdout]    --> tests/basic_usage_test.rs:263:75
[INFO] [stdout]     |
[INFO] [stdout]  14 | struct Assets;
[INFO] [stdout]     | ------------- associated function or constant `boxed` not found for this struct because it doesn't satisfy `Assets: Service<_>` or `Assets: tower::ServiceExt<_>`
[INFO] [stdout] ...
[INFO] [stdout] 263 |     let app = axum::Router::new().fallback_service(ViteServe::new(Assets::boxed()));
[INFO] [stdout]     |                                                                           ^^^^^ associated function or constant cannot be called on `Assets` due to unsatisfied trait bounds
[INFO] [stdout]     |
[INFO] [stdout]     = note: the following trait bounds were not satisfied:
[INFO] [stdout]             `Assets: Service<_>`
[INFO] [stdout]             which is required by `Assets: tower::ServiceExt<_>`
[INFO] [stdout]             `&Assets: Service<_>`
[INFO] [stdout]             which is required by `&Assets: tower::ServiceExt<_>`
[INFO] [stdout]             `&mut Assets: Service<_>`
[INFO] [stdout]             which is required by `&mut Assets: tower::ServiceExt<_>`
[INFO] [stdout] note: the trait `Service` must be implemented
[INFO] [stdout]    --> /opt/rustwide/cargo-home/registry/src/index.crates.io-1949cf8c6b5b557f/tower-service-0.3.3/src/lib.rs:311:1
[INFO] [stdout]     |
[INFO] [stdout] 311 | pub trait Service<Request> {
[INFO] [stdout]     | ^^^^^^^^^^^^^^^^^^^^^^^^^^
[INFO] [stdout]     = help: items from traits can only be used if the trait is implemented and in scope
[INFO] [stdout]     = note: the following traits define an item `boxed`, perhaps you need to implement one of them:
[INFO] [stdout]             candidate #1: `futures_util::future::future::FutureExt`
[INFO] [stdout]             candidate #2: `futures_util::stream::stream::StreamExt`
[INFO] [stdout]             candidate #3: `http_body_util::BodyExt`
[INFO] [stdout]             candidate #4: `tower::ServiceExt`
[INFO] [stdout]             candidate #5: `tower::util::ServiceExt`
[INFO] [stdout] 
[INFO] [stdout] 
[INFO] [stdout] error[E0599]: the associated function or constant `boxed` exists for struct `Assets`, but its trait bounds were not satisfied
[INFO] [stdout]    --> tests/basic_usage_test.rs:288:32
[INFO] [stdout]     |
[INFO] [stdout]  14 | struct Assets;
[INFO] [stdout]     | ------------- associated function or constant `boxed` not found for this struct because it doesn't satisfy `Assets: Service<_>` or `Assets: tower::ServiceExt<_>`
[INFO] [stdout] ...
[INFO] [stdout] 288 |         ViteServe::new(Assets::boxed())
[INFO] [stdout]     |                                ^^^^^ associated function or constant cannot be called on `Assets` due to unsatisfied trait bounds
[INFO] [stdout]     |
[INFO] [stdout]     = note: the following trait bounds were not satisfied:
[INFO] [stdout]             `Assets: Service<_>`
[INFO] [stdout]             which is required by `Assets: tower::ServiceExt<_>`
[INFO] [stdout]             `&Assets: Service<_>`
[INFO] [stdout]             which is required by `&Assets: tower::ServiceExt<_>`
[INFO] [stdout]             `&mut Assets: Service<_>`
[INFO] [stdout]             which is required by `&mut Assets: tower::ServiceExt<_>`
[INFO] [stdout] note: the trait `Service` must be implemented
[INFO] [stdout]    --> /opt/rustwide/cargo-home/registry/src/index.crates.io-1949cf8c6b5b557f/tower-service-0.3.3/src/lib.rs:311:1
[INFO] [stdout]     |
[INFO] [stdout] 311 | pub trait Service<Request> {
[INFO] [stdout]     | ^^^^^^^^^^^^^^^^^^^^^^^^^^
[INFO] [stdout]     = help: items from traits can only be used if the trait is implemented and in scope
[INFO] [stdout]     = note: the following traits define an item `boxed`, perhaps you need to implement one of them:
[INFO] [stdout]             candidate #1: `futures_util::future::future::FutureExt`
[INFO] [stdout]             candidate #2: `futures_util::stream::stream::StreamExt`
[INFO] [stdout]             candidate #3: `http_body_util::BodyExt`
[INFO] [stdout]             candidate #4: `tower::ServiceExt`
[INFO] [stdout]             candidate #5: `tower::util::ServiceExt`
[INFO] [stdout] 
[INFO] [stdout] 
[INFO] [stdout] error[E0599]: the associated function or constant `boxed` exists for struct `Assets`, but its trait bounds were not satisfied
[INFO] [stdout]    --> tests/basic_usage_test.rs:320:32
[INFO] [stdout]     |
[INFO] [stdout]  14 | struct Assets;
[INFO] [stdout]     | ------------- associated function or constant `boxed` not found for this struct because it doesn't satisfy `Assets: Service<_>` or `Assets: tower::ServiceExt<_>`
[INFO] [stdout] ...
[INFO] [stdout] 320 |         ViteServe::new(Assets::boxed()).with_fallback_strategy(
[INFO] [stdout]     |                                ^^^^^ associated function or constant cannot be called on `Assets` due to unsatisfied trait bounds
[INFO] [stdout]     |
[INFO] [stdout]     = note: the following trait bounds were not satisfied:
[INFO] [stdout]             `Assets: Service<_>`
[INFO] [stdout]             which is required by `Assets: tower::ServiceExt<_>`
[INFO] [stdout]             `&Assets: Service<_>`
[INFO] [stdout]             which is required by `&Assets: tower::ServiceExt<_>`
[INFO] [stdout]             `&mut Assets: Service<_>`
[INFO] [stdout]             which is required by `&mut Assets: tower::ServiceExt<_>`
[INFO] [stdout] note: the trait `Service` must be implemented
[INFO] [stdout]    --> /opt/rustwide/cargo-home/registry/src/index.crates.io-1949cf8c6b5b557f/tower-service-0.3.3/src/lib.rs:311:1
[INFO] [stdout]     |
[INFO] [stdout] 311 | pub trait Service<Request> {
[INFO] [stdout]     | ^^^^^^^^^^^^^^^^^^^^^^^^^^
[INFO] [stdout]     = help: items from traits can only be used if the trait is implemented and in scope
[INFO] [stdout]     = note: the following traits define an item `boxed`, perhaps you need to implement one of them:
[INFO] [stdout]             candidate #1: `futures_util::future::future::FutureExt`
[INFO] [stdout]             candidate #2: `futures_util::stream::stream::StreamExt`
[INFO] [stdout]             candidate #3: `http_body_util::BodyExt`
[INFO] [stdout]             candidate #4: `tower::ServiceExt`
[INFO] [stdout]             candidate #5: `tower::util::ServiceExt`
[INFO] [stdout] 
[INFO] [stdout] 
[INFO] [stdout] error[E0599]: the associated function or constant `boxed` exists for struct `Assets`, but its trait bounds were not satisfied
[INFO] [stdout]    --> tests/basic_usage_test.rs:55:65
[INFO] [stdout]     |
[INFO] [stdout]  14 | struct Assets;
[INFO] [stdout]     | ------------- associated function or constant `boxed` not found for this struct because it doesn't satisfy `Assets: Service<_>` or `Assets: tower::ServiceExt<_>`
[INFO] [stdout] ...
[INFO] [stdout]  55 |     axum::Router::new().fallback_service(ViteServe::new(Assets::boxed()))
[INFO] [stdout]     |                                                                 ^^^^^ associated function or constant cannot be called on `Assets` due to unsatisfied trait bounds
[INFO] [stdout]     |
[INFO] [stdout]     = note: the following trait bounds were not satisfied:
[INFO] [stdout]             `Assets: Service<_>`
[INFO] [stdout]             which is required by `Assets: tower::ServiceExt<_>`
[INFO] [stdout]             `&Assets: Service<_>`
[INFO] [stdout]             which is required by `&Assets: tower::ServiceExt<_>`
[INFO] [stdout]             `&mut Assets: Service<_>`
[INFO] [stdout]             which is required by `&mut Assets: tower::ServiceExt<_>`
[INFO] [stdout] note: the trait `Service` must be implemented
[INFO] [stdout]    --> /opt/rustwide/cargo-home/registry/src/index.crates.io-1949cf8c6b5b557f/tower-service-0.3.3/src/lib.rs:311:1
[INFO] [stdout]     |
[INFO] [stdout] 311 | pub trait Service<Request> {
[INFO] [stdout]     | ^^^^^^^^^^^^^^^^^^^^^^^^^^
[INFO] [stdout]     = help: items from traits can only be used if the trait is implemented and in scope
[INFO] [stdout]     = note: the following traits define an item `boxed`, perhaps you need to implement one of them:
[INFO] [stdout]             candidate #1: `futures_util::future::future::FutureExt`
[INFO] [stdout]             candidate #2: `futures_util::stream::stream::StreamExt`
[INFO] [stdout]             candidate #3: `http_body_util::BodyExt`
[INFO] [stdout]             candidate #4: `tower::ServiceExt`
[INFO] [stdout]             candidate #5: `tower::util::ServiceExt`
[INFO] [stdout] 
[INFO] [stdout] 
[INFO] [stdout] error[E0599]: the associated function or constant `boxed` exists for struct `Assets`, but its trait bounds were not satisfied
[INFO] [stdout]    --> tests/basic_usage_test.rs:60:52
[INFO] [stdout]     |
[INFO] [stdout]  14 | struct Assets;
[INFO] [stdout]     | ------------- associated function or constant `boxed` not found for this struct because it doesn't satisfy `Assets: Service<_>` or `Assets: tower::ServiceExt<_>`
[INFO] [stdout] ...
[INFO] [stdout]  60 |         .route_service("/", ViteServe::new(Assets::boxed()))
[INFO] [stdout]     |                                                    ^^^^^ associated function or constant cannot be called on `Assets` due to unsatisfied trait bounds
[INFO] [stdout]     |
[INFO] [stdout]     = note: the following trait bounds were not satisfied:
[INFO] [stdout]             `Assets: Service<_>`
[INFO] [stdout]             which is required by `Assets: tower::ServiceExt<_>`
[INFO] [stdout]             `&Assets: Service<_>`
[INFO] [stdout]             which is required by `&Assets: tower::ServiceExt<_>`
[INFO] [stdout]             `&mut Assets: Service<_>`
[INFO] [stdout]             which is required by `&mut Assets: tower::ServiceExt<_>`
[INFO] [stdout] note: the trait `Service` must be implemented
[INFO] [stdout]    --> /opt/rustwide/cargo-home/registry/src/index.crates.io-1949cf8c6b5b557f/tower-service-0.3.3/src/lib.rs:311:1
[INFO] [stdout]     |
[INFO] [stdout] 311 | pub trait Service<Request> {
[INFO] [stdout]     | ^^^^^^^^^^^^^^^^^^^^^^^^^^
[INFO] [stdout]     = help: items from traits can only be used if the trait is implemented and in scope
[INFO] [stdout]     = note: the following traits define an item `boxed`, perhaps you need to implement one of them:
[INFO] [stdout]             candidate #1: `futures_util::future::future::FutureExt`
[INFO] [stdout]             candidate #2: `futures_util::stream::stream::StreamExt`
[INFO] [stdout]             candidate #3: `http_body_util::BodyExt`
[INFO] [stdout]             candidate #4: `tower::ServiceExt`
[INFO] [stdout]             candidate #5: `tower::util::ServiceExt`
[INFO] [stdout] 
[INFO] [stdout] 
[INFO] [stdout] error[E0599]: the associated function or constant `boxed` exists for struct `Assets`, but its trait bounds were not satisfied
[INFO] [stdout]    --> tests/basic_usage_test.rs:61:59
[INFO] [stdout]     |
[INFO] [stdout]  14 | struct Assets;
[INFO] [stdout]     | ------------- associated function or constant `boxed` not found for this struct because it doesn't satisfy `Assets: Service<_>` or `Assets: tower::ServiceExt<_>`
[INFO] [stdout] ...
[INFO] [stdout]  61 |         .route_service("/{*path}", ViteServe::new(Assets::boxed()))
[INFO] [stdout]     |                                                           ^^^^^ associated function or constant cannot be called on `Assets` due to unsatisfied trait bounds
[INFO] [stdout]     |
[INFO] [stdout]     = note: the following trait bounds were not satisfied:
[INFO] [stdout]             `Assets: Service<_>`
[INFO] [stdout]             which is required by `Assets: tower::ServiceExt<_>`
[INFO] [stdout]             `&Assets: Service<_>`
[INFO] [stdout]             which is required by `&Assets: tower::ServiceExt<_>`
[INFO] [stdout]             `&mut Assets: Service<_>`
[INFO] [stdout]             which is required by `&mut Assets: tower::ServiceExt<_>`
[INFO] [stdout] note: the trait `Service` must be implemented
[INFO] [stdout]    --> /opt/rustwide/cargo-home/registry/src/index.crates.io-1949cf8c6b5b557f/tower-service-0.3.3/src/lib.rs:311:1
[INFO] [stdout]     |
[INFO] [stdout] 311 | pub trait Service<Request> {
[INFO] [stdout]     | ^^^^^^^^^^^^^^^^^^^^^^^^^^
[INFO] [stdout]     = help: items from traits can only be used if the trait is implemented and in scope
[INFO] [stdout]     = note: the following traits define an item `boxed`, perhaps you need to implement one of them:
[INFO] [stdout]             candidate #1: `futures_util::future::future::FutureExt`
[INFO] [stdout]             candidate #2: `futures_util::stream::stream::StreamExt`
[INFO] [stdout]             candidate #3: `http_body_util::BodyExt`
[INFO] [stdout]             candidate #4: `tower::ServiceExt`
[INFO] [stdout]             candidate #5: `tower::util::ServiceExt`
[INFO] [stdout] 
[INFO] [stdout] 
[INFO] [stdout] For more information about this error, try `rustc --explain E0599`.
[INFO] [stdout] 
[INFO] [stderr] error: could not compile `vite-rs-axum-0-8` (test "basic_usage_test") due to 11 previous errors
[INFO] running `Command { std: "docker" "inspect" "a9293e7ee75de63aeac22988a6add505e0e4011cd0acc2739176ff4b5c5760cb", kill_on_drop: false }`
[INFO] running `Command { std: "docker" "rm" "-f" "a9293e7ee75de63aeac22988a6add505e0e4011cd0acc2739176ff4b5c5760cb", kill_on_drop: false }`
[INFO] [stdout] a9293e7ee75de63aeac22988a6add505e0e4011cd0acc2739176ff4b5c5760cb
