[INFO] fetching crate vitaminc-aead 0.5.1...
[INFO] testing vitaminc-aead-0.5.1 against 1.99.0-beta.8+cargoflags=--release for beta-release-1.100-2
[INFO] extracting crate vitaminc-aead 0.5.1 into /workspace/builds/worker-1-tc1/source
[INFO] started tweaking crates.io crate vitaminc-aead 0.5.1
[INFO] removed 0 missing tests
[INFO] finished tweaking crates.io crate vitaminc-aead 0.5.1
[INFO] tweaked toml for crates.io crate vitaminc-aead 0.5.1 written to /workspace/builds/worker-1-tc1/source/Cargo.toml
[INFO] validating manifest of crates.io crate vitaminc-aead 0.5.1 on toolchain 1.99.0-beta.8
[INFO] running `Command { std: CARGO_HOME="/workspace/cargo-home" RUSTUP_HOME="/workspace/rustup-home" "/workspace/cargo-home/bin/cargo" "+1.99.0-beta.8" "metadata" "--manifest-path" "Cargo.toml" "--no-deps", kill_on_drop: false }`
[INFO] crate crates.io crate vitaminc-aead 0.5.1 already has a lockfile, it will not be regenerated
[INFO] running `Command { std: CARGO_HOME="/workspace/cargo-home" RUSTUP_HOME="/workspace/rustup-home" "/workspace/cargo-home/bin/cargo" "+1.99.0-beta.8" "fetch" "--manifest-path" "Cargo.toml", kill_on_drop: false }`
[INFO] [stderr]     Updating crates.io index
[INFO] [stderr]  Downloading crates ...
[INFO] [stderr]   Downloaded vitaminc-aead-derive v0.5.1
[INFO] [stderr]   Downloaded mutants v0.0.4
[INFO] [stderr]   Downloaded vitaminc-random-derives v0.5.1
[INFO] [stderr]   Downloaded trybuild v1.0.121
[INFO] [stderr]   Downloaded vitaminc-protected v0.5.1
[INFO] [stderr]   Downloaded vitaminc-protected-derive v0.5.1
[INFO] [stderr]   Downloaded vitaminc-context v0.5.1
[INFO] [stderr]   Downloaded quickcheck_macros v1.2.0
[INFO] [stderr]   Downloaded vitaminc-random v0.5.1
[INFO] running `Command { std: "docker" "create" "-v" "/var/lib/crater-agent-workspace/builds/worker-1-tc1/source:/opt/rustwide/workdir:ro,Z" "-v" "/var/lib/crater-agent-workspace/builds/worker-1-tc1/target:/opt/rustwide/target:rw,Z" "-v" "/var/lib/crater-agent-workspace/cargo-home:/opt/rustwide/cargo-home:ro,Z" "-v" "/var/lib/crater-agent-workspace/rustup-home:/opt/rustwide/rustup-home:ro,Z" "-m" "1610612736" "--network" "none" "ghcr.io/rust-lang/crates-build-env/linux@sha256:77db811e55d90add9212f6832c23229e3de5f1c1f9905e8cb07319ea15df73ac" "sleep" "infinity", kill_on_drop: false }`
[INFO] [stdout] 1a27376d9bea2e7274374b28d811af49c5dbfabbb39874c0019b21091f3c0107
[INFO] running `Command { std: "docker" "start" "1a27376d9bea2e7274374b28d811af49c5dbfabbb39874c0019b21091f3c0107", kill_on_drop: false }`
[INFO] running `Command { std: "docker" "inspect" "1a27376d9bea2e7274374b28d811af49c5dbfabbb39874c0019b21091f3c0107", kill_on_drop: false }`
[INFO] running `Command { std: "docker" "exec" "-e" "SOURCE_DIR=/opt/rustwide/workdir" "-e" "CARGO_HOME=/opt/rustwide/cargo-home" "-e" "RUSTUP_HOME=/opt/rustwide/rustup-home" "-e" "CARGO_TARGET_DIR=/opt/rustwide/target" "-w" "/opt/rustwide/workdir" "--user" "0:0" "1a27376d9bea2e7274374b28d811af49c5dbfabbb39874c0019b21091f3c0107" "/opt/rustwide/cargo-home/bin/cargo" "+1.99.0-beta.8" "metadata" "--no-deps" "--format-version=1", kill_on_drop: false }`
[INFO] running `Command { std: "docker" "inspect" "1a27376d9bea2e7274374b28d811af49c5dbfabbb39874c0019b21091f3c0107", kill_on_drop: false }`
[INFO] running `Command { std: "docker" "exec" "-e" "SOURCE_DIR=/opt/rustwide/workdir" "-e" "CARGO_HOME=/opt/rustwide/cargo-home" "-e" "RUSTUP_HOME=/opt/rustwide/rustup-home" "-e" "CARGO_TARGET_DIR=/opt/rustwide/target" "-e" "CARGO_INCREMENTAL=0" "-e" "RUST_BACKTRACE=full" "-e" "RUSTFLAGS=--cap-lints=warn" "-e" "RUSTDOCFLAGS=--cap-lints=warn" "-w" "/opt/rustwide/workdir" "--user" "0:0" "1a27376d9bea2e7274374b28d811af49c5dbfabbb39874c0019b21091f3c0107" "/opt/rustwide/cargo-home/bin/cargo" "+1.99.0-beta.8" "build" "--frozen" "--message-format=json" "--release", kill_on_drop: false }`
[INFO] [stderr]    Compiling syn v3.0.5
[INFO] [stderr]    Compiling syn v2.0.119
[INFO] [stderr]    Compiling vitaminc-protected v0.5.1
[INFO] [stderr]    Compiling mutants v0.0.4
[INFO] [stderr]    Compiling hybrid-array v0.4.10
[INFO] [stderr]    Compiling serde_bytes v0.11.19
[INFO] [stderr]    Compiling getrandom v0.4.3
[INFO] [stderr]    Compiling block-buffer v0.12.0
[INFO] [stderr]    Compiling crypto-common v0.2.1
[INFO] [stderr]    Compiling digest v0.11.2
[INFO] [stderr]    Compiling serde_derive v1.0.229
[INFO] [stderr]    Compiling thiserror-impl v2.0.20
[INFO] [stderr]    Compiling vitaminc-protected-derive v0.5.1
[INFO] [stderr]    Compiling vitaminc-random-derives v0.5.1
[INFO] [stderr]    Compiling vitaminc-aead-derive v0.5.1
[INFO] [stderr]    Compiling zeroize_derive v1.5.0
[INFO] [stderr]    Compiling zeroize v1.9.0
[INFO] [stderr]    Compiling chacha20 v0.10.2
[INFO] [stderr]    Compiling rand v0.10.3
[INFO] [stderr]    Compiling thiserror v2.0.20
[INFO] [stderr]    Compiling serde v1.0.229
[INFO] [stderr]    Compiling bytes v1.12.1
[INFO] [stderr]    Compiling vitaminc-context v0.5.1
[INFO] [stderr]    Compiling vitaminc-random v0.5.1
[INFO] [stderr]    Compiling vitaminc-aead v0.5.1 (/opt/rustwide/workdir)
[INFO] [stderr]     Finished `release` profile [optimized] target(s) in 16.16s
[INFO] running `Command { std: "docker" "inspect" "1a27376d9bea2e7274374b28d811af49c5dbfabbb39874c0019b21091f3c0107", kill_on_drop: false }`
[INFO] running `Command { std: "docker" "exec" "-e" "SOURCE_DIR=/opt/rustwide/workdir" "-e" "CARGO_HOME=/opt/rustwide/cargo-home" "-e" "RUSTUP_HOME=/opt/rustwide/rustup-home" "-e" "CARGO_TARGET_DIR=/opt/rustwide/target" "-e" "CARGO_INCREMENTAL=0" "-e" "RUST_BACKTRACE=full" "-e" "RUSTFLAGS=--cap-lints=warn" "-e" "RUSTDOCFLAGS=--cap-lints=warn" "-w" "/opt/rustwide/workdir" "--user" "0:0" "1a27376d9bea2e7274374b28d811af49c5dbfabbb39874c0019b21091f3c0107" "/opt/rustwide/cargo-home/bin/cargo" "+1.99.0-beta.8" "test" "--frozen" "--no-run" "--message-format=json" "--release", kill_on_drop: false }`
[INFO] [stderr]    Compiling aho-corasick v1.1.4
[INFO] [stderr]    Compiling regex-syntax v0.8.10
[INFO] [stderr]    Compiling target-tuple v1.0.2
[INFO] [stderr]    Compiling quickcheck_macros v1.2.0
[INFO] [stderr]    Compiling serde_json v1.0.151
[INFO] [stderr]    Compiling trybuild v1.0.121
[INFO] [stderr]    Compiling regex-automata v0.4.14
[INFO] [stderr]    Compiling regex v1.12.3
[INFO] [stderr]    Compiling env_filter v1.0.0
[INFO] [stderr]    Compiling env_logger v0.11.9
[INFO] [stderr]    Compiling quickcheck v1.1.0
[INFO] [stderr]    Compiling vitaminc-aead v0.5.1 (/opt/rustwide/workdir)
[INFO] [stdout] error[E0432]: unresolved import `vitaminc_prf`
[INFO] [stdout]   --> src/aad/mod.rs:71:9
[INFO] [stdout]    |
[INFO] [stdout] 71 |     use vitaminc_prf::IntoPrfContext;
[INFO] [stdout]    |         ^^^^^^^^^^^^ use of unresolved module or unlinked crate `vitaminc_prf`
[INFO] [stdout]    |
[INFO] [stdout]    = help: if you wanted to use a crate named `vitaminc_prf`, use `cargo add vitaminc_prf` to add it to your `Cargo.toml`
[INFO] [stdout] 
[INFO] [stdout] 
[INFO] [stdout] error[E0277]: the trait bound `vitaminc_context::ContextPiece<'_>: Arbitrary` is not satisfied
[INFO] [stdout]    --> src/aad/mod.rs:75:5
[INFO] [stdout]     |
[INFO] [stdout]  75 |     #[quickcheck]
[INFO] [stdout]     |     ^^^^^^^^^^^^^ the trait `Arbitrary` is not implemented for `vitaminc_context::ContextPiece<'_>`
[INFO] [stdout]     |
[INFO] [stdout]     = help: the following other types implement trait `Arbitrary`:
[INFO] [stdout]               ()
[INFO] [stdout]               (A, B)
[INFO] [stdout]               (A, B, C)
[INFO] [stdout]               (A, B, C, D)
[INFO] [stdout]               (A, B, C, D, E)
[INFO] [stdout]               (A, B, C, D, E, F)
[INFO] [stdout]               (A, B, C, D, E, F, G)
[INFO] [stdout]               (A, B, C, D, E, F, G, H)
[INFO] [stdout]             and 57 others
[INFO] [stdout]     = note: required for `fn(vitaminc_context::ContextPiece<'_>) -> bool` to implement `Testable`
[INFO] [stdout] note: required by a bound in `quickcheck`
[INFO] [stdout]    --> /opt/rustwide/cargo-home/registry/src/index.crates.io-1949cf8c6b5b557f/quickcheck-1.1.0/src/tester.rs:199:22
[INFO] [stdout]     |
[INFO] [stdout] 199 | pub fn quickcheck<A: Testable>(f: A) {
[INFO] [stdout]     |                      ^^^^^^^^ required by this bound in `quickcheck`
[INFO] [stdout]     = note: this error originates in the attribute macro `quickcheck` (in Nightly builds, run with -Z macro-backtrace for more info)
[INFO] [stdout] 
[INFO] [stdout] 
[INFO] [stdout] error[E0599]: no method named `into_prf_context` found for enum `vitaminc_context::ContextPiece<'a>` in the current scope
[INFO] [stdout]   --> src/aad/mod.rs:77:52
[INFO] [stdout]    |
[INFO] [stdout] 77 |         tree.clone().into_aad().as_bytes() == tree.into_prf_context().as_bytes()
[INFO] [stdout]    |                                                    ^^^^^^^^^^^^^^^^
[INFO] [stdout]    |
[INFO] [stdout] help: there is a method `into_context` with a similar name
[INFO] [stdout]    |
[INFO] [stdout] 77 -         tree.clone().into_aad().as_bytes() == tree.into_prf_context().as_bytes()
[INFO] [stdout] 77 +         tree.clone().into_aad().as_bytes() == tree.into_context().as_bytes()
[INFO] [stdout]    |
[INFO] [stdout] 
[INFO] [stdout] 
[INFO] [stdout] Some errors have detailed explanations: E0277, E0432, E0599.
[INFO] [stdout] 
[INFO] [stdout] For more information about an error, try `rustc --explain E0277`.
[INFO] [stdout] 
[INFO] [stderr] error: could not compile `vitaminc-aead` (lib test) due to 3 previous errors
[INFO] running `Command { std: "docker" "inspect" "1a27376d9bea2e7274374b28d811af49c5dbfabbb39874c0019b21091f3c0107", kill_on_drop: false }`
[INFO] running `Command { std: "docker" "rm" "-f" "1a27376d9bea2e7274374b28d811af49c5dbfabbb39874c0019b21091f3c0107", kill_on_drop: false }`
[INFO] [stdout] 1a27376d9bea2e7274374b28d811af49c5dbfabbb39874c0019b21091f3c0107
