[INFO] fetching crate vita2d-sys 0.1.1...
[INFO] testing vita2d-sys-0.1.1 against 1.99.0-beta.8+cargoflags=--release for beta-release-1.100-2
[INFO] extracting crate vita2d-sys 0.1.1 into /workspace/builds/worker-6-tc1/source
[INFO] removed /workspace/builds/worker-6-tc1/source/.cargo/config.toml
[INFO] started tweaking crates.io crate vita2d-sys 0.1.1
[INFO] removed 0 missing examples
[INFO] finished tweaking crates.io crate vita2d-sys 0.1.1
[INFO] tweaked toml for crates.io crate vita2d-sys 0.1.1 written to /workspace/builds/worker-6-tc1/source/Cargo.toml
[INFO] validating manifest of crates.io crate vita2d-sys 0.1.1 on toolchain 1.99.0-beta.8
[INFO] running `Command { std: CARGO_HOME="/workspace/cargo-home" RUSTUP_HOME="/workspace/rustup-home" "/workspace/cargo-home/bin/cargo" "+1.99.0-beta.8" "metadata" "--manifest-path" "Cargo.toml" "--no-deps", kill_on_drop: false }`
[INFO] crate crates.io crate vita2d-sys 0.1.1 already has a lockfile, it will not be regenerated
[INFO] running `Command { std: CARGO_HOME="/workspace/cargo-home" RUSTUP_HOME="/workspace/rustup-home" "/workspace/cargo-home/bin/cargo" "+1.99.0-beta.8" "fetch" "--manifest-path" "Cargo.toml", kill_on_drop: false }`
[INFO] [stderr]     Updating crates.io index
[INFO] [stderr]  Downloading crates ...
[INFO] [stderr]   Downloaded vita-dbgscreen v0.1.2
[INFO] running `Command { std: "docker" "create" "-v" "/var/lib/crater-agent-workspace/builds/worker-6-tc1/source:/opt/rustwide/workdir:ro,Z" "-v" "/var/lib/crater-agent-workspace/builds/worker-6-tc1/target:/opt/rustwide/target:rw,Z" "-v" "/var/lib/crater-agent-workspace/cargo-home:/opt/rustwide/cargo-home:ro,Z" "-v" "/var/lib/crater-agent-workspace/rustup-home:/opt/rustwide/rustup-home:ro,Z" "-m" "1610612736" "--network" "none" "ghcr.io/rust-lang/crates-build-env/linux@sha256:77db811e55d90add9212f6832c23229e3de5f1c1f9905e8cb07319ea15df73ac" "sleep" "infinity", kill_on_drop: false }`
[INFO] [stdout] f530711f9128b7e152b616806d17b2b70456d21cfd62f048579271bea5bd1f9c
[INFO] running `Command { std: "docker" "start" "f530711f9128b7e152b616806d17b2b70456d21cfd62f048579271bea5bd1f9c", kill_on_drop: false }`
[INFO] running `Command { std: "docker" "inspect" "f530711f9128b7e152b616806d17b2b70456d21cfd62f048579271bea5bd1f9c", kill_on_drop: false }`
[INFO] running `Command { std: "docker" "exec" "-e" "SOURCE_DIR=/opt/rustwide/workdir" "-e" "CARGO_HOME=/opt/rustwide/cargo-home" "-e" "RUSTUP_HOME=/opt/rustwide/rustup-home" "-e" "CARGO_TARGET_DIR=/opt/rustwide/target" "-w" "/opt/rustwide/workdir" "--user" "0:0" "f530711f9128b7e152b616806d17b2b70456d21cfd62f048579271bea5bd1f9c" "/opt/rustwide/cargo-home/bin/cargo" "+1.99.0-beta.8" "metadata" "--no-deps" "--format-version=1", kill_on_drop: false }`
[INFO] running `Command { std: "docker" "inspect" "f530711f9128b7e152b616806d17b2b70456d21cfd62f048579271bea5bd1f9c", kill_on_drop: false }`
[INFO] running `Command { std: "docker" "exec" "-e" "SOURCE_DIR=/opt/rustwide/workdir" "-e" "CARGO_HOME=/opt/rustwide/cargo-home" "-e" "RUSTUP_HOME=/opt/rustwide/rustup-home" "-e" "CARGO_TARGET_DIR=/opt/rustwide/target" "-e" "CARGO_INCREMENTAL=0" "-e" "RUST_BACKTRACE=full" "-e" "RUSTFLAGS=--cap-lints=warn" "-e" "RUSTDOCFLAGS=--cap-lints=warn" "-w" "/opt/rustwide/workdir" "--user" "0:0" "f530711f9128b7e152b616806d17b2b70456d21cfd62f048579271bea5bd1f9c" "/opt/rustwide/cargo-home/bin/cargo" "+1.99.0-beta.8" "build" "--frozen" "--message-format=json" "--release", kill_on_drop: false }`
[INFO] [stderr]    Compiling vita2d-sys v0.1.1 (/opt/rustwide/workdir)
[INFO] [stderr] warning: vita2d-sys@0.1.1: $VITASDK not set!
[INFO] [stdout] error[E0080]: index out of bounds: the length is 1 but the index is 4
[INFO] [stdout]    --> src/bindings.rs:780:5
[INFO] [stdout]     |
[INFO] [stdout] 780 |     ["Size of SceGxmInitializeParams"][::std::mem::size_of::<SceGxmInitializeParams>() - 20usize];
[INFO] [stdout]     |     ^^^^^^^^^^^^^^^^^^^^^^^^^^^^^^^^^^^^^^^^^^^^^^^^^^^^^^^^^^^^^^^^^^^^^^^^^^^^^^^^^^^^^^^^^^^^^ evaluation of `bindings::_` failed here
[INFO] [stdout] 
[INFO] [stdout] 
[INFO] [stdout] error[E0080]: index out of bounds: the length is 1 but the index is 12
[INFO] [stdout]     --> src/bindings.rs:3994:5
[INFO] [stdout]      |
[INFO] [stdout] 3994 | /     ["Size of SceGxmDepthStencilSurface"]
[INFO] [stdout] 3995 | |         [::std::mem::size_of::<SceGxmDepthStencilSurface>() - 20usize];
[INFO] [stdout]      | |______________________________________________________________________^ evaluation of `bindings::_` failed here
[INFO] [stdout] 
[INFO] [stdout] 
[INFO] [stdout] error[E0080]: index out of bounds: the length is 1 but the index is 8
[INFO] [stdout]     --> src/bindings.rs:4017:5
[INFO] [stdout]      |
[INFO] [stdout] 4017 |     ["Size of SceGxmNotification"][::std::mem::size_of::<SceGxmNotification>() - 8usize];
[INFO] [stdout]      |     ^^^^^^^^^^^^^^^^^^^^^^^^^^^^^^^^^^^^^^^^^^^^^^^^^^^^^^^^^^^^^^^^^^^^^^^^^^^^^^^^^^^^ evaluation of `bindings::_` failed here
[INFO] [stdout] 
[INFO] [stdout] 
[INFO] [stdout] error[E0080]: index out of bounds: the length is 1 but the index is 36
[INFO] [stdout]     --> src/bindings.rs:4063:5
[INFO] [stdout]      |
[INFO] [stdout] 4063 |     ["Size of SceGxmContextParams"][::std::mem::size_of::<SceGxmContextParams>() - 44usize];
[INFO] [stdout]      |     ^^^^^^^^^^^^^^^^^^^^^^^^^^^^^^^^^^^^^^^^^^^^^^^^^^^^^^^^^^^^^^^^^^^^^^^^^^^^^^^^^^^^^^^ evaluation of `bindings::_` failed here
[INFO] [stdout] 
[INFO] [stdout] 
[INFO] [stdout] error[E0080]: index out of bounds: the length is 1 but the index is 48
[INFO] [stdout]     --> src/bindings.rs:4124:5
[INFO] [stdout]      |
[INFO] [stdout] 4124 | /     ["Size of SceGxmDeferredContextParams"]
[INFO] [stdout] 4125 | |         [::std::mem::size_of::<SceGxmDeferredContextParams>() - 48usize];
[INFO] [stdout]      | |________________________________________________________________________^ evaluation of `bindings::_` failed here
[INFO] [stdout] 
[INFO] [stdout] 
[INFO] [stdout] error[E0080]: index out of bounds: the length is 1 but the index is 52
[INFO] [stdout]     --> src/bindings.rs:4328:5
[INFO] [stdout]      |
[INFO] [stdout] 4328 | /     ["Size of SceGxmShaderPatcherParams"]
[INFO] [stdout] 4329 | |         [::std::mem::size_of::<SceGxmShaderPatcherParams>() - 68usize];
[INFO] [stdout]      | |______________________________________________________________________^ evaluation of `bindings::_` failed here
[INFO] [stdout] 
[INFO] [stdout] 
[INFO] [stdout] error[E0080]: index out of bounds: the length is 1 but the index is 8
[INFO] [stdout]     --> src/bindings.rs:5756:5
[INFO] [stdout]      |
[INFO] [stdout] 5756 | /     ["Size of SceKernelAllocMemBlockOpt"]
[INFO] [stdout] 5757 | |         [::std::mem::size_of::<SceKernelAllocMemBlockOpt>() - 64usize];
[INFO] [stdout]      | |______________________________________________________________________^ evaluation of `bindings::_` failed here
[INFO] [stdout] 
[INFO] [stdout] 
[INFO] [stdout] error[E0080]: index out of bounds: the length is 1 but the index is 8
[INFO] [stdout]     --> src/bindings.rs:5814:5
[INFO] [stdout]      |
[INFO] [stdout] 5814 |     ["Size of SceKernelMemBlockInfo"][::std::mem::size_of::<SceKernelMemBlockInfo>() - 24usize];
[INFO] [stdout]      |     ^^^^^^^^^^^^^^^^^^^^^^^^^^^^^^^^^^^^^^^^^^^^^^^^^^^^^^^^^^^^^^^^^^^^^^^^^^^^^^^^^^^^^^^^^^^ evaluation of `bindings::_` failed here
[INFO] [stdout] 
[INFO] [stdout] 
[INFO] [stdout] error[E0080]: index out of bounds: the length is 1 but the index is 44
[INFO] [stdout]     --> src/bindings.rs:5967:5
[INFO] [stdout]      |
[INFO] [stdout] 5967 |     ["Size of SceFontNewLibParams"][::std::mem::size_of::<SceFontNewLibParams>() - 44usize];
[INFO] [stdout]      |     ^^^^^^^^^^^^^^^^^^^^^^^^^^^^^^^^^^^^^^^^^^^^^^^^^^^^^^^^^^^^^^^^^^^^^^^^^^^^^^^^^^^^^^^ evaluation of `bindings::_` failed here
[INFO] [stdout] 
[INFO] [stdout] 
[INFO] [stdout] error[E0080]: index out of bounds: the length is 1 but the index is 36
[INFO] [stdout]     --> src/bindings.rs:6595:5
[INFO] [stdout]      |
[INFO] [stdout] 6595 | /     ["Size of ScePvfCacheSystemInterface"]
[INFO] [stdout] 6596 | |         [::std::mem::size_of::<ScePvfCacheSystemInterface>() - 36usize];
[INFO] [stdout]      | |_______________________________________________________________________^ evaluation of `bindings::_` failed here
[INFO] [stdout] 
[INFO] [stdout] 
[INFO] [stdout] error[E0080]: index out of bounds: the length is 1 but the index is 28
[INFO] [stdout]     --> src/bindings.rs:6643:5
[INFO] [stdout]      |
[INFO] [stdout] 6643 |     ["Size of ScePvfInitRec"][::std::mem::size_of::<ScePvfInitRec>() - 28usize];
[INFO] [stdout]      |     ^^^^^^^^^^^^^^^^^^^^^^^^^^^^^^^^^^^^^^^^^^^^^^^^^^^^^^^^^^^^^^^^^^^^^^^^^^^ evaluation of `bindings::_` failed here
[INFO] [stdout] 
[INFO] [stdout] 
[INFO] [stdout] error[E0080]: index out of bounds: the length is 1 but the index is 8
[INFO] [stdout]     --> src/bindings.rs:6718:5
[INFO] [stdout]      |
[INFO] [stdout] 6718 | /     ["Size of ScePvfUserImageBufferRec"]
[INFO] [stdout] 6719 | |         [::std::mem::size_of::<ScePvfUserImageBufferRec>() - 24usize];
[INFO] [stdout]      | |_____________________________________________________________________^ evaluation of `bindings::_` failed here
[INFO] [stdout] 
[INFO] [stdout] 
[INFO] [stdout] error[E0080]: index out of bounds: the length is 1 but the index is 20
[INFO] [stdout]     --> src/bindings.rs:7230:5
[INFO] [stdout]      |
[INFO] [stdout] 7230 |     ["Size of vita2d_texture"][::std::mem::size_of::<vita2d_texture>() - 100usize];
[INFO] [stdout]      |     ^^^^^^^^^^^^^^^^^^^^^^^^^^^^^^^^^^^^^^^^^^^^^^^^^^^^^^^^^^^^^^^^^^^^^^^^^^^^^^ evaluation of `bindings::_` failed here
[INFO] [stdout] 
[INFO] [stdout] 
[INFO] [stdout] error[E0080]: index out of bounds: the length is 1 but the index is 8
[INFO] [stdout]     --> src/bindings.rs:7257:5
[INFO] [stdout]      |
[INFO] [stdout] 7257 | /     ["Size of vita2d_system_pgf_config"]
[INFO] [stdout] 7258 | |         [::std::mem::size_of::<vita2d_system_pgf_config>() - 8usize];
[INFO] [stdout]      | |____________________________________________________________________^ evaluation of `bindings::_` failed here
[INFO] [stdout] 
[INFO] [stdout] 
[INFO] [stdout] error[E0080]: index out of bounds: the length is 1 but the index is 8
[INFO] [stdout]     --> src/bindings.rs:7276:5
[INFO] [stdout]      |
[INFO] [stdout] 7276 | /     ["Size of vita2d_system_pvf_config"]
[INFO] [stdout] 7277 | |         [::std::mem::size_of::<vita2d_system_pvf_config>() - 8usize];
[INFO] [stdout]      | |____________________________________________________________________^ evaluation of `bindings::_` failed here
[INFO] [stdout] 
[INFO] [stdout] 
[INFO] [stdout] For more information about this error, try `rustc --explain E0080`.
[INFO] [stdout] 
[INFO] [stderr] warning: vita2d-sys@0.1.1: $VITASDK not set!
[INFO] [stderr] error: could not compile `vita2d-sys` (lib) due to 15 previous errors
[INFO] running `Command { std: "docker" "inspect" "f530711f9128b7e152b616806d17b2b70456d21cfd62f048579271bea5bd1f9c", kill_on_drop: false }`
[INFO] running `Command { std: "docker" "rm" "-f" "f530711f9128b7e152b616806d17b2b70456d21cfd62f048579271bea5bd1f9c", kill_on_drop: false }`
[INFO] [stdout] f530711f9128b7e152b616806d17b2b70456d21cfd62f048579271bea5bd1f9c
