[INFO] fetching crate visa-rs 0.7.1...
[INFO] testing visa-rs-0.7.1 against 1.99.0-beta.8+cargoflags=--release for beta-release-1.100-2
[INFO] extracting crate visa-rs 0.7.1 into /workspace/builds/worker-0-tc1/source
[INFO] started tweaking crates.io crate visa-rs 0.7.1
[INFO] removed 0 missing examples
[INFO] removed 0 missing tests
[INFO] finished tweaking crates.io crate visa-rs 0.7.1
[INFO] tweaked toml for crates.io crate visa-rs 0.7.1 written to /workspace/builds/worker-0-tc1/source/Cargo.toml
[INFO] validating manifest of crates.io crate visa-rs 0.7.1 on toolchain 1.99.0-beta.8
[INFO] running `Command { std: CARGO_HOME="/workspace/cargo-home" RUSTUP_HOME="/workspace/rustup-home" "/workspace/cargo-home/bin/cargo" "+1.99.0-beta.8" "metadata" "--manifest-path" "Cargo.toml" "--no-deps", kill_on_drop: false }`
[INFO] crate crates.io crate visa-rs 0.7.1 already has a lockfile, it will not be regenerated
[INFO] running `Command { std: CARGO_HOME="/workspace/cargo-home" RUSTUP_HOME="/workspace/rustup-home" "/workspace/cargo-home/bin/cargo" "+1.99.0-beta.8" "fetch" "--manifest-path" "Cargo.toml", kill_on_drop: false }`
[INFO] [stderr]     Updating crates.io index
[INFO] [stderr]  Downloading crates ...
[INFO] [stderr]   Downloaded visa-rs-proc v0.7.0
[INFO] [stderr]   Downloaded visa-sys v0.2.0
[INFO] running `Command { std: "docker" "create" "-v" "/var/lib/crater-agent-workspace/builds/worker-0-tc1/source:/opt/rustwide/workdir:ro,Z" "-v" "/var/lib/crater-agent-workspace/builds/worker-0-tc1/target:/opt/rustwide/target:rw,Z" "-v" "/var/lib/crater-agent-workspace/cargo-home:/opt/rustwide/cargo-home:ro,Z" "-v" "/var/lib/crater-agent-workspace/rustup-home:/opt/rustwide/rustup-home:ro,Z" "-m" "1610612736" "--network" "none" "ghcr.io/rust-lang/crates-build-env/linux@sha256:77db811e55d90add9212f6832c23229e3de5f1c1f9905e8cb07319ea15df73ac" "sleep" "infinity", kill_on_drop: false }`
[INFO] [stdout] 90a456e4af6ed3b0e6735574ef354ce233936b9cff3d27441746be64fbd8bdb9
[INFO] running `Command { std: "docker" "start" "90a456e4af6ed3b0e6735574ef354ce233936b9cff3d27441746be64fbd8bdb9", kill_on_drop: false }`
[INFO] running `Command { std: "docker" "inspect" "90a456e4af6ed3b0e6735574ef354ce233936b9cff3d27441746be64fbd8bdb9", kill_on_drop: false }`
[INFO] running `Command { std: "docker" "exec" "-e" "SOURCE_DIR=/opt/rustwide/workdir" "-e" "CARGO_HOME=/opt/rustwide/cargo-home" "-e" "RUSTUP_HOME=/opt/rustwide/rustup-home" "-e" "CARGO_TARGET_DIR=/opt/rustwide/target" "-w" "/opt/rustwide/workdir" "--user" "0:0" "90a456e4af6ed3b0e6735574ef354ce233936b9cff3d27441746be64fbd8bdb9" "/opt/rustwide/cargo-home/bin/cargo" "+1.99.0-beta.8" "metadata" "--no-deps" "--format-version=1", kill_on_drop: false }`
[INFO] running `Command { std: "docker" "inspect" "90a456e4af6ed3b0e6735574ef354ce233936b9cff3d27441746be64fbd8bdb9", kill_on_drop: false }`
[INFO] running `Command { std: "docker" "exec" "-e" "SOURCE_DIR=/opt/rustwide/workdir" "-e" "CARGO_HOME=/opt/rustwide/cargo-home" "-e" "RUSTUP_HOME=/opt/rustwide/rustup-home" "-e" "CARGO_TARGET_DIR=/opt/rustwide/target" "-e" "CARGO_INCREMENTAL=0" "-e" "RUST_BACKTRACE=full" "-e" "RUSTFLAGS=--cap-lints=warn" "-e" "RUSTDOCFLAGS=--cap-lints=warn" "-w" "/opt/rustwide/workdir" "--user" "0:0" "90a456e4af6ed3b0e6735574ef354ce233936b9cff3d27441746be64fbd8bdb9" "/opt/rustwide/cargo-home/bin/cargo" "+1.99.0-beta.8" "build" "--frozen" "--message-format=json" "--release", kill_on_drop: false }`
[INFO] [stderr]    Compiling winnow v0.7.14
[INFO] [stderr]    Compiling toml_datetime v0.7.5+spec-1.1.0
[INFO] [stderr]    Compiling visa-sys v0.2.0
[INFO] [stderr]    Compiling tokio v1.49.0
[INFO] [stderr]    Compiling visa-rs-proc v0.7.0
[INFO] [stderr]    Compiling parking_lot_core v0.9.12
[INFO] [stderr]    Compiling dashmap v6.1.0
[INFO] [stderr]    Compiling toml_parser v1.0.6+spec-1.1.0
[INFO] [stderr]    Compiling toml_edit v0.23.10+spec-1.0.0
[INFO] [stderr]    Compiling proc-macro-crate v3.4.0
[INFO] [stderr]    Compiling num_enum_derive v0.7.5
[INFO] [stderr]    Compiling num_enum v0.7.5
[INFO] [stderr]    Compiling visa-rs v0.7.1 (/opt/rustwide/workdir)
[INFO] [stderr]     Finished `release` profile [optimized] target(s) in 9.36s
[INFO] running `Command { std: "docker" "inspect" "90a456e4af6ed3b0e6735574ef354ce233936b9cff3d27441746be64fbd8bdb9", kill_on_drop: false }`
[INFO] running `Command { std: "docker" "exec" "-e" "SOURCE_DIR=/opt/rustwide/workdir" "-e" "CARGO_HOME=/opt/rustwide/cargo-home" "-e" "RUSTUP_HOME=/opt/rustwide/rustup-home" "-e" "CARGO_TARGET_DIR=/opt/rustwide/target" "-e" "CARGO_INCREMENTAL=0" "-e" "RUST_BACKTRACE=full" "-e" "RUSTFLAGS=--cap-lints=warn" "-e" "RUSTDOCFLAGS=--cap-lints=warn" "-w" "/opt/rustwide/workdir" "--user" "0:0" "90a456e4af6ed3b0e6735574ef354ce233936b9cff3d27441746be64fbd8bdb9" "/opt/rustwide/cargo-home/bin/cargo" "+1.99.0-beta.8" "test" "--frozen" "--no-run" "--message-format=json" "--release", kill_on_drop: false }`
[INFO] [stderr]    Compiling regex-syntax v0.8.8
[INFO] [stderr]    Compiling log v0.4.29
[INFO] [stderr]    Compiling aho-corasick v1.1.4
[INFO] [stderr]    Compiling colorchoice v1.0.4
[INFO] [stderr]    Compiling anstyle-parse v0.2.7
[INFO] [stderr]    Compiling anstyle v1.0.13
[INFO] [stderr]    Compiling jiff v0.2.18
[INFO] [stderr]    Compiling tokio v1.49.0
[INFO] [stderr]    Compiling anstream v0.6.21
[INFO] [stderr]    Compiling regex-automata v0.4.13
[INFO] [stderr]    Compiling visa-rs v0.7.1 (/opt/rustwide/workdir)
[INFO] [stderr]    Compiling regex v1.12.2
[INFO] [stderr]    Compiling env_filter v0.1.4
[INFO] [stderr]    Compiling env_logger v0.11.8
[INFO] [stdout] error: linking with `cc` failed: exit status: 1
[INFO] [stdout]   |
[INFO] [stdout]   = note:  "cc" "-m64" "/opt/rustwide/target/release/examples/rustcPvQtiy/symbols.o" "<2 object files omitted>" "-Wl,--as-needed" "-Wl,-Bstatic" "/opt/rustwide/target/release/deps/{libvisa_rs-ea6d6c0c21d6b50d,libnum_enum-480b128655439f1c,liblog-9f5fd3dda547de7d,libbitflags-8de73b99f8fb1681,libtokio-233ccb305807da28,libbytes-ee531cff3ae71f39,libpin_project_lite-a042d89c9815bfb5,libdashmap-026e92432ea6ce07,liblock_api-0c6a3406bef68330,libscopeguard-5f9373ec660020b4,libhashbrown-b4dc3b12e88b8e34,libonce_cell-35d4cc1b6bbf4e72,libcrossbeam_utils-c35c21890820cf1a,libparking_lot_core-e46e0a2475b718c8,liblibc-6e32314a1a8360bf,libcfg_if-6d8dca19095bb388,libsmallvec-841086f162eea166,libvisa_sys-661d7a0694de739b}.rlib" "<sysroot>/lib/rustlib/x86_64-unknown-linux-gnu/lib/{libstd-*,libpanic_unwind-*,libobject-*,libmemchr-*,libaddr2line-*,libgimli-*,libcfg_if-*,librustc_demangle-*,libstd_detect-*,libhashbrown-*,librustc_std_workspace_alloc-*,libminiz_oxide-*,libadler2-*,libunwind-*,liblibc-*,librustc_std_workspace_core-*,liballoc-*,libcore-*,libcompiler_builtins-*}.rlib" "-Wl,-Bdynamic" "-lvisa" "-lgcc_s" "-lutil" "-lrt" "-lpthread" "-lm" "-ldl" "-lc" "-L" "/opt/rustwide/target/release/examples/rustcPvQtiy/raw-dylibs" "-B<sysroot>/lib/rustlib/x86_64-unknown-linux-gnu/bin/gcc-ld" "-fuse-ld=lld" "-Wl,--eh-frame-hdr" "-Wl,-z,noexecstack" "-L" "<sysroot>/lib/rustlib/x86_64-unknown-linux-gnu/lib" "-o" "/opt/rustwide/target/release/examples/async_probe-fceff4b33a2fab3a" "-Wl,--gc-sections" "-pie" "-Wl,-z,relro,-z,now" "-Wl,-O1" "-Wl,--strip-debug" "-nodefaultlibs"
[INFO] [stdout]   = note: some arguments are omitted. use `--verbose` to show all linker arguments
[INFO] [stdout]   = note: rust-lld: error: unable to find library -lvisa
[INFO] [stdout]           collect2: error: ld returned 1 exit status
[INFO] [stdout]           
[INFO] [stdout] 
[INFO] [stdout] 
[INFO] [stderr] error: could not compile `visa-rs` (example "async_probe") due to 1 previous error
[INFO] [stderr] warning: build failed, waiting for other jobs to finish...
[INFO] [stdout] error: linking with `cc` failed: exit status: 1
[INFO] [stdout]   |
[INFO] [stdout]   = note:  "cc" "-m64" "/opt/rustwide/target/release/deps/rustcKtefHy/symbols.o" "<17 object files omitted>" "-Wl,--as-needed" "-Wl,-Bstatic" "/opt/rustwide/target/release/deps/{libenv_logger-390f5e821efee863,libanstream-2ed1ad74f1fd0c38,libanstyle_query-b45e303465962535,libis_terminal_polyfill-d4b89543c4de780e,libcolorchoice-1862e5f8c10b89de,libanstyle_parse-2a754419c04d28ad,libutf8parse-fd39fdebeec71100,libjiff-5e0685b28b2160b7,libenv_filter-c68396c7e35d455b,libregex-0e365547f9d9be5a,libregex_automata-c780e1caa36a6820,libaho_corasick-0333b487e4bd0cc5,libmemchr-1df3f384506278db,libregex_syntax-dcf890f8355edfb0,libanstyle-8f069d2d725bf663}.rlib" "<sysroot>/lib/rustlib/x86_64-unknown-linux-gnu/lib/{libtest-*,libgetopts-*,librustc_std_workspace_std-*}.rlib" "/opt/rustwide/target/release/deps/{libvisa_rs-ea6d6c0c21d6b50d,libnum_enum-480b128655439f1c,liblog-9f5fd3dda547de7d,libbitflags-8de73b99f8fb1681,libtokio-233ccb305807da28,libbytes-ee531cff3ae71f39,libpin_project_lite-a042d89c9815bfb5,libdashmap-026e92432ea6ce07,liblock_api-0c6a3406bef68330,libscopeguard-5f9373ec660020b4,libhashbrown-b4dc3b12e88b8e34,libonce_cell-35d4cc1b6bbf4e72,libcrossbeam_utils-c35c21890820cf1a,libparking_lot_core-e46e0a2475b718c8,liblibc-6e32314a1a8360bf,libcfg_if-6d8dca19095bb388,libsmallvec-841086f162eea166,libvisa_sys-661d7a0694de739b,libanyhow-d0294ab4c4b496f2}.rlib" "<sysroot>/lib/rustlib/x86_64-unknown-linux-gnu/lib/{libstd-*,libpanic_unwind-*,libobject-*,libmemchr-*,libaddr2line-*,libgimli-*,libcfg_if-*,librustc_demangle-*,libstd_detect-*,libhashbrown-*,librustc_std_workspace_alloc-*,libminiz_oxide-*,libadler2-*,libunwind-*,liblibc-*,librustc_std_workspace_core-*,liballoc-*,libcore-*,libcompiler_builtins-*}.rlib" "-Wl,-Bdynamic" "-lvisa" "-lgcc_s" "-lutil" "-lrt" "-lpthread" "-lm" "-ldl" "-lc" "-L" "/opt/rustwide/target/release/deps/rustcKtefHy/raw-dylibs" "-B<sysroot>/lib/rustlib/x86_64-unknown-linux-gnu/bin/gcc-ld" "-fuse-ld=lld" "-Wl,--eh-frame-hdr" "-Wl,-z,noexecstack" "-L" "<sysroot>/lib/rustlib/x86_64-unknown-linux-gnu/lib" "-o" "/opt/rustwide/target/release/deps/io-48a325ead1a94c13" "-Wl,--gc-sections" "-pie" "-Wl,-z,relro,-z,now" "-Wl,-O1" "-Wl,--strip-debug" "-nodefaultlibs"
[INFO] [stdout]   = note: some arguments are omitted. use `--verbose` to show all linker arguments
[INFO] [stdout]   = note: rust-lld: error: unable to find library -lvisa
[INFO] [stdout]           collect2: error: ld returned 1 exit status
[INFO] [stdout]           
[INFO] [stdout] 
[INFO] [stdout] 
[INFO] [stderr] error: could not compile `visa-rs` (test "io") due to 1 previous error
[INFO] [stdout] error: linking with `cc` failed: exit status: 1
[INFO] [stdout]   |
[INFO] [stdout]   = note:  "cc" "-m64" "/opt/rustwide/target/release/deps/rustc9zqzRT/symbols.o" "<7 object files omitted>" "-Wl,--as-needed" "-Wl,-Bstatic" "/opt/rustwide/target/release/deps/libnum_enum-480b128655439f1c.rlib" "<sysroot>/lib/rustlib/x86_64-unknown-linux-gnu/lib/{libtest-*,libgetopts-*,librustc_std_workspace_std-*}.rlib" "/opt/rustwide/target/release/deps/{liblog-9f5fd3dda547de7d,libanyhow-d0294ab4c4b496f2,libbitflags-8de73b99f8fb1681,libtokio-233ccb305807da28,libbytes-ee531cff3ae71f39,libpin_project_lite-a042d89c9815bfb5,libdashmap-026e92432ea6ce07,liblock_api-0c6a3406bef68330,libscopeguard-5f9373ec660020b4,libhashbrown-b4dc3b12e88b8e34,libonce_cell-35d4cc1b6bbf4e72,libcrossbeam_utils-c35c21890820cf1a,libparking_lot_core-e46e0a2475b718c8,liblibc-6e32314a1a8360bf,libcfg_if-6d8dca19095bb388,libsmallvec-841086f162eea166,libvisa_sys-661d7a0694de739b}.rlib" "<sysroot>/lib/rustlib/x86_64-unknown-linux-gnu/lib/{libstd-*,libpanic_unwind-*,libobject-*,libmemchr-*,libaddr2line-*,libgimli-*,libcfg_if-*,librustc_demangle-*,libstd_detect-*,libhashbrown-*,librustc_std_workspace_alloc-*,libminiz_oxide-*,libadler2-*,libunwind-*,liblibc-*,librustc_std_workspace_core-*,liballoc-*,libcore-*,libcompiler_builtins-*}.rlib" "-Wl,-Bdynamic" "-lvisa" "-lgcc_s" "-lutil" "-lrt" "-lpthread" "-lm" "-ldl" "-lc" "-L" "/opt/rustwide/target/release/deps/rustc9zqzRT/raw-dylibs" "-B<sysroot>/lib/rustlib/x86_64-unknown-linux-gnu/bin/gcc-ld" "-fuse-ld=lld" "-Wl,--eh-frame-hdr" "-Wl,-z,noexecstack" "-L" "<sysroot>/lib/rustlib/x86_64-unknown-linux-gnu/lib" "-o" "/opt/rustwide/target/release/deps/visa_rs-a1f714543ec3afd2" "-Wl,--gc-sections" "-pie" "-Wl,-z,relro,-z,now" "-Wl,-O1" "-Wl,--strip-debug" "-nodefaultlibs"
[INFO] [stdout]   = note: some arguments are omitted. use `--verbose` to show all linker arguments
[INFO] [stdout]   = note: rust-lld: error: unable to find library -lvisa
[INFO] [stdout]           collect2: error: ld returned 1 exit status
[INFO] [stdout]           
[INFO] [stdout] 
[INFO] [stdout] 
[INFO] [stderr] error: could not compile `visa-rs` (lib test) due to 1 previous error
[INFO] running `Command { std: "docker" "inspect" "90a456e4af6ed3b0e6735574ef354ce233936b9cff3d27441746be64fbd8bdb9", kill_on_drop: false }`
[INFO] running `Command { std: "docker" "rm" "-f" "90a456e4af6ed3b0e6735574ef354ce233936b9cff3d27441746be64fbd8bdb9", kill_on_drop: false }`
[INFO] [stdout] 90a456e4af6ed3b0e6735574ef354ce233936b9cff3d27441746be64fbd8bdb9
