[INFO] fetching crate virt 0.4.3...
[INFO] testing virt-0.4.3 against 1.100.0-beta.1+cargoflags=--release for beta-release-1.100-2
[INFO] extracting crate virt 0.4.3 into /workspace/builds/worker-6-tc2/source
[INFO] started tweaking crates.io crate virt 0.4.3
[INFO] removed 0 missing examples
[INFO] finished tweaking crates.io crate virt 0.4.3
[INFO] tweaked toml for crates.io crate virt 0.4.3 written to /workspace/builds/worker-6-tc2/source/Cargo.toml
[INFO] validating manifest of crates.io crate virt 0.4.3 on toolchain 1.100.0-beta.1
[INFO] running `Command { std: CARGO_HOME="/workspace/cargo-home" RUSTUP_HOME="/workspace/rustup-home" "/workspace/cargo-home/bin/cargo" "+1.100.0-beta.1" "metadata" "--manifest-path" "Cargo.toml" "--no-deps", kill_on_drop: false }`
[INFO] crate crates.io crate virt 0.4.3 already has a lockfile, it will not be regenerated
[INFO] running `Command { std: CARGO_HOME="/workspace/cargo-home" RUSTUP_HOME="/workspace/rustup-home" "/workspace/cargo-home/bin/cargo" "+1.100.0-beta.1" "fetch" "--manifest-path" "Cargo.toml", kill_on_drop: false }`
[INFO] running `Command { std: "docker" "create" "-v" "/var/lib/crater-agent-workspace/builds/worker-6-tc2/source:/opt/rustwide/workdir:ro,Z" "-v" "/var/lib/crater-agent-workspace/builds/worker-6-tc2/target:/opt/rustwide/target:rw,Z" "-v" "/var/lib/crater-agent-workspace/cargo-home:/opt/rustwide/cargo-home:ro,Z" "-v" "/var/lib/crater-agent-workspace/rustup-home:/opt/rustwide/rustup-home:ro,Z" "-m" "1610612736" "--network" "none" "ghcr.io/rust-lang/crates-build-env/linux@sha256:77db811e55d90add9212f6832c23229e3de5f1c1f9905e8cb07319ea15df73ac" "sleep" "infinity", kill_on_drop: false }`
[INFO] [stdout] 65b1575ee915e084c9f9a522d89384dd30adf876a5c355cc57eb7b84a74f960b
[INFO] running `Command { std: "docker" "start" "65b1575ee915e084c9f9a522d89384dd30adf876a5c355cc57eb7b84a74f960b", kill_on_drop: false }`
[INFO] running `Command { std: "docker" "inspect" "65b1575ee915e084c9f9a522d89384dd30adf876a5c355cc57eb7b84a74f960b", kill_on_drop: false }`
[INFO] running `Command { std: "docker" "exec" "-e" "SOURCE_DIR=/opt/rustwide/workdir" "-e" "CARGO_HOME=/opt/rustwide/cargo-home" "-e" "RUSTUP_HOME=/opt/rustwide/rustup-home" "-e" "CARGO_TARGET_DIR=/opt/rustwide/target" "-w" "/opt/rustwide/workdir" "--user" "0:0" "65b1575ee915e084c9f9a522d89384dd30adf876a5c355cc57eb7b84a74f960b" "/opt/rustwide/cargo-home/bin/cargo" "+1.100.0-beta.1" "metadata" "--no-deps" "--format-version=1", kill_on_drop: false }`
[INFO] running `Command { std: "docker" "inspect" "65b1575ee915e084c9f9a522d89384dd30adf876a5c355cc57eb7b84a74f960b", kill_on_drop: false }`
[INFO] running `Command { std: "docker" "exec" "-e" "SOURCE_DIR=/opt/rustwide/workdir" "-e" "CARGO_HOME=/opt/rustwide/cargo-home" "-e" "RUSTUP_HOME=/opt/rustwide/rustup-home" "-e" "CARGO_TARGET_DIR=/opt/rustwide/target" "-e" "CARGO_INCREMENTAL=0" "-e" "RUST_BACKTRACE=full" "-e" "RUSTFLAGS=--cap-lints=warn" "-e" "RUSTDOCFLAGS=--cap-lints=warn" "-w" "/opt/rustwide/workdir" "--user" "0:0" "65b1575ee915e084c9f9a522d89384dd30adf876a5c355cc57eb7b84a74f960b" "/opt/rustwide/cargo-home/bin/cargo" "+1.100.0-beta.1" "build" "--frozen" "--message-format=json" "--release", kill_on_drop: false }`
[INFO] [stderr]    Compiling uuid v1.18.0
[INFO] [stderr]    Compiling virt-sys v0.3.1
[INFO] [stderr]    Compiling virt v0.4.3 (/opt/rustwide/workdir)
[INFO] [stderr]     Finished `release` profile [optimized] target(s) in 5.05s
[INFO] running `Command { std: "docker" "inspect" "65b1575ee915e084c9f9a522d89384dd30adf876a5c355cc57eb7b84a74f960b", kill_on_drop: false }`
[INFO] running `Command { std: "docker" "exec" "-e" "SOURCE_DIR=/opt/rustwide/workdir" "-e" "CARGO_HOME=/opt/rustwide/cargo-home" "-e" "RUSTUP_HOME=/opt/rustwide/rustup-home" "-e" "CARGO_TARGET_DIR=/opt/rustwide/target" "-e" "CARGO_INCREMENTAL=0" "-e" "RUST_BACKTRACE=full" "-e" "RUSTFLAGS=--cap-lints=warn" "-e" "RUSTDOCFLAGS=--cap-lints=warn" "-w" "/opt/rustwide/workdir" "--user" "0:0" "65b1575ee915e084c9f9a522d89384dd30adf876a5c355cc57eb7b84a74f960b" "/opt/rustwide/cargo-home/bin/cargo" "+1.100.0-beta.1" "test" "--frozen" "--no-run" "--message-format=json" "--release", kill_on_drop: false }`
[INFO] [stderr]    Compiling regex-syntax v0.7.5
[INFO] [stderr]    Compiling xml-rs v0.8.27
[INFO] [stderr]    Compiling pkg-config v0.3.32
[INFO] [stderr]    Compiling aho-corasick v1.1.3
[INFO] [stderr]    Compiling syn v2.0.106
[INFO] [stderr]    Compiling termios v0.3.3
[INFO] [stderr]    Compiling regex-automata v0.3.9
[INFO] [stderr]    Compiling thiserror-impl v1.0.69
[INFO] [stderr]    Compiling serde_derive v1.0.219
[INFO] [stderr]    Compiling thiserror v1.0.69
[INFO] [stderr]    Compiling serde v1.0.219
[INFO] [stderr]    Compiling regex v1.9.6
[INFO] [stderr]    Compiling serde-xml-rs v0.6.0
[INFO] [stderr]    Compiling virt v0.4.3 (/opt/rustwide/workdir)
[INFO] [stdout] warning: unused import: `super::*`
[INFO] [stdout]   --> src/enumutil.rs:84:9
[INFO] [stdout]    |
[INFO] [stdout] 84 |     use super::*;
[INFO] [stdout]    |         ^^^^^^^^
[INFO] [stdout]    |
[INFO] [stdout]    = note: `#[warn(unused_imports)]` (part of `#[warn(unused)]`) on by default
[INFO] [stdout] 
[INFO] [stdout] 
[INFO] [stdout] error: linking with `cc` failed: exit status: 1
[INFO] [stdout]   |
[INFO] [stdout]   = note:  "cc" "-m64" "/opt/rustwide/target/release/build/virt/32e68dd0d20425df/out/rustcv6xfLl/symbols.o" "<2 object files omitted>" "-Wl,--as-needed" "-Wl,-Bstatic" "<sysroot>/lib/rustlib/x86_64-unknown-linux-gnu/lib/{libtest-*,libgetopts-*,librustc_std_workspace_std-*}.rlib" "/opt/rustwide/target/release/build/virt/f05be0f61cb1ee8b/out/libvirt-f05be0f61cb1ee8b.rlib" "/opt/rustwide/target/release/build/uuid/4cd0f8ad436aae32/out/libuuid-4cd0f8ad436aae32.rlib" "/opt/rustwide/target/release/build/virt-sys/c6f8df5651f69d3c/out/libvirt_sys-c6f8df5651f69d3c.rlib" "/opt/rustwide/target/release/build/libc/c01a236730e2bc9f/out/liblibc-c01a236730e2bc9f.rlib" "<sysroot>/lib/rustlib/x86_64-unknown-linux-gnu/lib/{libstd-*,libpanic_unwind-*,libobject-*,libmemchr-*,libaddr2line-*,libgimli-*,libcfg_if-*,librustc_demangle-*,libstd_detect-*,libhashbrown-*,librustc_std_workspace_alloc-*,libminiz_oxide-*,libadler2-*,libunwind-*,liblibc-*,librustc_std_workspace_core-*,liballoc-*,libcore-*,libcompiler_builtins-*}.rlib" "-Wl,-Bdynamic" "-lgcc_s" "-lutil" "-lrt" "-lpthread" "-lm" "-ldl" "-lc" "-L" "/opt/rustwide/target/release/build/virt/32e68dd0d20425df/out/rustcv6xfLl/raw-dylibs" "-B<sysroot>/lib/rustlib/x86_64-unknown-linux-gnu/bin/gcc-ld" "-fuse-ld=lld" "-Wl,--eh-frame-hdr" "-Wl,-z,noexecstack" "-L" "<sysroot>/lib/rustlib/x86_64-unknown-linux-gnu/lib" "-o" "/opt/rustwide/target/release/build/virt/32e68dd0d20425df/out/stream-32e68dd0d20425df" "-Wl,--gc-sections" "-pie" "-Wl,-z,relro,-z,now" "-Wl,-O1" "-Wl,--strip-debug" "-nodefaultlibs"
[INFO] [stdout]   = note: some arguments are omitted. use `--verbose` to show all linker arguments
[INFO] [stdout]   = note: rust-lld: error: undefined symbol: virConnectOpen
[INFO] [stdout]           >>> referenced by virt.fd6ee62b51c14d41-cgu.2
[INFO] [stdout]           >>>               virt-f05be0f61cb1ee8b.virt.fd6ee62b51c14d41-cgu.2.rcgu.o:(<virt::connect::Connect>::open) in archive /opt/rustwide/target/release/build/virt/f05be0f61cb1ee8b/out/libvirt-f05be0f61cb1ee8b.rlib
[INFO] [stdout]           >>> referenced by virt.fd6ee62b51c14d41-cgu.2
[INFO] [stdout]           >>>               virt-f05be0f61cb1ee8b.virt.fd6ee62b51c14d41-cgu.2.rcgu.o:(<virt::connect::Connect>::open) in archive /opt/rustwide/target/release/build/virt/f05be0f61cb1ee8b/out/libvirt-f05be0f61cb1ee8b.rlib
[INFO] [stdout]           
[INFO] [stdout]           rust-lld: error: undefined symbol: virConnectClose
[INFO] [stdout]           >>> referenced by virt.fd6ee62b51c14d41-cgu.2
[INFO] [stdout]           >>>               virt-f05be0f61cb1ee8b.virt.fd6ee62b51c14d41-cgu.2.rcgu.o:(<virt::connect::Connect>::close) in archive /opt/rustwide/target/release/build/virt/f05be0f61cb1ee8b/out/libvirt-f05be0f61cb1ee8b.rlib
[INFO] [stdout]           
[INFO] [stdout]           rust-lld: error: undefined symbol: virGetLastError
[INFO] [stdout]           >>> referenced by virt.fd6ee62b51c14d41-cgu.1
[INFO] [stdout]           >>>               virt-f05be0f61cb1ee8b.virt.fd6ee62b51c14d41-cgu.1.rcgu.o:(<virt::error::Error>::last_error) in archive /opt/rustwide/target/release/build/virt/f05be0f61cb1ee8b/out/libvirt-f05be0f61cb1ee8b.rlib
[INFO] [stdout]           
[INFO] [stdout]           rust-lld: error: undefined symbol: virStreamNew
[INFO] [stdout]           >>> referenced by virt.fd6ee62b51c14d41-cgu.3
[INFO] [stdout]           >>>               virt-f05be0f61cb1ee8b.virt.fd6ee62b51c14d41-cgu.3.rcgu.o:(<virt::stream::Stream>::new) in archive /opt/rustwide/target/release/build/virt/f05be0f61cb1ee8b/out/libvirt-f05be0f61cb1ee8b.rlib
[INFO] [stdout]           
[INFO] [stdout]           rust-lld: error: undefined symbol: virStreamEventRemoveCallback
[INFO] [stdout]           >>> referenced by virt.fd6ee62b51c14d41-cgu.3
[INFO] [stdout]           >>>               virt-f05be0f61cb1ee8b.virt.fd6ee62b51c14d41-cgu.3.rcgu.o:(<virt::stream::Stream as core::ops::drop::Drop>::drop) in archive /opt/rustwide/target/release/build/virt/f05be0f61cb1ee8b/out/libvirt-f05be0f61cb1ee8b.rlib
[INFO] [stdout]           
[INFO] [stdout]           rust-lld: error: undefined symbol: virStreamFree
[INFO] [stdout]           >>> referenced by virt.fd6ee62b51c14d41-cgu.3
[INFO] [stdout]           >>>               virt-f05be0f61cb1ee8b.virt.fd6ee62b51c14d41-cgu.3.rcgu.o:(<virt::stream::Stream as core::ops::drop::Drop>::drop) in archive /opt/rustwide/target/release/build/virt/f05be0f61cb1ee8b/out/libvirt-f05be0f61cb1ee8b.rlib
[INFO] [stdout]           >>> referenced by virt.fd6ee62b51c14d41-cgu.3
[INFO] [stdout]           >>>               virt-f05be0f61cb1ee8b.virt.fd6ee62b51c14d41-cgu.3.rcgu.o:(<virt::stream::Stream as core::ops::drop::Drop>::drop) in archive /opt/rustwide/target/release/build/virt/f05be0f61cb1ee8b/out/libvirt-f05be0f61cb1ee8b.rlib
[INFO] [stdout]           collect2: error: ld returned 1 exit status
[INFO] [stdout]           
[INFO] [stdout] 
[INFO] [stdout] 
[INFO] [stderr] error: could not compile `virt` (test "stream") due to 1 previous error
[INFO] [stderr] warning: build failed, waiting for other jobs to finish...
[INFO] [stdout] error: linking with `cc` failed: exit status: 1
[INFO] [stdout]   |
[INFO] [stdout]   = note:  "cc" "-m64" "/opt/rustwide/target/release/build/virt/a02d3d14ac1ba780/out/rustc4ZZtvY/symbols.o" "<2 object files omitted>" "-Wl,--as-needed" "-Wl,-Bstatic" "/opt/rustwide/target/release/build/virt/f05be0f61cb1ee8b/out/libvirt-f05be0f61cb1ee8b.rlib" "/opt/rustwide/target/release/build/uuid/4cd0f8ad436aae32/out/libuuid-4cd0f8ad436aae32.rlib" "/opt/rustwide/target/release/build/virt-sys/c6f8df5651f69d3c/out/libvirt_sys-c6f8df5651f69d3c.rlib" "/opt/rustwide/target/release/build/libc/c01a236730e2bc9f/out/liblibc-c01a236730e2bc9f.rlib" "<sysroot>/lib/rustlib/x86_64-unknown-linux-gnu/lib/{libstd-*,libpanic_unwind-*,libobject-*,libmemchr-*,libaddr2line-*,libgimli-*,libcfg_if-*,librustc_demangle-*,libstd_detect-*,libhashbrown-*,librustc_std_workspace_alloc-*,libminiz_oxide-*,libadler2-*,libunwind-*,liblibc-*,librustc_std_workspace_core-*,liballoc-*,libcore-*,libcompiler_builtins-*}.rlib" "-Wl,-Bdynamic" "-lgcc_s" "-lutil" "-lrt" "-lpthread" "-lm" "-ldl" "-lc" "-L" "/opt/rustwide/target/release/build/virt/a02d3d14ac1ba780/out/rustc4ZZtvY/raw-dylibs" "-B<sysroot>/lib/rustlib/x86_64-unknown-linux-gnu/bin/gcc-ld" "-fuse-ld=lld" "-Wl,--eh-frame-hdr" "-Wl,-z,noexecstack" "-L" "<sysroot>/lib/rustlib/x86_64-unknown-linux-gnu/lib" "-o" "/opt/rustwide/target/release/build/virt/a02d3d14ac1ba780/out/migrate" "-Wl,--gc-sections" "-pie" "-Wl,-z,relro,-z,now" "-Wl,-O1" "-Wl,--strip-debug" "-nodefaultlibs"
[INFO] [stdout]   = note: some arguments are omitted. use `--verbose` to show all linker arguments
[INFO] [stdout]   = note: rust-lld: error: undefined symbol: virDomainGetJobStats
[INFO] [stdout]           >>> referenced by virt.fd6ee62b51c14d41-cgu.0
[INFO] [stdout]           >>>               virt-f05be0f61cb1ee8b.virt.fd6ee62b51c14d41-cgu.0.rcgu.o:(<virt::domain::Domain>::get_job_stats) in archive /opt/rustwide/target/release/build/virt/f05be0f61cb1ee8b/out/libvirt-f05be0f61cb1ee8b.rlib
[INFO] [stdout]           
[INFO] [stdout]           rust-lld: error: undefined symbol: virDomainLookupByName
[INFO] [stdout]           >>> referenced by virt.fd6ee62b51c14d41-cgu.0
[INFO] [stdout]           >>>               virt-f05be0f61cb1ee8b.virt.fd6ee62b51c14d41-cgu.0.rcgu.o:(<virt::domain::Domain>::lookup_by_name) in archive /opt/rustwide/target/release/build/virt/f05be0f61cb1ee8b/out/libvirt-f05be0f61cb1ee8b.rlib
[INFO] [stdout]           
[INFO] [stdout]           rust-lld: error: undefined symbol: virDomainMigrate3
[INFO] [stdout]           >>> referenced by virt.fd6ee62b51c14d41-cgu.0
[INFO] [stdout]           >>>               virt-f05be0f61cb1ee8b.virt.fd6ee62b51c14d41-cgu.0.rcgu.o:(<virt::domain::Domain>::migrate3) in archive /opt/rustwide/target/release/build/virt/f05be0f61cb1ee8b/out/libvirt-f05be0f61cb1ee8b.rlib
[INFO] [stdout]           
[INFO] [stdout]           rust-lld: error: undefined symbol: virDomainFree
[INFO] [stdout]           >>> referenced by virt.fd6ee62b51c14d41-cgu.0
[INFO] [stdout]           >>>               virt-f05be0f61cb1ee8b.virt.fd6ee62b51c14d41-cgu.0.rcgu.o:(<virt::domain::Domain as core::ops::drop::Drop>::drop) in archive /opt/rustwide/target/release/build/virt/f05be0f61cb1ee8b/out/libvirt-f05be0f61cb1ee8b.rlib
[INFO] [stdout]           
[INFO] [stdout]           rust-lld: error: undefined symbol: virGetLastError
[INFO] [stdout]           >>> referenced by virt.fd6ee62b51c14d41-cgu.1
[INFO] [stdout]           >>>               virt-f05be0f61cb1ee8b.virt.fd6ee62b51c14d41-cgu.1.rcgu.o:(<virt::error::Error>::last_error) in archive /opt/rustwide/target/release/build/virt/f05be0f61cb1ee8b/out/libvirt-f05be0f61cb1ee8b.rlib
[INFO] [stdout]           
[INFO] [stdout]           rust-lld: error: undefined symbol: virSetErrorFunc
[INFO] [stdout]           >>> referenced by virt.fd6ee62b51c14d41-cgu.1
[INFO] [stdout]           >>>               virt-f05be0f61cb1ee8b.virt.fd6ee62b51c14d41-cgu.1.rcgu.o:(virt::error::clear_error_callback) in archive /opt/rustwide/target/release/build/virt/f05be0f61cb1ee8b/out/libvirt-f05be0f61cb1ee8b.rlib
[INFO] [stdout]           
[INFO] [stdout]           rust-lld: error: undefined symbol: virConnectOpen
[INFO] [stdout]           >>> referenced by virt.fd6ee62b51c14d41-cgu.2
[INFO] [stdout]           >>>               virt-f05be0f61cb1ee8b.virt.fd6ee62b51c14d41-cgu.2.rcgu.o:(<virt::connect::Connect>::open) in archive /opt/rustwide/target/release/build/virt/f05be0f61cb1ee8b/out/libvirt-f05be0f61cb1ee8b.rlib
[INFO] [stdout]           >>> referenced by virt.fd6ee62b51c14d41-cgu.2
[INFO] [stdout]           >>>               virt-f05be0f61cb1ee8b.virt.fd6ee62b51c14d41-cgu.2.rcgu.o:(<virt::connect::Connect>::open) in archive /opt/rustwide/target/release/build/virt/f05be0f61cb1ee8b/out/libvirt-f05be0f61cb1ee8b.rlib
[INFO] [stdout]           
[INFO] [stdout]           rust-lld: error: undefined symbol: virConnectClose
[INFO] [stdout]           >>> referenced by virt.fd6ee62b51c14d41-cgu.2
[INFO] [stdout]           >>>               virt-f05be0f61cb1ee8b.virt.fd6ee62b51c14d41-cgu.2.rcgu.o:(<virt::connect::Connect>::close) in archive /opt/rustwide/target/release/build/virt/f05be0f61cb1ee8b/out/libvirt-f05be0f61cb1ee8b.rlib
[INFO] [stdout]           collect2: error: ld returned 1 exit status
[INFO] [stdout]           
[INFO] [stdout] 
[INFO] [stdout] 
[INFO] [stdout] error: linking with `cc` failed: exit status: 1
[INFO] [stdout]   |
[INFO] [stdout]   = note:  "cc" "-m64" "/opt/rustwide/target/release/build/virt/6687c3130e9b9b1a/out/rustcYFUtQp/symbols.o" "<2 object files omitted>" "-Wl,--as-needed" "-Wl,-Bstatic" "<sysroot>/lib/rustlib/x86_64-unknown-linux-gnu/lib/{libtest-*,libgetopts-*,librustc_std_workspace_std-*}.rlib" "/opt/rustwide/target/release/build/virt/f05be0f61cb1ee8b/out/libvirt-f05be0f61cb1ee8b.rlib" "/opt/rustwide/target/release/build/uuid/4cd0f8ad436aae32/out/libuuid-4cd0f8ad436aae32.rlib" "/opt/rustwide/target/release/build/virt-sys/c6f8df5651f69d3c/out/libvirt_sys-c6f8df5651f69d3c.rlib" "/opt/rustwide/target/release/build/libc/c01a236730e2bc9f/out/liblibc-c01a236730e2bc9f.rlib" "<sysroot>/lib/rustlib/x86_64-unknown-linux-gnu/lib/{libstd-*,libpanic_unwind-*,libobject-*,libmemchr-*,libaddr2line-*,libgimli-*,libcfg_if-*,librustc_demangle-*,libstd_detect-*,libhashbrown-*,librustc_std_workspace_alloc-*,libminiz_oxide-*,libadler2-*,libunwind-*,liblibc-*,librustc_std_workspace_core-*,liballoc-*,libcore-*,libcompiler_builtins-*}.rlib" "-Wl,-Bdynamic" "-lgcc_s" "-lutil" "-lrt" "-lpthread" "-lm" "-ldl" "-lc" "-L" "/opt/rustwide/target/release/build/virt/6687c3130e9b9b1a/out/rustcYFUtQp/raw-dylibs" "-B<sysroot>/lib/rustlib/x86_64-unknown-linux-gnu/bin/gcc-ld" "-fuse-ld=lld" "-Wl,--eh-frame-hdr" "-Wl,-z,noexecstack" "-L" "<sysroot>/lib/rustlib/x86_64-unknown-linux-gnu/lib" "-o" "/opt/rustwide/target/release/build/virt/6687c3130e9b9b1a/out/connect-6687c3130e9b9b1a" "-Wl,--gc-sections" "-pie" "-Wl,-z,relro,-z,now" "-Wl,-O1" "-Wl,--strip-debug" "-nodefaultlibs"
[INFO] [stdout]   = note: some arguments are omitted. use `--verbose` to show all linker arguments
[INFO] [stdout]   = note: rust-lld: error: undefined symbol: virDomainFree
[INFO] [stdout]           >>> referenced by virt.fd6ee62b51c14d41-cgu.0
[INFO] [stdout]           >>>               virt-f05be0f61cb1ee8b.virt.fd6ee62b51c14d41-cgu.0.rcgu.o:(<virt::domain::Domain as core::ops::drop::Drop>::drop) in archive /opt/rustwide/target/release/build/virt/f05be0f61cb1ee8b/out/libvirt-f05be0f61cb1ee8b.rlib
[INFO] [stdout]           >>> referenced by virt.fd6ee62b51c14d41-cgu.5
[INFO] [stdout]           >>>               virt-f05be0f61cb1ee8b.virt.fd6ee62b51c14d41-cgu.5.rcgu.o:(<alloc::vec::Vec<virt::domain::Domain> as core::ops::drop::Drop>::drop) in archive /opt/rustwide/target/release/build/virt/f05be0f61cb1ee8b/out/libvirt-f05be0f61cb1ee8b.rlib
[INFO] [stdout]           
[INFO] [stdout]           rust-lld: error: undefined symbol: virGetLastError
[INFO] [stdout]           >>> referenced by virt.fd6ee62b51c14d41-cgu.1
[INFO] [stdout]           >>>               virt-f05be0f61cb1ee8b.virt.fd6ee62b51c14d41-cgu.1.rcgu.o:(<virt::error::Error>::last_error) in archive /opt/rustwide/target/release/build/virt/f05be0f61cb1ee8b/out/libvirt-f05be0f61cb1ee8b.rlib
[INFO] [stdout]           
[INFO] [stdout]           rust-lld: error: undefined symbol: virGetVersion
[INFO] [stdout]           >>> referenced by virt.fd6ee62b51c14d41-cgu.2
[INFO] [stdout]           >>>               virt-f05be0f61cb1ee8b.virt.fd6ee62b51c14d41-cgu.2.rcgu.o:(<virt::connect::Connect>::get_version) in archive /opt/rustwide/target/release/build/virt/f05be0f61cb1ee8b/out/libvirt-f05be0f61cb1ee8b.rlib
[INFO] [stdout]           
[INFO] [stdout]           rust-lld: error: undefined symbol: virConnectGetHostname
[INFO] [stdout]           >>> referenced by virt.fd6ee62b51c14d41-cgu.2
[INFO] [stdout]           >>>               virt-f05be0f61cb1ee8b.virt.fd6ee62b51c14d41-cgu.2.rcgu.o:(<virt::connect::Connect>::get_hostname) in archive /opt/rustwide/target/release/build/virt/f05be0f61cb1ee8b/out/libvirt-f05be0f61cb1ee8b.rlib
[INFO] [stdout]           
[INFO] [stdout]           rust-lld: error: undefined symbol: virConnectIsEncrypted
[INFO] [stdout]           >>> referenced by virt.fd6ee62b51c14d41-cgu.2
[INFO] [stdout]           >>>               virt-f05be0f61cb1ee8b.virt.fd6ee62b51c14d41-cgu.2.rcgu.o:(<virt::connect::Connect>::is_encrypted) in archive /opt/rustwide/target/release/build/virt/f05be0f61cb1ee8b/out/libvirt-f05be0f61cb1ee8b.rlib
[INFO] [stdout]           
[INFO] [stdout]           rust-lld: error: undefined symbol: virConnectListDomains
[INFO] [stdout]           >>> referenced by virt.fd6ee62b51c14d41-cgu.2
[INFO] [stdout]           >>>               virt-f05be0f61cb1ee8b.virt.fd6ee62b51c14d41-cgu.2.rcgu.o:(<virt::connect::Connect>::list_domains) in archive /opt/rustwide/target/release/build/virt/f05be0f61cb1ee8b/out/libvirt-f05be0f61cb1ee8b.rlib
[INFO] [stdout]           
[INFO] [stdout]           rust-lld: error: undefined symbol: virConnectGetMaxVcpus
[INFO] [stdout]           >>> referenced by virt.fd6ee62b51c14d41-cgu.2
[INFO] [stdout]           >>>               virt-f05be0f61cb1ee8b.virt.fd6ee62b51c14d41-cgu.2.rcgu.o:(<virt::connect::Connect>::get_max_vcpus) in archive /opt/rustwide/target/release/build/virt/f05be0f61cb1ee8b/out/libvirt-f05be0f61cb1ee8b.rlib
[INFO] [stdout]           
[INFO] [stdout]           rust-lld: error: undefined symbol: virNodeGetInfo
[INFO] [stdout]           >>> referenced by virt.fd6ee62b51c14d41-cgu.2
[INFO] [stdout]           >>>               virt-f05be0f61cb1ee8b.virt.fd6ee62b51c14d41-cgu.2.rcgu.o:(<virt::connect::Connect>::get_node_info) in archive /opt/rustwide/target/release/build/virt/f05be0f61cb1ee8b/out/libvirt-f05be0f61cb1ee8b.rlib
[INFO] [stdout]           
[INFO] [stdout]           rust-lld: error: undefined symbol: virConnectListNetworks
[INFO] [stdout]           >>> referenced by virt.fd6ee62b51c14d41-cgu.2
[INFO] [stdout]           >>>               virt-f05be0f61cb1ee8b.virt.fd6ee62b51c14d41-cgu.2.rcgu.o:(<virt::connect::Connect>::list_networks) in archive /opt/rustwide/target/release/build/virt/f05be0f61cb1ee8b/out/libvirt-f05be0f61cb1ee8b.rlib
[INFO] [stdout]           
[INFO] [stdout]           rust-lld: error: undefined symbol: virConnectOpenReadOnly
[INFO] [stdout]           >>> referenced by virt.fd6ee62b51c14d41-cgu.2
[INFO] [stdout]           >>>               virt-f05be0f61cb1ee8b.virt.fd6ee62b51c14d41-cgu.2.rcgu.o:(<virt::connect::Connect>::open_read_only) in archive /opt/rustwide/target/release/build/virt/f05be0f61cb1ee8b/out/libvirt-f05be0f61cb1ee8b.rlib
[INFO] [stdout]           >>> referenced by virt.fd6ee62b51c14d41-cgu.2
[INFO] [stdout]           >>>               virt-f05be0f61cb1ee8b.virt.fd6ee62b51c14d41-cgu.2.rcgu.o:(<virt::connect::Connect>::open_read_only) in archive /opt/rustwide/target/release/build/virt/f05be0f61cb1ee8b/out/libvirt-f05be0f61cb1ee8b.rlib
[INFO] [stdout]           
[INFO] [stdout]           rust-lld: error: undefined symbol: virConnectGetLibVersion
[INFO] [stdout]           >>> referenced by virt.fd6ee62b51c14d41-cgu.2
[INFO] [stdout]           >>>               virt-f05be0f61cb1ee8b.virt.fd6ee62b51c14d41-cgu.2.rcgu.o:(<virt::connect::Connect>::get_lib_version) in archive /opt/rustwide/target/release/build/virt/f05be0f61cb1ee8b/out/libvirt-f05be0f61cb1ee8b.rlib
[INFO] [stdout]           
[INFO] [stdout]           rust-lld: error: undefined symbol: virConnectListInterfaces
[INFO] [stdout]           >>> referenced by virt.fd6ee62b51c14d41-cgu.2
[INFO] [stdout]           >>>               virt-f05be0f61cb1ee8b.virt.fd6ee62b51c14d41-cgu.2.rcgu.o:(<virt::connect::Connect>::list_interfaces) in archive /opt/rustwide/target/release/build/virt/f05be0f61cb1ee8b/out/libvirt-f05be0f61cb1ee8b.rlib
[INFO] [stdout]           
[INFO] [stdout]           rust-lld: error: undefined symbol: virConnectGetCapabilities
[INFO] [stdout]           >>> referenced by virt.fd6ee62b51c14d41-cgu.2
[INFO] [stdout]           >>>               virt-f05be0f61cb1ee8b.virt.fd6ee62b51c14d41-cgu.2.rcgu.o:(<virt::connect::Connect>::get_capabilities) in archive /opt/rustwide/target/release/build/virt/f05be0f61cb1ee8b/out/libvirt-f05be0f61cb1ee8b.rlib
[INFO] [stdout]           
[INFO] [stdout]           rust-lld: error: undefined symbol: virConnectListAllDomains
[INFO] [stdout]           >>> referenced by virt.fd6ee62b51c14d41-cgu.2
[INFO] [stdout]           >>>               virt-f05be0f61cb1ee8b.virt.fd6ee62b51c14d41-cgu.2.rcgu.o:(<virt::connect::Connect>::list_all_domains) in archive /opt/rustwide/target/release/build/virt/f05be0f61cb1ee8b/out/libvirt-f05be0f61cb1ee8b.rlib
[INFO] [stdout]           
[INFO] [stdout]           rust-lld: error: undefined symbol: virConnectListStoragePools
[INFO] [stdout]           >>> referenced by virt.fd6ee62b51c14d41-cgu.2
[INFO] [stdout]           >>>               virt-f05be0f61cb1ee8b.virt.fd6ee62b51c14d41-cgu.2.rcgu.o:(<virt::connect::Connect>::list_storage_pools) in archive /opt/rustwide/target/release/build/virt/f05be0f61cb1ee8b/out/libvirt-f05be0f61cb1ee8b.rlib
[INFO] [stdout]           
[INFO] [stdout]           rust-lld: error: undefined symbol: virNodeGetCellsFreeMemory
[INFO] [stdout]           >>> referenced by virt.fd6ee62b51c14d41-cgu.2
[INFO] [stdout]           >>>               virt-f05be0f61cb1ee8b.virt.fd6ee62b51c14d41-cgu.2.rcgu.o:(<virt::connect::Connect>::get_cells_free_memory) in archive /opt/rustwide/target/release/build/virt/f05be0f61cb1ee8b/out/libvirt-f05be0f61cb1ee8b.rlib
[INFO] [stdout]           
[INFO] [stdout]           rust-lld: error: undefined symbol: virConnectGetDomainCapabilities
[INFO] [stdout]           >>> referenced by virt.fd6ee62b51c14d41-cgu.2
[INFO] [stdout]           >>>               virt-f05be0f61cb1ee8b.virt.fd6ee62b51c14d41-cgu.2.rcgu.o:(<virt::connect::Connect>::get_domain_capabilities) in archive /opt/rustwide/target/release/build/virt/f05be0f61cb1ee8b/out/libvirt-f05be0f61cb1ee8b.rlib
[INFO] [stdout]           
[INFO] [stdout]           rust-lld: error: undefined symbol: virConnectOpen
[INFO] [stdout]           >>> referenced by virt.fd6ee62b51c14d41-cgu.2
[INFO] [stdout]           >>>               virt-f05be0f61cb1ee8b.virt.fd6ee62b51c14d41-cgu.2.rcgu.o:(<virt::connect::Connect>::open) in archive /opt/rustwide/target/release/build/virt/f05be0f61cb1ee8b/out/libvirt-f05be0f61cb1ee8b.rlib
[INFO] [stdout]           >>> referenced by virt.fd6ee62b51c14d41-cgu.2
[INFO] [stdout]           >>>               virt-f05be0f61cb1ee8b.virt.fd6ee62b51c14d41-cgu.2.rcgu.o:(<virt::connect::Connect>::open) in archive /opt/rustwide/target/release/build/virt/f05be0f61cb1ee8b/out/libvirt-f05be0f61cb1ee8b.rlib
[INFO] [stdout]           
[INFO] [stdout]           rust-lld: error: undefined symbol: virConnectClose
[INFO] [stdout]           >>> referenced by virt.fd6ee62b51c14d41-cgu.2
[INFO] [stdout]           >>>               virt-f05be0f61cb1ee8b.virt.fd6ee62b51c14d41-cgu.2.rcgu.o:(<virt::connect::Connect>::close) in archive /opt/rustwide/target/release/build/virt/f05be0f61cb1ee8b/out/libvirt-f05be0f61cb1ee8b.rlib
[INFO] [stdout]           
[INFO] [stdout]           rust-lld: error: undefined symbol: virConnectGetURI
[INFO] [stdout]           >>> referenced by virt.fd6ee62b51c14d41-cgu.2
[INFO] [stdout]           >>>               virt-f05be0f61cb1ee8b.virt.fd6ee62b51c14d41-cgu.2.rcgu.o:(<virt::connect::Connect>::get_uri) in archive /opt/rustwide/target/release/build/virt/f05be0f61cb1ee8b/out/libvirt-f05be0f61cb1ee8b.rlib
[INFO] [stdout]           
[INFO] [stdout]           rust-lld: error: too many errors emitted, stopping now (use --error-limit=0 to see all errors)
[INFO] [stdout]           collect2: error: ld returned 1 exit status
[INFO] [stdout]           
[INFO] [stdout] 
[INFO] [stdout] 
[INFO] [stderr] error: could not compile `virt` (test "connect") due to 1 previous error
[INFO] [stderr] error: could not compile `virt` (example "migrate") due to 1 previous error
[INFO] [stdout] error: linking with `cc` failed: exit status: 1
[INFO] [stdout]   |
[INFO] [stdout]   = note:  "cc" "-m64" "/opt/rustwide/target/release/build/virt/778698ca3996eb2e/out/rustcTTxB1P/symbols.o" "<2 object files omitted>" "-Wl,--as-needed" "-Wl,-Bstatic" "<sysroot>/lib/rustlib/x86_64-unknown-linux-gnu/lib/{libtest-*,libgetopts-*,librustc_std_workspace_std-*}.rlib" "/opt/rustwide/target/release/build/virt/f05be0f61cb1ee8b/out/libvirt-f05be0f61cb1ee8b.rlib" "/opt/rustwide/target/release/build/uuid/4cd0f8ad436aae32/out/libuuid-4cd0f8ad436aae32.rlib" "/opt/rustwide/target/release/build/virt-sys/c6f8df5651f69d3c/out/libvirt_sys-c6f8df5651f69d3c.rlib" "/opt/rustwide/target/release/build/libc/c01a236730e2bc9f/out/liblibc-c01a236730e2bc9f.rlib" "<sysroot>/lib/rustlib/x86_64-unknown-linux-gnu/lib/{libstd-*,libpanic_unwind-*,libobject-*,libmemchr-*,libaddr2line-*,libgimli-*,libcfg_if-*,librustc_demangle-*,libstd_detect-*,libhashbrown-*,librustc_std_workspace_alloc-*,libminiz_oxide-*,libadler2-*,libunwind-*,liblibc-*,librustc_std_workspace_core-*,liballoc-*,libcore-*,libcompiler_builtins-*}.rlib" "-Wl,-Bdynamic" "-lgcc_s" "-lutil" "-lrt" "-lpthread" "-lm" "-ldl" "-lc" "-L" "/opt/rustwide/target/release/build/virt/778698ca3996eb2e/out/rustcTTxB1P/raw-dylibs" "-B<sysroot>/lib/rustlib/x86_64-unknown-linux-gnu/bin/gcc-ld" "-fuse-ld=lld" "-Wl,--eh-frame-hdr" "-Wl,-z,noexecstack" "-L" "<sysroot>/lib/rustlib/x86_64-unknown-linux-gnu/lib" "-o" "/opt/rustwide/target/release/build/virt/778698ca3996eb2e/out/interface-778698ca3996eb2e" "-Wl,--gc-sections" "-pie" "-Wl,-z,relro,-z,now" "-Wl,-O1" "-Wl,--strip-debug" "-nodefaultlibs"
[INFO] [stdout]   = note: some arguments are omitted. use `--verbose` to show all linker arguments
[INFO] [stdout]   = note: rust-lld: error: undefined symbol: virConnectListInterfaces
[INFO] [stdout]           >>> referenced by virt.fd6ee62b51c14d41-cgu.2
[INFO] [stdout]           >>>               virt-f05be0f61cb1ee8b.virt.fd6ee62b51c14d41-cgu.2.rcgu.o:(<virt::connect::Connect>::list_interfaces) in archive /opt/rustwide/target/release/build/virt/f05be0f61cb1ee8b/out/libvirt-f05be0f61cb1ee8b.rlib
[INFO] [stdout]           
[INFO] [stdout]           rust-lld: error: undefined symbol: virConnectOpen
[INFO] [stdout]           >>> referenced by virt.fd6ee62b51c14d41-cgu.2
[INFO] [stdout]           >>>               virt-f05be0f61cb1ee8b.virt.fd6ee62b51c14d41-cgu.2.rcgu.o:(<virt::connect::Connect>::open) in archive /opt/rustwide/target/release/build/virt/f05be0f61cb1ee8b/out/libvirt-f05be0f61cb1ee8b.rlib
[INFO] [stdout]           >>> referenced by virt.fd6ee62b51c14d41-cgu.2
[INFO] [stdout]           >>>               virt-f05be0f61cb1ee8b.virt.fd6ee62b51c14d41-cgu.2.rcgu.o:(<virt::connect::Connect>::open) in archive /opt/rustwide/target/release/build/virt/f05be0f61cb1ee8b/out/libvirt-f05be0f61cb1ee8b.rlib
[INFO] [stdout]           
[INFO] [stdout]           rust-lld: error: undefined symbol: virConnectClose
[INFO] [stdout]           >>> referenced by virt.fd6ee62b51c14d41-cgu.2
[INFO] [stdout]           >>>               virt-f05be0f61cb1ee8b.virt.fd6ee62b51c14d41-cgu.2.rcgu.o:(<virt::connect::Connect>::close) in archive /opt/rustwide/target/release/build/virt/f05be0f61cb1ee8b/out/libvirt-f05be0f61cb1ee8b.rlib
[INFO] [stdout]           
[INFO] [stdout]           rust-lld: error: undefined symbol: virGetLastError
[INFO] [stdout]           >>> referenced by virt.fd6ee62b51c14d41-cgu.1
[INFO] [stdout]           >>>               virt-f05be0f61cb1ee8b.virt.fd6ee62b51c14d41-cgu.1.rcgu.o:(<virt::error::Error>::last_error) in archive /opt/rustwide/target/release/build/virt/f05be0f61cb1ee8b/out/libvirt-f05be0f61cb1ee8b.rlib
[INFO] [stdout]           
[INFO] [stdout]           rust-lld: error: undefined symbol: virInterfaceDefineXML
[INFO] [stdout]           >>> referenced by virt.fd6ee62b51c14d41-cgu.3
[INFO] [stdout]           >>>               virt-f05be0f61cb1ee8b.virt.fd6ee62b51c14d41-cgu.3.rcgu.o:(<virt::interface::Interface>::define_xml) in archive /opt/rustwide/target/release/build/virt/f05be0f61cb1ee8b/out/libvirt-f05be0f61cb1ee8b.rlib
[INFO] [stdout]           
[INFO] [stdout]           rust-lld: error: undefined symbol: virInterfaceGetXMLDesc
[INFO] [stdout]           >>> referenced by virt.fd6ee62b51c14d41-cgu.3
[INFO] [stdout]           >>>               virt-f05be0f61cb1ee8b.virt.fd6ee62b51c14d41-cgu.3.rcgu.o:(<virt::interface::Interface>::get_xml_desc) in archive /opt/rustwide/target/release/build/virt/f05be0f61cb1ee8b/out/libvirt-f05be0f61cb1ee8b.rlib
[INFO] [stdout]           
[INFO] [stdout]           rust-lld: error: undefined symbol: virInterfaceGetMACString
[INFO] [stdout]           >>> referenced by virt.fd6ee62b51c14d41-cgu.3
[INFO] [stdout]           >>>               virt-f05be0f61cb1ee8b.virt.fd6ee62b51c14d41-cgu.3.rcgu.o:(<virt::interface::Interface>::get_mac_string) in archive /opt/rustwide/target/release/build/virt/f05be0f61cb1ee8b/out/libvirt-f05be0f61cb1ee8b.rlib
[INFO] [stdout]           
[INFO] [stdout]           rust-lld: error: undefined symbol: virInterfaceLookupByName
[INFO] [stdout]           >>> referenced by virt.fd6ee62b51c14d41-cgu.3
[INFO] [stdout]           >>>               virt-f05be0f61cb1ee8b.virt.fd6ee62b51c14d41-cgu.3.rcgu.o:(<virt::interface::Interface>::lookup_by_name) in archive /opt/rustwide/target/release/build/virt/f05be0f61cb1ee8b/out/libvirt-f05be0f61cb1ee8b.rlib
[INFO] [stdout]           
[INFO] [stdout]           rust-lld: error: undefined symbol: virInterfaceFree
[INFO] [stdout]           >>> referenced by virt.fd6ee62b51c14d41-cgu.3
[INFO] [stdout]           >>>               virt-f05be0f61cb1ee8b.virt.fd6ee62b51c14d41-cgu.3.rcgu.o:(<virt::interface::Interface>::free) in archive /opt/rustwide/target/release/build/virt/f05be0f61cb1ee8b/out/libvirt-f05be0f61cb1ee8b.rlib
[INFO] [stdout]           >>> referenced by virt.fd6ee62b51c14d41-cgu.3
[INFO] [stdout]           >>>               virt-f05be0f61cb1ee8b.virt.fd6ee62b51c14d41-cgu.3.rcgu.o:(<virt::interface::Interface as core::ops::drop::Drop>::drop) in archive /opt/rustwide/target/release/build/virt/f05be0f61cb1ee8b/out/libvirt-f05be0f61cb1ee8b.rlib
[INFO] [stdout]           
[INFO] [stdout]           rust-lld: error: undefined symbol: virInterfaceCreate
[INFO] [stdout]           >>> referenced by virt.fd6ee62b51c14d41-cgu.3
[INFO] [stdout]           >>>               virt-f05be0f61cb1ee8b.virt.fd6ee62b51c14d41-cgu.3.rcgu.o:(<virt::interface::Interface>::create) in archive /opt/rustwide/target/release/build/virt/f05be0f61cb1ee8b/out/libvirt-f05be0f61cb1ee8b.rlib
[INFO] [stdout]           
[INFO] [stdout]           rust-lld: error: undefined symbol: virInterfaceDestroy
[INFO] [stdout]           >>> referenced by virt.fd6ee62b51c14d41-cgu.3
[INFO] [stdout]           >>>               virt-f05be0f61cb1ee8b.virt.fd6ee62b51c14d41-cgu.3.rcgu.o:(<virt::interface::Interface>::destroy) in archive /opt/rustwide/target/release/build/virt/f05be0f61cb1ee8b/out/libvirt-f05be0f61cb1ee8b.rlib
[INFO] [stdout]           
[INFO] [stdout]           rust-lld: error: undefined symbol: virInterfaceGetName
[INFO] [stdout]           >>> referenced by virt.fd6ee62b51c14d41-cgu.3
[INFO] [stdout]           >>>               virt-f05be0f61cb1ee8b.virt.fd6ee62b51c14d41-cgu.3.rcgu.o:(<virt::interface::Interface>::get_name) in archive /opt/rustwide/target/release/build/virt/f05be0f61cb1ee8b/out/libvirt-f05be0f61cb1ee8b.rlib
[INFO] [stdout]           
[INFO] [stdout]           rust-lld: error: undefined symbol: virInterfaceUndefine
[INFO] [stdout]           >>> referenced by virt.fd6ee62b51c14d41-cgu.3
[INFO] [stdout]           >>>               virt-f05be0f61cb1ee8b.virt.fd6ee62b51c14d41-cgu.3.rcgu.o:(<virt::interface::Interface>::undefine) in archive /opt/rustwide/target/release/build/virt/f05be0f61cb1ee8b/out/libvirt-f05be0f61cb1ee8b.rlib
[INFO] [stdout]           
[INFO] [stdout]           rust-lld: error: undefined symbol: virInterfaceIsActive
[INFO] [stdout]           >>> referenced by virt.fd6ee62b51c14d41-cgu.3
[INFO] [stdout]           >>>               virt-f05be0f61cb1ee8b.virt.fd6ee62b51c14d41-cgu.3.rcgu.o:(<virt::interface::Interface>::is_active) in archive /opt/rustwide/target/release/build/virt/f05be0f61cb1ee8b/out/libvirt-f05be0f61cb1ee8b.rlib
[INFO] [stdout]           collect2: error: ld returned 1 exit status
[INFO] [stdout]           
[INFO] [stdout] 
[INFO] [stdout] 
[INFO] [stderr] error: could not compile `virt` (test "interface") due to 1 previous error
[INFO] [stdout] error: linking with `cc` failed: exit status: 1
[INFO] [stdout]   |
[INFO] [stdout]   = note:  "cc" "-m64" "/opt/rustwide/target/release/build/virt/741aac0b08701c35/out/rustcLGbFAQ/symbols.o" "<2 object files omitted>" "-Wl,--as-needed" "-Wl,-Bstatic" "/opt/rustwide/target/release/build/virt/f05be0f61cb1ee8b/out/libvirt-f05be0f61cb1ee8b.rlib" "/opt/rustwide/target/release/build/uuid/4cd0f8ad436aae32/out/libuuid-4cd0f8ad436aae32.rlib" "/opt/rustwide/target/release/build/virt-sys/c6f8df5651f69d3c/out/libvirt_sys-c6f8df5651f69d3c.rlib" "/opt/rustwide/target/release/build/libc/c01a236730e2bc9f/out/liblibc-c01a236730e2bc9f.rlib" "<sysroot>/lib/rustlib/x86_64-unknown-linux-gnu/lib/{libstd-*,libpanic_unwind-*,libobject-*,libmemchr-*,libaddr2line-*,libgimli-*,libcfg_if-*,librustc_demangle-*,libstd_detect-*,libhashbrown-*,librustc_std_workspace_alloc-*,libminiz_oxide-*,libadler2-*,libunwind-*,liblibc-*,librustc_std_workspace_core-*,liballoc-*,libcore-*,libcompiler_builtins-*}.rlib" "-Wl,-Bdynamic" "-lgcc_s" "-lutil" "-lrt" "-lpthread" "-lm" "-ldl" "-lc" "-L" "/opt/rustwide/target/release/build/virt/741aac0b08701c35/out/rustcLGbFAQ/raw-dylibs" "-B<sysroot>/lib/rustlib/x86_64-unknown-linux-gnu/bin/gcc-ld" "-fuse-ld=lld" "-Wl,--eh-frame-hdr" "-Wl,-z,noexecstack" "-L" "<sysroot>/lib/rustlib/x86_64-unknown-linux-gnu/lib" "-o" "/opt/rustwide/target/release/build/virt/741aac0b08701c35/out/auth" "-Wl,--gc-sections" "-pie" "-Wl,-z,relro,-z,now" "-Wl,-O1" "-Wl,--strip-debug" "-nodefaultlibs"
[INFO] [stdout]   = note: some arguments are omitted. use `--verbose` to show all linker arguments
[INFO] [stdout]   = note: rust-lld: error: undefined symbol: virGetLastError
[INFO] [stdout]           >>> referenced by virt.fd6ee62b51c14d41-cgu.1
[INFO] [stdout]           >>>               virt-f05be0f61cb1ee8b.virt.fd6ee62b51c14d41-cgu.1.rcgu.o:(<virt::error::Error>::last_error) in archive /opt/rustwide/target/release/build/virt/f05be0f61cb1ee8b/out/libvirt-f05be0f61cb1ee8b.rlib
[INFO] [stdout]           
[INFO] [stdout]           rust-lld: error: undefined symbol: virSetErrorFunc
[INFO] [stdout]           >>> referenced by virt.fd6ee62b51c14d41-cgu.1
[INFO] [stdout]           >>>               virt-f05be0f61cb1ee8b.virt.fd6ee62b51c14d41-cgu.1.rcgu.o:(virt::error::clear_error_callback) in archive /opt/rustwide/target/release/build/virt/f05be0f61cb1ee8b/out/libvirt-f05be0f61cb1ee8b.rlib
[INFO] [stdout]           
[INFO] [stdout]           rust-lld: error: undefined symbol: virConnectClose
[INFO] [stdout]           >>> referenced by virt.fd6ee62b51c14d41-cgu.2
[INFO] [stdout]           >>>               virt-f05be0f61cb1ee8b.virt.fd6ee62b51c14d41-cgu.2.rcgu.o:(<virt::connect::Connect>::close) in archive /opt/rustwide/target/release/build/virt/f05be0f61cb1ee8b/out/libvirt-f05be0f61cb1ee8b.rlib
[INFO] [stdout]           
[INFO] [stdout]           rust-lld: error: undefined symbol: virConnectOpenAuth
[INFO] [stdout]           >>> referenced by virt.fd6ee62b51c14d41-cgu.2
[INFO] [stdout]           >>>               virt-f05be0f61cb1ee8b.virt.fd6ee62b51c14d41-cgu.2.rcgu.o:(<virt::connect::Connect>::open_auth) in archive /opt/rustwide/target/release/build/virt/f05be0f61cb1ee8b/out/libvirt-f05be0f61cb1ee8b.rlib
[INFO] [stdout]           collect2: error: ld returned 1 exit status
[INFO] [stdout]           
[INFO] [stdout] 
[INFO] [stdout] 
[INFO] [stderr] error: could not compile `virt` (example "auth") due to 1 previous error
[INFO] [stdout] error: linking with `cc` failed: exit status: 1
[INFO] [stdout]   |
[INFO] [stdout]   = note:  "cc" "-m64" "/opt/rustwide/target/release/build/virt/9601000015752fbb/out/rustc0U2n2l/symbols.o" "<2 object files omitted>" "-Wl,--as-needed" "-Wl,-Bstatic" "/opt/rustwide/target/release/build/virt/f05be0f61cb1ee8b/out/libvirt-f05be0f61cb1ee8b.rlib" "/opt/rustwide/target/release/build/uuid/4cd0f8ad436aae32/out/libuuid-4cd0f8ad436aae32.rlib" "/opt/rustwide/target/release/build/virt-sys/c6f8df5651f69d3c/out/libvirt_sys-c6f8df5651f69d3c.rlib" "/opt/rustwide/target/release/build/libc/c01a236730e2bc9f/out/liblibc-c01a236730e2bc9f.rlib" "<sysroot>/lib/rustlib/x86_64-unknown-linux-gnu/lib/{libstd-*,libpanic_unwind-*,libobject-*,libmemchr-*,libaddr2line-*,libgimli-*,libcfg_if-*,librustc_demangle-*,libstd_detect-*,libhashbrown-*,librustc_std_workspace_alloc-*,libminiz_oxide-*,libadler2-*,libunwind-*,liblibc-*,librustc_std_workspace_core-*,liballoc-*,libcore-*,libcompiler_builtins-*}.rlib" "-Wl,-Bdynamic" "-lgcc_s" "-lutil" "-lrt" "-lpthread" "-lm" "-ldl" "-lc" "-L" "/opt/rustwide/target/release/build/virt/9601000015752fbb/out/rustc0U2n2l/raw-dylibs" "-B<sysroot>/lib/rustlib/x86_64-unknown-linux-gnu/bin/gcc-ld" "-fuse-ld=lld" "-Wl,--eh-frame-hdr" "-Wl,-z,noexecstack" "-L" "<sysroot>/lib/rustlib/x86_64-unknown-linux-gnu/lib" "-o" "/opt/rustwide/target/release/build/virt/9601000015752fbb/out/console_read" "-Wl,--gc-sections" "-pie" "-Wl,-z,relro,-z,now" "-Wl,-O1" "-Wl,--strip-debug" "-nodefaultlibs"
[INFO] [stdout]   = note: some arguments are omitted. use `--verbose` to show all linker arguments
[INFO] [stdout]   = note: rust-lld: error: undefined symbol: virEventRegisterDefaultImpl
[INFO] [stdout]           >>> referenced by console_read.540115697bf71a76-cgu.0
[INFO] [stdout]           >>>               /opt/rustwide/target/release/build/virt/9601000015752fbb/out/console_read.console_read.540115697bf71a76-cgu.0.rcgu.o:(console_read::main)
[INFO] [stdout]           
[INFO] [stdout]           rust-lld: error: undefined symbol: virStreamEventAddCallback
[INFO] [stdout]           >>> referenced by console_read.540115697bf71a76-cgu.0
[INFO] [stdout]           >>>               /opt/rustwide/target/release/build/virt/9601000015752fbb/out/console_read.console_read.540115697bf71a76-cgu.0.rcgu.o:(console_read::main)
[INFO] [stdout]           
[INFO] [stdout]           rust-lld: error: undefined symbol: virEventRunDefaultImpl
[INFO] [stdout]           >>> referenced by console_read.540115697bf71a76-cgu.0
[INFO] [stdout]           >>>               /opt/rustwide/target/release/build/virt/9601000015752fbb/out/console_read.console_read.540115697bf71a76-cgu.0.rcgu.o:(console_read::main)
[INFO] [stdout]           
[INFO] [stdout]           rust-lld: error: undefined symbol: virDomainOpenConsole
[INFO] [stdout]           >>> referenced by virt.fd6ee62b51c14d41-cgu.0
[INFO] [stdout]           >>>               virt-f05be0f61cb1ee8b.virt.fd6ee62b51c14d41-cgu.0.rcgu.o:(<virt::domain::Domain>::open_console) in archive /opt/rustwide/target/release/build/virt/f05be0f61cb1ee8b/out/libvirt-f05be0f61cb1ee8b.rlib
[INFO] [stdout]           
[INFO] [stdout]           rust-lld: error: undefined symbol: virDomainLookupByName
[INFO] [stdout]           >>> referenced by virt.fd6ee62b51c14d41-cgu.0
[INFO] [stdout]           >>>               virt-f05be0f61cb1ee8b.virt.fd6ee62b51c14d41-cgu.0.rcgu.o:(<virt::domain::Domain>::lookup_by_name) in archive /opt/rustwide/target/release/build/virt/f05be0f61cb1ee8b/out/libvirt-f05be0f61cb1ee8b.rlib
[INFO] [stdout]           
[INFO] [stdout]           rust-lld: error: undefined symbol: virDomainFree
[INFO] [stdout]           >>> referenced by virt.fd6ee62b51c14d41-cgu.0
[INFO] [stdout]           >>>               virt-f05be0f61cb1ee8b.virt.fd6ee62b51c14d41-cgu.0.rcgu.o:(<virt::domain::Domain as core::ops::drop::Drop>::drop) in archive /opt/rustwide/target/release/build/virt/f05be0f61cb1ee8b/out/libvirt-f05be0f61cb1ee8b.rlib
[INFO] [stdout]           
[INFO] [stdout]           rust-lld: error: undefined symbol: virGetLastError
[INFO] [stdout]           >>> referenced by virt.fd6ee62b51c14d41-cgu.1
[INFO] [stdout]           >>>               virt-f05be0f61cb1ee8b.virt.fd6ee62b51c14d41-cgu.1.rcgu.o:(<virt::error::Error>::last_error) in archive /opt/rustwide/target/release/build/virt/f05be0f61cb1ee8b/out/libvirt-f05be0f61cb1ee8b.rlib
[INFO] [stdout]           
[INFO] [stdout]           rust-lld: error: undefined symbol: virSetErrorFunc
[INFO] [stdout]           >>> referenced by virt.fd6ee62b51c14d41-cgu.1
[INFO] [stdout]           >>>               virt-f05be0f61cb1ee8b.virt.fd6ee62b51c14d41-cgu.1.rcgu.o:(virt::error::clear_error_callback) in archive /opt/rustwide/target/release/build/virt/f05be0f61cb1ee8b/out/libvirt-f05be0f61cb1ee8b.rlib
[INFO] [stdout]           
[INFO] [stdout]           rust-lld: error: undefined symbol: virConnectOpen
[INFO] [stdout]           >>> referenced by virt.fd6ee62b51c14d41-cgu.2
[INFO] [stdout]           >>>               virt-f05be0f61cb1ee8b.virt.fd6ee62b51c14d41-cgu.2.rcgu.o:(<virt::connect::Connect>::open) in archive /opt/rustwide/target/release/build/virt/f05be0f61cb1ee8b/out/libvirt-f05be0f61cb1ee8b.rlib
[INFO] [stdout]           >>> referenced by virt.fd6ee62b51c14d41-cgu.2
[INFO] [stdout]           >>>               virt-f05be0f61cb1ee8b.virt.fd6ee62b51c14d41-cgu.2.rcgu.o:(<virt::connect::Connect>::open) in archive /opt/rustwide/target/release/build/virt/f05be0f61cb1ee8b/out/libvirt-f05be0f61cb1ee8b.rlib
[INFO] [stdout]           
[INFO] [stdout]           rust-lld: error: undefined symbol: virStreamNew
[INFO] [stdout]           >>> referenced by virt.fd6ee62b51c14d41-cgu.3
[INFO] [stdout]           >>>               virt-f05be0f61cb1ee8b.virt.fd6ee62b51c14d41-cgu.3.rcgu.o:(<virt::stream::Stream>::new) in archive /opt/rustwide/target/release/build/virt/f05be0f61cb1ee8b/out/libvirt-f05be0f61cb1ee8b.rlib
[INFO] [stdout]           
[INFO] [stdout]           rust-lld: error: undefined symbol: virStreamRecv
[INFO] [stdout]           >>> referenced by virt.fd6ee62b51c14d41-cgu.3
[INFO] [stdout]           >>>               virt-f05be0f61cb1ee8b.virt.fd6ee62b51c14d41-cgu.3.rcgu.o:(<virt::stream::Stream>::recv) in archive /opt/rustwide/target/release/build/virt/f05be0f61cb1ee8b/out/libvirt-f05be0f61cb1ee8b.rlib
[INFO] [stdout]           
[INFO] [stdout]           rust-lld: error: undefined symbol: virStreamRef
[INFO] [stdout]           >>> referenced by virt.fd6ee62b51c14d41-cgu.3
[INFO] [stdout]           >>>               virt-f05be0f61cb1ee8b.virt.fd6ee62b51c14d41-cgu.3.rcgu.o:(virt::stream::event_callback) in archive /opt/rustwide/target/release/build/virt/f05be0f61cb1ee8b/out/libvirt-f05be0f61cb1ee8b.rlib
[INFO] [stdout]           
[INFO] [stdout]           rust-lld: error: undefined symbol: virStreamEventRemoveCallback
[INFO] [stdout]           >>> referenced by virt.fd6ee62b51c14d41-cgu.3
[INFO] [stdout]           >>>               virt-f05be0f61cb1ee8b.virt.fd6ee62b51c14d41-cgu.3.rcgu.o:(<virt::stream::Stream as core::ops::drop::Drop>::drop) in archive /opt/rustwide/target/release/build/virt/f05be0f61cb1ee8b/out/libvirt-f05be0f61cb1ee8b.rlib
[INFO] [stdout]           
[INFO] [stdout]           rust-lld: error: undefined symbol: virStreamFree
[INFO] [stdout]           >>> referenced by virt.fd6ee62b51c14d41-cgu.3
[INFO] [stdout]           >>>               virt-f05be0f61cb1ee8b.virt.fd6ee62b51c14d41-cgu.3.rcgu.o:(<virt::stream::Stream as core::ops::drop::Drop>::drop) in archive /opt/rustwide/target/release/build/virt/f05be0f61cb1ee8b/out/libvirt-f05be0f61cb1ee8b.rlib
[INFO] [stdout]           >>> referenced by virt.fd6ee62b51c14d41-cgu.3
[INFO] [stdout]           >>>               virt-f05be0f61cb1ee8b.virt.fd6ee62b51c14d41-cgu.3.rcgu.o:(<virt::stream::Stream as core::ops::drop::Drop>::drop) in archive /opt/rustwide/target/release/build/virt/f05be0f61cb1ee8b/out/libvirt-f05be0f61cb1ee8b.rlib
[INFO] [stdout]           collect2: error: ld returned 1 exit status
[INFO] [stdout]           
[INFO] [stdout] 
[INFO] [stdout] 
[INFO] [stderr] error: could not compile `virt` (example "console-read") due to 1 previous error
[INFO] [stdout] error: linking with `cc` failed: exit status: 1
[INFO] [stdout]   |
[INFO] [stdout]   = note:  "cc" "-m64" "/opt/rustwide/target/release/build/virt/1b4a0e58b28ad606/out/rustcufEQ0v/symbols.o" "<2 object files omitted>" "-Wl,--as-needed" "-Wl,-Bstatic" "/opt/rustwide/target/release/build/virt/f05be0f61cb1ee8b/out/libvirt-f05be0f61cb1ee8b.rlib" "/opt/rustwide/target/release/build/uuid/4cd0f8ad436aae32/out/libuuid-4cd0f8ad436aae32.rlib" "/opt/rustwide/target/release/build/virt-sys/c6f8df5651f69d3c/out/libvirt_sys-c6f8df5651f69d3c.rlib" "/opt/rustwide/target/release/build/libc/c01a236730e2bc9f/out/liblibc-c01a236730e2bc9f.rlib" "<sysroot>/lib/rustlib/x86_64-unknown-linux-gnu/lib/{libstd-*,libpanic_unwind-*,libobject-*,libmemchr-*,libaddr2line-*,libgimli-*,libcfg_if-*,librustc_demangle-*,libstd_detect-*,libhashbrown-*,librustc_std_workspace_alloc-*,libminiz_oxide-*,libadler2-*,libunwind-*,liblibc-*,librustc_std_workspace_core-*,liballoc-*,libcore-*,libcompiler_builtins-*}.rlib" "-Wl,-Bdynamic" "-lgcc_s" "-lutil" "-lrt" "-lpthread" "-lm" "-ldl" "-lc" "-L" "/opt/rustwide/target/release/build/virt/1b4a0e58b28ad606/out/rustcufEQ0v/raw-dylibs" "-B<sysroot>/lib/rustlib/x86_64-unknown-linux-gnu/bin/gcc-ld" "-fuse-ld=lld" "-Wl,--eh-frame-hdr" "-Wl,-z,noexecstack" "-L" "<sysroot>/lib/rustlib/x86_64-unknown-linux-gnu/lib" "-o" "/opt/rustwide/target/release/build/virt/1b4a0e58b28ad606/out/suspend" "-Wl,--gc-sections" "-pie" "-Wl,-z,relro,-z,now" "-Wl,-O1" "-Wl,--strip-debug" "-nodefaultlibs"
[INFO] [stdout]   = note: some arguments are omitted. use `--verbose` to show all linker arguments
[INFO] [stdout]   = note: rust-lld: error: undefined symbol: virDomainLookupByName
[INFO] [stdout]           >>> referenced by virt.fd6ee62b51c14d41-cgu.0
[INFO] [stdout]           >>>               virt-f05be0f61cb1ee8b.virt.fd6ee62b51c14d41-cgu.0.rcgu.o:(<virt::domain::Domain>::lookup_by_name) in archive /opt/rustwide/target/release/build/virt/f05be0f61cb1ee8b/out/libvirt-f05be0f61cb1ee8b.rlib
[INFO] [stdout]           
[INFO] [stdout]           rust-lld: error: undefined symbol: virDomainResume
[INFO] [stdout]           >>> referenced by virt.fd6ee62b51c14d41-cgu.0
[INFO] [stdout]           >>>               virt-f05be0f61cb1ee8b.virt.fd6ee62b51c14d41-cgu.0.rcgu.o:(<virt::domain::Domain>::resume) in archive /opt/rustwide/target/release/build/virt/f05be0f61cb1ee8b/out/libvirt-f05be0f61cb1ee8b.rlib
[INFO] [stdout]           
[INFO] [stdout]           rust-lld: error: undefined symbol: virDomainSuspend
[INFO] [stdout]           >>> referenced by virt.fd6ee62b51c14d41-cgu.0
[INFO] [stdout]           >>>               virt-f05be0f61cb1ee8b.virt.fd6ee62b51c14d41-cgu.0.rcgu.o:(<virt::domain::Domain>::suspend) in archive /opt/rustwide/target/release/build/virt/f05be0f61cb1ee8b/out/libvirt-f05be0f61cb1ee8b.rlib
[INFO] [stdout]           
[INFO] [stdout]           rust-lld: error: undefined symbol: virDomainGetInfo
[INFO] [stdout]           >>> referenced by virt.fd6ee62b51c14d41-cgu.0
[INFO] [stdout]           >>>               virt-f05be0f61cb1ee8b.virt.fd6ee62b51c14d41-cgu.0.rcgu.o:(<virt::domain::Domain>::get_info) in archive /opt/rustwide/target/release/build/virt/f05be0f61cb1ee8b/out/libvirt-f05be0f61cb1ee8b.rlib
[INFO] [stdout]           
[INFO] [stdout]           rust-lld: error: undefined symbol: virDomainGetName
[INFO] [stdout]           >>> referenced by virt.fd6ee62b51c14d41-cgu.0
[INFO] [stdout]           >>>               virt-f05be0f61cb1ee8b.virt.fd6ee62b51c14d41-cgu.0.rcgu.o:(<virt::domain::Domain>::get_name) in archive /opt/rustwide/target/release/build/virt/f05be0f61cb1ee8b/out/libvirt-f05be0f61cb1ee8b.rlib
[INFO] [stdout]           
[INFO] [stdout]           rust-lld: error: undefined symbol: virDomainFree
[INFO] [stdout]           >>> referenced by virt.fd6ee62b51c14d41-cgu.0
[INFO] [stdout]           >>>               virt-f05be0f61cb1ee8b.virt.fd6ee62b51c14d41-cgu.0.rcgu.o:(<virt::domain::Domain as core::ops::drop::Drop>::drop) in archive /opt/rustwide/target/release/build/virt/f05be0f61cb1ee8b/out/libvirt-f05be0f61cb1ee8b.rlib
[INFO] [stdout]           >>> referenced by virt.fd6ee62b51c14d41-cgu.5
[INFO] [stdout]           >>>               virt-f05be0f61cb1ee8b.virt.fd6ee62b51c14d41-cgu.5.rcgu.o:(<alloc::vec::Vec<virt::domain::Domain> as core::ops::drop::Drop>::drop) in archive /opt/rustwide/target/release/build/virt/f05be0f61cb1ee8b/out/libvirt-f05be0f61cb1ee8b.rlib
[INFO] [stdout]           
[INFO] [stdout]           rust-lld: error: undefined symbol: virGetLastError
[INFO] [stdout]           >>> referenced by virt.fd6ee62b51c14d41-cgu.1
[INFO] [stdout]           >>>               virt-f05be0f61cb1ee8b.virt.fd6ee62b51c14d41-cgu.1.rcgu.o:(<virt::error::Error>::last_error) in archive /opt/rustwide/target/release/build/virt/f05be0f61cb1ee8b/out/libvirt-f05be0f61cb1ee8b.rlib
[INFO] [stdout]           
[INFO] [stdout]           rust-lld: error: undefined symbol: virSetErrorFunc
[INFO] [stdout]           >>> referenced by virt.fd6ee62b51c14d41-cgu.1
[INFO] [stdout]           >>>               virt-f05be0f61cb1ee8b.virt.fd6ee62b51c14d41-cgu.1.rcgu.o:(virt::error::clear_error_callback) in archive /opt/rustwide/target/release/build/virt/f05be0f61cb1ee8b/out/libvirt-f05be0f61cb1ee8b.rlib
[INFO] [stdout]           
[INFO] [stdout]           rust-lld: error: undefined symbol: virConnectListAllDomains
[INFO] [stdout]           >>> referenced by virt.fd6ee62b51c14d41-cgu.2
[INFO] [stdout]           >>>               virt-f05be0f61cb1ee8b.virt.fd6ee62b51c14d41-cgu.2.rcgu.o:(<virt::connect::Connect>::list_all_domains) in archive /opt/rustwide/target/release/build/virt/f05be0f61cb1ee8b/out/libvirt-f05be0f61cb1ee8b.rlib
[INFO] [stdout]           
[INFO] [stdout]           rust-lld: error: undefined symbol: virConnectOpen
[INFO] [stdout]           >>> referenced by virt.fd6ee62b51c14d41-cgu.2
[INFO] [stdout]           >>>               virt-f05be0f61cb1ee8b.virt.fd6ee62b51c14d41-cgu.2.rcgu.o:(<virt::connect::Connect>::open) in archive /opt/rustwide/target/release/build/virt/f05be0f61cb1ee8b/out/libvirt-f05be0f61cb1ee8b.rlib
[INFO] [stdout]           >>> referenced by virt.fd6ee62b51c14d41-cgu.2
[INFO] [stdout]           >>>               virt-f05be0f61cb1ee8b.virt.fd6ee62b51c14d41-cgu.2.rcgu.o:(<virt::connect::Connect>::open) in archive /opt/rustwide/target/release/build/virt/f05be0f61cb1ee8b/out/libvirt-f05be0f61cb1ee8b.rlib
[INFO] [stdout]           
[INFO] [stdout]           rust-lld: error: undefined symbol: virConnectClose
[INFO] [stdout]           >>> referenced by virt.fd6ee62b51c14d41-cgu.2
[INFO] [stdout]           >>>               virt-f05be0f61cb1ee8b.virt.fd6ee62b51c14d41-cgu.2.rcgu.o:(<virt::connect::Connect>::close) in archive /opt/rustwide/target/release/build/virt/f05be0f61cb1ee8b/out/libvirt-f05be0f61cb1ee8b.rlib
[INFO] [stdout]           collect2: error: ld returned 1 exit status
[INFO] [stdout]           
[INFO] [stdout] 
[INFO] [stdout] 
[INFO] [stderr] error: could not compile `virt` (example "suspend") due to 1 previous error
[INFO] [stdout] error: linking with `cc` failed: exit status: 1
[INFO] [stdout]   |
[INFO] [stdout]   = note:  "cc" "-m64" "/opt/rustwide/target/release/build/virt/1beb2cdab8b7864e/out/rustcgYXXHt/symbols.o" "<2 object files omitted>" "-Wl,--as-needed" "-Wl,-Bstatic" "/opt/rustwide/target/release/build/virt/f05be0f61cb1ee8b/out/libvirt-f05be0f61cb1ee8b.rlib" "/opt/rustwide/target/release/build/uuid/4cd0f8ad436aae32/out/libuuid-4cd0f8ad436aae32.rlib" "/opt/rustwide/target/release/build/virt-sys/c6f8df5651f69d3c/out/libvirt_sys-c6f8df5651f69d3c.rlib" "/opt/rustwide/target/release/build/termios/0210f4f7152531c8/out/libtermios-0210f4f7152531c8.rlib" "/opt/rustwide/target/release/build/libc/c01a236730e2bc9f/out/liblibc-c01a236730e2bc9f.rlib" "<sysroot>/lib/rustlib/x86_64-unknown-linux-gnu/lib/{libstd-*,libpanic_unwind-*,libobject-*,libmemchr-*,libaddr2line-*,libgimli-*,libcfg_if-*,librustc_demangle-*,libstd_detect-*,libhashbrown-*,librustc_std_workspace_alloc-*,libminiz_oxide-*,libadler2-*,libunwind-*,liblibc-*,librustc_std_workspace_core-*,liballoc-*,libcore-*,libcompiler_builtins-*}.rlib" "-Wl,-Bdynamic" "-lc" "-lgcc_s" "-lutil" "-lrt" "-lpthread" "-lm" "-ldl" "-lc" "-L" "/opt/rustwide/target/release/build/virt/1beb2cdab8b7864e/out/rustcgYXXHt/raw-dylibs" "-B<sysroot>/lib/rustlib/x86_64-unknown-linux-gnu/bin/gcc-ld" "-fuse-ld=lld" "-Wl,--eh-frame-hdr" "-Wl,-z,noexecstack" "-L" "<sysroot>/lib/rustlib/x86_64-unknown-linux-gnu/lib" "-o" "/opt/rustwide/target/release/build/virt/1beb2cdab8b7864e/out/console" "-Wl,--gc-sections" "-pie" "-Wl,-z,relro,-z,now" "-Wl,-O1" "-Wl,--strip-debug" "-nodefaultlibs"
[INFO] [stdout]   = note: some arguments are omitted. use `--verbose` to show all linker arguments
[INFO] [stdout]   = note: rust-lld: error: undefined symbol: virStreamEventAddCallback
[INFO] [stdout]           >>> referenced by console.f6f74ce5aec03e03-cgu.0
[INFO] [stdout]           >>>               /opt/rustwide/target/release/build/virt/1beb2cdab8b7864e/out/console.console.f6f74ce5aec03e03-cgu.0.rcgu.o:(console::main)
[INFO] [stdout]           
[INFO] [stdout]           rust-lld: error: undefined symbol: virEventAddHandle
[INFO] [stdout]           >>> referenced by console.f6f74ce5aec03e03-cgu.0
[INFO] [stdout]           >>>               /opt/rustwide/target/release/build/virt/1beb2cdab8b7864e/out/console.console.f6f74ce5aec03e03-cgu.0.rcgu.o:(console::main)
[INFO] [stdout]           
[INFO] [stdout]           rust-lld: error: undefined symbol: virDomainOpenConsole
[INFO] [stdout]           >>> referenced by virt.fd6ee62b51c14d41-cgu.0
[INFO] [stdout]           >>>               virt-f05be0f61cb1ee8b.virt.fd6ee62b51c14d41-cgu.0.rcgu.o:(<virt::domain::Domain>::open_console) in archive /opt/rustwide/target/release/build/virt/f05be0f61cb1ee8b/out/libvirt-f05be0f61cb1ee8b.rlib
[INFO] [stdout]           
[INFO] [stdout]           rust-lld: error: undefined symbol: virDomainLookupByName
[INFO] [stdout]           >>> referenced by virt.fd6ee62b51c14d41-cgu.0
[INFO] [stdout]           >>>               virt-f05be0f61cb1ee8b.virt.fd6ee62b51c14d41-cgu.0.rcgu.o:(<virt::domain::Domain>::lookup_by_name) in archive /opt/rustwide/target/release/build/virt/f05be0f61cb1ee8b/out/libvirt-f05be0f61cb1ee8b.rlib
[INFO] [stdout]           
[INFO] [stdout]           rust-lld: error: undefined symbol: virDomainFree
[INFO] [stdout]           >>> referenced by virt.fd6ee62b51c14d41-cgu.0
[INFO] [stdout]           >>>               virt-f05be0f61cb1ee8b.virt.fd6ee62b51c14d41-cgu.0.rcgu.o:(<virt::domain::Domain as core::ops::drop::Drop>::drop) in archive /opt/rustwide/target/release/build/virt/f05be0f61cb1ee8b/out/libvirt-f05be0f61cb1ee8b.rlib
[INFO] [stdout]           
[INFO] [stdout]           rust-lld: error: undefined symbol: virGetLastError
[INFO] [stdout]           >>> referenced by virt.fd6ee62b51c14d41-cgu.1
[INFO] [stdout]           >>>               virt-f05be0f61cb1ee8b.virt.fd6ee62b51c14d41-cgu.1.rcgu.o:(<virt::error::Error>::last_error) in archive /opt/rustwide/target/release/build/virt/f05be0f61cb1ee8b/out/libvirt-f05be0f61cb1ee8b.rlib
[INFO] [stdout]           
[INFO] [stdout]           rust-lld: error: undefined symbol: virConnectOpen
[INFO] [stdout]           >>> referenced by virt.fd6ee62b51c14d41-cgu.2
[INFO] [stdout]           >>>               virt-f05be0f61cb1ee8b.virt.fd6ee62b51c14d41-cgu.2.rcgu.o:(<virt::connect::Connect>::open) in archive /opt/rustwide/target/release/build/virt/f05be0f61cb1ee8b/out/libvirt-f05be0f61cb1ee8b.rlib
[INFO] [stdout]           >>> referenced by virt.fd6ee62b51c14d41-cgu.2
[INFO] [stdout]           >>>               virt-f05be0f61cb1ee8b.virt.fd6ee62b51c14d41-cgu.2.rcgu.o:(<virt::connect::Connect>::open) in archive /opt/rustwide/target/release/build/virt/f05be0f61cb1ee8b/out/libvirt-f05be0f61cb1ee8b.rlib
[INFO] [stdout]           
[INFO] [stdout]           rust-lld: error: undefined symbol: virStreamNew
[INFO] [stdout]           >>> referenced by virt.fd6ee62b51c14d41-cgu.3
[INFO] [stdout]           >>>               virt-f05be0f61cb1ee8b.virt.fd6ee62b51c14d41-cgu.3.rcgu.o:(<virt::stream::Stream>::new) in archive /opt/rustwide/target/release/build/virt/f05be0f61cb1ee8b/out/libvirt-f05be0f61cb1ee8b.rlib
[INFO] [stdout]           
[INFO] [stdout]           rust-lld: error: undefined symbol: virStreamRecv
[INFO] [stdout]           >>> referenced by virt.fd6ee62b51c14d41-cgu.3
[INFO] [stdout]           >>>               virt-f05be0f61cb1ee8b.virt.fd6ee62b51c14d41-cgu.3.rcgu.o:(<virt::stream::Stream>::recv) in archive /opt/rustwide/target/release/build/virt/f05be0f61cb1ee8b/out/libvirt-f05be0f61cb1ee8b.rlib
[INFO] [stdout]           
[INFO] [stdout]           rust-lld: error: undefined symbol: virStreamSend
[INFO] [stdout]           >>> referenced by virt.fd6ee62b51c14d41-cgu.3
[INFO] [stdout]           >>>               virt-f05be0f61cb1ee8b.virt.fd6ee62b51c14d41-cgu.3.rcgu.o:(<virt::stream::Stream>::send) in archive /opt/rustwide/target/release/build/virt/f05be0f61cb1ee8b/out/libvirt-f05be0f61cb1ee8b.rlib
[INFO] [stdout]           
[INFO] [stdout]           rust-lld: error: undefined symbol: virEventRunDefaultImpl
[INFO] [stdout]           >>> referenced by virt.fd6ee62b51c14d41-cgu.3
[INFO] [stdout]           >>>               virt-f05be0f61cb1ee8b.virt.fd6ee62b51c14d41-cgu.3.rcgu.o:(virt::event::event_run_default_impl) in archive /opt/rustwide/target/release/build/virt/f05be0f61cb1ee8b/out/libvirt-f05be0f61cb1ee8b.rlib
[INFO] [stdout]           
[INFO] [stdout]           rust-lld: error: undefined symbol: virEventRegisterDefaultImpl
[INFO] [stdout]           >>> referenced by virt.fd6ee62b51c14d41-cgu.3
[INFO] [stdout]           >>>               virt-f05be0f61cb1ee8b.virt.fd6ee62b51c14d41-cgu.3.rcgu.o:(virt::event::event_register_default_impl) in archive /opt/rustwide/target/release/build/virt/f05be0f61cb1ee8b/out/libvirt-f05be0f61cb1ee8b.rlib
[INFO] [stdout]           
[INFO] [stdout]           rust-lld: error: undefined symbol: virStreamRef
[INFO] [stdout]           >>> referenced by virt.fd6ee62b51c14d41-cgu.3
[INFO] [stdout]           >>>               virt-f05be0f61cb1ee8b.virt.fd6ee62b51c14d41-cgu.3.rcgu.o:(virt::stream::event_callback) in archive /opt/rustwide/target/release/build/virt/f05be0f61cb1ee8b/out/libvirt-f05be0f61cb1ee8b.rlib
[INFO] [stdout]           
[INFO] [stdout]           rust-lld: error: undefined symbol: virStreamEventRemoveCallback
[INFO] [stdout]           >>> referenced by virt.fd6ee62b51c14d41-cgu.3
[INFO] [stdout]           >>>               virt-f05be0f61cb1ee8b.virt.fd6ee62b51c14d41-cgu.3.rcgu.o:(<virt::stream::Stream as core::ops::drop::Drop>::drop) in archive /opt/rustwide/target/release/build/virt/f05be0f61cb1ee8b/out/libvirt-f05be0f61cb1ee8b.rlib
[INFO] [stdout]           
[INFO] [stdout]           rust-lld: error: undefined symbol: virStreamFree
[INFO] [stdout]           >>> referenced by virt.fd6ee62b51c14d41-cgu.3
[INFO] [stdout]           >>>               virt-f05be0f61cb1ee8b.virt.fd6ee62b51c14d41-cgu.3.rcgu.o:(<virt::stream::Stream as core::ops::drop::Drop>::drop) in archive /opt/rustwide/target/release/build/virt/f05be0f61cb1ee8b/out/libvirt-f05be0f61cb1ee8b.rlib
[INFO] [stdout]           >>> referenced by virt.fd6ee62b51c14d41-cgu.3
[INFO] [stdout]           >>>               virt-f05be0f61cb1ee8b.virt.fd6ee62b51c14d41-cgu.3.rcgu.o:(<virt::stream::Stream as core::ops::drop::Drop>::drop) in archive /opt/rustwide/target/release/build/virt/f05be0f61cb1ee8b/out/libvirt-f05be0f61cb1ee8b.rlib
[INFO] [stdout]           collect2: error: ld returned 1 exit status
[INFO] [stdout]           
[INFO] [stdout] 
[INFO] [stdout] 
[INFO] [stderr] error: could not compile `virt` (example "console") due to 1 previous error
[INFO] [stdout] error: linking with `cc` failed: exit status: 1
[INFO] [stdout]   |
[INFO] [stdout]   = note:  "cc" "-m64" "/opt/rustwide/target/release/build/virt/9e20a9b949e4c4b7/out/rustcudcr3r/symbols.o" "<2 object files omitted>" "-Wl,--as-needed" "-Wl,-Bstatic" "<sysroot>/lib/rustlib/x86_64-unknown-linux-gnu/lib/{libtest-*,libgetopts-*,librustc_std_workspace_std-*}.rlib" "/opt/rustwide/target/release/build/virt/f05be0f61cb1ee8b/out/libvirt-f05be0f61cb1ee8b.rlib" "/opt/rustwide/target/release/build/uuid/4cd0f8ad436aae32/out/libuuid-4cd0f8ad436aae32.rlib" "/opt/rustwide/target/release/build/virt-sys/c6f8df5651f69d3c/out/libvirt_sys-c6f8df5651f69d3c.rlib" "/opt/rustwide/target/release/build/libc/c01a236730e2bc9f/out/liblibc-c01a236730e2bc9f.rlib" "<sysroot>/lib/rustlib/x86_64-unknown-linux-gnu/lib/{libstd-*,libpanic_unwind-*,libobject-*,libmemchr-*,libaddr2line-*,libgimli-*,libcfg_if-*,librustc_demangle-*,libstd_detect-*,libhashbrown-*,librustc_std_workspace_alloc-*,libminiz_oxide-*,libadler2-*,libunwind-*,liblibc-*,librustc_std_workspace_core-*,liballoc-*,libcore-*,libcompiler_builtins-*}.rlib" "-Wl,-Bdynamic" "-lgcc_s" "-lutil" "-lrt" "-lpthread" "-lm" "-ldl" "-lc" "-L" "/opt/rustwide/target/release/build/virt/9e20a9b949e4c4b7/out/rustcudcr3r/raw-dylibs" "-B<sysroot>/lib/rustlib/x86_64-unknown-linux-gnu/bin/gcc-ld" "-fuse-ld=lld" "-Wl,--eh-frame-hdr" "-Wl,-z,noexecstack" "-L" "<sysroot>/lib/rustlib/x86_64-unknown-linux-gnu/lib" "-o" "/opt/rustwide/target/release/build/virt/9e20a9b949e4c4b7/out/integration_qemu-9e20a9b949e4c4b7" "-Wl,--gc-sections" "-pie" "-Wl,-z,relro,-z,now" "-Wl,-O1" "-Wl,--strip-debug" "-nodefaultlibs"
[INFO] [stdout]   = note: some arguments are omitted. use `--verbose` to show all linker arguments
[INFO] [stdout]   = note: rust-lld: error: undefined symbol: virDomainDefineXML
[INFO] [stdout]           >>> referenced by virt.fd6ee62b51c14d41-cgu.0
[INFO] [stdout]           >>>               virt-f05be0f61cb1ee8b.virt.fd6ee62b51c14d41-cgu.0.rcgu.o:(<virt::domain::Domain>::define_xml) in archive /opt/rustwide/target/release/build/virt/f05be0f61cb1ee8b/out/libvirt-f05be0f61cb1ee8b.rlib
[INFO] [stdout]           
[INFO] [stdout]           rust-lld: error: undefined symbol: virDomainMemoryStats
[INFO] [stdout]           >>> referenced by virt.fd6ee62b51c14d41-cgu.0
[INFO] [stdout]           >>>               virt-f05be0f61cb1ee8b.virt.fd6ee62b51c14d41-cgu.0.rcgu.o:(<virt::domain::Domain>::memory_stats) in archive /opt/rustwide/target/release/build/virt/f05be0f61cb1ee8b/out/libvirt-f05be0f61cb1ee8b.rlib
[INFO] [stdout]           
[INFO] [stdout]           rust-lld: error: undefined symbol: virDomainLookupByName
[INFO] [stdout]           >>> referenced by virt.fd6ee62b51c14d41-cgu.0
[INFO] [stdout]           >>>               virt-f05be0f61cb1ee8b.virt.fd6ee62b51c14d41-cgu.0.rcgu.o:(<virt::domain::Domain>::lookup_by_name) in archive /opt/rustwide/target/release/build/virt/f05be0f61cb1ee8b/out/libvirt-f05be0f61cb1ee8b.rlib
[INFO] [stdout]           
[INFO] [stdout]           rust-lld: error: undefined symbol: virDomainCreateWithFlags
[INFO] [stdout]           >>> referenced by virt.fd6ee62b51c14d41-cgu.0
[INFO] [stdout]           >>>               virt-f05be0f61cb1ee8b.virt.fd6ee62b51c14d41-cgu.0.rcgu.o:(<virt::domain::Domain>::create_with_flags) in archive /opt/rustwide/target/release/build/virt/f05be0f61cb1ee8b/out/libvirt-f05be0f61cb1ee8b.rlib
[INFO] [stdout]           
[INFO] [stdout]           rust-lld: error: undefined symbol: virDomainFree
[INFO] [stdout]           >>> referenced by virt.fd6ee62b51c14d41-cgu.0
[INFO] [stdout]           >>>               virt-f05be0f61cb1ee8b.virt.fd6ee62b51c14d41-cgu.0.rcgu.o:(<virt::domain::Domain>::free) in archive /opt/rustwide/target/release/build/virt/f05be0f61cb1ee8b/out/libvirt-f05be0f61cb1ee8b.rlib
[INFO] [stdout]           >>> referenced by virt.fd6ee62b51c14d41-cgu.0
[INFO] [stdout]           >>>               virt-f05be0f61cb1ee8b.virt.fd6ee62b51c14d41-cgu.0.rcgu.o:(<virt::domain::Domain as core::ops::drop::Drop>::drop) in archive /opt/rustwide/target/release/build/virt/f05be0f61cb1ee8b/out/libvirt-f05be0f61cb1ee8b.rlib
[INFO] [stdout]           
[INFO] [stdout]           rust-lld: error: undefined symbol: virDomainReset
[INFO] [stdout]           >>> referenced by virt.fd6ee62b51c14d41-cgu.0
[INFO] [stdout]           >>>               virt-f05be0f61cb1ee8b.virt.fd6ee62b51c14d41-cgu.0.rcgu.o:(<virt::domain::Domain>::reset) in archive /opt/rustwide/target/release/build/virt/f05be0f61cb1ee8b/out/libvirt-f05be0f61cb1ee8b.rlib
[INFO] [stdout]           
[INFO] [stdout]           rust-lld: error: undefined symbol: virDomainDestroy
[INFO] [stdout]           >>> referenced by virt.fd6ee62b51c14d41-cgu.0
[INFO] [stdout]           >>>               virt-f05be0f61cb1ee8b.virt.fd6ee62b51c14d41-cgu.0.rcgu.o:(<virt::domain::Domain>::destroy) in archive /opt/rustwide/target/release/build/virt/f05be0f61cb1ee8b/out/libvirt-f05be0f61cb1ee8b.rlib
[INFO] [stdout]           
[INFO] [stdout]           rust-lld: error: undefined symbol: virDomainGetName
[INFO] [stdout]           >>> referenced by virt.fd6ee62b51c14d41-cgu.0
[INFO] [stdout]           >>>               virt-f05be0f61cb1ee8b.virt.fd6ee62b51c14d41-cgu.0.rcgu.o:(<virt::domain::Domain>::get_name) in archive /opt/rustwide/target/release/build/virt/f05be0f61cb1ee8b/out/libvirt-f05be0f61cb1ee8b.rlib
[INFO] [stdout]           
[INFO] [stdout]           rust-lld: error: undefined symbol: virDomainUndefine
[INFO] [stdout]           >>> referenced by virt.fd6ee62b51c14d41-cgu.0
[INFO] [stdout]           >>>               virt-f05be0f61cb1ee8b.virt.fd6ee62b51c14d41-cgu.0.rcgu.o:(<virt::domain::Domain>::undefine) in archive /opt/rustwide/target/release/build/virt/f05be0f61cb1ee8b/out/libvirt-f05be0f61cb1ee8b.rlib
[INFO] [stdout]           
[INFO] [stdout]           rust-lld: error: undefined symbol: virDomainGetState
[INFO] [stdout]           >>> referenced by virt.fd6ee62b51c14d41-cgu.0
[INFO] [stdout]           >>>               virt-f05be0f61cb1ee8b.virt.fd6ee62b51c14d41-cgu.0.rcgu.o:(<virt::domain::Domain>::get_state) in archive /opt/rustwide/target/release/build/virt/f05be0f61cb1ee8b/out/libvirt-f05be0f61cb1ee8b.rlib
[INFO] [stdout]           
[INFO] [stdout]           rust-lld: error: undefined symbol: virGetLastError
[INFO] [stdout]           >>> referenced by virt.fd6ee62b51c14d41-cgu.1
[INFO] [stdout]           >>>               virt-f05be0f61cb1ee8b.virt.fd6ee62b51c14d41-cgu.1.rcgu.o:(<virt::error::Error>::last_error) in archive /opt/rustwide/target/release/build/virt/f05be0f61cb1ee8b/out/libvirt-f05be0f61cb1ee8b.rlib
[INFO] [stdout]           
[INFO] [stdout]           rust-lld: error: undefined symbol: virConnectOpen
[INFO] [stdout]           >>> referenced by virt.fd6ee62b51c14d41-cgu.2
[INFO] [stdout]           >>>               virt-f05be0f61cb1ee8b.virt.fd6ee62b51c14d41-cgu.2.rcgu.o:(<virt::connect::Connect>::open) in archive /opt/rustwide/target/release/build/virt/f05be0f61cb1ee8b/out/libvirt-f05be0f61cb1ee8b.rlib
[INFO] [stdout]           >>> referenced by virt.fd6ee62b51c14d41-cgu.2
[INFO] [stdout]           >>>               virt-f05be0f61cb1ee8b.virt.fd6ee62b51c14d41-cgu.2.rcgu.o:(<virt::connect::Connect>::open) in archive /opt/rustwide/target/release/build/virt/f05be0f61cb1ee8b/out/libvirt-f05be0f61cb1ee8b.rlib
[INFO] [stdout]           
[INFO] [stdout]           rust-lld: error: undefined symbol: virConnectClose
[INFO] [stdout]           >>> referenced by virt.fd6ee62b51c14d41-cgu.2
[INFO] [stdout]           >>>               virt-f05be0f61cb1ee8b.virt.fd6ee62b51c14d41-cgu.2.rcgu.o:(<virt::connect::Connect>::close) in archive /opt/rustwide/target/release/build/virt/f05be0f61cb1ee8b/out/libvirt-f05be0f61cb1ee8b.rlib
[INFO] [stdout]           
[INFO] [stdout]           rust-lld: error: undefined symbol: virConnectOpenAuth
[INFO] [stdout]           >>> referenced by virt.fd6ee62b51c14d41-cgu.2
[INFO] [stdout]           >>>               virt-f05be0f61cb1ee8b.virt.fd6ee62b51c14d41-cgu.2.rcgu.o:(<virt::connect::Connect>::open_auth) in archive /opt/rustwide/target/release/build/virt/f05be0f61cb1ee8b/out/libvirt-f05be0f61cb1ee8b.rlib
[INFO] [stdout]           
[INFO] [stdout]           rust-lld: error: undefined symbol: virStoragePoolDefineXML
[INFO] [stdout]           >>> referenced by virt.fd6ee62b51c14d41-cgu.3
[INFO] [stdout]           >>>               virt-f05be0f61cb1ee8b.virt.fd6ee62b51c14d41-cgu.3.rcgu.o:(<virt::storage_pool::StoragePool>::define_xml) in archive /opt/rustwide/target/release/build/virt/f05be0f61cb1ee8b/out/libvirt-f05be0f61cb1ee8b.rlib
[INFO] [stdout]           
[INFO] [stdout]           rust-lld: error: undefined symbol: virStoragePoolLookupByName
[INFO] [stdout]           >>> referenced by virt.fd6ee62b51c14d41-cgu.3
[INFO] [stdout]           >>>               virt-f05be0f61cb1ee8b.virt.fd6ee62b51c14d41-cgu.3.rcgu.o:(<virt::storage_pool::StoragePool>::lookup_by_name) in archive /opt/rustwide/target/release/build/virt/f05be0f61cb1ee8b/out/libvirt-f05be0f61cb1ee8b.rlib
[INFO] [stdout]           
[INFO] [stdout]           rust-lld: error: undefined symbol: virStoragePoolFree
[INFO] [stdout]           >>> referenced by virt.fd6ee62b51c14d41-cgu.3
[INFO] [stdout]           >>>               virt-f05be0f61cb1ee8b.virt.fd6ee62b51c14d41-cgu.3.rcgu.o:(<virt::storage_pool::StoragePool>::free) in archive /opt/rustwide/target/release/build/virt/f05be0f61cb1ee8b/out/libvirt-f05be0f61cb1ee8b.rlib
[INFO] [stdout]           >>> referenced by virt.fd6ee62b51c14d41-cgu.3
[INFO] [stdout]           >>>               virt-f05be0f61cb1ee8b.virt.fd6ee62b51c14d41-cgu.3.rcgu.o:(<virt::storage_pool::StoragePool as core::ops::drop::Drop>::drop) in archive /opt/rustwide/target/release/build/virt/f05be0f61cb1ee8b/out/libvirt-f05be0f61cb1ee8b.rlib
[INFO] [stdout]           
[INFO] [stdout]           rust-lld: error: undefined symbol: virStoragePoolCreate
[INFO] [stdout]           >>> referenced by virt.fd6ee62b51c14d41-cgu.3
[INFO] [stdout]           >>>               virt-f05be0f61cb1ee8b.virt.fd6ee62b51c14d41-cgu.3.rcgu.o:(<virt::storage_pool::StoragePool>::create) in archive /opt/rustwide/target/release/build/virt/f05be0f61cb1ee8b/out/libvirt-f05be0f61cb1ee8b.rlib
[INFO] [stdout]           
[INFO] [stdout]           rust-lld: error: undefined symbol: virStoragePoolDestroy
[INFO] [stdout]           >>> referenced by virt.fd6ee62b51c14d41-cgu.3
[INFO] [stdout]           >>>               virt-f05be0f61cb1ee8b.virt.fd6ee62b51c14d41-cgu.3.rcgu.o:(<virt::storage_pool::StoragePool>::destroy) in archive /opt/rustwide/target/release/build/virt/f05be0f61cb1ee8b/out/libvirt-f05be0f61cb1ee8b.rlib
[INFO] [stdout]           
[INFO] [stdout]           rust-lld: error: undefined symbol: virStoragePoolGetInfo
[INFO] [stdout]           >>> referenced by virt.fd6ee62b51c14d41-cgu.3
[INFO] [stdout]           >>>               virt-f05be0f61cb1ee8b.virt.fd6ee62b51c14d41-cgu.3.rcgu.o:(<virt::storage_pool::StoragePool>::get_info) in archive /opt/rustwide/target/release/build/virt/f05be0f61cb1ee8b/out/libvirt-f05be0f61cb1ee8b.rlib
[INFO] [stdout]           
[INFO] [stdout]           rust-lld: error: too many errors emitted, stopping now (use --error-limit=0 to see all errors)
[INFO] [stdout]           collect2: error: ld returned 1 exit status
[INFO] [stdout]           
[INFO] [stdout] 
[INFO] [stdout] 
[INFO] [stderr] error: could not compile `virt` (test "integration_qemu") due to 1 previous error
[INFO] [stdout] error: linking with `cc` failed: exit status: 1
[INFO] [stdout]   |
[INFO] [stdout]   = note:  "cc" "-m64" "/opt/rustwide/target/release/build/virt/3be66995781a7b6d/out/rustc2nVN9y/symbols.o" "<2 object files omitted>" "-Wl,--as-needed" "-Wl,-Bstatic" "<sysroot>/lib/rustlib/x86_64-unknown-linux-gnu/lib/{libtest-*,libgetopts-*,librustc_std_workspace_std-*}.rlib" "/opt/rustwide/target/release/build/virt/f05be0f61cb1ee8b/out/libvirt-f05be0f61cb1ee8b.rlib" "/opt/rustwide/target/release/build/uuid/4cd0f8ad436aae32/out/libuuid-4cd0f8ad436aae32.rlib" "/opt/rustwide/target/release/build/virt-sys/c6f8df5651f69d3c/out/libvirt_sys-c6f8df5651f69d3c.rlib" "/opt/rustwide/target/release/build/libc/c01a236730e2bc9f/out/liblibc-c01a236730e2bc9f.rlib" "<sysroot>/lib/rustlib/x86_64-unknown-linux-gnu/lib/{libstd-*,libpanic_unwind-*,libobject-*,libmemchr-*,libaddr2line-*,libgimli-*,libcfg_if-*,librustc_demangle-*,libstd_detect-*,libhashbrown-*,librustc_std_workspace_alloc-*,libminiz_oxide-*,libadler2-*,libunwind-*,liblibc-*,librustc_std_workspace_core-*,liballoc-*,libcore-*,libcompiler_builtins-*}.rlib" "-Wl,-Bdynamic" "-lgcc_s" "-lutil" "-lrt" "-lpthread" "-lm" "-ldl" "-lc" "-L" "/opt/rustwide/target/release/build/virt/3be66995781a7b6d/out/rustc2nVN9y/raw-dylibs" "-B<sysroot>/lib/rustlib/x86_64-unknown-linux-gnu/bin/gcc-ld" "-fuse-ld=lld" "-Wl,--eh-frame-hdr" "-Wl,-z,noexecstack" "-L" "<sysroot>/lib/rustlib/x86_64-unknown-linux-gnu/lib" "-o" "/opt/rustwide/target/release/build/virt/3be66995781a7b6d/out/network-3be66995781a7b6d" "-Wl,--gc-sections" "-pie" "-Wl,-z,relro,-z,now" "-Wl,-O1" "-Wl,--strip-debug" "-nodefaultlibs"
[INFO] [stdout]   = note: some arguments are omitted. use `--verbose` to show all linker arguments
[INFO] [stdout]   = note: rust-lld: error: undefined symbol: virConnectListNetworks
[INFO] [stdout]           >>> referenced by virt.fd6ee62b51c14d41-cgu.2
[INFO] [stdout]           >>>               virt-f05be0f61cb1ee8b.virt.fd6ee62b51c14d41-cgu.2.rcgu.o:(<virt::connect::Connect>::list_networks) in archive /opt/rustwide/target/release/build/virt/f05be0f61cb1ee8b/out/libvirt-f05be0f61cb1ee8b.rlib
[INFO] [stdout]           
[INFO] [stdout]           rust-lld: error: undefined symbol: virConnectOpen
[INFO] [stdout]           >>> referenced by virt.fd6ee62b51c14d41-cgu.2
[INFO] [stdout]           >>>               virt-f05be0f61cb1ee8b.virt.fd6ee62b51c14d41-cgu.2.rcgu.o:(<virt::connect::Connect>::open) in archive /opt/rustwide/target/release/build/virt/f05be0f61cb1ee8b/out/libvirt-f05be0f61cb1ee8b.rlib
[INFO] [stdout]           >>> referenced by virt.fd6ee62b51c14d41-cgu.2
[INFO] [stdout]           >>>               virt-f05be0f61cb1ee8b.virt.fd6ee62b51c14d41-cgu.2.rcgu.o:(<virt::connect::Connect>::open) in archive /opt/rustwide/target/release/build/virt/f05be0f61cb1ee8b/out/libvirt-f05be0f61cb1ee8b.rlib
[INFO] [stdout]           
[INFO] [stdout]           rust-lld: error: undefined symbol: virConnectClose
[INFO] [stdout]           >>> referenced by virt.fd6ee62b51c14d41-cgu.2
[INFO] [stdout]           >>>               virt-f05be0f61cb1ee8b.virt.fd6ee62b51c14d41-cgu.2.rcgu.o:(<virt::connect::Connect>::close) in archive /opt/rustwide/target/release/build/virt/f05be0f61cb1ee8b/out/libvirt-f05be0f61cb1ee8b.rlib
[INFO] [stdout]           
[INFO] [stdout]           rust-lld: error: undefined symbol: virGetLastError
[INFO] [stdout]           >>> referenced by virt.fd6ee62b51c14d41-cgu.1
[INFO] [stdout]           >>>               virt-f05be0f61cb1ee8b.virt.fd6ee62b51c14d41-cgu.1.rcgu.o:(<virt::error::Error>::last_error) in archive /opt/rustwide/target/release/build/virt/f05be0f61cb1ee8b/out/libvirt-f05be0f61cb1ee8b.rlib
[INFO] [stdout]           
[INFO] [stdout]           rust-lld: error: undefined symbol: virNetworkDefineXML
[INFO] [stdout]           >>> referenced by virt.fd6ee62b51c14d41-cgu.4
[INFO] [stdout]           >>>               virt-f05be0f61cb1ee8b.virt.fd6ee62b51c14d41-cgu.4.rcgu.o:(<virt::network::Network>::define_xml) in archive /opt/rustwide/target/release/build/virt/f05be0f61cb1ee8b/out/libvirt-f05be0f61cb1ee8b.rlib
[INFO] [stdout]           
[INFO] [stdout]           rust-lld: error: undefined symbol: virNetworkGetXMLDesc
[INFO] [stdout]           >>> referenced by virt.fd6ee62b51c14d41-cgu.4
[INFO] [stdout]           >>>               virt-f05be0f61cb1ee8b.virt.fd6ee62b51c14d41-cgu.4.rcgu.o:(<virt::network::Network>::get_xml_desc) in archive /opt/rustwide/target/release/build/virt/f05be0f61cb1ee8b/out/libvirt-f05be0f61cb1ee8b.rlib
[INFO] [stdout]           
[INFO] [stdout]           rust-lld: error: undefined symbol: virNetworkGetAutostart
[INFO] [stdout]           >>> referenced by virt.fd6ee62b51c14d41-cgu.4
[INFO] [stdout]           >>>               virt-f05be0f61cb1ee8b.virt.fd6ee62b51c14d41-cgu.4.rcgu.o:(<virt::network::Network>::get_autostart) in archive /opt/rustwide/target/release/build/virt/f05be0f61cb1ee8b/out/libvirt-f05be0f61cb1ee8b.rlib
[INFO] [stdout]           
[INFO] [stdout]           rust-lld: error: undefined symbol: virNetworkSetAutostart
[INFO] [stdout]           >>> referenced by virt.fd6ee62b51c14d41-cgu.4
[INFO] [stdout]           >>>               virt-f05be0f61cb1ee8b.virt.fd6ee62b51c14d41-cgu.4.rcgu.o:(<virt::network::Network>::set_autostart) in archive /opt/rustwide/target/release/build/virt/f05be0f61cb1ee8b/out/libvirt-f05be0f61cb1ee8b.rlib
[INFO] [stdout]           
[INFO] [stdout]           rust-lld: error: undefined symbol: virNetworkLookupByName
[INFO] [stdout]           >>> referenced by virt.fd6ee62b51c14d41-cgu.4
[INFO] [stdout]           >>>               virt-f05be0f61cb1ee8b.virt.fd6ee62b51c14d41-cgu.4.rcgu.o:(<virt::network::Network>::lookup_by_name) in archive /opt/rustwide/target/release/build/virt/f05be0f61cb1ee8b/out/libvirt-f05be0f61cb1ee8b.rlib
[INFO] [stdout]           
[INFO] [stdout]           rust-lld: error: undefined symbol: virNetworkGetUUIDString
[INFO] [stdout]           >>> referenced by virt.fd6ee62b51c14d41-cgu.4
[INFO] [stdout]           >>>               virt-f05be0f61cb1ee8b.virt.fd6ee62b51c14d41-cgu.4.rcgu.o:(<virt::network::Network>::get_uuid_string) in archive /opt/rustwide/target/release/build/virt/f05be0f61cb1ee8b/out/libvirt-f05be0f61cb1ee8b.rlib
[INFO] [stdout]           
[INFO] [stdout]           rust-lld: error: undefined symbol: virNetworkFree
[INFO] [stdout]           >>> referenced by virt.fd6ee62b51c14d41-cgu.4
[INFO] [stdout]           >>>               virt-f05be0f61cb1ee8b.virt.fd6ee62b51c14d41-cgu.4.rcgu.o:(<virt::network::Network>::free) in archive /opt/rustwide/target/release/build/virt/f05be0f61cb1ee8b/out/libvirt-f05be0f61cb1ee8b.rlib
[INFO] [stdout]           >>> referenced by virt.fd6ee62b51c14d41-cgu.4
[INFO] [stdout]           >>>               virt-f05be0f61cb1ee8b.virt.fd6ee62b51c14d41-cgu.4.rcgu.o:(<virt::network::Network as core::ops::drop::Drop>::drop) in archive /opt/rustwide/target/release/build/virt/f05be0f61cb1ee8b/out/libvirt-f05be0f61cb1ee8b.rlib
[INFO] [stdout]           
[INFO] [stdout]           rust-lld: error: undefined symbol: virNetworkCreate
[INFO] [stdout]           >>> referenced by virt.fd6ee62b51c14d41-cgu.4
[INFO] [stdout]           >>>               virt-f05be0f61cb1ee8b.virt.fd6ee62b51c14d41-cgu.4.rcgu.o:(<virt::network::Network>::create) in archive /opt/rustwide/target/release/build/virt/f05be0f61cb1ee8b/out/libvirt-f05be0f61cb1ee8b.rlib
[INFO] [stdout]           
[INFO] [stdout]           rust-lld: error: undefined symbol: virNetworkDestroy
[INFO] [stdout]           >>> referenced by virt.fd6ee62b51c14d41-cgu.4
[INFO] [stdout]           >>>               virt-f05be0f61cb1ee8b.virt.fd6ee62b51c14d41-cgu.4.rcgu.o:(<virt::network::Network>::destroy) in archive /opt/rustwide/target/release/build/virt/f05be0f61cb1ee8b/out/libvirt-f05be0f61cb1ee8b.rlib
[INFO] [stdout]           
[INFO] [stdout]           rust-lld: error: undefined symbol: virNetworkGetName
[INFO] [stdout]           >>> referenced by virt.fd6ee62b51c14d41-cgu.4
[INFO] [stdout]           >>>               virt-f05be0f61cb1ee8b.virt.fd6ee62b51c14d41-cgu.4.rcgu.o:(<virt::network::Network>::get_name) in archive /opt/rustwide/target/release/build/virt/f05be0f61cb1ee8b/out/libvirt-f05be0f61cb1ee8b.rlib
[INFO] [stdout]           
[INFO] [stdout]           rust-lld: error: undefined symbol: virNetworkGetUUID
[INFO] [stdout]           >>> referenced by virt.fd6ee62b51c14d41-cgu.4
[INFO] [stdout]           >>>               virt-f05be0f61cb1ee8b.virt.fd6ee62b51c14d41-cgu.4.rcgu.o:(<virt::network::Network>::get_uuid) in archive /opt/rustwide/target/release/build/virt/f05be0f61cb1ee8b/out/libvirt-f05be0f61cb1ee8b.rlib
[INFO] [stdout]           
[INFO] [stdout]           rust-lld: error: undefined symbol: virNetworkUndefine
[INFO] [stdout]           >>> referenced by virt.fd6ee62b51c14d41-cgu.4
[INFO] [stdout]           >>>               virt-f05be0f61cb1ee8b.virt.fd6ee62b51c14d41-cgu.4.rcgu.o:(<virt::network::Network>::undefine) in archive /opt/rustwide/target/release/build/virt/f05be0f61cb1ee8b/out/libvirt-f05be0f61cb1ee8b.rlib
[INFO] [stdout]           
[INFO] [stdout]           rust-lld: error: undefined symbol: virNetworkIsActive
[INFO] [stdout]           >>> referenced by virt.fd6ee62b51c14d41-cgu.4
[INFO] [stdout]           >>>               virt-f05be0f61cb1ee8b.virt.fd6ee62b51c14d41-cgu.4.rcgu.o:(<virt::network::Network>::is_active) in archive /opt/rustwide/target/release/build/virt/f05be0f61cb1ee8b/out/libvirt-f05be0f61cb1ee8b.rlib
[INFO] [stdout]           collect2: error: ld returned 1 exit status
[INFO] [stdout]           
[INFO] [stdout] 
[INFO] [stdout] 
[INFO] [stderr] error: could not compile `virt` (test "network") due to 1 previous error
[INFO] [stdout] error: linking with `cc` failed: exit status: 1
[INFO] [stdout]   |
[INFO] [stdout]   = note:  "cc" "-m64" "/opt/rustwide/target/release/build/virt/ffdb2e51dcc75f13/out/rustc3cbeFr/symbols.o" "<2 object files omitted>" "-Wl,--as-needed" "-Wl,-Bstatic" "<sysroot>/lib/rustlib/x86_64-unknown-linux-gnu/lib/{libtest-*,libgetopts-*,librustc_std_workspace_std-*}.rlib" "/opt/rustwide/target/release/build/virt/f05be0f61cb1ee8b/out/libvirt-f05be0f61cb1ee8b.rlib" "/opt/rustwide/target/release/build/uuid/4cd0f8ad436aae32/out/libuuid-4cd0f8ad436aae32.rlib" "/opt/rustwide/target/release/build/virt-sys/c6f8df5651f69d3c/out/libvirt_sys-c6f8df5651f69d3c.rlib" "/opt/rustwide/target/release/build/libc/c01a236730e2bc9f/out/liblibc-c01a236730e2bc9f.rlib" "<sysroot>/lib/rustlib/x86_64-unknown-linux-gnu/lib/{libstd-*,libpanic_unwind-*,libobject-*,libmemchr-*,libaddr2line-*,libgimli-*,libcfg_if-*,librustc_demangle-*,libstd_detect-*,libhashbrown-*,librustc_std_workspace_alloc-*,libminiz_oxide-*,libadler2-*,libunwind-*,liblibc-*,librustc_std_workspace_core-*,liballoc-*,libcore-*,libcompiler_builtins-*}.rlib" "-Wl,-Bdynamic" "-lgcc_s" "-lutil" "-lrt" "-lpthread" "-lm" "-ldl" "-lc" "-L" "/opt/rustwide/target/release/build/virt/ffdb2e51dcc75f13/out/rustc3cbeFr/raw-dylibs" "-B<sysroot>/lib/rustlib/x86_64-unknown-linux-gnu/bin/gcc-ld" "-fuse-ld=lld" "-Wl,--eh-frame-hdr" "-Wl,-z,noexecstack" "-L" "<sysroot>/lib/rustlib/x86_64-unknown-linux-gnu/lib" "-o" "/opt/rustwide/target/release/build/virt/ffdb2e51dcc75f13/out/storage_pool-ffdb2e51dcc75f13" "-Wl,--gc-sections" "-pie" "-Wl,-z,relro,-z,now" "-Wl,-O1" "-Wl,--strip-debug" "-nodefaultlibs"
[INFO] [stdout]   = note: some arguments are omitted. use `--verbose` to show all linker arguments
[INFO] [stdout]   = note: rust-lld: error: undefined symbol: virGetLastError
[INFO] [stdout]           >>> referenced by virt.fd6ee62b51c14d41-cgu.1
[INFO] [stdout]           >>>               virt-f05be0f61cb1ee8b.virt.fd6ee62b51c14d41-cgu.1.rcgu.o:(<virt::error::Error>::last_error) in archive /opt/rustwide/target/release/build/virt/f05be0f61cb1ee8b/out/libvirt-f05be0f61cb1ee8b.rlib
[INFO] [stdout]           
[INFO] [stdout]           rust-lld: error: undefined symbol: virConnectListStoragePools
[INFO] [stdout]           >>> referenced by virt.fd6ee62b51c14d41-cgu.2
[INFO] [stdout]           >>>               virt-f05be0f61cb1ee8b.virt.fd6ee62b51c14d41-cgu.2.rcgu.o:(<virt::connect::Connect>::list_storage_pools) in archive /opt/rustwide/target/release/build/virt/f05be0f61cb1ee8b/out/libvirt-f05be0f61cb1ee8b.rlib
[INFO] [stdout]           
[INFO] [stdout]           rust-lld: error: undefined symbol: virConnectOpen
[INFO] [stdout]           >>> referenced by virt.fd6ee62b51c14d41-cgu.2
[INFO] [stdout]           >>>               virt-f05be0f61cb1ee8b.virt.fd6ee62b51c14d41-cgu.2.rcgu.o:(<virt::connect::Connect>::open) in archive /opt/rustwide/target/release/build/virt/f05be0f61cb1ee8b/out/libvirt-f05be0f61cb1ee8b.rlib
[INFO] [stdout]           >>> referenced by virt.fd6ee62b51c14d41-cgu.2
[INFO] [stdout]           >>>               virt-f05be0f61cb1ee8b.virt.fd6ee62b51c14d41-cgu.2.rcgu.o:(<virt::connect::Connect>::open) in archive /opt/rustwide/target/release/build/virt/f05be0f61cb1ee8b/out/libvirt-f05be0f61cb1ee8b.rlib
[INFO] [stdout]           
[INFO] [stdout]           rust-lld: error: undefined symbol: virConnectClose
[INFO] [stdout]           >>> referenced by virt.fd6ee62b51c14d41-cgu.2
[INFO] [stdout]           >>>               virt-f05be0f61cb1ee8b.virt.fd6ee62b51c14d41-cgu.2.rcgu.o:(<virt::connect::Connect>::close) in archive /opt/rustwide/target/release/build/virt/f05be0f61cb1ee8b/out/libvirt-f05be0f61cb1ee8b.rlib
[INFO] [stdout]           
[INFO] [stdout]           rust-lld: error: undefined symbol: virStoragePoolGetXMLDesc
[INFO] [stdout]           >>> referenced by virt.fd6ee62b51c14d41-cgu.3
[INFO] [stdout]           >>>               virt-f05be0f61cb1ee8b.virt.fd6ee62b51c14d41-cgu.3.rcgu.o:(<virt::storage_pool::StoragePool>::get_xml_desc) in archive /opt/rustwide/target/release/build/virt/f05be0f61cb1ee8b/out/libvirt-f05be0f61cb1ee8b.rlib
[INFO] [stdout]           
[INFO] [stdout]           rust-lld: error: undefined symbol: virStoragePoolLookupByName
[INFO] [stdout]           >>> referenced by virt.fd6ee62b51c14d41-cgu.3
[INFO] [stdout]           >>>               virt-f05be0f61cb1ee8b.virt.fd6ee62b51c14d41-cgu.3.rcgu.o:(<virt::storage_pool::StoragePool>::lookup_by_name) in archive /opt/rustwide/target/release/build/virt/f05be0f61cb1ee8b/out/libvirt-f05be0f61cb1ee8b.rlib
[INFO] [stdout]           
[INFO] [stdout]           rust-lld: error: undefined symbol: virStoragePoolGetUUIDString
[INFO] [stdout]           >>> referenced by virt.fd6ee62b51c14d41-cgu.3
[INFO] [stdout]           >>>               virt-f05be0f61cb1ee8b.virt.fd6ee62b51c14d41-cgu.3.rcgu.o:(<virt::storage_pool::StoragePool>::get_uuid_string) in archive /opt/rustwide/target/release/build/virt/f05be0f61cb1ee8b/out/libvirt-f05be0f61cb1ee8b.rlib
[INFO] [stdout]           
[INFO] [stdout]           rust-lld: error: undefined symbol: virStoragePoolFree
[INFO] [stdout]           >>> referenced by virt.fd6ee62b51c14d41-cgu.3
[INFO] [stdout]           >>>               virt-f05be0f61cb1ee8b.virt.fd6ee62b51c14d41-cgu.3.rcgu.o:(<virt::storage_pool::StoragePool>::free) in archive /opt/rustwide/target/release/build/virt/f05be0f61cb1ee8b/out/libvirt-f05be0f61cb1ee8b.rlib
[INFO] [stdout]           >>> referenced by virt.fd6ee62b51c14d41-cgu.3
[INFO] [stdout]           >>>               virt-f05be0f61cb1ee8b.virt.fd6ee62b51c14d41-cgu.3.rcgu.o:(<virt::storage_pool::StoragePool as core::ops::drop::Drop>::drop) in archive /opt/rustwide/target/release/build/virt/f05be0f61cb1ee8b/out/libvirt-f05be0f61cb1ee8b.rlib
[INFO] [stdout]           
[INFO] [stdout]           rust-lld: error: undefined symbol: virStoragePoolGetName
[INFO] [stdout]           >>> referenced by virt.fd6ee62b51c14d41-cgu.3
[INFO] [stdout]           >>>               virt-f05be0f61cb1ee8b.virt.fd6ee62b51c14d41-cgu.3.rcgu.o:(<virt::storage_pool::StoragePool>::get_name) in archive /opt/rustwide/target/release/build/virt/f05be0f61cb1ee8b/out/libvirt-f05be0f61cb1ee8b.rlib
[INFO] [stdout]           
[INFO] [stdout]           rust-lld: error: undefined symbol: virStoragePoolGetUUID
[INFO] [stdout]           >>> referenced by virt.fd6ee62b51c14d41-cgu.3
[INFO] [stdout]           >>>               virt-f05be0f61cb1ee8b.virt.fd6ee62b51c14d41-cgu.3.rcgu.o:(<virt::storage_pool::StoragePool>::get_uuid) in archive /opt/rustwide/target/release/build/virt/f05be0f61cb1ee8b/out/libvirt-f05be0f61cb1ee8b.rlib
[INFO] [stdout]           collect2: error: ld returned 1 exit status
[INFO] [stdout]           
[INFO] [stdout] 
[INFO] [stdout] 
[INFO] [stderr] error: could not compile `virt` (test "storage_pool") due to 1 previous error
[INFO] [stdout] error: linking with `cc` failed: exit status: 1
[INFO] [stdout]   |
[INFO] [stdout]   = note:  "cc" "-m64" "/opt/rustwide/target/release/build/virt/ab7bf1d4e1f0832b/out/rustcsLNH8g/symbols.o" "<2 object files omitted>" "-Wl,--as-needed" "-Wl,-Bstatic" "/opt/rustwide/target/release/build/virt/f05be0f61cb1ee8b/out/libvirt-f05be0f61cb1ee8b.rlib" "/opt/rustwide/target/release/build/uuid/4cd0f8ad436aae32/out/libuuid-4cd0f8ad436aae32.rlib" "/opt/rustwide/target/release/build/virt-sys/c6f8df5651f69d3c/out/libvirt_sys-c6f8df5651f69d3c.rlib" "/opt/rustwide/target/release/build/libc/c01a236730e2bc9f/out/liblibc-c01a236730e2bc9f.rlib" "<sysroot>/lib/rustlib/x86_64-unknown-linux-gnu/lib/{libstd-*,libpanic_unwind-*,libobject-*,libmemchr-*,libaddr2line-*,libgimli-*,libcfg_if-*,librustc_demangle-*,libstd_detect-*,libhashbrown-*,librustc_std_workspace_alloc-*,libminiz_oxide-*,libadler2-*,libunwind-*,liblibc-*,librustc_std_workspace_core-*,liballoc-*,libcore-*,libcompiler_builtins-*}.rlib" "-Wl,-Bdynamic" "-lgcc_s" "-lutil" "-lrt" "-lpthread" "-lm" "-ldl" "-lc" "-L" "/opt/rustwide/target/release/build/virt/ab7bf1d4e1f0832b/out/rustcsLNH8g/raw-dylibs" "-B<sysroot>/lib/rustlib/x86_64-unknown-linux-gnu/bin/gcc-ld" "-fuse-ld=lld" "-Wl,--eh-frame-hdr" "-Wl,-z,noexecstack" "-L" "<sysroot>/lib/rustlib/x86_64-unknown-linux-gnu/lib" "-o" "/opt/rustwide/target/release/build/virt/ab7bf1d4e1f0832b/out/hello" "-Wl,--gc-sections" "-pie" "-Wl,-z,relro,-z,now" "-Wl,-O1" "-Wl,--strip-debug" "-nodefaultlibs"
[INFO] [stdout]   = note: some arguments are omitted. use `--verbose` to show all linker arguments
[INFO] [stdout]   = note: rust-lld: error: undefined symbol: virGetLastError
[INFO] [stdout]           >>> referenced by virt.fd6ee62b51c14d41-cgu.1
[INFO] [stdout]           >>>               virt-f05be0f61cb1ee8b.virt.fd6ee62b51c14d41-cgu.1.rcgu.o:(<virt::error::Error>::last_error) in archive /opt/rustwide/target/release/build/virt/f05be0f61cb1ee8b/out/libvirt-f05be0f61cb1ee8b.rlib
[INFO] [stdout]           
[INFO] [stdout]           rust-lld: error: undefined symbol: virSetErrorFunc
[INFO] [stdout]           >>> referenced by virt.fd6ee62b51c14d41-cgu.1
[INFO] [stdout]           >>>               virt-f05be0f61cb1ee8b.virt.fd6ee62b51c14d41-cgu.1.rcgu.o:(virt::error::clear_error_callback) in archive /opt/rustwide/target/release/build/virt/f05be0f61cb1ee8b/out/libvirt-f05be0f61cb1ee8b.rlib
[INFO] [stdout]           
[INFO] [stdout]           rust-lld: error: undefined symbol: virConnectNumOfDomains
[INFO] [stdout]           >>> referenced by virt.fd6ee62b51c14d41-cgu.2
[INFO] [stdout]           >>>               virt-f05be0f61cb1ee8b.virt.fd6ee62b51c14d41-cgu.2.rcgu.o:(<virt::connect::Connect>::num_of_domains) in archive /opt/rustwide/target/release/build/virt/f05be0f61cb1ee8b/out/libvirt-f05be0f61cb1ee8b.rlib
[INFO] [stdout]           
[INFO] [stdout]           rust-lld: error: undefined symbol: virConnectGetVersion
[INFO] [stdout]           >>> referenced by virt.fd6ee62b51c14d41-cgu.2
[INFO] [stdout]           >>>               virt-f05be0f61cb1ee8b.virt.fd6ee62b51c14d41-cgu.2.rcgu.o:(<virt::connect::Connect>::get_hyp_version) in archive /opt/rustwide/target/release/build/virt/f05be0f61cb1ee8b/out/libvirt-f05be0f61cb1ee8b.rlib
[INFO] [stdout]           
[INFO] [stdout]           rust-lld: error: undefined symbol: virConnectListAllDomains
[INFO] [stdout]           >>> referenced by virt.fd6ee62b51c14d41-cgu.2
[INFO] [stdout]           >>>               virt-f05be0f61cb1ee8b.virt.fd6ee62b51c14d41-cgu.2.rcgu.o:(<virt::connect::Connect>::list_all_domains) in archive /opt/rustwide/target/release/build/virt/f05be0f61cb1ee8b/out/libvirt-f05be0f61cb1ee8b.rlib
[INFO] [stdout]           
[INFO] [stdout]           rust-lld: error: undefined symbol: virConnectNumOfDefinedDomains
[INFO] [stdout]           >>> referenced by virt.fd6ee62b51c14d41-cgu.2
[INFO] [stdout]           >>>               virt-f05be0f61cb1ee8b.virt.fd6ee62b51c14d41-cgu.2.rcgu.o:(<virt::connect::Connect>::num_of_defined_domains) in archive /opt/rustwide/target/release/build/virt/f05be0f61cb1ee8b/out/libvirt-f05be0f61cb1ee8b.rlib
[INFO] [stdout]           
[INFO] [stdout]           rust-lld: error: undefined symbol: virDomainGetSchedulerType
[INFO] [stdout]           >>> referenced by virt.fd6ee62b51c14d41-cgu.0
[INFO] [stdout]           >>>               virt-f05be0f61cb1ee8b.virt.fd6ee62b51c14d41-cgu.0.rcgu.o:(<virt::domain::Domain>::get_scheduler_type) in archive /opt/rustwide/target/release/build/virt/f05be0f61cb1ee8b/out/libvirt-f05be0f61cb1ee8b.rlib
[INFO] [stdout]           
[INFO] [stdout]           rust-lld: error: undefined symbol: virConnectOpen
[INFO] [stdout]           >>> referenced by virt.fd6ee62b51c14d41-cgu.2
[INFO] [stdout]           >>>               virt-f05be0f61cb1ee8b.virt.fd6ee62b51c14d41-cgu.2.rcgu.o:(<virt::connect::Connect>::open) in archive /opt/rustwide/target/release/build/virt/f05be0f61cb1ee8b/out/libvirt-f05be0f61cb1ee8b.rlib
[INFO] [stdout]           >>> referenced by virt.fd6ee62b51c14d41-cgu.2
[INFO] [stdout]           >>>               virt-f05be0f61cb1ee8b.virt.fd6ee62b51c14d41-cgu.2.rcgu.o:(<virt::connect::Connect>::open) in archive /opt/rustwide/target/release/build/virt/f05be0f61cb1ee8b/out/libvirt-f05be0f61cb1ee8b.rlib
[INFO] [stdout]           
[INFO] [stdout]           rust-lld: error: undefined symbol: virDomainGetNumaParameters
[INFO] [stdout]           >>> referenced by virt.fd6ee62b51c14d41-cgu.0
[INFO] [stdout]           >>>               virt-f05be0f61cb1ee8b.virt.fd6ee62b51c14d41-cgu.0.rcgu.o:(<virt::domain::Domain>::get_numa_parameters) in archive /opt/rustwide/target/release/build/virt/f05be0f61cb1ee8b/out/libvirt-f05be0f61cb1ee8b.rlib
[INFO] [stdout]           >>> referenced by virt.fd6ee62b51c14d41-cgu.0
[INFO] [stdout]           >>>               virt-f05be0f61cb1ee8b.virt.fd6ee62b51c14d41-cgu.0.rcgu.o:(<virt::domain::Domain>::get_numa_parameters) in archive /opt/rustwide/target/release/build/virt/f05be0f61cb1ee8b/out/libvirt-f05be0f61cb1ee8b.rlib
[INFO] [stdout]           
[INFO] [stdout]           rust-lld: error: undefined symbol: virConnectClose
[INFO] [stdout]           >>> referenced by virt.fd6ee62b51c14d41-cgu.2
[INFO] [stdout]           >>>               virt-f05be0f61cb1ee8b.virt.fd6ee62b51c14d41-cgu.2.rcgu.o:(<virt::connect::Connect>::close) in archive /opt/rustwide/target/release/build/virt/f05be0f61cb1ee8b/out/libvirt-f05be0f61cb1ee8b.rlib
[INFO] [stdout]           
[INFO] [stdout]           rust-lld: error: undefined symbol: virConnectGetURI
[INFO] [stdout]           >>> referenced by virt.fd6ee62b51c14d41-cgu.2
[INFO] [stdout]           >>>               virt-f05be0f61cb1ee8b.virt.fd6ee62b51c14d41-cgu.2.rcgu.o:(<virt::connect::Connect>::get_uri) in archive /opt/rustwide/target/release/build/virt/f05be0f61cb1ee8b/out/libvirt-f05be0f61cb1ee8b.rlib
[INFO] [stdout]           
[INFO] [stdout]           rust-lld: error: undefined symbol: virDomainGetMemoryParameters
[INFO] [stdout]           >>> referenced by virt.fd6ee62b51c14d41-cgu.0
[INFO] [stdout]           >>>               virt-f05be0f61cb1ee8b.virt.fd6ee62b51c14d41-cgu.0.rcgu.o:(<virt::domain::Domain>::get_memory_parameters) in archive /opt/rustwide/target/release/build/virt/f05be0f61cb1ee8b/out/libvirt-f05be0f61cb1ee8b.rlib
[INFO] [stdout]           >>> referenced by virt.fd6ee62b51c14d41-cgu.0
[INFO] [stdout]           >>>               virt-f05be0f61cb1ee8b.virt.fd6ee62b51c14d41-cgu.0.rcgu.o:(<virt::domain::Domain>::get_memory_parameters) in archive /opt/rustwide/target/release/build/virt/f05be0f61cb1ee8b/out/libvirt-f05be0f61cb1ee8b.rlib
[INFO] [stdout]           
[INFO] [stdout]           rust-lld: error: undefined symbol: virConnectGetType
[INFO] [stdout]           >>> referenced by virt.fd6ee62b51c14d41-cgu.2
[INFO] [stdout]           >>>               virt-f05be0f61cb1ee8b.virt.fd6ee62b51c14d41-cgu.2.rcgu.o:(<virt::connect::Connect>::get_type) in archive /opt/rustwide/target/release/build/virt/f05be0f61cb1ee8b/out/libvirt-f05be0f61cb1ee8b.rlib
[INFO] [stdout]           
[INFO] [stdout]           rust-lld: error: undefined symbol: virDomainGetSchedulerParameters
[INFO] [stdout]           >>> referenced by virt.fd6ee62b51c14d41-cgu.0
[INFO] [stdout]           >>>               virt-f05be0f61cb1ee8b.virt.fd6ee62b51c14d41-cgu.0.rcgu.o:(<virt::domain::Domain>::get_scheduler_parameters) in archive /opt/rustwide/target/release/build/virt/f05be0f61cb1ee8b/out/libvirt-f05be0f61cb1ee8b.rlib
[INFO] [stdout]           
[INFO] [stdout]           rust-lld: error: undefined symbol: virDomainGetID
[INFO] [stdout]           >>> referenced by virt.fd6ee62b51c14d41-cgu.0
[INFO] [stdout]           >>>               virt-f05be0f61cb1ee8b.virt.fd6ee62b51c14d41-cgu.0.rcgu.o:(<virt::domain::Domain>::get_id) in archive /opt/rustwide/target/release/build/virt/f05be0f61cb1ee8b/out/libvirt-f05be0f61cb1ee8b.rlib
[INFO] [stdout]           
[INFO] [stdout]           rust-lld: error: undefined symbol: virDomainGetInfo
[INFO] [stdout]           >>> referenced by virt.fd6ee62b51c14d41-cgu.0
[INFO] [stdout]           >>>               virt-f05be0f61cb1ee8b.virt.fd6ee62b51c14d41-cgu.0.rcgu.o:(<virt::domain::Domain>::get_info) in archive /opt/rustwide/target/release/build/virt/f05be0f61cb1ee8b/out/libvirt-f05be0f61cb1ee8b.rlib
[INFO] [stdout]           
[INFO] [stdout]           rust-lld: error: undefined symbol: virDomainGetName
[INFO] [stdout]           >>> referenced by virt.fd6ee62b51c14d41-cgu.0
[INFO] [stdout]           >>>               virt-f05be0f61cb1ee8b.virt.fd6ee62b51c14d41-cgu.0.rcgu.o:(<virt::domain::Domain>::get_name) in archive /opt/rustwide/target/release/build/virt/f05be0f61cb1ee8b/out/libvirt-f05be0f61cb1ee8b.rlib
[INFO] [stdout]           
[INFO] [stdout]           rust-lld: error: undefined symbol: virDomainIsActive
[INFO] [stdout]           >>> referenced by virt.fd6ee62b51c14d41-cgu.0
[INFO] [stdout]           >>>               virt-f05be0f61cb1ee8b.virt.fd6ee62b51c14d41-cgu.0.rcgu.o:(<virt::domain::Domain>::is_active) in archive /opt/rustwide/target/release/build/virt/f05be0f61cb1ee8b/out/libvirt-f05be0f61cb1ee8b.rlib
[INFO] [stdout]           
[INFO] [stdout]           rust-lld: error: undefined symbol: virDomainFree
[INFO] [stdout]           >>> referenced by virt.fd6ee62b51c14d41-cgu.0
[INFO] [stdout]           >>>               virt-f05be0f61cb1ee8b.virt.fd6ee62b51c14d41-cgu.0.rcgu.o:(<virt::domain::Domain as core::ops::drop::Drop>::drop) in archive /opt/rustwide/target/release/build/virt/f05be0f61cb1ee8b/out/libvirt-f05be0f61cb1ee8b.rlib
[INFO] [stdout]           >>> referenced by virt.fd6ee62b51c14d41-cgu.5
[INFO] [stdout]           >>>               virt-f05be0f61cb1ee8b.virt.fd6ee62b51c14d41-cgu.5.rcgu.o:(<alloc::vec::Vec<virt::domain::Domain> as core::ops::drop::Drop>::drop) in archive /opt/rustwide/target/release/build/virt/f05be0f61cb1ee8b/out/libvirt-f05be0f61cb1ee8b.rlib
[INFO] [stdout]           collect2: error: ld returned 1 exit status
[INFO] [stdout]           
[INFO] [stdout] 
[INFO] [stdout] 
[INFO] [stderr] error: could not compile `virt` (example "hello") due to 1 previous error
[INFO] [stdout] error: linking with `cc` failed: exit status: 1
[INFO] [stdout]   |
[INFO] [stdout]   = note:  "cc" "-m64" "/opt/rustwide/target/release/build/virt/a5b90e157765c7f4/out/rustcnwovlY/symbols.o" "<2 object files omitted>" "-Wl,--as-needed" "-Wl,-Bstatic" "<sysroot>/lib/rustlib/x86_64-unknown-linux-gnu/lib/{libtest-*,libgetopts-*,librustc_std_workspace_std-*}.rlib" "/opt/rustwide/target/release/build/virt/f05be0f61cb1ee8b/out/libvirt-f05be0f61cb1ee8b.rlib" "/opt/rustwide/target/release/build/uuid/4cd0f8ad436aae32/out/libuuid-4cd0f8ad436aae32.rlib" "/opt/rustwide/target/release/build/virt-sys/c6f8df5651f69d3c/out/libvirt_sys-c6f8df5651f69d3c.rlib" "/opt/rustwide/target/release/build/libc/c01a236730e2bc9f/out/liblibc-c01a236730e2bc9f.rlib" "<sysroot>/lib/rustlib/x86_64-unknown-linux-gnu/lib/{libstd-*,libpanic_unwind-*,libobject-*,libmemchr-*,libaddr2line-*,libgimli-*,libcfg_if-*,librustc_demangle-*,libstd_detect-*,libhashbrown-*,librustc_std_workspace_alloc-*,libminiz_oxide-*,libadler2-*,libunwind-*,liblibc-*,librustc_std_workspace_core-*,liballoc-*,libcore-*,libcompiler_builtins-*}.rlib" "-Wl,-Bdynamic" "-lgcc_s" "-lutil" "-lrt" "-lpthread" "-lm" "-ldl" "-lc" "-L" "/opt/rustwide/target/release/build/virt/a5b90e157765c7f4/out/rustcnwovlY/raw-dylibs" "-B<sysroot>/lib/rustlib/x86_64-unknown-linux-gnu/bin/gcc-ld" "-fuse-ld=lld" "-Wl,--eh-frame-hdr" "-Wl,-z,noexecstack" "-L" "<sysroot>/lib/rustlib/x86_64-unknown-linux-gnu/lib" "-o" "/opt/rustwide/target/release/build/virt/a5b90e157765c7f4/out/domain-a5b90e157765c7f4" "-Wl,--gc-sections" "-pie" "-Wl,-z,relro,-z,now" "-Wl,-O1" "-Wl,--strip-debug" "-nodefaultlibs"
[INFO] [stdout]   = note: some arguments are omitted. use `--verbose` to show all linker arguments
[INFO] [stdout]   = note: rust-lld: error: undefined symbol: virDomainCreateXML
[INFO] [stdout]           >>> referenced by virt.fd6ee62b51c14d41-cgu.0
[INFO] [stdout]           >>>               virt-f05be0f61cb1ee8b.virt.fd6ee62b51c14d41-cgu.0.rcgu.o:(<virt::domain::Domain>::create_xml) in archive /opt/rustwide/target/release/build/virt/f05be0f61cb1ee8b/out/libvirt-f05be0f61cb1ee8b.rlib
[INFO] [stdout]           
[INFO] [stdout]           rust-lld: error: undefined symbol: virDomainDefineXML
[INFO] [stdout]           >>> referenced by virt.fd6ee62b51c14d41-cgu.0
[INFO] [stdout]           >>>               virt-f05be0f61cb1ee8b.virt.fd6ee62b51c14d41-cgu.0.rcgu.o:(<virt::domain::Domain>::define_xml) in archive /opt/rustwide/target/release/build/virt/f05be0f61cb1ee8b/out/libvirt-f05be0f61cb1ee8b.rlib
[INFO] [stdout]           
[INFO] [stdout]           rust-lld: error: undefined symbol: virDomainScreenshot
[INFO] [stdout]           >>> referenced by virt.fd6ee62b51c14d41-cgu.0
[INFO] [stdout]           >>>               virt-f05be0f61cb1ee8b.virt.fd6ee62b51c14d41-cgu.0.rcgu.o:(<virt::domain::Domain>::screenshot) in archive /opt/rustwide/target/release/build/virt/f05be0f61cb1ee8b/out/libvirt-f05be0f61cb1ee8b.rlib
[INFO] [stdout]           
[INFO] [stdout]           rust-lld: error: undefined symbol: virDomainGetMetadata
[INFO] [stdout]           >>> referenced by virt.fd6ee62b51c14d41-cgu.0
[INFO] [stdout]           >>>               virt-f05be0f61cb1ee8b.virt.fd6ee62b51c14d41-cgu.0.rcgu.o:(<virt::domain::Domain>::get_metadata) in archive /opt/rustwide/target/release/build/virt/f05be0f61cb1ee8b/out/libvirt-f05be0f61cb1ee8b.rlib
[INFO] [stdout]           
[INFO] [stdout]           rust-lld: error: undefined symbol: virDomainGetXMLDesc
[INFO] [stdout]           >>> referenced by virt.fd6ee62b51c14d41-cgu.0
[INFO] [stdout]           >>>               virt-f05be0f61cb1ee8b.virt.fd6ee62b51c14d41-cgu.0.rcgu.o:(<virt::domain::Domain>::get_xml_desc) in archive /opt/rustwide/target/release/build/virt/f05be0f61cb1ee8b/out/libvirt-f05be0f61cb1ee8b.rlib
[INFO] [stdout]           
[INFO] [stdout]           rust-lld: error: undefined symbol: virDomainLookupByID
[INFO] [stdout]           >>> referenced by virt.fd6ee62b51c14d41-cgu.0
[INFO] [stdout]           >>>               virt-f05be0f61cb1ee8b.virt.fd6ee62b51c14d41-cgu.0.rcgu.o:(<virt::domain::Domain>::lookup_by_id) in archive /opt/rustwide/target/release/build/virt/f05be0f61cb1ee8b/out/libvirt-f05be0f61cb1ee8b.rlib
[INFO] [stdout]           
[INFO] [stdout]           rust-lld: error: undefined symbol: virDomainSetMetadata
[INFO] [stdout]           >>> referenced by virt.fd6ee62b51c14d41-cgu.0
[INFO] [stdout]           >>>               virt-f05be0f61cb1ee8b.virt.fd6ee62b51c14d41-cgu.0.rcgu.o:(<virt::domain::Domain>::set_metadata) in archive /opt/rustwide/target/release/build/virt/f05be0f61cb1ee8b/out/libvirt-f05be0f61cb1ee8b.rlib
[INFO] [stdout]           
[INFO] [stdout]           rust-lld: error: undefined symbol: virDomainLookupByName
[INFO] [stdout]           >>> referenced by virt.fd6ee62b51c14d41-cgu.0
[INFO] [stdout]           >>>               virt-f05be0f61cb1ee8b.virt.fd6ee62b51c14d41-cgu.0.rcgu.o:(<virt::domain::Domain>::lookup_by_name) in archive /opt/rustwide/target/release/build/virt/f05be0f61cb1ee8b/out/libvirt-f05be0f61cb1ee8b.rlib
[INFO] [stdout]           
[INFO] [stdout]           rust-lld: error: undefined symbol: virDomainLookupByUUID
[INFO] [stdout]           >>> referenced by virt.fd6ee62b51c14d41-cgu.0
[INFO] [stdout]           >>>               virt-f05be0f61cb1ee8b.virt.fd6ee62b51c14d41-cgu.0.rcgu.o:(<virt::domain::Domain>::lookup_by_uuid) in archive /opt/rustwide/target/release/build/virt/f05be0f61cb1ee8b/out/libvirt-f05be0f61cb1ee8b.rlib
[INFO] [stdout]           
[INFO] [stdout]           rust-lld: error: undefined symbol: virDomainGetUUIDString
[INFO] [stdout]           >>> referenced by virt.fd6ee62b51c14d41-cgu.0
[INFO] [stdout]           >>>               virt-f05be0f61cb1ee8b.virt.fd6ee62b51c14d41-cgu.0.rcgu.o:(<virt::domain::Domain>::get_uuid_string) in archive /opt/rustwide/target/release/build/virt/f05be0f61cb1ee8b/out/libvirt-f05be0f61cb1ee8b.rlib
[INFO] [stdout]           
[INFO] [stdout]           rust-lld: error: undefined symbol: virDomainGetVcpusFlags
[INFO] [stdout]           >>> referenced by virt.fd6ee62b51c14d41-cgu.0
[INFO] [stdout]           >>>               virt-f05be0f61cb1ee8b.virt.fd6ee62b51c14d41-cgu.0.rcgu.o:(<virt::domain::Domain>::get_vcpus_flags) in archive /opt/rustwide/target/release/build/virt/f05be0f61cb1ee8b/out/libvirt-f05be0f61cb1ee8b.rlib
[INFO] [stdout]           
[INFO] [stdout]           rust-lld: error: undefined symbol: virDomainCreateWithFlags
[INFO] [stdout]           >>> referenced by virt.fd6ee62b51c14d41-cgu.0
[INFO] [stdout]           >>>               virt-f05be0f61cb1ee8b.virt.fd6ee62b51c14d41-cgu.0.rcgu.o:(<virt::domain::Domain>::create_with_flags) in archive /opt/rustwide/target/release/build/virt/f05be0f61cb1ee8b/out/libvirt-f05be0f61cb1ee8b.rlib
[INFO] [stdout]           
[INFO] [stdout]           rust-lld: error: undefined symbol: virDomainGetSchedulerType
[INFO] [stdout]           >>> referenced by virt.fd6ee62b51c14d41-cgu.0
[INFO] [stdout]           >>>               virt-f05be0f61cb1ee8b.virt.fd6ee62b51c14d41-cgu.0.rcgu.o:(<virt::domain::Domain>::get_scheduler_type) in archive /opt/rustwide/target/release/build/virt/f05be0f61cb1ee8b/out/libvirt-f05be0f61cb1ee8b.rlib
[INFO] [stdout]           
[INFO] [stdout]           rust-lld: error: undefined symbol: virDomainGetNumaParameters
[INFO] [stdout]           >>> referenced by virt.fd6ee62b51c14d41-cgu.0
[INFO] [stdout]           >>>               virt-f05be0f61cb1ee8b.virt.fd6ee62b51c14d41-cgu.0.rcgu.o:(<virt::domain::Domain>::get_numa_parameters) in archive /opt/rustwide/target/release/build/virt/f05be0f61cb1ee8b/out/libvirt-f05be0f61cb1ee8b.rlib
[INFO] [stdout]           >>> referenced by virt.fd6ee62b51c14d41-cgu.0
[INFO] [stdout]           >>>               virt-f05be0f61cb1ee8b.virt.fd6ee62b51c14d41-cgu.0.rcgu.o:(<virt::domain::Domain>::get_numa_parameters) in archive /opt/rustwide/target/release/build/virt/f05be0f61cb1ee8b/out/libvirt-f05be0f61cb1ee8b.rlib
[INFO] [stdout]           
[INFO] [stdout]           rust-lld: error: undefined symbol: virDomainSetNumaParameters
[INFO] [stdout]           >>> referenced by virt.fd6ee62b51c14d41-cgu.0
[INFO] [stdout]           >>>               virt-f05be0f61cb1ee8b.virt.fd6ee62b51c14d41-cgu.0.rcgu.o:(<virt::domain::Domain>::set_numa_parameters) in archive /opt/rustwide/target/release/build/virt/f05be0f61cb1ee8b/out/libvirt-f05be0f61cb1ee8b.rlib
[INFO] [stdout]           
[INFO] [stdout]           rust-lld: error: undefined symbol: virDomainGetMemoryParameters
[INFO] [stdout]           >>> referenced by virt.fd6ee62b51c14d41-cgu.0
[INFO] [stdout]           >>>               virt-f05be0f61cb1ee8b.virt.fd6ee62b51c14d41-cgu.0.rcgu.o:(<virt::domain::Domain>::get_memory_parameters) in archive /opt/rustwide/target/release/build/virt/f05be0f61cb1ee8b/out/libvirt-f05be0f61cb1ee8b.rlib
[INFO] [stdout]           >>> referenced by virt.fd6ee62b51c14d41-cgu.0
[INFO] [stdout]           >>>               virt-f05be0f61cb1ee8b.virt.fd6ee62b51c14d41-cgu.0.rcgu.o:(<virt::domain::Domain>::get_memory_parameters) in archive /opt/rustwide/target/release/build/virt/f05be0f61cb1ee8b/out/libvirt-f05be0f61cb1ee8b.rlib
[INFO] [stdout]           
[INFO] [stdout]           rust-lld: error: undefined symbol: virDomainSetMemoryParameters
[INFO] [stdout]           >>> referenced by virt.fd6ee62b51c14d41-cgu.0
[INFO] [stdout]           >>>               virt-f05be0f61cb1ee8b.virt.fd6ee62b51c14d41-cgu.0.rcgu.o:(<virt::domain::Domain>::set_memory_parameters) in archive /opt/rustwide/target/release/build/virt/f05be0f61cb1ee8b/out/libvirt-f05be0f61cb1ee8b.rlib
[INFO] [stdout]           
[INFO] [stdout]           rust-lld: error: undefined symbol: virDomainGetSchedulerParameters
[INFO] [stdout]           >>> referenced by virt.fd6ee62b51c14d41-cgu.0
[INFO] [stdout]           >>>               virt-f05be0f61cb1ee8b.virt.fd6ee62b51c14d41-cgu.0.rcgu.o:(<virt::domain::Domain>::get_scheduler_parameters) in archive /opt/rustwide/target/release/build/virt/f05be0f61cb1ee8b/out/libvirt-f05be0f61cb1ee8b.rlib
[INFO] [stdout]           
[INFO] [stdout]           rust-lld: error: undefined symbol: virDomainSetSchedulerParameters
[INFO] [stdout]           >>> referenced by virt.fd6ee62b51c14d41-cgu.0
[INFO] [stdout]           >>>               virt-f05be0f61cb1ee8b.virt.fd6ee62b51c14d41-cgu.0.rcgu.o:(<virt::domain::Domain>::set_scheduler_parameters) in archive /opt/rustwide/target/release/build/virt/f05be0f61cb1ee8b/out/libvirt-f05be0f61cb1ee8b.rlib
[INFO] [stdout]           
[INFO] [stdout]           rust-lld: error: undefined symbol: virDomainFree
[INFO] [stdout]           >>> referenced by virt.fd6ee62b51c14d41-cgu.0
[INFO] [stdout]           >>>               virt-f05be0f61cb1ee8b.virt.fd6ee62b51c14d41-cgu.0.rcgu.o:(<virt::domain::Domain>::free) in archive /opt/rustwide/target/release/build/virt/f05be0f61cb1ee8b/out/libvirt-f05be0f61cb1ee8b.rlib
[INFO] [stdout]           >>> referenced by virt.fd6ee62b51c14d41-cgu.0
[INFO] [stdout]           >>>               virt-f05be0f61cb1ee8b.virt.fd6ee62b51c14d41-cgu.0.rcgu.o:(<virt::domain::Domain as core::ops::drop::Drop>::drop) in archive /opt/rustwide/target/release/build/virt/f05be0f61cb1ee8b/out/libvirt-f05be0f61cb1ee8b.rlib
[INFO] [stdout]           
[INFO] [stdout]           rust-lld: error: too many errors emitted, stopping now (use --error-limit=0 to see all errors)
[INFO] [stdout]           collect2: error: ld returned 1 exit status
[INFO] [stdout]           
[INFO] [stdout] 
[INFO] [stdout] 
[INFO] [stderr] error: could not compile `virt` (test "domain") due to 1 previous error
[INFO] running `Command { std: "docker" "inspect" "65b1575ee915e084c9f9a522d89384dd30adf876a5c355cc57eb7b84a74f960b", kill_on_drop: false }`
[INFO] running `Command { std: "docker" "rm" "-f" "65b1575ee915e084c9f9a522d89384dd30adf876a5c355cc57eb7b84a74f960b", kill_on_drop: false }`
[INFO] [stdout] 65b1575ee915e084c9f9a522d89384dd30adf876a5c355cc57eb7b84a74f960b
