[INFO] fetching crate viewport-lib-io 0.8.0...
[INFO] testing viewport-lib-io-0.8.0 against 1.99.0-beta.8+cargoflags=--release for beta-release-1.100-2
[INFO] extracting crate viewport-lib-io 0.8.0 into /workspace/builds/worker-1-tc1/source
[INFO] started tweaking crates.io crate viewport-lib-io 0.8.0
[INFO] finished tweaking crates.io crate viewport-lib-io 0.8.0
[INFO] tweaked toml for crates.io crate viewport-lib-io 0.8.0 written to /workspace/builds/worker-1-tc1/source/Cargo.toml
[INFO] validating manifest of crates.io crate viewport-lib-io 0.8.0 on toolchain 1.99.0-beta.8
[INFO] running `Command { std: CARGO_HOME="/workspace/cargo-home" RUSTUP_HOME="/workspace/rustup-home" "/workspace/cargo-home/bin/cargo" "+1.99.0-beta.8" "metadata" "--manifest-path" "Cargo.toml" "--no-deps", kill_on_drop: false }`
[INFO] crate crates.io crate viewport-lib-io 0.8.0 already has a lockfile, it will not be regenerated
[INFO] running `Command { std: CARGO_HOME="/workspace/cargo-home" RUSTUP_HOME="/workspace/rustup-home" "/workspace/cargo-home/bin/cargo" "+1.99.0-beta.8" "fetch" "--manifest-path" "Cargo.toml", kill_on_drop: false }`
[INFO] [stderr]     Updating crates.io index
[INFO] [stderr]  Downloading crates ...
[INFO] [stderr]   Downloaded nom v3.2.1
[INFO] [stderr]   Downloaded libflate_lz77 v1.2.0
[INFO] [stderr]   Downloaded hdf5-derive v0.8.1
[INFO] [stderr]   Downloaded imagesize v0.13.0
[INFO] [stderr]   Downloaded fbxcel-dom v0.0.10
[INFO] [stderr]   Downloaded gltf-derive v1.4.1
[INFO] [stderr]   Downloaded fbxcel v0.9.0
[INFO] [stderr]   Downloaded indextree v4.9.1
[INFO] [stderr]   Downloaded vtkio v0.6.3
[INFO] [stderr]   Downloaded string-interner v0.14.0
[INFO] [stderr]   Downloaded tobj v4.0.5
[INFO] [stderr]   Downloaded quick-xml v0.22.0
[INFO] [stderr]   Downloaded hdf5 v0.8.1
[INFO] [stderr]   Downloaded memchr v1.0.2
[INFO] [stderr]   Downloaded indextree-macros v0.1.3
[INFO] [stderr]   Downloaded netcdf-reader v0.4.0
[INFO] [stderr]   Downloaded gltf v1.4.1
[INFO] [stderr]   Downloaded lz4_flex v0.7.5
[INFO] [stderr]   Downloaded usvg v0.45.1
[INFO] [stderr]   Downloaded gltf-json v1.4.1
[INFO] [stderr]   Downloaded hdf5-reader v0.4.0
[INFO] [stderr]   Downloaded hdf5-sys v0.8.1
[INFO] [stderr]   Downloaded resvg v0.45.1
[INFO] [stderr]   Downloaded libflate v1.4.0
[INFO] [stderr]   Downloaded stl_io v0.7.0
[INFO] [stderr]   Downloaded hdf5-types v0.8.1
[INFO] [stderr]   Downloaded quick-xml v0.36.2
[INFO] [stderr]   Downloaded hdf5-src v0.8.1
[INFO] running `Command { std: "docker" "create" "-v" "/var/lib/crater-agent-workspace/builds/worker-1-tc1/source:/opt/rustwide/workdir:ro,Z" "-v" "/var/lib/crater-agent-workspace/builds/worker-1-tc1/target:/opt/rustwide/target:rw,Z" "-v" "/var/lib/crater-agent-workspace/cargo-home:/opt/rustwide/cargo-home:ro,Z" "-v" "/var/lib/crater-agent-workspace/rustup-home:/opt/rustwide/rustup-home:ro,Z" "-m" "1610612736" "--network" "none" "ghcr.io/rust-lang/crates-build-env/linux@sha256:77db811e55d90add9212f6832c23229e3de5f1c1f9905e8cb07319ea15df73ac" "sleep" "infinity", kill_on_drop: false }`
[INFO] [stdout] c11eaa2b4458b05799ca3bae9a56f6cb8ebe08c120cdb94c3c8a9c75538ebefd
[INFO] running `Command { std: "docker" "start" "c11eaa2b4458b05799ca3bae9a56f6cb8ebe08c120cdb94c3c8a9c75538ebefd", kill_on_drop: false }`
[INFO] running `Command { std: "docker" "inspect" "c11eaa2b4458b05799ca3bae9a56f6cb8ebe08c120cdb94c3c8a9c75538ebefd", kill_on_drop: false }`
[INFO] running `Command { std: "docker" "exec" "-e" "SOURCE_DIR=/opt/rustwide/workdir" "-e" "CARGO_HOME=/opt/rustwide/cargo-home" "-e" "RUSTUP_HOME=/opt/rustwide/rustup-home" "-e" "CARGO_TARGET_DIR=/opt/rustwide/target" "-w" "/opt/rustwide/workdir" "--user" "0:0" "c11eaa2b4458b05799ca3bae9a56f6cb8ebe08c120cdb94c3c8a9c75538ebefd" "/opt/rustwide/cargo-home/bin/cargo" "+1.99.0-beta.8" "metadata" "--no-deps" "--format-version=1", kill_on_drop: false }`
[INFO] running `Command { std: "docker" "inspect" "c11eaa2b4458b05799ca3bae9a56f6cb8ebe08c120cdb94c3c8a9c75538ebefd", kill_on_drop: false }`
[INFO] running `Command { std: "docker" "exec" "-e" "SOURCE_DIR=/opt/rustwide/workdir" "-e" "CARGO_HOME=/opt/rustwide/cargo-home" "-e" "RUSTUP_HOME=/opt/rustwide/rustup-home" "-e" "CARGO_TARGET_DIR=/opt/rustwide/target" "-e" "CARGO_INCREMENTAL=0" "-e" "RUST_BACKTRACE=full" "-e" "RUSTFLAGS=--cap-lints=warn" "-e" "RUSTDOCFLAGS=--cap-lints=warn" "-w" "/opt/rustwide/workdir" "--user" "0:0" "c11eaa2b4458b05799ca3bae9a56f6cb8ebe08c120cdb94c3c8a9c75538ebefd" "/opt/rustwide/cargo-home/bin/cargo" "+1.99.0-beta.8" "build" "--frozen" "--message-format=json" "--release", kill_on_drop: false }`
[INFO] [stderr]    Compiling libc v0.2.189
[INFO] [stderr]    Compiling find-msvc-tools v0.1.13
[INFO] [stderr]    Compiling smallvec v1.16.1
[INFO] [stderr]    Compiling syn v3.0.6
[INFO] [stderr]    Compiling syn v2.0.119
[INFO] [stderr]    Compiling zerocopy v0.8.57
[INFO] [stderr]    Compiling libloading v0.7.4
[INFO] [stderr]    Compiling once_cell v1.21.4
[INFO] [stderr]    Compiling float-cmp v0.9.0
[INFO] [stderr]    Compiling cc v1.4.7
[INFO] [stderr]    Compiling hdf5-sys v0.8.1
[INFO] [stderr]    Compiling ahash v0.7.8
[INFO] [stderr]    Compiling syn v1.0.109
[INFO] [stderr]    Compiling thiserror v2.0.20
[INFO] [stderr]    Compiling core_maths v0.1.1
[INFO] [stderr]    Compiling num-integer v0.1.47
[INFO] [stderr]    Compiling slotmap v1.1.1
[INFO] [stderr]    Compiling either v1.18.0
[INFO] [stderr]    Compiling ttf-parser v0.25.1
[INFO] [stderr]    Compiling itertools v0.14.0
[INFO] [stderr]    Compiling strict-num v0.1.1
[INFO] [stderr]    Compiling rle-decode-fast v1.0.3
[INFO] [stderr]    Compiling roxmltree v0.20.0
[INFO] [stderr]    Compiling cmake v0.1.58
[INFO] [stderr]    Compiling memmap2 v0.9.11
[INFO] [stderr]    Compiling libz-sys v1.1.29
[INFO] [stderr]    Compiling hdf5-src v0.8.1
[INFO] [stderr]    Compiling getrandom v0.2.17
[INFO] [stderr]    Compiling lzma-sys v0.1.20
[INFO] [stderr]    Compiling serde_json v1.0.151
[INFO] [stderr]    Compiling parking_lot_core v0.9.12
[INFO] [stderr]    Compiling bytemuck_derive v1.12.1
[INFO] [stderr]    Compiling thiserror-impl v2.0.20
[INFO] [stderr]    Compiling serde_derive v1.0.229
[INFO] [stderr]    Compiling hashbrown v0.11.2
[INFO] [stderr]    Compiling bytemuck v1.25.2
[INFO] [stderr]    Compiling fontconfig-parser v0.5.8
[INFO] [stderr]    Compiling num-complex v0.4.6
[INFO] [stderr]    Compiling tiny-skia-path v0.11.4
[INFO] [stderr]    Compiling libflate_lz77 v1.2.0
[INFO] [stderr]    Compiling pulp v0.22.3
[INFO] [stderr]    Compiling kurbo v0.11.3
[INFO] [stderr]    Compiling instant v0.1.13
[INFO] [stderr]    Compiling unicode-bidi-mirroring v0.4.0
[INFO] [stderr]    Compiling unicode-script v0.5.8
[INFO] [stderr]    Compiling zerocopy-derive v0.8.57
[INFO] [stderr]    Compiling strum_macros v0.27.2
[INFO] [stderr]    Compiling serde v1.0.229
[INFO] [stderr]    Compiling hdf5-types v0.8.1
[INFO] [stderr]    Compiling tinyvec v1.13.3
[INFO] [stderr]    Compiling zune-core v0.5.3
[INFO] [stderr]    Compiling unicode-properties v0.1.4
[INFO] [stderr]    Compiling unicode-ccc v0.4.0
[INFO] [stderr]    Compiling twox-hash v2.1.4
[INFO] [stderr]    Compiling adler32 v1.2.0
[INFO] [stderr]    Compiling svgtypes v0.15.3
[INFO] [stderr]    Compiling libflate v1.4.0
[INFO] [stderr]    Compiling lz4_flex v0.11.6
[INFO] [stderr]    Compiling gltf-derive v1.4.1
[INFO] [stderr]    Compiling rustybuzz v0.20.1
[INFO] [stderr]    Compiling strum v0.27.2
[INFO] [stderr]    Compiling indextree-macros v0.1.3
[INFO] [stderr]    Compiling zune-jpeg v0.5.15
[INFO] [stderr]    Compiling indextree v4.9.1
[INFO] [stderr]    Compiling rayon v1.12.0
[INFO] [stderr]    Compiling fontdb v0.23.0
[INFO] [stderr]    Compiling moxcms v0.7.11
[INFO] [stderr]    Compiling parking_lot_core v0.8.6
[INFO] [stderr]    Compiling ndarray v0.17.2
[INFO] [stderr]    Compiling getrandom v0.3.4
[INFO] [stderr]    Compiling rgb v0.8.53
[INFO] [stderr]    Compiling string-interner v0.14.0
[INFO] [stderr]    Compiling parking_lot v0.12.5
[INFO] [stderr]    Compiling half v2.7.1
[INFO] [stderr]    Compiling lru v0.16.4
[INFO] [stderr]    Compiling memchr v1.0.2
[INFO] [stderr]    Compiling png v0.18.1
[INFO] [stderr]    Compiling simplecss v0.2.2
[INFO] [stderr]    Compiling exr v1.74.2
[INFO] [stderr]    Compiling ascii v1.1.0
[INFO] [stderr]    Compiling unicode-vo v0.1.0
[INFO] [stderr]    Compiling pico-args v0.5.0
[INFO] [stderr]    Compiling imagesize v0.13.0
[INFO] [stderr]    Compiling hdf5 v0.8.1
[INFO] [stderr]    Compiling data-url v0.3.2
[INFO] [stderr]    Compiling xmlwriter v0.1.0
[INFO] [stderr]    Compiling usvg v0.45.1
[INFO] [stderr]    Compiling image-webp v0.2.4
[INFO] [stderr]    Compiling zune-jpeg v0.4.21
[INFO] [stderr]    Compiling image v0.25.9
[INFO] [stderr]    Compiling hdf5-reader v0.4.0
[INFO] [stderr]    Compiling nom v3.2.1
[INFO] [stderr]    Compiling tiny-skia v0.11.4
[INFO] [stderr]    Compiling xz2 v0.1.7
[INFO] [stderr]    Compiling ahash v0.8.12
[INFO] [stderr]    Compiling fbxcel v0.9.0
[INFO] [stderr]    Compiling parking_lot v0.11.2
[INFO] [stderr]    Compiling gltf-json v1.4.1
[INFO] [stderr]    Compiling quick-xml v0.22.0
[INFO] [stderr]    Compiling ndarray v0.15.6
[INFO] [stderr]    Compiling num-derive v0.3.3
[INFO] [stderr]    Compiling hdf5-derive v0.8.1
[INFO] [stderr]    Compiling lz4_flex v0.7.5
[INFO] [stderr]    Compiling urlencoding v2.1.3
[INFO] [stderr]    Compiling mint v0.5.9
[INFO] [stderr]    Compiling gltf v1.4.1
[INFO] [stderr]    Compiling fbxcel-dom v0.0.10
[INFO] [stderr]    Compiling vtkio v0.6.3
[INFO] [stderr]    Compiling netcdf-reader v0.4.0
[INFO] [stderr]    Compiling resvg v0.45.1
[INFO] [stderr]    Compiling tobj v4.0.5
[INFO] [stderr]    Compiling stl_io v0.7.0
[INFO] [stderr]    Compiling glam v0.30.10
[INFO] [stderr]    Compiling quick-xml v0.36.2
[INFO] [stderr]    Compiling viewport-lib-io v0.8.0 (/opt/rustwide/workdir)
[INFO] [stderr]     Finished `release` profile [optimized] target(s) in 9m 05s
[INFO] [stderr] warning: the following packages contain code that will be rejected by a future version of Rust: nom v3.2.1, quick-xml v0.22.0
[INFO] [stderr] note: to see what the problems were, use the option `--future-incompat-report`, or run `cargo report future-incompatibilities --id 2`
[INFO] running `Command { std: "docker" "inspect" "c11eaa2b4458b05799ca3bae9a56f6cb8ebe08c120cdb94c3c8a9c75538ebefd", kill_on_drop: false }`
[INFO] running `Command { std: "docker" "exec" "-e" "SOURCE_DIR=/opt/rustwide/workdir" "-e" "CARGO_HOME=/opt/rustwide/cargo-home" "-e" "RUSTUP_HOME=/opt/rustwide/rustup-home" "-e" "CARGO_TARGET_DIR=/opt/rustwide/target" "-e" "CARGO_INCREMENTAL=0" "-e" "RUST_BACKTRACE=full" "-e" "RUSTFLAGS=--cap-lints=warn" "-e" "RUSTDOCFLAGS=--cap-lints=warn" "-w" "/opt/rustwide/workdir" "--user" "0:0" "c11eaa2b4458b05799ca3bae9a56f6cb8ebe08c120cdb94c3c8a9c75538ebefd" "/opt/rustwide/cargo-home/bin/cargo" "+1.99.0-beta.8" "test" "--frozen" "--no-run" "--message-format=json" "--release", kill_on_drop: false }`
[INFO] [stderr]    Compiling viewport-lib-io v0.8.0 (/opt/rustwide/workdir)
[INFO] [stdout] error[E0433]: cannot find module or crate `viewport_lib_io_testkit` in this scope
[INFO] [stdout]    --> src/loaders/gltf/animation.rs:228:9
[INFO] [stdout]     |
[INFO] [stdout] 228 |     use viewport_lib_io_testkit::synth::temp_dir;
[INFO] [stdout]     |         ^^^^^^^^^^^^^^^^^^^^^^^ use of unresolved module or unlinked crate `viewport_lib_io_testkit`
[INFO] [stdout]     |
[INFO] [stdout]     = help: if you wanted to use a crate named `viewport_lib_io_testkit`, use `cargo add viewport_lib_io_testkit` to add it to your `Cargo.toml`
[INFO] [stdout] 
[INFO] [stdout] 
[INFO] [stdout] error[E0433]: cannot find module or crate `viewport_lib_io_testkit` in this scope
[INFO] [stdout]    --> src/loaders/gltf/material.rs:451:9
[INFO] [stdout]     |
[INFO] [stdout] 451 |     use viewport_lib_io_testkit::synth::temp_dir;
[INFO] [stdout]     |         ^^^^^^^^^^^^^^^^^^^^^^^ use of unresolved module or unlinked crate `viewport_lib_io_testkit`
[INFO] [stdout]     |
[INFO] [stdout]     = help: if you wanted to use a crate named `viewport_lib_io_testkit`, use `cargo add viewport_lib_io_testkit` to add it to your `Cargo.toml`
[INFO] [stdout] 
[INFO] [stdout] 
[INFO] [stdout] error[E0433]: cannot find module or crate `viewport_lib_io_testkit` in this scope
[INFO] [stdout]    --> src/loaders/gltf/primitive.rs:169:9
[INFO] [stdout]     |
[INFO] [stdout] 169 |     use viewport_lib_io_testkit::synth::temp_dir;
[INFO] [stdout]     |         ^^^^^^^^^^^^^^^^^^^^^^^ use of unresolved module or unlinked crate `viewport_lib_io_testkit`
[INFO] [stdout]     |
[INFO] [stdout]     = help: if you wanted to use a crate named `viewport_lib_io_testkit`, use `cargo add viewport_lib_io_testkit` to add it to your `Cargo.toml`
[INFO] [stdout] 
[INFO] [stdout] 
[INFO] [stdout] error[E0433]: cannot find module or crate `viewport_lib_io_testkit` in this scope
[INFO] [stdout]    --> src/loaders/gltf/skin.rs:154:9
[INFO] [stdout]     |
[INFO] [stdout] 154 |     use viewport_lib_io_testkit::synth::{glb as make_glb, temp_dir};
[INFO] [stdout]     |         ^^^^^^^^^^^^^^^^^^^^^^^ use of unresolved module or unlinked crate `viewport_lib_io_testkit`
[INFO] [stdout]     |
[INFO] [stdout]     = help: if you wanted to use a crate named `viewport_lib_io_testkit`, use `cargo add viewport_lib_io_testkit` to add it to your `Cargo.toml`
[INFO] [stdout] 
[INFO] [stdout] 
[INFO] [stdout] error[E0433]: cannot find module or crate `viewport_lib_io_testkit` in this scope
[INFO] [stdout]    --> src/loaders/gltf/mod.rs:154:9
[INFO] [stdout]     |
[INFO] [stdout] 154 |     use viewport_lib_io_testkit::synth::temp_dir;
[INFO] [stdout]     |         ^^^^^^^^^^^^^^^^^^^^^^^ use of unresolved module or unlinked crate `viewport_lib_io_testkit`
[INFO] [stdout]     |
[INFO] [stdout]     = help: if you wanted to use a crate named `viewport_lib_io_testkit`, use `cargo add viewport_lib_io_testkit` to add it to your `Cargo.toml`
[INFO] [stdout] 
[INFO] [stdout] 
[INFO] [stdout] error[E0432]: unresolved import `viewport_lib_io_testkit`
[INFO] [stdout]    --> src/loaders/numpy.rs:344:9
[INFO] [stdout]     |
[INFO] [stdout] 344 |     use viewport_lib_io_testkit::synth;
[INFO] [stdout]     |         ^^^^^^^^^^^^^^^^^^^^^^^ use of unresolved module or unlinked crate `viewport_lib_io_testkit`
[INFO] [stdout]     |
[INFO] [stdout]     = help: if you wanted to use a crate named `viewport_lib_io_testkit`, use `cargo add viewport_lib_io_testkit` to add it to your `Cargo.toml`
[INFO] [stdout] 
[INFO] [stdout] 
[INFO] [stdout] error[E0432]: unresolved import `viewport_lib_io_testkit`
[INFO] [stdout]    --> src/loaders/pvd.rs:112:9
[INFO] [stdout]     |
[INFO] [stdout] 112 |     use viewport_lib_io_testkit::synth;
[INFO] [stdout]     |         ^^^^^^^^^^^^^^^^^^^^^^^ use of unresolved module or unlinked crate `viewport_lib_io_testkit`
[INFO] [stdout]     |
[INFO] [stdout]     = help: if you wanted to use a crate named `viewport_lib_io_testkit`, use `cargo add viewport_lib_io_testkit` to add it to your `Cargo.toml`
[INFO] [stdout] 
[INFO] [stdout] 
[INFO] [stdout] error[E0433]: cannot find module or crate `viewport_lib_io_testkit` in this scope
[INFO] [stdout]    --> src/loaders/ply_points.rs:565:21
[INFO] [stdout]     |
[INFO] [stdout] 565 |         let bytes = viewport_lib_io_testkit::synth::ply_ascii_quad(false);
[INFO] [stdout]     |                     ^^^^^^^^^^^^^^^^^^^^^^^ use of unresolved module or unlinked crate `viewport_lib_io_testkit`
[INFO] [stdout]     |
[INFO] [stdout]     = help: if you wanted to use a crate named `viewport_lib_io_testkit`, use `cargo add viewport_lib_io_testkit` to add it to your `Cargo.toml`
[INFO] [stdout] 
[INFO] [stdout] 
[INFO] [stdout] error[E0433]: cannot find module or crate `viewport_lib_io_testkit` in this scope
[INFO] [stdout]    --> src/loaders/ply_points.rs:576:21
[INFO] [stdout]     |
[INFO] [stdout] 576 |         let bytes = viewport_lib_io_testkit::synth::ply_ascii_points(true);
[INFO] [stdout]     |                     ^^^^^^^^^^^^^^^^^^^^^^^ use of unresolved module or unlinked crate `viewport_lib_io_testkit`
[INFO] [stdout]     |
[INFO] [stdout]     = help: if you wanted to use a crate named `viewport_lib_io_testkit`, use `cargo add viewport_lib_io_testkit` to add it to your `Cargo.toml`
[INFO] [stdout] 
[INFO] [stdout] 
[INFO] [stdout] Some errors have detailed explanations: E0432, E0433.
[INFO] [stdout] 
[INFO] [stdout] For more information about an error, try `rustc --explain E0432`.
[INFO] [stdout] 
[INFO] [stderr] error: could not compile `viewport-lib-io` (lib test) due to 9 previous errors
[INFO] running `Command { std: "docker" "inspect" "c11eaa2b4458b05799ca3bae9a56f6cb8ebe08c120cdb94c3c8a9c75538ebefd", kill_on_drop: false }`
[INFO] running `Command { std: "docker" "rm" "-f" "c11eaa2b4458b05799ca3bae9a56f6cb8ebe08c120cdb94c3c8a9c75538ebefd", kill_on_drop: false }`
[INFO] [stdout] c11eaa2b4458b05799ca3bae9a56f6cb8ebe08c120cdb94c3c8a9c75538ebefd
