[INFO] fetching crate vicinal 0.2.3...
[INFO] testing vicinal-0.2.3 against 1.99.0-beta.8+cargoflags=--release for beta-release-1.100-2
[INFO] extracting crate vicinal 0.2.3 into /workspace/builds/worker-1-tc1/source
[INFO] started tweaking crates.io crate vicinal 0.2.3
[INFO] finished tweaking crates.io crate vicinal 0.2.3
[INFO] tweaked toml for crates.io crate vicinal 0.2.3 written to /workspace/builds/worker-1-tc1/source/Cargo.toml
[INFO] validating manifest of crates.io crate vicinal 0.2.3 on toolchain 1.99.0-beta.8
[INFO] running `Command { std: CARGO_HOME="/workspace/cargo-home" RUSTUP_HOME="/workspace/rustup-home" "/workspace/cargo-home/bin/cargo" "+1.99.0-beta.8" "metadata" "--manifest-path" "Cargo.toml" "--no-deps", kill_on_drop: false }`
[INFO] crate crates.io crate vicinal 0.2.3 already has a lockfile, it will not be regenerated
[INFO] running `Command { std: CARGO_HOME="/workspace/cargo-home" RUSTUP_HOME="/workspace/rustup-home" "/workspace/cargo-home/bin/cargo" "+1.99.0-beta.8" "fetch" "--manifest-path" "Cargo.toml", kill_on_drop: false }`
[INFO] [stderr]     Updating crates.io index
[INFO] [stderr]  Downloading crates ...
[INFO] [stderr]   Downloaded ohno v0.5.2
[INFO] [stderr]   Downloaded new_zealand v1.0.11
[INFO] [stderr]   Downloaded mutants v0.0.4
[INFO] [stderr]   Downloaded folo_ffi v0.1.19
[INFO] [stderr]   Downloaded ohno_macros v0.5.2
[INFO] [stderr]   Downloaded generator v0.8.10
[INFO] [stderr]   Downloaded ohno_macros_impl v0.5.2
[INFO] [stderr]   Downloaded nm v0.1.54
[INFO] [stderr]   Downloaded cpulist v1.1.11
[INFO] [stderr]   Downloaded plurality v0.2.2
[INFO] [stderr]   Downloaded fast_time v0.1.34
[INFO] [stderr]   Downloaded many_cpus v2.4.24
[INFO] [stderr]   Downloaded many_cpus_impl v2.4.24
[INFO] [stderr]   Downloaded events_once v0.5.42
[INFO] [stderr]   Downloaded nm_impl v0.1.54
[INFO] running `Command { std: "docker" "create" "-v" "/var/lib/crater-agent-workspace/builds/worker-1-tc1/source:/opt/rustwide/workdir:ro,Z" "-v" "/var/lib/crater-agent-workspace/builds/worker-1-tc1/target:/opt/rustwide/target:rw,Z" "-v" "/var/lib/crater-agent-workspace/cargo-home:/opt/rustwide/cargo-home:ro,Z" "-v" "/var/lib/crater-agent-workspace/rustup-home:/opt/rustwide/rustup-home:ro,Z" "-m" "1610612736" "--network" "none" "ghcr.io/rust-lang/crates-build-env/linux@sha256:77db811e55d90add9212f6832c23229e3de5f1c1f9905e8cb07319ea15df73ac" "sleep" "infinity", kill_on_drop: false }`
[INFO] [stdout] b9a0041ef7551c1d84910e1d7cf2b8ab3fba301e49c237e9fefe244de8aa1e05
[INFO] running `Command { std: "docker" "start" "b9a0041ef7551c1d84910e1d7cf2b8ab3fba301e49c237e9fefe244de8aa1e05", kill_on_drop: false }`
[INFO] running `Command { std: "docker" "inspect" "b9a0041ef7551c1d84910e1d7cf2b8ab3fba301e49c237e9fefe244de8aa1e05", kill_on_drop: false }`
[INFO] running `Command { std: "docker" "exec" "-e" "SOURCE_DIR=/opt/rustwide/workdir" "-e" "CARGO_HOME=/opt/rustwide/cargo-home" "-e" "RUSTUP_HOME=/opt/rustwide/rustup-home" "-e" "CARGO_TARGET_DIR=/opt/rustwide/target" "-w" "/opt/rustwide/workdir" "--user" "0:0" "b9a0041ef7551c1d84910e1d7cf2b8ab3fba301e49c237e9fefe244de8aa1e05" "/opt/rustwide/cargo-home/bin/cargo" "+1.99.0-beta.8" "metadata" "--no-deps" "--format-version=1", kill_on_drop: false }`
[INFO] running `Command { std: "docker" "inspect" "b9a0041ef7551c1d84910e1d7cf2b8ab3fba301e49c237e9fefe244de8aa1e05", kill_on_drop: false }`
[INFO] running `Command { std: "docker" "exec" "-e" "SOURCE_DIR=/opt/rustwide/workdir" "-e" "CARGO_HOME=/opt/rustwide/cargo-home" "-e" "RUSTUP_HOME=/opt/rustwide/rustup-home" "-e" "CARGO_TARGET_DIR=/opt/rustwide/target" "-e" "CARGO_INCREMENTAL=0" "-e" "RUST_BACKTRACE=full" "-e" "RUSTFLAGS=--cap-lints=warn" "-e" "RUSTDOCFLAGS=--cap-lints=warn" "-w" "/opt/rustwide/workdir" "--user" "0:0" "b9a0041ef7551c1d84910e1d7cf2b8ab3fba301e49c237e9fefe244de8aa1e05" "/opt/rustwide/cargo-home/bin/cargo" "+1.99.0-beta.8" "build" "--frozen" "--message-format=json" "--release", kill_on_drop: false }`
[INFO] [stderr]    Compiling libc v0.2.190
[INFO] [stderr]    Compiling unicode-segmentation v1.13.3
[INFO] [stderr]    Compiling num-traits v0.2.19
[INFO] [stderr]    Compiling either v1.19.0
[INFO] [stderr]    Compiling unicode-xid v0.2.6
[INFO] [stderr]    Compiling syn v2.0.119
[INFO] [stderr]    Compiling syn v3.0.9
[INFO] [stderr]    Compiling new_zealand v1.0.11
[INFO] [stderr]    Compiling nonempty v0.12.0
[INFO] [stderr]    Compiling smallvec v1.16.3
[INFO] [stderr]    Compiling foldhash v0.2.0
[INFO] [stderr]    Compiling itertools v0.15.0
[INFO] [stderr]    Compiling allocator-api2 v0.4.0
[INFO] [stderr]    Compiling event-listener v5.4.2
[INFO] [stderr]    Compiling convert_case v0.10.0
[INFO] [stderr]    Compiling plurality v0.2.2
[INFO] [stderr]    Compiling events_once v0.5.42
[INFO] [stderr]    Compiling getrandom v0.4.3
[INFO] [stderr]    Compiling fast_time v0.1.34
[INFO] [stderr]    Compiling nm_impl v0.1.54
[INFO] [stderr]    Compiling rand v0.10.3
[INFO] [stderr]    Compiling nm v0.1.54
[INFO] [stderr]    Compiling ohno_macros_impl v0.5.2
[INFO] [stderr]    Compiling ohno_macros v0.5.2
[INFO] [stderr]    Compiling ohno v0.5.2
[INFO] [stderr]    Compiling cpulist v1.1.11
[INFO] [stderr]    Compiling derive_more-impl v2.1.1
[INFO] [stderr]    Compiling pin-project-internal v1.1.13
[INFO] [stderr]    Compiling pin-project v1.1.13
[INFO] [stderr]    Compiling derive_more v2.1.1
[INFO] [stderr]    Compiling many_cpus_impl v2.4.24
[INFO] [stderr]    Compiling many_cpus v2.4.24
[INFO] [stderr]    Compiling vicinal v0.2.3 (/opt/rustwide/workdir)
[INFO] [stderr]     Finished `release` profile [optimized] target(s) in 34.23s
[INFO] running `Command { std: "docker" "inspect" "b9a0041ef7551c1d84910e1d7cf2b8ab3fba301e49c237e9fefe244de8aa1e05", kill_on_drop: false }`
[INFO] running `Command { std: "docker" "exec" "-e" "SOURCE_DIR=/opt/rustwide/workdir" "-e" "CARGO_HOME=/opt/rustwide/cargo-home" "-e" "RUSTUP_HOME=/opt/rustwide/rustup-home" "-e" "CARGO_TARGET_DIR=/opt/rustwide/target" "-e" "CARGO_INCREMENTAL=0" "-e" "RUST_BACKTRACE=full" "-e" "RUSTFLAGS=--cap-lints=warn" "-e" "RUSTDOCFLAGS=--cap-lints=warn" "-w" "/opt/rustwide/workdir" "--user" "0:0" "b9a0041ef7551c1d84910e1d7cf2b8ab3fba301e49c237e9fefe244de8aa1e05" "/opt/rustwide/cargo-home/bin/cargo" "+1.99.0-beta.8" "test" "--frozen" "--no-run" "--message-format=json" "--release", kill_on_drop: false }`
[INFO] [stderr]    Compiling syn v3.0.9
[INFO] [stderr]    Compiling zerocopy-derive v0.8.63
[INFO] [stderr]    Compiling zerocopy v0.8.63
[INFO] [stderr]    Compiling futures-sink v0.3.34
[INFO] [stderr]    Compiling serde_json v1.0.154
[INFO] [stderr]    Compiling futures-core v0.3.34
[INFO] [stderr]    Compiling alloca v0.4.0
[INFO] [stderr]    Compiling fast_time v0.1.34
[INFO] [stderr]    Compiling futures-io v0.3.34
[INFO] [stderr]    Compiling clap_lex v1.1.1
[INFO] [stderr]    Compiling clap_builder v4.6.7
[INFO] [stderr]    Compiling futures-channel v0.3.34
[INFO] [stderr]    Compiling nm_impl v0.1.54
[INFO] [stderr]    Compiling itertools v0.13.0
[INFO] [stderr]    Compiling page_size v0.6.0
[INFO] [stderr]    Compiling num_cpus v1.17.0
[INFO] [stderr]    Compiling futures-util v0.3.34
[INFO] [stderr]    Compiling nm v0.1.54
[INFO] [stderr]    Compiling threadpool v1.8.1
[INFO] [stderr]    Compiling mutants v0.0.4
[INFO] [stderr]    Compiling criterion-plot v0.8.2
[INFO] [stderr]    Compiling clap v4.6.7
[INFO] [stderr]    Compiling ohno_macros_impl v0.5.2
[INFO] [stderr]    Compiling futures-executor v0.3.34
[INFO] [stderr]    Compiling futures v0.3.34
[INFO] [stderr]    Compiling ohno_macros v0.5.2
[INFO] [stderr]    Compiling ohno v0.5.2
[INFO] [stderr]    Compiling serde_derive v1.0.229
[INFO] [stderr]    Compiling cpulist v1.1.11
[INFO] [stderr]    Compiling tokio-macros v2.7.2
[INFO] [stderr]    Compiling many_cpus_impl v2.4.24
[INFO] [stderr]    Compiling tokio v1.53.3
[INFO] [stderr]    Compiling many_cpus v2.4.24
[INFO] [stderr]    Compiling vicinal v0.2.3 (/opt/rustwide/workdir)
[INFO] [stderr]    Compiling serde v1.0.229
[INFO] [stderr]    Compiling half v2.7.1
[INFO] [stderr]    Compiling ciborium-ll v0.2.2
[INFO] [stderr]    Compiling ciborium v0.2.2
[INFO] [stderr]    Compiling tinytemplate v1.2.1
[INFO] [stderr]    Compiling criterion v0.8.2
[INFO] [stdout] error[E0432]: unresolved import `many_cpus::fake`
[INFO] [stdout]    --> src/group_registry.rs:80:20
[INFO] [stdout]     |
[INFO] [stdout]  80 |     use many_cpus::fake::{HardwareBuilder, ProcessorBuilder};
[INFO] [stdout]     |                    ^^^^ could not find `fake` in `many_cpus`
[INFO] [stdout]     |
[INFO] [stdout] note: found an item that was configured out
[INFO] [stdout]    --> /opt/rustwide/cargo-home/registry/src/index.crates.io-1949cf8c6b5b557f/many_cpus-2.4.24/src/lib.rs:338:25
[INFO] [stdout]     |
[INFO] [stdout] 337 | #[cfg(any(test, feature = "test-util"))]
[INFO] [stdout]     |          ----------------------------- the item is gated here
[INFO] [stdout] 338 | pub use many_cpus_impl::fake;
[INFO] [stdout]     |                         ^^^^
[INFO] [stdout] 
[INFO] [stdout] 
[INFO] [stdout] error[E0432]: unresolved import `many_cpus::fake`
[INFO] [stdout]    --> src/pool.rs:234:20
[INFO] [stdout]     |
[INFO] [stdout] 234 |     use many_cpus::fake::HardwareBuilder;
[INFO] [stdout]     |                    ^^^^ could not find `fake` in `many_cpus`
[INFO] [stdout]     |
[INFO] [stdout] note: found an item that was configured out
[INFO] [stdout]    --> /opt/rustwide/cargo-home/registry/src/index.crates.io-1949cf8c6b5b557f/many_cpus-2.4.24/src/lib.rs:338:25
[INFO] [stdout]     |
[INFO] [stdout] 337 | #[cfg(any(test, feature = "test-util"))]
[INFO] [stdout]     |          ----------------------------- the item is gated here
[INFO] [stdout] 338 | pub use many_cpus_impl::fake;
[INFO] [stdout]     |                         ^^^^
[INFO] [stdout] 
[INFO] [stdout] 
[INFO] [stdout] error[E0432]: unresolved import `many_cpus::fake`
[INFO] [stdout]    --> src/pool_inner/tests/helpers.rs:10:16
[INFO] [stdout]     |
[INFO] [stdout]  10 | use many_cpus::fake::{HardwareBuilder, ProcessorBuilder};
[INFO] [stdout]     |                ^^^^ could not find `fake` in `many_cpus`
[INFO] [stdout]     |
[INFO] [stdout] note: found an item that was configured out
[INFO] [stdout]    --> /opt/rustwide/cargo-home/registry/src/index.crates.io-1949cf8c6b5b557f/many_cpus-2.4.24/src/lib.rs:338:25
[INFO] [stdout]     |
[INFO] [stdout] 337 | #[cfg(any(test, feature = "test-util"))]
[INFO] [stdout]     |          ----------------------------- the item is gated here
[INFO] [stdout] 338 | pub use many_cpus_impl::fake;
[INFO] [stdout]     |                         ^^^^
[INFO] [stdout] 
[INFO] [stdout] 
[INFO] [stdout] error[E0432]: unresolved import `many_cpus::fake`
[INFO] [stdout]    --> src/pool_inner/tests/shutdown.rs:15:16
[INFO] [stdout]     |
[INFO] [stdout]  15 | use many_cpus::fake::HardwareBuilder;
[INFO] [stdout]     |                ^^^^ could not find `fake` in `many_cpus`
[INFO] [stdout]     |
[INFO] [stdout] note: found an item that was configured out
[INFO] [stdout]    --> /opt/rustwide/cargo-home/registry/src/index.crates.io-1949cf8c6b5b557f/many_cpus-2.4.24/src/lib.rs:338:25
[INFO] [stdout]     |
[INFO] [stdout] 337 | #[cfg(any(test, feature = "test-util"))]
[INFO] [stdout]     |          ----------------------------- the item is gated here
[INFO] [stdout] 338 | pub use many_cpus_impl::fake;
[INFO] [stdout]     |                         ^^^^
[INFO] [stdout] 
[INFO] [stdout] 
[INFO] [stdout] error[E0432]: unresolved import `many_cpus::fake`
[INFO] [stdout]    --> src/pool_inner/tests/startup.rs:10:16
[INFO] [stdout]     |
[INFO] [stdout]  10 | use many_cpus::fake::HardwareBuilder;
[INFO] [stdout]     |                ^^^^ could not find `fake` in `many_cpus`
[INFO] [stdout]     |
[INFO] [stdout] note: found an item that was configured out
[INFO] [stdout]    --> /opt/rustwide/cargo-home/registry/src/index.crates.io-1949cf8c6b5b557f/many_cpus-2.4.24/src/lib.rs:338:25
[INFO] [stdout]     |
[INFO] [stdout] 337 | #[cfg(any(test, feature = "test-util"))]
[INFO] [stdout]     |          ----------------------------- the item is gated here
[INFO] [stdout] 338 | pub use many_cpus_impl::fake;
[INFO] [stdout]     |                         ^^^^
[INFO] [stdout] 
[INFO] [stdout] 
[INFO] [stdout] error[E0432]: unresolved import `many_cpus::fake`
[INFO] [stdout]    --> src/pool_inner/tests/topology.rs:10:16
[INFO] [stdout]     |
[INFO] [stdout]  10 | use many_cpus::fake::{HardwareBuilder, ProcessorBuilder};
[INFO] [stdout]     |                ^^^^ could not find `fake` in `many_cpus`
[INFO] [stdout]     |
[INFO] [stdout] note: found an item that was configured out
[INFO] [stdout]    --> /opt/rustwide/cargo-home/registry/src/index.crates.io-1949cf8c6b5b557f/many_cpus-2.4.24/src/lib.rs:338:25
[INFO] [stdout]     |
[INFO] [stdout] 337 | #[cfg(any(test, feature = "test-util"))]
[INFO] [stdout]     |          ----------------------------- the item is gated here
[INFO] [stdout] 338 | pub use many_cpus_impl::fake;
[INFO] [stdout]     |                         ^^^^
[INFO] [stdout] 
[INFO] [stdout] 
[INFO] [stdout] error[E0432]: unresolved import `many_cpus::fake`
[INFO] [stdout]    --> src/scheduler.rs:253:20
[INFO] [stdout]     |
[INFO] [stdout] 253 |     use many_cpus::fake::HardwareBuilder;
[INFO] [stdout]     |                    ^^^^ could not find `fake` in `many_cpus`
[INFO] [stdout]     |
[INFO] [stdout] note: found an item that was configured out
[INFO] [stdout]    --> /opt/rustwide/cargo-home/registry/src/index.crates.io-1949cf8c6b5b557f/many_cpus-2.4.24/src/lib.rs:338:25
[INFO] [stdout]     |
[INFO] [stdout] 337 | #[cfg(any(test, feature = "test-util"))]
[INFO] [stdout]     |          ----------------------------- the item is gated here
[INFO] [stdout] 338 | pub use many_cpus_impl::fake;
[INFO] [stdout]     |                         ^^^^
[INFO] [stdout] 
[INFO] [stdout] 
[INFO] [stdout] error[E0432]: unresolved import `testing`
[INFO] [stdout]   --> src/group_registry.rs:82:9
[INFO] [stdout]    |
[INFO] [stdout] 82 |     use testing::assert_panics;
[INFO] [stdout]    |         ^^^^^^^ use of unresolved module or unlinked crate `testing`
[INFO] [stdout]    |
[INFO] [stdout]    = help: if you wanted to use a crate named `testing`, use `cargo add testing` to add it to your `Cargo.toml`
[INFO] [stdout] 
[INFO] [stdout] 
[INFO] [stdout] error[E0432]: unresolved import `testing`
[INFO] [stdout]  --> src/pool_inner/tests/failures.rs:9:5
[INFO] [stdout]   |
[INFO] [stdout] 9 | use testing::{assert_panics, with_watchdog};
[INFO] [stdout]   |     ^^^^^^^ use of unresolved module or unlinked crate `testing`
[INFO] [stdout]   |
[INFO] [stdout]   = help: if you wanted to use a crate named `testing`, use `cargo add testing` to add it to your `Cargo.toml`
[INFO] [stdout] 
[INFO] [stdout] 
[INFO] [stdout] error[E0432]: unresolved import `testing`
[INFO] [stdout]   --> src/pool_inner/tests/initialization.rs:11:5
[INFO] [stdout]    |
[INFO] [stdout] 11 | use testing::{assert_panics, with_watchdog};
[INFO] [stdout]    |     ^^^^^^^ use of unresolved module or unlinked crate `testing`
[INFO] [stdout]    |
[INFO] [stdout]    = help: if you wanted to use a crate named `testing`, use `cargo add testing` to add it to your `Cargo.toml`
[INFO] [stdout] 
[INFO] [stdout] 
[INFO] [stdout] error[E0432]: unresolved import `testing`
[INFO] [stdout]   --> src/pool_inner/tests/initialization_races.rs:10:5
[INFO] [stdout]    |
[INFO] [stdout] 10 | use testing::{assert_panics, with_watchdog};
[INFO] [stdout]    |     ^^^^^^^ use of unresolved module or unlinked crate `testing`
[INFO] [stdout]    |
[INFO] [stdout]    = help: if you wanted to use a crate named `testing`, use `cargo add testing` to add it to your `Cargo.toml`
[INFO] [stdout] 
[INFO] [stdout] 
[INFO] [stdout] error[E0432]: unresolved import `testing`
[INFO] [stdout]   --> src/pool_inner/tests/shutdown.rs:17:5
[INFO] [stdout]    |
[INFO] [stdout] 17 | use testing::{assert_panics, with_watchdog};
[INFO] [stdout]    |     ^^^^^^^ use of unresolved module or unlinked crate `testing`
[INFO] [stdout]    |
[INFO] [stdout]    = help: if you wanted to use a crate named `testing`, use `cargo add testing` to add it to your `Cargo.toml`
[INFO] [stdout] 
[INFO] [stdout] 
[INFO] [stdout] error[E0432]: unresolved import `testing`
[INFO] [stdout]   --> src/pool_inner/tests/startup.rs:13:5
[INFO] [stdout]    |
[INFO] [stdout] 13 | use testing::{assert_panics, with_watchdog};
[INFO] [stdout]    |     ^^^^^^^ use of unresolved module or unlinked crate `testing`
[INFO] [stdout]    |
[INFO] [stdout]    = help: if you wanted to use a crate named `testing`, use `cargo add testing` to add it to your `Cargo.toml`
[INFO] [stdout] 
[INFO] [stdout] 
[INFO] [stdout] error[E0432]: unresolved import `testing`
[INFO] [stdout]   --> src/pool_inner/tests/topology.rs:13:5
[INFO] [stdout]    |
[INFO] [stdout] 13 | use testing::with_watchdog;
[INFO] [stdout]    |     ^^^^^^^ use of unresolved module or unlinked crate `testing`
[INFO] [stdout]    |
[INFO] [stdout]    = help: if you wanted to use a crate named `testing`, use `cargo add testing` to add it to your `Cargo.toml`
[INFO] [stdout] 
[INFO] [stdout] 
[INFO] [stdout] error[E0432]: unresolved import `testing`
[INFO] [stdout]   --> src/pool_inner/tests/worker_loop.rs:10:5
[INFO] [stdout]    |
[INFO] [stdout] 10 | use testing::{assert_panics, with_watchdog};
[INFO] [stdout]    |     ^^^^^^^ use of unresolved module or unlinked crate `testing`
[INFO] [stdout]    |
[INFO] [stdout]    = help: if you wanted to use a crate named `testing`, use `cargo add testing` to add it to your `Cargo.toml`
[INFO] [stdout] 
[INFO] [stdout] 
[INFO] [stdout] error[E0432]: unresolved import `testing`
[INFO] [stdout]    --> src/scheduler.rs:256:9
[INFO] [stdout]     |
[INFO] [stdout] 256 |     use testing::assert_panics;
[INFO] [stdout]     |         ^^^^^^^ use of unresolved module or unlinked crate `testing`
[INFO] [stdout]     |
[INFO] [stdout]     = help: if you wanted to use a crate named `testing`, use `cargo add testing` to add it to your `Cargo.toml`
[INFO] [stdout] 
[INFO] [stdout] 
[INFO] [stdout] error[E0432]: unresolved import `testing`
[INFO] [stdout]    --> src/worker.rs:124:9
[INFO] [stdout]     |
[INFO] [stdout] 124 |     use testing::assert_panics;
[INFO] [stdout]     |         ^^^^^^^ use of unresolved module or unlinked crate `testing`
[INFO] [stdout]     |
[INFO] [stdout]     = help: if you wanted to use a crate named `testing`, use `cargo add testing` to add it to your `Cargo.toml`
[INFO] [stdout] 
[INFO] [stdout] 
[INFO] [stdout] error[E0433]: cannot find `testing` in the list of imported crates
[INFO] [stdout]    --> src/lib.rs:152:3
[INFO] [stdout]     |
[INFO] [stdout] 152 | ::testing::set_allocator!();
[INFO] [stdout]     |   ^^^^^^^ could not find `testing` in the list of imported crates
[INFO] [stdout] 
[INFO] [stdout] 
[INFO] [stdout] error[E0433]: cannot find `testing` in the list of imported crates
[INFO] [stdout]    --> src/lib.rs:155:3
[INFO] [stdout]     |
[INFO] [stdout] 155 | ::testing::init_tracing!();
[INFO] [stdout]     |   ^^^^^^^ could not find `testing` in the list of imported crates
[INFO] [stdout] 
[INFO] [stdout] 
[INFO] [stdout] error[E0599]: no associated function or constant named `fake` found for struct `many_cpus::SystemHardware` in the current scope
[INFO] [stdout]   --> src/group_registry.rs:89:40
[INFO] [stdout]    |
[INFO] [stdout] 89 |         let hardware = SystemHardware::fake(
[INFO] [stdout]    |                                        ^^^^ associated function or constant not found in `many_cpus::SystemHardware`
[INFO] [stdout] 
[INFO] [stdout] 
[INFO] [stdout] error[E0599]: no associated function or constant named `fake` found for struct `many_cpus::SystemHardware` in the current scope
[INFO] [stdout]    --> src/group_registry.rs:120:40
[INFO] [stdout]     |
[INFO] [stdout] 120 |         let hardware = SystemHardware::fake(HardwareBuilder::from_counts(nz!(2), nz!(2)));
[INFO] [stdout]     |                                        ^^^^ associated function or constant not found in `many_cpus::SystemHardware`
[INFO] [stdout] 
[INFO] [stdout] 
[INFO] [stdout] error[E0599]: no associated function or constant named `fake` found for struct `many_cpus::SystemHardware` in the current scope
[INFO] [stdout]    --> src/pool.rs:245:40
[INFO] [stdout]     |
[INFO] [stdout] 245 |         let hardware = SystemHardware::fake(HardwareBuilder::from_counts(nz!(1), nz!(1)));
[INFO] [stdout]     |                                        ^^^^ associated function or constant not found in `many_cpus::SystemHardware`
[INFO] [stdout] 
[INFO] [stdout] 
[INFO] [stdout] error[E0599]: no associated function or constant named `fake` found for struct `many_cpus::SystemHardware` in the current scope
[INFO] [stdout]    --> src/pool.rs:278:40
[INFO] [stdout]     |
[INFO] [stdout] 278 |         let hardware = SystemHardware::fake(HardwareBuilder::from_counts(nz!(1), nz!(1)));
[INFO] [stdout]     |                                        ^^^^ associated function or constant not found in `many_cpus::SystemHardware`
[INFO] [stdout] 
[INFO] [stdout] 
[INFO] [stdout] error[E0599]: no associated function or constant named `fake` found for struct `many_cpus::SystemHardware` in the current scope
[INFO] [stdout]   --> src/pool_inner/tests/helpers.rs:17:21
[INFO] [stdout]    |
[INFO] [stdout] 17 |     SystemHardware::fake(
[INFO] [stdout]    |                     ^^^^ associated function or constant not found in `many_cpus::SystemHardware`
[INFO] [stdout] 
[INFO] [stdout] 
[INFO] [stdout] error[E0599]: no associated function or constant named `fake` found for struct `many_cpus::SystemHardware` in the current scope
[INFO] [stdout]    --> src/pool_inner/tests/helpers.rs:118:21
[INFO] [stdout]     |
[INFO] [stdout] 118 |     SystemHardware::fake(builder)
[INFO] [stdout]     |                     ^^^^ associated function or constant not found in `many_cpus::SystemHardware`
[INFO] [stdout] 
[INFO] [stdout] 
[INFO] [stdout] error[E0599]: no associated function or constant named `fake` found for struct `many_cpus::SystemHardware` in the current scope
[INFO] [stdout]   --> src/pool_inner/tests/shutdown.rs:28:35
[INFO] [stdout]    |
[INFO] [stdout] 28 |         .hardware(SystemHardware::fake(HardwareBuilder::from_counts(
[INFO] [stdout]    |                                   ^^^^ associated function or constant not found in `many_cpus::SystemHardware`
[INFO] [stdout] 
[INFO] [stdout] 
[INFO] [stdout] error[E0599]: no associated function or constant named `fake` found for struct `many_cpus::SystemHardware` in the current scope
[INFO] [stdout]   --> src/pool_inner/tests/shutdown.rs:91:39
[INFO] [stdout]    |
[INFO] [stdout] 91 |             .hardware(SystemHardware::fake(HardwareBuilder::from_counts(
[INFO] [stdout]    |                                       ^^^^ associated function or constant not found in `many_cpus::SystemHardware`
[INFO] [stdout] 
[INFO] [stdout] 
[INFO] [stdout] error[E0599]: no associated function or constant named `fake` found for struct `many_cpus::SystemHardware` in the current scope
[INFO] [stdout]    --> src/pool_inner/tests/shutdown.rs:248:40
[INFO] [stdout]     |
[INFO] [stdout] 248 |         let hardware = SystemHardware::fake(HardwareBuilder::from_counts(nz!(1), nz!(1)));
[INFO] [stdout]     |                                        ^^^^ associated function or constant not found in `many_cpus::SystemHardware`
[INFO] [stdout] 
[INFO] [stdout] 
[INFO] [stdout] error[E0599]: no associated function or constant named `fake` found for struct `many_cpus::SystemHardware` in the current scope
[INFO] [stdout]    --> src/pool_inner/tests/shutdown.rs:332:40
[INFO] [stdout]     |
[INFO] [stdout] 332 |         let hardware = SystemHardware::fake(HardwareBuilder::from_counts(nz!(1), nz!(1)));
[INFO] [stdout]     |                                        ^^^^ associated function or constant not found in `many_cpus::SystemHardware`
[INFO] [stdout] 
[INFO] [stdout] 
[INFO] [stdout] error[E0599]: no associated function or constant named `fake` found for struct `many_cpus::SystemHardware` in the current scope
[INFO] [stdout]   --> src/pool_inner/tests/startup.rs:30:44
[INFO] [stdout]    |
[INFO] [stdout] 30 |             let hardware = SystemHardware::fake(HardwareBuilder::from_counts(nz!(1), nz!(1)));
[INFO] [stdout]    |                                            ^^^^ associated function or constant not found in `many_cpus::SystemHardware`
[INFO] [stdout] 
[INFO] [stdout] 
[INFO] [stdout] error[E0599]: no associated function or constant named `fake` found for struct `many_cpus::SystemHardware` in the current scope
[INFO] [stdout]   --> src/pool_inner/tests/topology.rs:24:40
[INFO] [stdout]    |
[INFO] [stdout] 24 |         let hardware = SystemHardware::fake(
[INFO] [stdout]    |                                        ^^^^ associated function or constant not found in `many_cpus::SystemHardware`
[INFO] [stdout] 
[INFO] [stdout] 
[INFO] [stdout] error[E0599]: no associated function or constant named `fake` found for struct `many_cpus::SystemHardware` in the current scope
[INFO] [stdout]    --> src/scheduler.rs:266:39
[INFO] [stdout]     |
[INFO] [stdout] 266 |             .hardware(SystemHardware::fake(HardwareBuilder::from_counts(
[INFO] [stdout]     |                                       ^^^^ associated function or constant not found in `many_cpus::SystemHardware`
[INFO] [stdout] 
[INFO] [stdout] 
[INFO] [stdout] Some errors have detailed explanations: E0432, E0433, E0599.
[INFO] [stdout] 
[INFO] [stdout] For more information about an error, try `rustc --explain E0432`.
[INFO] [stdout] 
[INFO] [stderr] error: could not compile `vicinal` (lib test) due to 32 previous errors
[INFO] running `Command { std: "docker" "inspect" "b9a0041ef7551c1d84910e1d7cf2b8ab3fba301e49c237e9fefe244de8aa1e05", kill_on_drop: false }`
[INFO] running `Command { std: "docker" "rm" "-f" "b9a0041ef7551c1d84910e1d7cf2b8ab3fba301e49c237e9fefe244de8aa1e05", kill_on_drop: false }`
[INFO] [stdout] b9a0041ef7551c1d84910e1d7cf2b8ab3fba301e49c237e9fefe244de8aa1e05
