[INFO] fetching crate vetis-tokio 0.1.2-beta.7...
[INFO] testing vetis-tokio-0.1.2-beta.7 against 1.100.0-beta.1+cargoflags=--release for beta-release-1.100-2
[INFO] extracting crate vetis-tokio 0.1.2-beta.7 into /workspace/builds/worker-1-tc2/source
[INFO] removed /workspace/builds/worker-1-tc2/source/.cargo/config.toml
[INFO] started tweaking crates.io crate vetis-tokio 0.1.2-beta.7
[INFO] removed 0 missing tests
[INFO] finished tweaking crates.io crate vetis-tokio 0.1.2-beta.7
[INFO] tweaked toml for crates.io crate vetis-tokio 0.1.2-beta.7 written to /workspace/builds/worker-1-tc2/source/Cargo.toml
[INFO] validating manifest of crates.io crate vetis-tokio 0.1.2-beta.7 on toolchain 1.100.0-beta.1
[INFO] running `Command { std: CARGO_HOME="/workspace/cargo-home" RUSTUP_HOME="/workspace/rustup-home" "/workspace/cargo-home/bin/cargo" "+1.100.0-beta.1" "metadata" "--manifest-path" "Cargo.toml" "--no-deps", kill_on_drop: false }`
[INFO] crate crates.io crate vetis-tokio 0.1.2-beta.7 already has a lockfile, it will not be regenerated
[INFO] running `Command { std: CARGO_HOME="/workspace/cargo-home" RUSTUP_HOME="/workspace/rustup-home" "/workspace/cargo-home/bin/cargo" "+1.100.0-beta.1" "fetch" "--manifest-path" "Cargo.toml", kill_on_drop: false }`
[INFO] running `Command { std: "docker" "create" "-v" "/var/lib/crater-agent-workspace/builds/worker-1-tc2/source:/opt/rustwide/workdir:ro,Z" "-v" "/var/lib/crater-agent-workspace/builds/worker-1-tc2/target:/opt/rustwide/target:rw,Z" "-v" "/var/lib/crater-agent-workspace/cargo-home:/opt/rustwide/cargo-home:ro,Z" "-v" "/var/lib/crater-agent-workspace/rustup-home:/opt/rustwide/rustup-home:ro,Z" "-m" "1610612736" "--network" "none" "ghcr.io/rust-lang/crates-build-env/linux@sha256:77db811e55d90add9212f6832c23229e3de5f1c1f9905e8cb07319ea15df73ac" "sleep" "infinity", kill_on_drop: false }`
[INFO] [stdout] e4e130ea66b3eedc402e659d8fca539eded34aa5567b75d979fe86b561ba870c
[INFO] running `Command { std: "docker" "start" "e4e130ea66b3eedc402e659d8fca539eded34aa5567b75d979fe86b561ba870c", kill_on_drop: false }`
[INFO] running `Command { std: "docker" "inspect" "e4e130ea66b3eedc402e659d8fca539eded34aa5567b75d979fe86b561ba870c", kill_on_drop: false }`
[INFO] running `Command { std: "docker" "exec" "-e" "SOURCE_DIR=/opt/rustwide/workdir" "-e" "CARGO_HOME=/opt/rustwide/cargo-home" "-e" "RUSTUP_HOME=/opt/rustwide/rustup-home" "-e" "CARGO_TARGET_DIR=/opt/rustwide/target" "-w" "/opt/rustwide/workdir" "--user" "0:0" "e4e130ea66b3eedc402e659d8fca539eded34aa5567b75d979fe86b561ba870c" "/opt/rustwide/cargo-home/bin/cargo" "+1.100.0-beta.1" "metadata" "--no-deps" "--format-version=1", kill_on_drop: false }`
[INFO] running `Command { std: "docker" "inspect" "e4e130ea66b3eedc402e659d8fca539eded34aa5567b75d979fe86b561ba870c", kill_on_drop: false }`
[INFO] running `Command { std: "docker" "exec" "-e" "SOURCE_DIR=/opt/rustwide/workdir" "-e" "CARGO_HOME=/opt/rustwide/cargo-home" "-e" "RUSTUP_HOME=/opt/rustwide/rustup-home" "-e" "CARGO_TARGET_DIR=/opt/rustwide/target" "-e" "CARGO_INCREMENTAL=0" "-e" "RUST_BACKTRACE=full" "-e" "RUSTFLAGS=--cap-lints=warn" "-e" "RUSTDOCFLAGS=--cap-lints=warn" "-w" "/opt/rustwide/workdir" "--user" "0:0" "e4e130ea66b3eedc402e659d8fca539eded34aa5567b75d979fe86b561ba870c" "/opt/rustwide/cargo-home/bin/cargo" "+1.100.0-beta.1" "build" "--frozen" "--message-format=json" "--release", kill_on_drop: false }`
[INFO] [stderr]    Compiling libc v0.2.190
[INFO] [stderr]    Compiling futures-channel v0.3.34
[INFO] [stderr]    Compiling futures-io v0.3.34
[INFO] [stderr]    Compiling aws-lc-rs v1.18.2
[INFO] [stderr]    Compiling rustls v0.23.46
[INFO] [stderr]    Compiling hashbrown v0.15.5
[INFO] [stderr]    Compiling getrandom v0.4.3
[INFO] [stderr]    Compiling chacha20 v0.10.2
[INFO] [stderr]    Compiling quinn-udp v0.5.16
[INFO] [stderr]    Compiling syn v2.0.119
[INFO] [stderr]    Compiling quinn v0.11.12
[INFO] [stderr]    Compiling tokio-macros v2.7.2
[INFO] [stderr]    Compiling serde_derive v1.0.229
[INFO] [stderr]    Compiling rand_pcg v0.10.2
[INFO] [stderr]    Compiling lru-slab v0.1.3
[INFO] [stderr]    Compiling tinyvec v1.13.3
[INFO] [stderr]    Compiling crossbeam-utils v0.8.23
[INFO] [stderr]    Compiling erased-serde v0.4.10
[INFO] [stderr]    Compiling typeid v1.0.3
[INFO] [stderr]    Compiling typetag v0.2.23
[INFO] [stderr]    Compiling typetag-impl v0.2.23
[INFO] [stderr]    Compiling time-core v0.1.9
[INFO] [stderr]    Compiling inventory v0.3.25
[INFO] [stderr]    Compiling num-conv v0.2.2
[INFO] [stderr]    Compiling powerfmt v0.2.1
[INFO] [stderr]    Compiling deranged v0.5.9
[INFO] [stderr]    Compiling pointers v0.2.1
[INFO] [stderr]    Compiling logforth-core v0.4.0
[INFO] [stderr]    Compiling patricia_tree v0.10.2
[INFO] [stderr]    Compiling futures-util v0.3.34
[INFO] [stderr]    Compiling time v0.3.55
[INFO] [stderr]    Compiling jobserver v0.1.35
[INFO] [stderr]    Compiling errno v0.3.14
[INFO] [stderr]    Compiling socket2 v0.6.5
[INFO] [stderr]    Compiling mio v1.2.4
[INFO] [stderr]    Compiling parking_lot_core v0.9.12
[INFO] [stderr]    Compiling seize v0.5.1
[INFO] [stderr]    Compiling cc v1.8.0
[INFO] [stderr]    Compiling signal-hook-registry v1.4.8
[INFO] [stderr]    Compiling rand v0.10.3
[INFO] [stderr]    Compiling parking_lot v0.12.5
[INFO] [stderr]    Compiling papaya v0.2.5
[INFO] [stderr]    Compiling tokio v1.53.3
[INFO] [stderr]    Compiling cmake v0.1.58
[INFO] [stderr]    Compiling futures-executor v0.3.34
[INFO] [stderr]    Compiling async-fn-stream v0.3.2
[INFO] [stderr]    Compiling peekable v0.6.2
[INFO] [stderr]    Compiling futures v0.3.34
[INFO] [stderr]    Compiling aws-lc-sys v0.46.0
[INFO] [stderr]    Compiling serde v1.0.229
[INFO] [stderr]    Compiling arcstr v1.2.0
[INFO] [stderr]    Compiling http-serde-ext v1.0.2
[INFO] [stderr]    Compiling tracing-attributes v0.1.31
[INFO] [stderr]    Compiling tracing v0.1.44
[INFO] [stderr]    Compiling tokio-util v0.7.20
[INFO] [stderr]    Compiling h3 v0.0.8
[INFO] [stderr]    Compiling crossfire v3.1.20
[INFO] [stderr]    Compiling h2 v0.4.20
[INFO] [stderr]    Compiling h3-datagram v0.0.2
[INFO] [stderr]    Compiling h3-webtransport v0.1.2
[INFO] [stderr]    Compiling hyper v1.12.0
[INFO] [stderr]    Compiling hyper-util v0.1.21
[INFO] [stderr]    Compiling rustls-webpki v0.103.15
[INFO] [stderr]    Compiling quinn-proto v0.11.19
[INFO] [stderr]    Compiling tokio-rustls v0.26.6
[INFO] [stderr]    Compiling futures-rustls v0.26.0
[INFO] [stderr]    Compiling h3-quinn v0.0.10
[INFO] [stderr]    Compiling hyper-body-utils v0.1.18
[INFO] [stderr]    Compiling vetis v0.1.7-beta.6
[INFO] [stderr]    Compiling vetis-tokio v0.1.2-beta.7 (/opt/rustwide/workdir)
[INFO] [stderr] warning: unused dependency `futures-rustls`
[INFO] [stderr]  --> Cargo.toml:8:15
[INFO] [stderr]   |
[INFO] [stderr] 8 | [dependencies.futures-rustls]
[INFO] [stderr]   |               ^^^^^^^^^^^^^^^
[INFO] [stderr]   |
[INFO] [stderr]   = note: `cargo::unused_dependencies` is set to `warn` by default
[INFO] [stderr] help: consider removing the dependency on `futures-rustls`
[INFO] [stderr] warning: unused dependency `h3-webtransport`
[INFO] [stderr]   --> Cargo.toml:26:15
[INFO] [stderr]    |
[INFO] [stderr] 26 | [dependencies.h3-webtransport]
[INFO] [stderr]    |               ^^^^^^^^^^^^^^^^
[INFO] [stderr]    |
[INFO] [stderr] help: consider removing the dependency on `h3-webtransport`
[INFO] [stderr] warning: unused dependency `peekable`
[INFO] [stderr]   --> Cargo.toml:57:15
[INFO] [stderr]    |
[INFO] [stderr] 57 | [dependencies.peekable]
[INFO] [stderr]    |               ^^^^^^^^^
[INFO] [stderr]    |
[INFO] [stderr] help: consider removing the dependency on `peekable`
[INFO] [stderr] warning: `vetis-tokio` (manifest) generated 3 warnings
[INFO] [stderr]     Finished `release` profile [optimized] target(s) in 1m 49s
[INFO] running `Command { std: "docker" "inspect" "e4e130ea66b3eedc402e659d8fca539eded34aa5567b75d979fe86b561ba870c", kill_on_drop: false }`
[INFO] running `Command { std: "docker" "exec" "-e" "SOURCE_DIR=/opt/rustwide/workdir" "-e" "CARGO_HOME=/opt/rustwide/cargo-home" "-e" "RUSTUP_HOME=/opt/rustwide/rustup-home" "-e" "CARGO_TARGET_DIR=/opt/rustwide/target" "-e" "CARGO_INCREMENTAL=0" "-e" "RUST_BACKTRACE=full" "-e" "RUSTFLAGS=--cap-lints=warn" "-e" "RUSTDOCFLAGS=--cap-lints=warn" "-w" "/opt/rustwide/workdir" "--user" "0:0" "e4e130ea66b3eedc402e659d8fca539eded34aa5567b75d979fe86b561ba870c" "/opt/rustwide/cargo-home/bin/cargo" "+1.100.0-beta.1" "test" "--frozen" "--no-run" "--message-format=json" "--release", kill_on_drop: false }`
[INFO] [stderr]    Compiling vetis-tokio v0.1.2-beta.7 (/opt/rustwide/workdir)
[INFO] [stdout] error[E0433]: cannot find module or crate `deboa` in this scope
[INFO] [stdout]  --> src/tests/paths/handler.rs:8:5
[INFO] [stdout]   |
[INFO] [stdout] 8 | use deboa::{
[INFO] [stdout]   |     ^^^^^ use of unresolved module or unlinked crate `deboa`
[INFO] [stdout]   |
[INFO] [stdout]   = help: if you wanted to use a crate named `deboa`, use `cargo add deboa` to add it to your `Cargo.toml`
[INFO] [stdout] 
[INFO] [stdout] 
[INFO] [stdout] error[E0432]: unresolved import `deboa`
[INFO] [stdout]  --> src/tests/paths/handler.rs:8:5
[INFO] [stdout]   |
[INFO] [stdout] 8 | use deboa::{
[INFO] [stdout]   |     ^^^^^ use of unresolved module or unlinked crate `deboa`
[INFO] [stdout]   |
[INFO] [stdout]   = help: if you wanted to use a crate named `deboa`, use `cargo add deboa` to add it to your `Cargo.toml`
[INFO] [stdout] 
[INFO] [stdout] 
[INFO] [stdout] error[E0433]: cannot find module or crate `deboa_tokio` in this scope
[INFO] [stdout]   --> src/tests/paths/handler.rs:12:5
[INFO] [stdout]    |
[INFO] [stdout] 12 | use deboa_tokio::{Client, cert::DeboaCertificate};
[INFO] [stdout]    |     ^^^^^^^^^^^ use of unresolved module or unlinked crate `deboa_tokio`
[INFO] [stdout]    |
[INFO] [stdout]    = help: if you wanted to use a crate named `deboa_tokio`, use `cargo add deboa_tokio` to add it to your `Cargo.toml`
[INFO] [stdout] 
[INFO] [stdout] 
[INFO] [stdout] error[E0433]: cannot find module or crate `deboa` in this scope
[INFO] [stdout]   --> src/tests/server.rs:10:5
[INFO] [stdout]    |
[INFO] [stdout] 10 | use deboa::cert::{CertificateExt, ContentEncoding};
[INFO] [stdout]    |     ^^^^^ use of unresolved module or unlinked crate `deboa`
[INFO] [stdout]    |
[INFO] [stdout]    = help: if you wanted to use a crate named `deboa`, use `cargo add deboa` to add it to your `Cargo.toml`
[INFO] [stdout] 
[INFO] [stdout] 
[INFO] [stdout] error[E0432]: unresolved import `deboa_tokio`
[INFO] [stdout]   --> src/tests/paths/handler.rs:12:5
[INFO] [stdout]    |
[INFO] [stdout] 12 | use deboa_tokio::{Client, cert::DeboaCertificate};
[INFO] [stdout]    |     ^^^^^^^^^^^ use of unresolved module or unlinked crate `deboa_tokio`
[INFO] [stdout]    |
[INFO] [stdout]    = help: if you wanted to use a crate named `deboa_tokio`, use `cargo add deboa_tokio` to add it to your `Cargo.toml`
[INFO] [stdout] 
[INFO] [stdout] 
[INFO] [stdout] error[E0433]: cannot find module or crate `deboa_tokio` in this scope
[INFO] [stdout]   --> src/tests/server.rs:11:5
[INFO] [stdout]    |
[INFO] [stdout] 11 | use deboa_tokio::{Client, cert::DeboaCertificate};
[INFO] [stdout]    |     ^^^^^^^^^^^ use of unresolved module or unlinked crate `deboa_tokio`
[INFO] [stdout]    |
[INFO] [stdout]    = help: if you wanted to use a crate named `deboa_tokio`, use `cargo add deboa_tokio` to add it to your `Cargo.toml`
[INFO] [stdout] 
[INFO] [stdout] 
[INFO] [stdout] error[E0432]: unresolved import `deboa_tokio`
[INFO] [stdout]   --> src/tests/server.rs:11:5
[INFO] [stdout]    |
[INFO] [stdout] 11 | use deboa_tokio::{Client, cert::DeboaCertificate};
[INFO] [stdout]    |     ^^^^^^^^^^^ use of unresolved module or unlinked crate `deboa_tokio`
[INFO] [stdout]    |
[INFO] [stdout]    = help: if you wanted to use a crate named `deboa_tokio`, use `cargo add deboa_tokio` to add it to your `Cargo.toml`
[INFO] [stdout] 
[INFO] [stdout] 
[INFO] [stdout] error[E0433]: cannot find module or crate `deboa` in this scope
[INFO] [stdout]   --> src/tests/server.rs:53:20
[INFO] [stdout]    |
[INFO] [stdout] 53 |     let response = deboa::request::get("https://localhost:55000/hello")?
[INFO] [stdout]    |                    ^^^^^ use of unresolved module or unlinked crate `deboa`
[INFO] [stdout]    |
[INFO] [stdout]    = help: if you wanted to use a crate named `deboa`, use `cargo add deboa` to add it to your `Cargo.toml`
[INFO] [stdout] 
[INFO] [stdout] 
[INFO] [stdout] error[E0433]: cannot find module or crate `deboa` in this scope
[INFO] [stdout]    --> src/tests/server.rs:100:20
[INFO] [stdout]     |
[INFO] [stdout] 100 |     let response = deboa::request::get("http://localhost:55002/hello")?
[INFO] [stdout]     |                    ^^^^^ use of unresolved module or unlinked crate `deboa`
[INFO] [stdout]     |
[INFO] [stdout]     = help: if you wanted to use a crate named `deboa`, use `cargo add deboa` to add it to your `Cargo.toml`
[INFO] [stdout] 
[INFO] [stdout] 
[INFO] [stdout] error[E0433]: cannot find module or crate `deboa` in this scope
[INFO] [stdout]    --> src/tests/server.rs:200:19
[INFO] [stdout]     |
[INFO] [stdout] 200 |     let request = deboa::request::get("https://localhost:65000/hello")?
[INFO] [stdout]     |                   ^^^^^ use of unresolved module or unlinked crate `deboa`
[INFO] [stdout]     |
[INFO] [stdout]     = help: if you wanted to use a crate named `deboa`, use `cargo add deboa` to add it to your `Cargo.toml`
[INFO] [stdout] 
[INFO] [stdout] 
[INFO] [stdout] error[E0433]: cannot find module or crate `deboa` in this scope
[INFO] [stdout]    --> src/tests/server.rs:225:19
[INFO] [stdout]     |
[INFO] [stdout] 225 |     let request = deboa::request::get(format!("https://{}:65001/hello", host))?
[INFO] [stdout]     |                   ^^^^^ use of unresolved module or unlinked crate `deboa`
[INFO] [stdout]     |
[INFO] [stdout]     = help: if you wanted to use a crate named `deboa`, use `cargo add deboa` to add it to your `Cargo.toml`
[INFO] [stdout] 
[INFO] [stdout] 
[INFO] [stdout] warning: method call on a diverging inference variable
[INFO] [stdout]   --> src/tests/paths/handler.rs:75:24
[INFO] [stdout]    |
[INFO] [stdout] 75 |     assert_eq!(request.status(), StatusCode::OK);
[INFO] [stdout]    |                        ^^^^^^
[INFO] [stdout]    |
[INFO] [stdout]    = help: consider providing a type annotation
[INFO] [stdout]    = warning: this was previously accepted by the compiler but is being phased out; it will become a hard error in a future release!
[INFO] [stdout]    = note: for more information, see issue #156047 <https://github.com/rust-lang/rust/issues/156047>
[INFO] [stdout]    = note: `#[warn(method_call_on_diverging_infer_var)]` (part of `#[warn(future_incompatible)]`) on by default
[INFO] [stdout] 
[INFO] [stdout] 
[INFO] [stdout] error[E0599]: no method named `status` found for type `!` in the current scope
[INFO] [stdout]   --> src/tests/paths/handler.rs:75:24
[INFO] [stdout]    |
[INFO] [stdout] 75 |     assert_eq!(request.status(), StatusCode::OK);
[INFO] [stdout]    |                        ^^^^^^ method not found in `!`
[INFO] [stdout] 
[INFO] [stdout] 
[INFO] [stdout] warning: method call on a diverging inference variable
[INFO] [stdout]    --> src/tests/server.rs:104:25
[INFO] [stdout]     |
[INFO] [stdout] 104 |     assert_eq!(response.status(), StatusCode::OK);
[INFO] [stdout]     |                         ^^^^^^
[INFO] [stdout]     |
[INFO] [stdout]     = help: consider providing a type annotation
[INFO] [stdout]     = warning: this was previously accepted by the compiler but is being phased out; it will become a hard error in a future release!
[INFO] [stdout]     = note: for more information, see issue #156047 <https://github.com/rust-lang/rust/issues/156047>
[INFO] [stdout] 
[INFO] [stdout] 
[INFO] [stdout] error[E0599]: no method named `status` found for type `!` in the current scope
[INFO] [stdout]    --> src/tests/server.rs:104:25
[INFO] [stdout]     |
[INFO] [stdout] 104 |     assert_eq!(response.status(), StatusCode::OK);
[INFO] [stdout]     |                         ^^^^^^ method not found in `!`
[INFO] [stdout] 
[INFO] [stdout] 
[INFO] [stdout] warning: method call on a diverging inference variable
[INFO] [stdout]    --> src/tests/server.rs:205:24
[INFO] [stdout]     |
[INFO] [stdout] 205 |     assert_eq!(request.status(), StatusCode::OK);
[INFO] [stdout]     |                        ^^^^^^
[INFO] [stdout]     |
[INFO] [stdout]     = help: consider providing a type annotation
[INFO] [stdout]     = warning: this was previously accepted by the compiler but is being phased out; it will become a hard error in a future release!
[INFO] [stdout]     = note: for more information, see issue #156047 <https://github.com/rust-lang/rust/issues/156047>
[INFO] [stdout] 
[INFO] [stdout] 
[INFO] [stdout] error[E0599]: no method named `status` found for type `!` in the current scope
[INFO] [stdout]    --> src/tests/server.rs:205:24
[INFO] [stdout]     |
[INFO] [stdout] 205 |     assert_eq!(request.status(), StatusCode::OK);
[INFO] [stdout]     |                        ^^^^^^ method not found in `!`
[INFO] [stdout] 
[INFO] [stdout] 
[INFO] [stdout] error[E0599]: no method named `text` found for type `!` in the current scope
[INFO] [stdout]    --> src/tests/server.rs:208:14
[INFO] [stdout]     |
[INFO] [stdout] 207 |         request
[INFO] [stdout] 208 |             .text()
[INFO] [stdout]     |              ^^^^ method not found in `!`
[INFO] [stdout] 
[INFO] [stdout] 
[INFO] [stdout] warning: method call on a diverging inference variable
[INFO] [stdout]    --> src/tests/server.rs:230:24
[INFO] [stdout]     |
[INFO] [stdout] 230 |     assert_eq!(request.status(), StatusCode::OK);
[INFO] [stdout]     |                        ^^^^^^
[INFO] [stdout]     |
[INFO] [stdout]     = help: consider providing a type annotation
[INFO] [stdout]     = warning: this was previously accepted by the compiler but is being phased out; it will become a hard error in a future release!
[INFO] [stdout]     = note: for more information, see issue #156047 <https://github.com/rust-lang/rust/issues/156047>
[INFO] [stdout] 
[INFO] [stdout] 
[INFO] [stdout] error[E0599]: no method named `status` found for type `!` in the current scope
[INFO] [stdout]    --> src/tests/server.rs:230:24
[INFO] [stdout]     |
[INFO] [stdout] 230 |     assert_eq!(request.status(), StatusCode::OK);
[INFO] [stdout]     |                        ^^^^^^ method not found in `!`
[INFO] [stdout] 
[INFO] [stdout] 
[INFO] [stdout] error[E0599]: no method named `text` found for type `!` in the current scope
[INFO] [stdout]    --> src/tests/server.rs:233:14
[INFO] [stdout]     |
[INFO] [stdout] 232 |         request
[INFO] [stdout] 233 |             .text()
[INFO] [stdout]     |              ^^^^ method not found in `!`
[INFO] [stdout] 
[INFO] [stdout] 
[INFO] [stdout] Some errors have detailed explanations: E0432, E0433, E0599.
[INFO] [stdout] 
[INFO] [stdout] For more information about an error, try `rustc --explain E0432`.
[INFO] [stdout] 
[INFO] [stderr] error: could not compile `vetis-tokio` (lib test) due to 17 previous errors; 8 warnings emitted
[INFO] [stderr] warning: unused dependency `futures-rustls`
[INFO] [stderr]  --> Cargo.toml:8:15
[INFO] [stderr]   |
[INFO] [stderr] 8 | [dependencies.futures-rustls]
[INFO] [stderr]   |               ^^^^^^^^^^^^^^^
[INFO] [stderr]   |
[INFO] [stderr]   = note: `cargo::unused_dependencies` is set to `warn` by default
[INFO] [stderr] help: consider removing the dependency on `futures-rustls`
[INFO] [stderr] warning: unused dependency `h3-webtransport`
[INFO] [stderr]   --> Cargo.toml:26:15
[INFO] [stderr]    |
[INFO] [stderr] 26 | [dependencies.h3-webtransport]
[INFO] [stderr]    |               ^^^^^^^^^^^^^^^^
[INFO] [stderr]    |
[INFO] [stderr] help: consider removing the dependency on `h3-webtransport`
[INFO] [stderr] warning: unused dependency `peekable`
[INFO] [stderr]   --> Cargo.toml:57:15
[INFO] [stderr]    |
[INFO] [stderr] 57 | [dependencies.peekable]
[INFO] [stderr]    |               ^^^^^^^^^
[INFO] [stderr]    |
[INFO] [stderr] help: consider removing the dependency on `peekable`
[INFO] [stderr] warning: `vetis-tokio` (manifest) generated 3 warnings
[INFO] running `Command { std: "docker" "inspect" "e4e130ea66b3eedc402e659d8fca539eded34aa5567b75d979fe86b561ba870c", kill_on_drop: false }`
[INFO] running `Command { std: "docker" "rm" "-f" "e4e130ea66b3eedc402e659d8fca539eded34aa5567b75d979fe86b561ba870c", kill_on_drop: false }`
[INFO] [stdout] e4e130ea66b3eedc402e659d8fca539eded34aa5567b75d979fe86b561ba870c
