[INFO] fetching crate vetis-smol 0.1.2-beta.2...
[INFO] testing vetis-smol-0.1.2-beta.2 against 1.100.0-beta.1+cargoflags=--release for beta-release-1.100-2
[INFO] extracting crate vetis-smol 0.1.2-beta.2 into /workspace/builds/worker-4-tc2/source
[INFO] removed /workspace/builds/worker-4-tc2/source/.cargo/config.toml
[INFO] started tweaking crates.io crate vetis-smol 0.1.2-beta.2
[INFO] removed 0 missing tests
[INFO] finished tweaking crates.io crate vetis-smol 0.1.2-beta.2
[INFO] tweaked toml for crates.io crate vetis-smol 0.1.2-beta.2 written to /workspace/builds/worker-4-tc2/source/Cargo.toml
[INFO] validating manifest of crates.io crate vetis-smol 0.1.2-beta.2 on toolchain 1.100.0-beta.1
[INFO] running `Command { std: CARGO_HOME="/workspace/cargo-home" RUSTUP_HOME="/workspace/rustup-home" "/workspace/cargo-home/bin/cargo" "+1.100.0-beta.1" "metadata" "--manifest-path" "Cargo.toml" "--no-deps", kill_on_drop: false }`
[INFO] crate crates.io crate vetis-smol 0.1.2-beta.2 already has a lockfile, it will not be regenerated
[INFO] running `Command { std: CARGO_HOME="/workspace/cargo-home" RUSTUP_HOME="/workspace/rustup-home" "/workspace/cargo-home/bin/cargo" "+1.100.0-beta.1" "fetch" "--manifest-path" "Cargo.toml", kill_on_drop: false }`
[INFO] running `Command { std: "docker" "create" "-v" "/var/lib/crater-agent-workspace/builds/worker-4-tc2/source:/opt/rustwide/workdir:ro,Z" "-v" "/var/lib/crater-agent-workspace/builds/worker-4-tc2/target:/opt/rustwide/target:rw,Z" "-v" "/var/lib/crater-agent-workspace/cargo-home:/opt/rustwide/cargo-home:ro,Z" "-v" "/var/lib/crater-agent-workspace/rustup-home:/opt/rustwide/rustup-home:ro,Z" "-m" "1610612736" "--network" "none" "ghcr.io/rust-lang/crates-build-env/linux@sha256:77db811e55d90add9212f6832c23229e3de5f1c1f9905e8cb07319ea15df73ac" "sleep" "infinity", kill_on_drop: false }`
[INFO] [stdout] c2be35a49ec6e762293046ef8e09df968066a0cde455b51aa979b38da55d12a2
[INFO] running `Command { std: "docker" "start" "c2be35a49ec6e762293046ef8e09df968066a0cde455b51aa979b38da55d12a2", kill_on_drop: false }`
[INFO] running `Command { std: "docker" "inspect" "c2be35a49ec6e762293046ef8e09df968066a0cde455b51aa979b38da55d12a2", kill_on_drop: false }`
[INFO] running `Command { std: "docker" "exec" "-e" "SOURCE_DIR=/opt/rustwide/workdir" "-e" "CARGO_HOME=/opt/rustwide/cargo-home" "-e" "RUSTUP_HOME=/opt/rustwide/rustup-home" "-e" "CARGO_TARGET_DIR=/opt/rustwide/target" "-w" "/opt/rustwide/workdir" "--user" "0:0" "c2be35a49ec6e762293046ef8e09df968066a0cde455b51aa979b38da55d12a2" "/opt/rustwide/cargo-home/bin/cargo" "+1.100.0-beta.1" "metadata" "--no-deps" "--format-version=1", kill_on_drop: false }`
[INFO] running `Command { std: "docker" "inspect" "c2be35a49ec6e762293046ef8e09df968066a0cde455b51aa979b38da55d12a2", kill_on_drop: false }`
[INFO] running `Command { std: "docker" "exec" "-e" "SOURCE_DIR=/opt/rustwide/workdir" "-e" "CARGO_HOME=/opt/rustwide/cargo-home" "-e" "RUSTUP_HOME=/opt/rustwide/rustup-home" "-e" "CARGO_TARGET_DIR=/opt/rustwide/target" "-e" "CARGO_INCREMENTAL=0" "-e" "RUST_BACKTRACE=full" "-e" "RUSTFLAGS=--cap-lints=warn" "-e" "RUSTDOCFLAGS=--cap-lints=warn" "-w" "/opt/rustwide/workdir" "--user" "0:0" "c2be35a49ec6e762293046ef8e09df968066a0cde455b51aa979b38da55d12a2" "/opt/rustwide/cargo-home/bin/cargo" "+1.100.0-beta.1" "build" "--frozen" "--message-format=json" "--release", kill_on_drop: false }`
[INFO] [stderr]    Compiling libc v0.2.190
[INFO] [stderr]    Compiling futures-io v0.3.34
[INFO] [stderr]    Compiling rustix v1.1.5
[INFO] [stderr]    Compiling event-listener v5.4.2
[INFO] [stderr]    Compiling linux-raw-sys v0.12.1
[INFO] [stderr]    Compiling dunce v1.0.5
[INFO] [stderr]    Compiling pkg-config v0.3.34
[INFO] [stderr]    Compiling fs_extra v1.3.0
[INFO] [stderr]    Compiling async-io v2.6.0
[INFO] [stderr]    Compiling futures-channel v0.3.34
[INFO] [stderr]    Compiling aws-lc-rs v1.18.2
[INFO] [stderr]    Compiling concurrent-queue v2.5.0
[INFO] [stderr]    Compiling tokio v1.53.2
[INFO] [stderr]    Compiling syn v3.0.9
[INFO] [stderr]    Compiling zeroize v1.9.1
[INFO] [stderr]    Compiling smallvec v1.16.3
[INFO] [stderr]    Compiling cfg_aliases v0.2.2
[INFO] [stderr]    Compiling rustls v0.23.46
[INFO] [stderr]    Compiling indexmap v2.14.2
[INFO] [stderr]    Compiling futures-lite v2.6.1
[INFO] [stderr]    Compiling piper v0.2.5
[INFO] [stderr]    Compiling rustls-pki-types v1.15.1
[INFO] [stderr]    Compiling event-listener-strategy v0.5.4
[INFO] [stderr]    Compiling quinn-udp v0.5.16
[INFO] [stderr]    Compiling http-body v1.1.0
[INFO] [stderr]    Compiling async-channel v2.5.0
[INFO] [stderr]    Compiling async-lock v3.4.2
[INFO] [stderr]    Compiling rand_pcg v0.10.2
[INFO] [stderr]    Compiling quinn v0.11.12
[INFO] [stderr]    Compiling value-bag v1.14.1
[INFO] [stderr]    Compiling typeid v1.0.3
[INFO] [stderr]    Compiling tinyvec v1.13.3
[INFO] [stderr]    Compiling lru-slab v0.1.3
[INFO] [stderr]    Compiling rustc-hash v2.1.3
[INFO] [stderr]    Compiling scopeguard v1.2.0
[INFO] [stderr]    Compiling lock_api v0.4.14
[INFO] [stderr]    Compiling erased-serde v0.4.10
[INFO] [stderr]    Compiling anyhow v1.0.104
[INFO] [stderr]    Compiling async-channel v1.9.0
[INFO] [stderr]    Compiling log v0.4.34
[INFO] [stderr]    Compiling pin-utils v0.1.1
[INFO] [stderr]    Compiling typetag v0.2.23
[INFO] [stderr]    Compiling http-body-util v0.1.5
[INFO] [stderr]    Compiling kv-log-macro v1.0.7
[INFO] [stderr]    Compiling pointers v0.2.1
[INFO] [stderr]    Compiling time-core v0.1.9
[INFO] [stderr]    Compiling inventory v0.3.25
[INFO] [stderr]    Compiling local-event v0.1.3
[INFO] [stderr]    Compiling patricia_tree v0.10.2
[INFO] [stderr]    Compiling logforth-core v0.4.0
[INFO] [stderr]    Compiling time v0.3.55
[INFO] [stderr]    Compiling blocking v1.7.0
[INFO] [stderr]    Compiling async-executor v1.14.0
[INFO] [stderr]    Compiling jobserver v0.1.35
[INFO] [stderr]    Compiling async-fs v2.2.0
[INFO] [stderr]    Compiling cc v1.8.0
[INFO] [stderr]    Compiling errno v0.3.14
[INFO] [stderr]    Compiling getrandom v0.4.3
[INFO] [stderr]    Compiling socket2 v0.6.5
[INFO] [stderr]    Compiling parking_lot_core v0.9.12
[INFO] [stderr]    Compiling seize v0.5.1
[INFO] [stderr]    Compiling signal-hook-registry v1.4.8
[INFO] [stderr]    Compiling rand v0.10.3
[INFO] [stderr]    Compiling parking_lot v0.12.5
[INFO] [stderr]    Compiling papaya v0.2.5
[INFO] [stderr]    Compiling tokio-util v0.7.20
[INFO] [stderr]    Compiling cmake v0.1.58
[INFO] [stderr]    Compiling h2 v0.4.20
[INFO] [stderr]    Compiling aws-lc-sys v0.46.0
[INFO] [stderr]    Compiling futures-macro v0.3.34
[INFO] [stderr]    Compiling thiserror-impl v2.0.21
[INFO] [stderr]    Compiling serde_derive v1.0.229
[INFO] [stderr]    Compiling typetag-impl v0.2.23
[INFO] [stderr]    Compiling futures-util v0.3.34
[INFO] [stderr]    Compiling thiserror v2.0.21
[INFO] [stderr]    Compiling polling v3.11.0
[INFO] [stderr]    Compiling serde v1.0.229
[INFO] [stderr]    Compiling futures-executor v0.3.34
[INFO] [stderr]    Compiling hyper v1.12.0
[INFO] [stderr]    Compiling futures v0.3.34
[INFO] [stderr]    Compiling h3 v0.0.8
[INFO] [stderr]    Compiling async-signal v0.2.14
[INFO] [stderr]    Compiling async-process v2.5.0
[INFO] [stderr]    Compiling async-net v2.0.0
[INFO] [stderr]    Compiling async-global-executor v2.4.1
[INFO] [stderr]    Compiling async-fn-stream v0.3.2
[INFO] [stderr]    Compiling arcstr v1.2.0
[INFO] [stderr]    Compiling http-serde-ext v1.0.2
[INFO] [stderr]    Compiling smol v2.0.2
[INFO] [stderr]    Compiling async-std v1.13.2
[INFO] [stderr]    Compiling smol-macros v0.1.1
[INFO] [stderr]    Compiling see v0.1.2
[INFO] [stderr]    Compiling smol-hyper v0.1.1
[INFO] [stderr]    Compiling hyper-util v0.1.21
[INFO] [stderr]    Compiling crossfire v3.1.20
[INFO] [stderr]    Compiling rustls-webpki v0.103.15
[INFO] [stderr]    Compiling quinn-proto v0.11.19
[INFO] [stderr]    Compiling futures-rustls v0.26.0
[INFO] [stderr]    Compiling h3-quinn v0.0.10
[INFO] [stderr]    Compiling hyper-body-utils v0.1.18
[INFO] [stderr]    Compiling vetis v0.1.7-beta.6
[INFO] [stderr]    Compiling vetis-smol v0.1.2-beta.2 (/opt/rustwide/workdir)
[INFO] [stderr] warning: unused dependency `smol-macros`
[INFO] [stderr]   --> Cargo.toml:82:15
[INFO] [stderr]    |
[INFO] [stderr] 82 | [dependencies.smol-macros]
[INFO] [stderr]    |               ^^^^^^^^^^^^
[INFO] [stderr]    |
[INFO] [stderr]    = note: `cargo::unused_dependencies` is set to `warn` by default
[INFO] [stderr] help: consider removing the dependency on `smol-macros`
[INFO] [stderr] warning: `vetis-smol` (manifest) generated 1 warning
[INFO] [stderr]     Finished `release` profile [optimized] target(s) in 2m 03s
[INFO] running `Command { std: "docker" "inspect" "c2be35a49ec6e762293046ef8e09df968066a0cde455b51aa979b38da55d12a2", kill_on_drop: false }`
[INFO] running `Command { std: "docker" "exec" "-e" "SOURCE_DIR=/opt/rustwide/workdir" "-e" "CARGO_HOME=/opt/rustwide/cargo-home" "-e" "RUSTUP_HOME=/opt/rustwide/rustup-home" "-e" "CARGO_TARGET_DIR=/opt/rustwide/target" "-e" "CARGO_INCREMENTAL=0" "-e" "RUST_BACKTRACE=full" "-e" "RUSTFLAGS=--cap-lints=warn" "-e" "RUSTDOCFLAGS=--cap-lints=warn" "-w" "/opt/rustwide/workdir" "--user" "0:0" "c2be35a49ec6e762293046ef8e09df968066a0cde455b51aa979b38da55d12a2" "/opt/rustwide/cargo-home/bin/cargo" "+1.100.0-beta.1" "test" "--frozen" "--no-run" "--message-format=json" "--release", kill_on_drop: false }`
[INFO] [stderr]    Compiling vetis-smol v0.1.2-beta.2 (/opt/rustwide/workdir)
[INFO] [stdout] error[E0432]: unresolved import `macro_rules_attribute`
[INFO] [stdout]  --> src/tests/host.rs:6:5
[INFO] [stdout]   |
[INFO] [stdout] 6 | use macro_rules_attribute::apply;
[INFO] [stdout]   |     ^^^^^^^^^^^^^^^^^^^^^ use of unresolved module or unlinked crate `macro_rules_attribute`
[INFO] [stdout]   |
[INFO] [stdout]   = help: if you wanted to use a crate named `macro_rules_attribute`, use `cargo add macro_rules_attribute` to add it to your `Cargo.toml`
[INFO] [stdout] 
[INFO] [stdout] 
[INFO] [stdout] error[E0433]: cannot find module or crate `deboa` in this scope
[INFO] [stdout]  --> src/tests/paths/handler.rs:8:5
[INFO] [stdout]   |
[INFO] [stdout] 8 | use deboa::{
[INFO] [stdout]   |     ^^^^^ use of unresolved module or unlinked crate `deboa`
[INFO] [stdout]   |
[INFO] [stdout]   = help: if you wanted to use a crate named `deboa`, use `cargo add deboa` to add it to your `Cargo.toml`
[INFO] [stdout] 
[INFO] [stdout] 
[INFO] [stdout] error[E0432]: unresolved import `macro_rules_attribute`
[INFO] [stdout]  --> src/tests/lib.rs:9:5
[INFO] [stdout]   |
[INFO] [stdout] 9 | use macro_rules_attribute::apply;
[INFO] [stdout]   |     ^^^^^^^^^^^^^^^^^^^^^ use of unresolved module or unlinked crate `macro_rules_attribute`
[INFO] [stdout]   |
[INFO] [stdout]   = help: if you wanted to use a crate named `macro_rules_attribute`, use `cargo add macro_rules_attribute` to add it to your `Cargo.toml`
[INFO] [stdout] 
[INFO] [stdout] 
[INFO] [stdout] error[E0432]: unresolved import `deboa`
[INFO] [stdout]  --> src/tests/paths/handler.rs:8:5
[INFO] [stdout]   |
[INFO] [stdout] 8 | use deboa::{
[INFO] [stdout]   |     ^^^^^ use of unresolved module or unlinked crate `deboa`
[INFO] [stdout]   |
[INFO] [stdout]   = help: if you wanted to use a crate named `deboa`, use `cargo add deboa` to add it to your `Cargo.toml`
[INFO] [stdout] 
[INFO] [stdout] 
[INFO] [stdout] error[E0433]: cannot find module or crate `deboa_smol` in this scope
[INFO] [stdout]   --> src/tests/paths/handler.rs:12:5
[INFO] [stdout]    |
[INFO] [stdout] 12 | use deboa_smol::{Client, cert::DeboaCertificate};
[INFO] [stdout]    |     ^^^^^^^^^^ use of unresolved module or unlinked crate `deboa_smol`
[INFO] [stdout]    |
[INFO] [stdout]    = help: if you wanted to use a crate named `deboa_smol`, use `cargo add deboa_smol` to add it to your `Cargo.toml`
[INFO] [stdout] 
[INFO] [stdout] 
[INFO] [stdout] error[E0432]: unresolved import `deboa_smol`
[INFO] [stdout]   --> src/tests/paths/handler.rs:12:5
[INFO] [stdout]    |
[INFO] [stdout] 12 | use deboa_smol::{Client, cert::DeboaCertificate};
[INFO] [stdout]    |     ^^^^^^^^^^ use of unresolved module or unlinked crate `deboa_smol`
[INFO] [stdout]    |
[INFO] [stdout]    = help: if you wanted to use a crate named `deboa_smol`, use `cargo add deboa_smol` to add it to your `Cargo.toml`
[INFO] [stdout] 
[INFO] [stdout] 
[INFO] [stdout] error[E0433]: cannot find module or crate `deboa` in this scope
[INFO] [stdout]   --> src/tests/server.rs:10:5
[INFO] [stdout]    |
[INFO] [stdout] 10 | use deboa::cert::{CertificateExt, ContentEncoding};
[INFO] [stdout]    |     ^^^^^ use of unresolved module or unlinked crate `deboa`
[INFO] [stdout]    |
[INFO] [stdout]    = help: if you wanted to use a crate named `deboa`, use `cargo add deboa` to add it to your `Cargo.toml`
[INFO] [stdout] 
[INFO] [stdout] 
[INFO] [stdout] error[E0432]: unresolved import `macro_rules_attribute`
[INFO] [stdout]   --> src/tests/paths/handler.rs:14:5
[INFO] [stdout]    |
[INFO] [stdout] 14 | use macro_rules_attribute::apply;
[INFO] [stdout]    |     ^^^^^^^^^^^^^^^^^^^^^ use of unresolved module or unlinked crate `macro_rules_attribute`
[INFO] [stdout]    |
[INFO] [stdout]    = help: if you wanted to use a crate named `macro_rules_attribute`, use `cargo add macro_rules_attribute` to add it to your `Cargo.toml`
[INFO] [stdout] 
[INFO] [stdout] 
[INFO] [stdout] error[E0433]: cannot find module or crate `deboa_smol` in this scope
[INFO] [stdout]   --> src/tests/server.rs:11:5
[INFO] [stdout]    |
[INFO] [stdout] 11 | use deboa_smol::{Client, cert::DeboaCertificate};
[INFO] [stdout]    |     ^^^^^^^^^^ use of unresolved module or unlinked crate `deboa_smol`
[INFO] [stdout]    |
[INFO] [stdout]    = help: if you wanted to use a crate named `deboa_smol`, use `cargo add deboa_smol` to add it to your `Cargo.toml`
[INFO] [stdout] 
[INFO] [stdout] 
[INFO] [stdout] error[E0432]: unresolved import `deboa_smol`
[INFO] [stdout]   --> src/tests/server.rs:11:5
[INFO] [stdout]    |
[INFO] [stdout] 11 | use deboa_smol::{Client, cert::DeboaCertificate};
[INFO] [stdout]    |     ^^^^^^^^^^ use of unresolved module or unlinked crate `deboa_smol`
[INFO] [stdout]    |
[INFO] [stdout]    = help: if you wanted to use a crate named `deboa_smol`, use `cargo add deboa_smol` to add it to your `Cargo.toml`
[INFO] [stdout] 
[INFO] [stdout] 
[INFO] [stdout] error[E0432]: unresolved import `macro_rules_attribute`
[INFO] [stdout]   --> src/tests/server.rs:13:5
[INFO] [stdout]    |
[INFO] [stdout] 13 | use macro_rules_attribute::apply;
[INFO] [stdout]    |     ^^^^^^^^^^^^^^^^^^^^^ use of unresolved module or unlinked crate `macro_rules_attribute`
[INFO] [stdout]    |
[INFO] [stdout]    = help: if you wanted to use a crate named `macro_rules_attribute`, use `cargo add macro_rules_attribute` to add it to your `Cargo.toml`
[INFO] [stdout] 
[INFO] [stdout] 
[INFO] [stdout] error[E0433]: cannot find module or crate `deboa` in this scope
[INFO] [stdout]   --> src/tests/server.rs:55:20
[INFO] [stdout]    |
[INFO] [stdout] 55 |     let response = deboa::request::get("https://localhost:55000/hello")?
[INFO] [stdout]    |                    ^^^^^ use of unresolved module or unlinked crate `deboa`
[INFO] [stdout]    |
[INFO] [stdout]    = help: if you wanted to use a crate named `deboa`, use `cargo add deboa` to add it to your `Cargo.toml`
[INFO] [stdout] 
[INFO] [stdout] 
[INFO] [stdout] error[E0433]: cannot find module or crate `deboa` in this scope
[INFO] [stdout]    --> src/tests/server.rs:102:20
[INFO] [stdout]     |
[INFO] [stdout] 102 |     let response = deboa::request::get("http://localhost:55002/hello")?
[INFO] [stdout]     |                    ^^^^^ use of unresolved module or unlinked crate `deboa`
[INFO] [stdout]     |
[INFO] [stdout]     = help: if you wanted to use a crate named `deboa`, use `cargo add deboa` to add it to your `Cargo.toml`
[INFO] [stdout] 
[INFO] [stdout] 
[INFO] [stdout] error[E0433]: cannot find module or crate `deboa` in this scope
[INFO] [stdout]    --> src/tests/server.rs:202:19
[INFO] [stdout]     |
[INFO] [stdout] 202 |     let request = deboa::request::get("https://localhost:65000/hello")?
[INFO] [stdout]     |                   ^^^^^ use of unresolved module or unlinked crate `deboa`
[INFO] [stdout]     |
[INFO] [stdout]     = help: if you wanted to use a crate named `deboa`, use `cargo add deboa` to add it to your `Cargo.toml`
[INFO] [stdout] 
[INFO] [stdout] 
[INFO] [stdout] error[E0433]: cannot find module or crate `deboa` in this scope
[INFO] [stdout]    --> src/tests/server.rs:227:19
[INFO] [stdout]     |
[INFO] [stdout] 227 |     let request = deboa::request::get(format!("https://{}:65001/hello", host))?
[INFO] [stdout]     |                   ^^^^^ use of unresolved module or unlinked crate `deboa`
[INFO] [stdout]     |
[INFO] [stdout]     = help: if you wanted to use a crate named `deboa`, use `cargo add deboa` to add it to your `Cargo.toml`
[INFO] [stdout] 
[INFO] [stdout] 
[INFO] [stdout] warning: unused import: `smol_macros::test`
[INFO] [stdout]  --> src/tests/host.rs:7:5
[INFO] [stdout]   |
[INFO] [stdout] 7 | use smol_macros::test;
[INFO] [stdout]   |     ^^^^^^^^^^^^^^^^^
[INFO] [stdout]   |
[INFO] [stdout]   = note: `#[warn(unused_imports)]` (part of `#[warn(unused)]`) on by default
[INFO] [stdout] 
[INFO] [stdout] 
[INFO] [stdout] warning: unused import: `smol_macros::test`
[INFO] [stdout]   --> src/tests/lib.rs:10:5
[INFO] [stdout]    |
[INFO] [stdout] 10 | use smol_macros::test;
[INFO] [stdout]    |     ^^^^^^^^^^^^^^^^^
[INFO] [stdout] 
[INFO] [stdout] 
[INFO] [stdout] warning: unused import: `smol_macros::test`
[INFO] [stdout]   --> src/tests/paths/handler.rs:16:5
[INFO] [stdout]    |
[INFO] [stdout] 16 | use smol_macros::test;
[INFO] [stdout]    |     ^^^^^^^^^^^^^^^^^
[INFO] [stdout] 
[INFO] [stdout] 
[INFO] [stdout] warning: unused import: `smol_macros::test`
[INFO] [stdout]   --> src/tests/server.rs:14:5
[INFO] [stdout]    |
[INFO] [stdout] 14 | use smol_macros::test;
[INFO] [stdout]    |     ^^^^^^^^^^^^^^^^^
[INFO] [stdout] 
[INFO] [stdout] 
[INFO] [stdout] warning: method call on a diverging inference variable
[INFO] [stdout]   --> src/tests/paths/handler.rs:77:24
[INFO] [stdout]    |
[INFO] [stdout] 77 |     assert_eq!(request.status(), StatusCode::OK);
[INFO] [stdout]    |                        ^^^^^^
[INFO] [stdout]    |
[INFO] [stdout]    = help: consider providing a type annotation
[INFO] [stdout]    = warning: this was previously accepted by the compiler but is being phased out; it will become a hard error in a future release!
[INFO] [stdout]    = note: for more information, see issue #156047 <https://github.com/rust-lang/rust/issues/156047>
[INFO] [stdout]    = note: `#[warn(method_call_on_diverging_infer_var)]` (part of `#[warn(future_incompatible)]`) on by default
[INFO] [stdout] 
[INFO] [stdout] 
[INFO] [stdout] error[E0599]: no method named `status` found for type `!` in the current scope
[INFO] [stdout]   --> src/tests/paths/handler.rs:77:24
[INFO] [stdout]    |
[INFO] [stdout] 77 |     assert_eq!(request.status(), StatusCode::OK);
[INFO] [stdout]    |                        ^^^^^^ method not found in `!`
[INFO] [stdout] 
[INFO] [stdout] 
[INFO] [stdout] warning: method call on a diverging inference variable
[INFO] [stdout]    --> src/tests/server.rs:106:25
[INFO] [stdout]     |
[INFO] [stdout] 106 |     assert_eq!(response.status(), StatusCode::OK);
[INFO] [stdout]     |                         ^^^^^^
[INFO] [stdout]     |
[INFO] [stdout]     = help: consider providing a type annotation
[INFO] [stdout]     = warning: this was previously accepted by the compiler but is being phased out; it will become a hard error in a future release!
[INFO] [stdout]     = note: for more information, see issue #156047 <https://github.com/rust-lang/rust/issues/156047>
[INFO] [stdout] 
[INFO] [stdout] 
[INFO] [stdout] error[E0599]: no method named `status` found for type `!` in the current scope
[INFO] [stdout]    --> src/tests/server.rs:106:25
[INFO] [stdout]     |
[INFO] [stdout] 106 |     assert_eq!(response.status(), StatusCode::OK);
[INFO] [stdout]     |                         ^^^^^^ method not found in `!`
[INFO] [stdout] 
[INFO] [stdout] 
[INFO] [stdout] warning: method call on a diverging inference variable
[INFO] [stdout]    --> src/tests/server.rs:207:24
[INFO] [stdout]     |
[INFO] [stdout] 207 |     assert_eq!(request.status(), StatusCode::OK);
[INFO] [stdout]     |                        ^^^^^^
[INFO] [stdout]     |
[INFO] [stdout]     = help: consider providing a type annotation
[INFO] [stdout]     = warning: this was previously accepted by the compiler but is being phased out; it will become a hard error in a future release!
[INFO] [stdout]     = note: for more information, see issue #156047 <https://github.com/rust-lang/rust/issues/156047>
[INFO] [stdout] 
[INFO] [stdout] 
[INFO] [stdout] error[E0599]: no method named `status` found for type `!` in the current scope
[INFO] [stdout]    --> src/tests/server.rs:207:24
[INFO] [stdout]     |
[INFO] [stdout] 207 |     assert_eq!(request.status(), StatusCode::OK);
[INFO] [stdout]     |                        ^^^^^^ method not found in `!`
[INFO] [stdout] 
[INFO] [stdout] 
[INFO] [stdout] error[E0599]: no method named `text` found for type `!` in the current scope
[INFO] [stdout]    --> src/tests/server.rs:210:14
[INFO] [stdout]     |
[INFO] [stdout] 209 |         request
[INFO] [stdout] 210 |             .text()
[INFO] [stdout]     |              ^^^^ method not found in `!`
[INFO] [stdout] 
[INFO] [stdout] 
[INFO] [stdout] warning: method call on a diverging inference variable
[INFO] [stdout]    --> src/tests/server.rs:232:24
[INFO] [stdout]     |
[INFO] [stdout] 232 |     assert_eq!(request.status(), StatusCode::OK);
[INFO] [stdout]     |                        ^^^^^^
[INFO] [stdout]     |
[INFO] [stdout]     = help: consider providing a type annotation
[INFO] [stdout]     = warning: this was previously accepted by the compiler but is being phased out; it will become a hard error in a future release!
[INFO] [stdout]     = note: for more information, see issue #156047 <https://github.com/rust-lang/rust/issues/156047>
[INFO] [stdout] 
[INFO] [stdout] 
[INFO] [stdout] error[E0599]: no method named `status` found for type `!` in the current scope
[INFO] [stdout]    --> src/tests/server.rs:232:24
[INFO] [stdout]     |
[INFO] [stdout] 232 |     assert_eq!(request.status(), StatusCode::OK);
[INFO] [stdout]     |                        ^^^^^^ method not found in `!`
[INFO] [stdout] 
[INFO] [stdout] 
[INFO] [stdout] error[E0599]: no method named `text` found for type `!` in the current scope
[INFO] [stdout]    --> src/tests/server.rs:235:14
[INFO] [stdout]     |
[INFO] [stdout] 234 |         request
[INFO] [stdout] 235 |             .text()
[INFO] [stdout]     |              ^^^^ method not found in `!`
[INFO] [stdout] 
[INFO] [stdout] 
[INFO] [stdout] Some errors have detailed explanations: E0432, E0433, E0599.
[INFO] [stdout] 
[INFO] [stdout] For more information about an error, try `rustc --explain E0432`.
[INFO] [stdout] 
[INFO] [stderr] error: could not compile `vetis-smol` (lib test) due to 21 previous errors; 12 warnings emitted
[INFO] [stderr] warning: unused dependency `smol-macros`
[INFO] [stderr]   --> Cargo.toml:82:15
[INFO] [stderr]    |
[INFO] [stderr] 82 | [dependencies.smol-macros]
[INFO] [stderr]    |               ^^^^^^^^^^^^
[INFO] [stderr]    |
[INFO] [stderr]    = note: `cargo::unused_dependencies` is set to `warn` by default
[INFO] [stderr] help: consider removing the dependency on `smol-macros`
[INFO] [stderr] help: to still use for development builds, move to `dev-dependencies`
[INFO] [stderr] warning: `vetis-smol` (manifest) generated 1 warning
[INFO] running `Command { std: "docker" "inspect" "c2be35a49ec6e762293046ef8e09df968066a0cde455b51aa979b38da55d12a2", kill_on_drop: false }`
[INFO] running `Command { std: "docker" "rm" "-f" "c2be35a49ec6e762293046ef8e09df968066a0cde455b51aa979b38da55d12a2", kill_on_drop: false }`
[INFO] [stdout] c2be35a49ec6e762293046ef8e09df968066a0cde455b51aa979b38da55d12a2
