[INFO] fetching crate vestige-engine 0.5.0...
[INFO] testing vestige-engine-0.5.0 against 1.99.0-beta.8+cargoflags=--release for beta-release-1.100-2
[INFO] extracting crate vestige-engine 0.5.0 into /workspace/builds/worker-5-tc1/source
[INFO] started tweaking crates.io crate vestige-engine 0.5.0
[INFO] removed 0 missing tests
[INFO] finished tweaking crates.io crate vestige-engine 0.5.0
[INFO] tweaked toml for crates.io crate vestige-engine 0.5.0 written to /workspace/builds/worker-5-tc1/source/Cargo.toml
[INFO] validating manifest of crates.io crate vestige-engine 0.5.0 on toolchain 1.99.0-beta.8
[INFO] running `Command { std: CARGO_HOME="/workspace/cargo-home" RUSTUP_HOME="/workspace/rustup-home" "/workspace/cargo-home/bin/cargo" "+1.99.0-beta.8" "metadata" "--manifest-path" "Cargo.toml" "--no-deps", kill_on_drop: false }`
[INFO] crate crates.io crate vestige-engine 0.5.0 already has a lockfile, it will not be regenerated
[INFO] running `Command { std: CARGO_HOME="/workspace/cargo-home" RUSTUP_HOME="/workspace/rustup-home" "/workspace/cargo-home/bin/cargo" "+1.99.0-beta.8" "fetch" "--manifest-path" "Cargo.toml", kill_on_drop: false }`
[INFO] [stderr]     Updating crates.io index
[INFO] [stderr]  Downloading crates ...
[INFO] [stderr]   Downloaded vestige-core v0.5.0
[INFO] [stderr]   Downloaded vestige-store v0.5.0
[INFO] [stderr]   Downloaded wasm-bindgen-futures v0.4.70
[INFO] [stderr]   Downloaded rusqlite_migration v1.3.1
[INFO] [stderr]   Downloaded vestige-embed v0.5.0
[INFO] [stderr]   Downloaded web-sys v0.3.97
[INFO] [stderr]   Downloaded openssl v0.10.78
[INFO] [stderr]   Downloaded openssl-sys v0.9.114
[INFO] [stderr]   Downloaded fastembed v4.9.1
[INFO] [stderr]   Downloaded socks v0.3.4
[INFO] [stderr]   Downloaded ort-sys v2.0.0-rc.9
[INFO] [stderr]   Downloaded ureq v2.12.1
[INFO] [stderr]   Downloaded redox_syscall v0.7.4
[INFO] [stderr]   Downloaded built v0.8.0
[INFO] [stderr]   Downloaded filetime v0.2.27
[INFO] [stderr]   Downloaded libredox v0.1.16
[INFO] [stderr]   Downloaded tar v0.4.45
[INFO] [stderr]   Downloaded ort v2.0.0-rc.9
[INFO] [stderr]   Downloaded no_std_io2 v0.9.3
[INFO] [stderr]   Downloaded hf-hub v0.4.3
[INFO] [stderr]   Downloaded vestige-config v0.5.0
[INFO] running `Command { std: "docker" "create" "-v" "/var/lib/crater-agent-workspace/builds/worker-5-tc1/source:/opt/rustwide/workdir:ro,Z" "-v" "/var/lib/crater-agent-workspace/builds/worker-5-tc1/target:/opt/rustwide/target:rw,Z" "-v" "/var/lib/crater-agent-workspace/cargo-home:/opt/rustwide/cargo-home:ro,Z" "-v" "/var/lib/crater-agent-workspace/rustup-home:/opt/rustwide/rustup-home:ro,Z" "-m" "1610612736" "--network" "none" "ghcr.io/rust-lang/crates-build-env/linux@sha256:77db811e55d90add9212f6832c23229e3de5f1c1f9905e8cb07319ea15df73ac" "sleep" "infinity", kill_on_drop: false }`
[INFO] [stdout] 240bdc3d029def6a148309ef01ddb73c3c4194dbd2eb1c5e172de15fdd8e720b
[INFO] running `Command { std: "docker" "start" "240bdc3d029def6a148309ef01ddb73c3c4194dbd2eb1c5e172de15fdd8e720b", kill_on_drop: false }`
[INFO] running `Command { std: "docker" "inspect" "240bdc3d029def6a148309ef01ddb73c3c4194dbd2eb1c5e172de15fdd8e720b", kill_on_drop: false }`
[INFO] running `Command { std: "docker" "exec" "-e" "SOURCE_DIR=/opt/rustwide/workdir" "-e" "CARGO_HOME=/opt/rustwide/cargo-home" "-e" "RUSTUP_HOME=/opt/rustwide/rustup-home" "-e" "CARGO_TARGET_DIR=/opt/rustwide/target" "-w" "/opt/rustwide/workdir" "--user" "0:0" "240bdc3d029def6a148309ef01ddb73c3c4194dbd2eb1c5e172de15fdd8e720b" "/opt/rustwide/cargo-home/bin/cargo" "+1.99.0-beta.8" "metadata" "--no-deps" "--format-version=1", kill_on_drop: false }`
[INFO] running `Command { std: "docker" "inspect" "240bdc3d029def6a148309ef01ddb73c3c4194dbd2eb1c5e172de15fdd8e720b", kill_on_drop: false }`
[INFO] running `Command { std: "docker" "exec" "-e" "SOURCE_DIR=/opt/rustwide/workdir" "-e" "CARGO_HOME=/opt/rustwide/cargo-home" "-e" "RUSTUP_HOME=/opt/rustwide/rustup-home" "-e" "CARGO_TARGET_DIR=/opt/rustwide/target" "-e" "CARGO_INCREMENTAL=0" "-e" "RUST_BACKTRACE=full" "-e" "RUSTFLAGS=--cap-lints=warn" "-e" "RUSTDOCFLAGS=--cap-lints=warn" "-w" "/opt/rustwide/workdir" "--user" "0:0" "240bdc3d029def6a148309ef01ddb73c3c4194dbd2eb1c5e172de15fdd8e720b" "/opt/rustwide/cargo-home/bin/cargo" "+1.99.0-beta.8" "build" "--frozen" "--message-format=json" "--release", kill_on_drop: false }`
[INFO] [stderr]    Compiling cc v1.2.61
[INFO] [stderr]    Compiling time-macros v0.2.27
[INFO] [stderr]    Compiling hashbrown v0.14.5
[INFO] [stderr]    Compiling rand_chacha v0.9.0
[INFO] [stderr]    Compiling rusqlite_migration v1.3.1
[INFO] [stderr]    Compiling toml_datetime v0.6.11
[INFO] [stderr]    Compiling serde_spanned v0.6.9
[INFO] [stderr]    Compiling directories v5.0.1
[INFO] [stderr]    Compiling toml_edit v0.22.27
[INFO] [stderr]    Compiling rand v0.9.4
[INFO] [stderr]    Compiling time v0.3.47
[INFO] [stderr]    Compiling hashlink v0.9.1
[INFO] [stderr]    Compiling ulid v1.2.1
[INFO] [stderr]    Compiling libsqlite3-sys v0.30.1
[INFO] [stderr]    Compiling toml v0.8.23
[INFO] [stderr]    Compiling vestige-core v0.5.0
[INFO] [stderr]    Compiling vestige-embed v0.5.0
[INFO] [stderr]    Compiling vestige-config v0.5.0
[INFO] [stderr]    Compiling rusqlite v0.32.1
[INFO] [stderr]    Compiling vestige-store v0.5.0
[INFO] [stderr]    Compiling vestige-engine v0.5.0 (/opt/rustwide/workdir)
[INFO] [stdout] error[E0599]: no method named `supersede_memory` found for mutable reference `&mut Store` in the current scope
[INFO] [stdout]    --> src/candidate.rs:235:19
[INFO] [stdout]     |
[INFO] [stdout] 235 |         if !store.supersede_memory(old_id, &memory_id)? {
[INFO] [stdout]     |                   ^^^^^^^^^^^^^^^^
[INFO] [stdout]     |
[INFO] [stdout] help: there is a method `get_memory` with a similar name, but with different arguments
[INFO] [stdout]    --> /opt/rustwide/cargo-home/registry/src/index.crates.io-1949cf8c6b5b557f/vestige-store-0.5.0/src/memory_ops/fetch.rs:61:5
[INFO] [stdout]     |
[INFO] [stdout]  61 |     pub fn get_memory(&self, id: &MemoryId) -> Result<Option<FetchedMemory>> {
[INFO] [stdout]     |     ^^^^^^^^^^^^^^^^^^^^^^^^^^^^^^^^^^^^^^^^^^^^^^^^^^^^^^^^^^^^^^^^^^^^^^^^
[INFO] [stdout] 
[INFO] [stdout] 
[INFO] [stdout] error[E0599]: no method named `bump_expand_stats` found for reference `&Store` in the current scope
[INFO] [stdout]    --> src/context.rs:208:27
[INFO] [stdout]     |
[INFO] [stdout] 208 |     if let Err(e) = store.bump_expand_stats(id) {
[INFO] [stdout]     |                           ^^^^^^^^^^^^^^^^^ method not found in `&Store`
[INFO] [stdout] 
[INFO] [stdout] 
[INFO] [stdout] error[E0609]: no field `superseded_by` on type `vestige_core::Memory`
[INFO] [stdout]    --> src/provenance.rs:281:10
[INFO] [stdout]     |
[INFO] [stdout] 281 |         .superseded_by
[INFO] [stdout]     |          ^^^^^^^^^^^^^ unknown field
[INFO] [stdout]     |
[INFO] [stdout]     = note: available fields are: `id`, `project_id`, `type`, `status`, `confidence` ... and 4 others
[INFO] [stdout] 
[INFO] [stdout] 
[INFO] [stdout] error[E0599]: no method named `find_superseded_memory` found for reference `&Store` in the current scope
[INFO] [stdout]    --> src/provenance.rs:285:10
[INFO] [stdout]     |
[INFO] [stdout] 284 |       let supersedes = store
[INFO] [stdout]     |  ______________________-
[INFO] [stdout] 285 | |         .find_superseded_memory(mem_id)?
[INFO] [stdout]     | |         -^^^^^^^^^^^^^^^^^^^^^^ method not found in `&Store`
[INFO] [stdout]     | |_________|
[INFO] [stdout]     |
[INFO] [stdout] 
[INFO] [stdout] 
[INFO] [stdout] error[E0599]: no method named `bump_recall_stats` found for reference `&Store` in the current scope
[INFO] [stdout]    --> src/search.rs:474:27
[INFO] [stdout]     |
[INFO] [stdout] 474 |     if let Err(e) = store.bump_recall_stats(ids) {
[INFO] [stdout]     |                           ^^^^^^^^^^^^^^^^^ method not found in `&Store`
[INFO] [stdout] 
[INFO] [stdout] 
[INFO] [stdout] Some errors have detailed explanations: E0599, E0609.
[INFO] [stdout] 
[INFO] [stderr] error: could not compile `vestige-engine` (lib) due to 5 previous errors
[INFO] [stdout] For more information about an error, try `rustc --explain E0599`.
[INFO] [stdout] 
[INFO] [stderr] warning: build failed, waiting for other jobs to finish...
[INFO] running `Command { std: "docker" "inspect" "240bdc3d029def6a148309ef01ddb73c3c4194dbd2eb1c5e172de15fdd8e720b", kill_on_drop: false }`
[INFO] running `Command { std: "docker" "rm" "-f" "240bdc3d029def6a148309ef01ddb73c3c4194dbd2eb1c5e172de15fdd8e720b", kill_on_drop: false }`
[INFO] [stdout] 240bdc3d029def6a148309ef01ddb73c3c4194dbd2eb1c5e172de15fdd8e720b
