[INFO] fetching crate veloxc 0.1.2...
[INFO] testing veloxc-0.1.2 against 1.99.0-beta.8+cargoflags=--release for beta-release-1.100-2
[INFO] extracting crate veloxc 0.1.2 into /workspace/builds/worker-1-tc1/source
[INFO] started tweaking crates.io crate veloxc 0.1.2
[INFO] removed 0 missing tests
[INFO] finished tweaking crates.io crate veloxc 0.1.2
[INFO] tweaked toml for crates.io crate veloxc 0.1.2 written to /workspace/builds/worker-1-tc1/source/Cargo.toml
[INFO] validating manifest of crates.io crate veloxc 0.1.2 on toolchain 1.99.0-beta.8
[INFO] running `Command { std: CARGO_HOME="/workspace/cargo-home" RUSTUP_HOME="/workspace/rustup-home" "/workspace/cargo-home/bin/cargo" "+1.99.0-beta.8" "metadata" "--manifest-path" "Cargo.toml" "--no-deps", kill_on_drop: false }`
[INFO] crate crates.io crate veloxc 0.1.2 already has a lockfile, it will not be regenerated
[INFO] running `Command { std: CARGO_HOME="/workspace/cargo-home" RUSTUP_HOME="/workspace/rustup-home" "/workspace/cargo-home/bin/cargo" "+1.99.0-beta.8" "fetch" "--manifest-path" "Cargo.toml", kill_on_drop: false }`
[INFO] [stderr]     Updating crates.io index
[INFO] [stderr]  Downloading crates ...
[INFO] [stderr]   Downloaded servo_arc v0.1.1
[INFO] [stderr]   Downloaded phf_macros v0.8.0
[INFO] [stderr]   Downloaded libredox v0.1.12
[INFO] [stderr]   Downloaded selectors v0.23.0
[INFO] [stderr]   Downloaded env_filter v1.0.1
[INFO] [stderr]   Downloaded itoa v0.4.8
[INFO] [stderr]   Downloaded filetime v0.2.26
[INFO] [stderr]   Downloaded zmij v1.0.6
[INFO] [stderr]   Downloaded env_logger v0.11.10
[INFO] [stderr]   Downloaded velox-core v0.1.2
[INFO] [stderr]   Downloaded velox-style v0.1.2
[INFO] [stderr]   Downloaded redox_syscall v0.7.0
[INFO] [stderr]   Downloaded cssparser v0.28.1
[INFO] [stderr]   Downloaded bytemuck v1.24.0
[INFO] [stderr]   Downloaded jiff-static v0.2.27
[INFO] [stderr]   Downloaded velox-dom v0.1.2
[INFO] [stderr]   Downloaded syn v2.0.112
[INFO] [stderr]   Downloaded velox-sfc v0.1.2
[INFO] [stderr]   Downloaded jiff v0.2.27
[INFO] [stderr]   Downloaded velox-renderer v0.1.2
[INFO] running `Command { std: "docker" "create" "-v" "/var/lib/crater-agent-workspace/builds/worker-1-tc1/source:/opt/rustwide/workdir:ro,Z" "-v" "/var/lib/crater-agent-workspace/builds/worker-1-tc1/target:/opt/rustwide/target:rw,Z" "-v" "/var/lib/crater-agent-workspace/cargo-home:/opt/rustwide/cargo-home:ro,Z" "-v" "/var/lib/crater-agent-workspace/rustup-home:/opt/rustwide/rustup-home:ro,Z" "-m" "1610612736" "--network" "none" "ghcr.io/rust-lang/crates-build-env/linux@sha256:77db811e55d90add9212f6832c23229e3de5f1c1f9905e8cb07319ea15df73ac" "sleep" "infinity", kill_on_drop: false }`
[INFO] [stdout] 41e524bc8f50c2cd9c38bccb5c094956f5eb7643020b53d817740d02c9732830
[INFO] running `Command { std: "docker" "start" "41e524bc8f50c2cd9c38bccb5c094956f5eb7643020b53d817740d02c9732830", kill_on_drop: false }`
[INFO] running `Command { std: "docker" "inspect" "41e524bc8f50c2cd9c38bccb5c094956f5eb7643020b53d817740d02c9732830", kill_on_drop: false }`
[INFO] running `Command { std: "docker" "exec" "-e" "SOURCE_DIR=/opt/rustwide/workdir" "-e" "CARGO_HOME=/opt/rustwide/cargo-home" "-e" "RUSTUP_HOME=/opt/rustwide/rustup-home" "-e" "CARGO_TARGET_DIR=/opt/rustwide/target" "-w" "/opt/rustwide/workdir" "--user" "0:0" "41e524bc8f50c2cd9c38bccb5c094956f5eb7643020b53d817740d02c9732830" "/opt/rustwide/cargo-home/bin/cargo" "+1.99.0-beta.8" "metadata" "--no-deps" "--format-version=1", kill_on_drop: false }`
[INFO] running `Command { std: "docker" "inspect" "41e524bc8f50c2cd9c38bccb5c094956f5eb7643020b53d817740d02c9732830", kill_on_drop: false }`
[INFO] running `Command { std: "docker" "exec" "-e" "SOURCE_DIR=/opt/rustwide/workdir" "-e" "CARGO_HOME=/opt/rustwide/cargo-home" "-e" "RUSTUP_HOME=/opt/rustwide/rustup-home" "-e" "CARGO_TARGET_DIR=/opt/rustwide/target" "-e" "CARGO_INCREMENTAL=0" "-e" "RUST_BACKTRACE=full" "-e" "RUSTFLAGS=--cap-lints=warn" "-e" "RUSTDOCFLAGS=--cap-lints=warn" "-w" "/opt/rustwide/workdir" "--user" "0:0" "41e524bc8f50c2cd9c38bccb5c094956f5eb7643020b53d817740d02c9732830" "/opt/rustwide/cargo-home/bin/cargo" "+1.99.0-beta.8" "build" "--frozen" "--message-format=json" "--release", kill_on_drop: false }`
[INFO] [stderr]    Compiling proc-macro2 v1.0.104
[INFO] [stderr]    Compiling libc v0.2.184
[INFO] [stderr]    Compiling zerocopy v0.8.31
[INFO] [stderr]    Compiling syn v1.0.109
[INFO] [stderr]    Compiling phf_shared v0.8.0
[INFO] [stderr]    Compiling utf8parse v0.2.2
[INFO] [stderr]    Compiling phf_shared v0.10.0
[INFO] [stderr]    Compiling dtoa v1.0.11
[INFO] [stderr]    Compiling matches v0.1.10
[INFO] [stderr]    Compiling colorchoice v1.0.4
[INFO] [stderr]    Compiling memchr v2.7.6
[INFO] [stderr]    Compiling is_terminal_polyfill v1.70.2
[INFO] [stderr]    Compiling dtoa-short v0.3.5
[INFO] [stderr]    Compiling anstyle-query v1.1.5
[INFO] [stderr]    Compiling regex-syntax v0.8.8
[INFO] [stderr]    Compiling zmij v1.0.6
[INFO] [stderr]    Compiling inotify-sys v0.1.8
[INFO] [stderr]    Compiling itoa v0.4.8
[INFO] [stderr]    Compiling nodrop v0.1.14
[INFO] [stderr]    Compiling crossbeam-utils v0.8.21
[INFO] [stderr]    Compiling servo_arc v0.1.1
[INFO] [stderr]    Compiling fxhash v0.2.1
[INFO] [stderr]    Compiling anstyle-parse v0.2.7
[INFO] [stderr]    Compiling quote v1.0.42
[INFO] [stderr]    Compiling pest v2.8.4
[INFO] [stderr]    Compiling syn v2.0.112
[INFO] [stderr]    Compiling precomputed-hash v0.1.1
[INFO] [stderr]    Compiling serde_json v1.0.149
[INFO] [stderr]    Compiling anstream v0.6.21
[INFO] [stderr]    Compiling getrandom v0.1.16
[INFO] [stderr]    Compiling ppv-lite86 v0.2.21
[INFO] [stderr]    Compiling rand_core v0.5.1
[INFO] [stderr]    Compiling getrandom v0.2.16
[INFO] [stderr]    Compiling rand_core v0.6.4
[INFO] [stderr]    Compiling rand_pcg v0.2.1
[INFO] [stderr]    Compiling anstyle-parse v1.0.0
[INFO] [stderr]    Compiling rand_chacha v0.2.2
[INFO] [stderr]    Compiling rand_chacha v0.3.1
[INFO] [stderr]    Compiling regex-automata v0.4.13
[INFO] [stderr]    Compiling rand v0.7.3
[INFO] [stderr]    Compiling rand v0.8.5
[INFO] [stderr]    Compiling pest_meta v2.8.4
[INFO] [stderr]    Compiling velox-dom v0.1.2
[INFO] [stderr]    Compiling phf_generator v0.10.0
[INFO] [stderr]    Compiling phf_generator v0.8.0
[INFO] [stderr]    Compiling anyhow v1.0.100
[INFO] [stderr]    Compiling phf_codegen v0.8.0
[INFO] [stderr]    Compiling selectors v0.23.0
[INFO] [stderr]    Compiling strsim v0.11.1
[INFO] [stderr]    Compiling velox-renderer v0.1.2
[INFO] [stderr]    Compiling clap_builder v4.5.53
[INFO] [stderr]    Compiling filetime v0.2.26
[INFO] [stderr]    Compiling pest_generator v2.8.4
[INFO] [stderr]    Compiling regex v1.12.3
[INFO] [stderr]    Compiling cssparser-macros v0.6.1
[INFO] [stderr]    Compiling derive_more v0.99.20
[INFO] [stderr]    Compiling serde_derive v1.0.228
[INFO] [stderr]    Compiling bytemuck_derive v1.10.2
[INFO] [stderr]    Compiling phf_macros v0.8.0
[INFO] [stderr]    Compiling cssparser v0.28.1
[INFO] [stderr]    Compiling phf v0.8.0
[INFO] [stderr]    Compiling cssparser v0.29.6
[INFO] [stderr]    Compiling phf_macros v0.10.0
[INFO] [stderr]    Compiling phf v0.10.1
[INFO] [stderr]    Compiling bytemuck v1.24.0
[INFO] [stderr]    Compiling clap_derive v4.5.49
[INFO] [stderr]    Compiling pest_derive v2.8.4
[INFO] [stderr]    Compiling env_filter v1.0.1
[INFO] [stderr]    Compiling serde v1.0.228
[INFO] [stderr]    Compiling crossbeam-channel v0.5.15
[INFO] [stderr]    Compiling anstream v1.0.0
[INFO] [stderr]    Compiling velox-style v0.1.2
[INFO] [stderr]    Compiling inotify v0.9.6
[INFO] [stderr]    Compiling mio v0.8.11
[INFO] [stderr]    Compiling velox-core v0.1.2
[INFO] [stderr]    Compiling jiff v0.2.27
[INFO] [stderr]    Compiling veloxc v0.1.2 (/opt/rustwide/workdir)
[INFO] [stderr]    Compiling notify v6.1.1
[INFO] [stderr]    Compiling clap v4.5.53
[INFO] [stderr]    Compiling velox-sfc v0.1.2
[INFO] [stderr]    Compiling env_logger v0.11.10
[INFO] [stderr]     Finished `release` profile [optimized] target(s) in 2m 15s
[INFO] running `Command { std: "docker" "inspect" "41e524bc8f50c2cd9c38bccb5c094956f5eb7643020b53d817740d02c9732830", kill_on_drop: false }`
[INFO] running `Command { std: "docker" "exec" "-e" "SOURCE_DIR=/opt/rustwide/workdir" "-e" "CARGO_HOME=/opt/rustwide/cargo-home" "-e" "RUSTUP_HOME=/opt/rustwide/rustup-home" "-e" "CARGO_TARGET_DIR=/opt/rustwide/target" "-e" "CARGO_INCREMENTAL=0" "-e" "RUST_BACKTRACE=full" "-e" "RUSTFLAGS=--cap-lints=warn" "-e" "RUSTDOCFLAGS=--cap-lints=warn" "-w" "/opt/rustwide/workdir" "--user" "0:0" "41e524bc8f50c2cd9c38bccb5c094956f5eb7643020b53d817740d02c9732830" "/opt/rustwide/cargo-home/bin/cargo" "+1.99.0-beta.8" "test" "--frozen" "--no-run" "--message-format=json" "--release", kill_on_drop: false }`
[INFO] [stderr]    Compiling veloxc v0.1.2 (/opt/rustwide/workdir)
[INFO] [stdout] error[E0432]: unresolved import `velox_dom`
[INFO] [stdout]   --> tests/scaffold_render_proof.rs:51:5
[INFO] [stdout]    |
[INFO] [stdout] 51 | use velox_dom::{Props, VNode, h, text};
[INFO] [stdout]    |     ^^^^^^^^^ use of unresolved module or unlinked crate `velox_dom`
[INFO] [stdout]    |
[INFO] [stdout] help: there is a crate or module with a similar name
[INFO] [stdout]    |
[INFO] [stdout] 51 - use velox_dom::{Props, VNode, h, text};
[INFO] [stdout] 51 + use velox_sfc::{Props, VNode, h, text};
[INFO] [stdout]    |
[INFO] [stdout] 
[INFO] [stdout] 
[INFO] [stdout] error[E0433]: cannot find module or crate `velox_dom` in this scope
[INFO] [stdout]    --> tests/scaffold_render_proof.rs:904:16
[INFO] [stdout]     |
[INFO] [stdout] 904 |     let laid = velox_dom::layout::compute_layout(&styled, w, h);
[INFO] [stdout]     |                ^^^^^^^^^ use of unresolved module or unlinked crate `velox_dom`
[INFO] [stdout]     |
[INFO] [stdout] help: there is a crate or module with a similar name
[INFO] [stdout]     |
[INFO] [stdout] 904 -     let laid = velox_dom::layout::compute_layout(&styled, w, h);
[INFO] [stdout] 904 +     let laid = velox_sfc::layout::compute_layout(&styled, w, h);
[INFO] [stdout]     |
[INFO] [stdout] 
[INFO] [stdout] 
[INFO] [stdout] error[E0433]: cannot find module or crate `velox_dom` in this scope
[INFO] [stdout]    --> tests/scaffold_render_proof.rs:906:16
[INFO] [stdout]     |
[INFO] [stdout] 906 |         laid: &velox_dom::layout::LayoutNode,
[INFO] [stdout]     |                ^^^^^^^^^ use of unresolved module or unlinked crate `velox_dom`
[INFO] [stdout]     |
[INFO] [stdout] help: there is a crate or module with a similar name
[INFO] [stdout]     |
[INFO] [stdout] 906 -         laid: &velox_dom::layout::LayoutNode,
[INFO] [stdout] 906 +         laid: &velox_sfc::layout::LayoutNode,
[INFO] [stdout]     |
[INFO] [stdout] 
[INFO] [stdout] 
[INFO] [stdout] error[E0433]: cannot find module or crate `velox_dom` in this scope
[INFO] [stdout]    --> tests/scaffold_render_proof.rs:942:16
[INFO] [stdout]     |
[INFO] [stdout] 942 |     let laid = velox_dom::layout::compute_layout(&styled, 620, 760);
[INFO] [stdout]     |                ^^^^^^^^^ use of unresolved module or unlinked crate `velox_dom`
[INFO] [stdout]     |
[INFO] [stdout] help: there is a crate or module with a similar name
[INFO] [stdout]     |
[INFO] [stdout] 942 -     let laid = velox_dom::layout::compute_layout(&styled, 620, 760);
[INFO] [stdout] 942 +     let laid = velox_sfc::layout::compute_layout(&styled, 620, 760);
[INFO] [stdout]     |
[INFO] [stdout] 
[INFO] [stdout] 
[INFO] [stdout] error[E0433]: cannot find module or crate `velox_dom` in this scope
[INFO] [stdout]    --> tests/scaffold_render_proof.rs:943:17
[INFO] [stdout]     |
[INFO] [stdout] 943 |     fn dump(l: &velox_dom::layout::LayoutNode, v: &VNode, depth: usize) {
[INFO] [stdout]     |                 ^^^^^^^^^ use of unresolved module or unlinked crate `velox_dom`
[INFO] [stdout]     |
[INFO] [stdout] help: there is a crate or module with a similar name
[INFO] [stdout]     |
[INFO] [stdout] 943 -     fn dump(l: &velox_dom::layout::LayoutNode, v: &VNode, depth: usize) {
[INFO] [stdout] 943 +     fn dump(l: &velox_sfc::layout::LayoutNode, v: &VNode, depth: usize) {
[INFO] [stdout]     |
[INFO] [stdout] 
[INFO] [stdout] 
[INFO] [stdout] error[E0433]: cannot find module or crate `velox_dom` in this scope
[INFO] [stdout]     --> tests/scaffold_render_proof.rs:1173:21
[INFO] [stdout]      |
[INFO] [stdout] 1173 | fn class_rect(lay: &velox_dom::layout::LayoutNode, vnode: &VNode, class: &str) -> Option<Rect4> {
[INFO] [stdout]      |                     ^^^^^^^^^ use of unresolved module or unlinked crate `velox_dom`
[INFO] [stdout]      |
[INFO] [stdout] help: there is a crate or module with a similar name
[INFO] [stdout]      |
[INFO] [stdout] 1173 - fn class_rect(lay: &velox_dom::layout::LayoutNode, vnode: &VNode, class: &str) -> Option<Rect4> {
[INFO] [stdout] 1173 + fn class_rect(lay: &velox_sfc::layout::LayoutNode, vnode: &VNode, class: &str) -> Option<Rect4> {
[INFO] [stdout]      |
[INFO] [stdout] 
[INFO] [stdout] 
[INFO] [stdout] error[E0433]: cannot find module or crate `velox_dom` in this scope
[INFO] [stdout]     --> tests/scaffold_render_proof.rs:1314:20
[INFO] [stdout]      |
[INFO] [stdout] 1314 |         let laid = velox_dom::layout::compute_layout(&styled, w, h);
[INFO] [stdout]      |                    ^^^^^^^^^ use of unresolved module or unlinked crate `velox_dom`
[INFO] [stdout]      |
[INFO] [stdout] help: there is a crate or module with a similar name
[INFO] [stdout]      |
[INFO] [stdout] 1314 -         let laid = velox_dom::layout::compute_layout(&styled, w, h);
[INFO] [stdout] 1314 +         let laid = velox_sfc::layout::compute_layout(&styled, w, h);
[INFO] [stdout]      |
[INFO] [stdout] 
[INFO] [stdout] 
[INFO] [stdout] error[E0433]: cannot find module or crate `velox_dom` in this scope
[INFO] [stdout]     --> tests/scaffold_render_proof.rs:1591:20
[INFO] [stdout]      |
[INFO] [stdout] 1591 |         let laid = velox_dom::layout::compute_layout(&styled, w, h);
[INFO] [stdout]      |                    ^^^^^^^^^ use of unresolved module or unlinked crate `velox_dom`
[INFO] [stdout]      |
[INFO] [stdout] help: there is a crate or module with a similar name
[INFO] [stdout]      |
[INFO] [stdout] 1591 -         let laid = velox_dom::layout::compute_layout(&styled, w, h);
[INFO] [stdout] 1591 +         let laid = velox_sfc::layout::compute_layout(&styled, w, h);
[INFO] [stdout]      |
[INFO] [stdout] 
[INFO] [stdout] 
[INFO] [stdout] error[E0425]: cannot find function `render_vnode_to_raster_png_with_scale` in crate `velox_renderer`
[INFO] [stdout]    --> tests/scaffold_render_proof.rs:130:31
[INFO] [stdout]     |
[INFO] [stdout] 130 |     let png = velox_renderer::render_vnode_to_raster_png_with_scale(&app, sheet, w, h, 1.0)
[INFO] [stdout]     |                               ^^^^^^^^^^^^^^^^^^^^^^^^^^^^^^^^^^^^^ not found in `velox_renderer`
[INFO] [stdout]     |
[INFO] [stdout] note: found an item that was configured out
[INFO] [stdout]    --> /opt/rustwide/cargo-home/registry/src/index.crates.io-1949cf8c6b5b557f/velox-renderer-0.1.2/src/lib.rs:916:51
[INFO] [stdout]     |
[INFO] [stdout] 915 | #[cfg(feature = "skia-native")]
[INFO] [stdout]     |       ----------------------- the item is gated behind the `skia-native` feature
[INFO] [stdout] 916 | pub use skia_render::{render_vnode_to_raster_png, render_vnode_to_raster_png_with_scale};
[INFO] [stdout]     |                                                   ^^^^^^^^^^^^^^^^^^^^^^^^^^^^^^^^^^^^^
[INFO] [stdout] 
[INFO] [stdout] 
[INFO] [stdout] error[E0425]: cannot find function `render_vnode_to_raster_png_with_scale` in crate `velox_renderer`
[INFO] [stdout]    --> tests/scaffold_render_proof.rs:657:35
[INFO] [stdout]     |
[INFO] [stdout] 657 |         let png = velox_renderer::render_vnode_to_raster_png_with_scale(&v, &sheet, 620, 420, 1.0)
[INFO] [stdout]     |                                   ^^^^^^^^^^^^^^^^^^^^^^^^^^^^^^^^^^^^^ not found in `velox_renderer`
[INFO] [stdout]     |
[INFO] [stdout] note: found an item that was configured out
[INFO] [stdout]    --> /opt/rustwide/cargo-home/registry/src/index.crates.io-1949cf8c6b5b557f/velox-renderer-0.1.2/src/lib.rs:916:51
[INFO] [stdout]     |
[INFO] [stdout] 915 | #[cfg(feature = "skia-native")]
[INFO] [stdout]     |       ----------------------- the item is gated behind the `skia-native` feature
[INFO] [stdout] 916 | pub use skia_render::{render_vnode_to_raster_png, render_vnode_to_raster_png_with_scale};
[INFO] [stdout]     |                                                   ^^^^^^^^^^^^^^^^^^^^^^^^^^^^^^^^^^^^^
[INFO] [stdout] 
[INFO] [stdout] 
[INFO] [stdout] error[E0425]: cannot find function `render_vnode_to_raster_png_with_scale` in crate `velox_renderer`
[INFO] [stdout]    --> tests/scaffold_render_proof.rs:668:25
[INFO] [stdout]     |
[INFO] [stdout] 668 |         velox_renderer::render_vnode_to_raster_png_with_scale(&dialogs, &sheet, 620, 760, 1.0)
[INFO] [stdout]     |                         ^^^^^^^^^^^^^^^^^^^^^^^^^^^^^^^^^^^^^ not found in `velox_renderer`
[INFO] [stdout]     |
[INFO] [stdout] note: found an item that was configured out
[INFO] [stdout]    --> /opt/rustwide/cargo-home/registry/src/index.crates.io-1949cf8c6b5b557f/velox-renderer-0.1.2/src/lib.rs:916:51
[INFO] [stdout]     |
[INFO] [stdout] 915 | #[cfg(feature = "skia-native")]
[INFO] [stdout]     |       ----------------------- the item is gated behind the `skia-native` feature
[INFO] [stdout] 916 | pub use skia_render::{render_vnode_to_raster_png, render_vnode_to_raster_png_with_scale};
[INFO] [stdout]     |                                                   ^^^^^^^^^^^^^^^^^^^^^^^^^^^^^^^^^^^^^
[INFO] [stdout] 
[INFO] [stdout] 
[INFO] [stdout] error[E0425]: cannot find function `render_vnode_to_raster_png_with_scale` in crate `velox_renderer`
[INFO] [stdout]    --> tests/scaffold_render_proof.rs:878:31
[INFO] [stdout]     |
[INFO] [stdout] 878 |     let png = velox_renderer::render_vnode_to_raster_png_with_scale(
[INFO] [stdout]     |                               ^^^^^^^^^^^^^^^^^^^^^^^^^^^^^^^^^^^^^ not found in `velox_renderer`
[INFO] [stdout]     |
[INFO] [stdout] note: found an item that was configured out
[INFO] [stdout]    --> /opt/rustwide/cargo-home/registry/src/index.crates.io-1949cf8c6b5b557f/velox-renderer-0.1.2/src/lib.rs:916:51
[INFO] [stdout]     |
[INFO] [stdout] 915 | #[cfg(feature = "skia-native")]
[INFO] [stdout]     |       ----------------------- the item is gated behind the `skia-native` feature
[INFO] [stdout] 916 | pub use skia_render::{render_vnode_to_raster_png, render_vnode_to_raster_png_with_scale};
[INFO] [stdout]     |                                                   ^^^^^^^^^^^^^^^^^^^^^^^^^^^^^^^^^^^^^
[INFO] [stdout] 
[INFO] [stdout] 
[INFO] [stdout] error[E0425]: cannot find function `render_vnode_to_rgba` in crate `velox_renderer`
[INFO] [stdout]    --> tests/scaffold_render_proof.rs:981:36
[INFO] [stdout]     |
[INFO] [stdout] 981 |         let rgba = velox_renderer::render_vnode_to_rgba(&app, &sheet, w, hh).expect("rgba");
[INFO] [stdout]     |                                    ^^^^^^^^^^^^^^^^^^^^ not found in `velox_renderer`
[INFO] [stdout]     |
[INFO] [stdout] note: found an item that was configured out
[INFO] [stdout]    --> /opt/rustwide/cargo-home/registry/src/index.crates.io-1949cf8c6b5b557f/velox-renderer-0.1.2/src/lib.rs:908:33
[INFO] [stdout]     |
[INFO] [stdout] 907 | #[cfg(feature = "skia-native")]
[INFO] [stdout]     |       ----------------------- the item is gated behind the `skia-native` feature
[INFO] [stdout] 908 | pub use skia_render::skia_impl::render_vnode_to_rgba;
[INFO] [stdout]     |                                 ^^^^^^^^^^^^^^^^^^^^
[INFO] [stdout] 
[INFO] [stdout] 
[INFO] [stdout] error[E0425]: cannot find function `render_vnode_to_raster_png_with_scale` in crate `velox_renderer`
[INFO] [stdout]     --> tests/scaffold_render_proof.rs:1284:33
[INFO] [stdout]      |
[INFO] [stdout] 1284 |                 velox_renderer::render_vnode_to_raster_png_with_scale(&v, &sheet, 620, hh, scale)
[INFO] [stdout]      |                                 ^^^^^^^^^^^^^^^^^^^^^^^^^^^^^^^^^^^^^ not found in `velox_renderer`
[INFO] [stdout]      |
[INFO] [stdout] note: found an item that was configured out
[INFO] [stdout]     --> /opt/rustwide/cargo-home/registry/src/index.crates.io-1949cf8c6b5b557f/velox-renderer-0.1.2/src/lib.rs:916:51
[INFO] [stdout]      |
[INFO] [stdout]  915 | #[cfg(feature = "skia-native")]
[INFO] [stdout]      |       ----------------------- the item is gated behind the `skia-native` feature
[INFO] [stdout]  916 | pub use skia_render::{render_vnode_to_raster_png, render_vnode_to_raster_png_with_scale};
[INFO] [stdout]      |                                                   ^^^^^^^^^^^^^^^^^^^^^^^^^^^^^^^^^^^^^
[INFO] [stdout] 
[INFO] [stdout] 
[INFO] [stdout] error[E0425]: cannot find function `render_vnode_to_raster_png_with_scale` in crate `velox_renderer`
[INFO] [stdout]     --> tests/scaffold_render_proof.rs:1297:33
[INFO] [stdout]      |
[INFO] [stdout] 1297 |                 velox_renderer::render_vnode_to_raster_png_with_scale(&v, &sheet, 620, 520, scale)
[INFO] [stdout]      |                                 ^^^^^^^^^^^^^^^^^^^^^^^^^^^^^^^^^^^^^ not found in `velox_renderer`
[INFO] [stdout]      |
[INFO] [stdout] note: found an item that was configured out
[INFO] [stdout]     --> /opt/rustwide/cargo-home/registry/src/index.crates.io-1949cf8c6b5b557f/velox-renderer-0.1.2/src/lib.rs:916:51
[INFO] [stdout]      |
[INFO] [stdout]  915 | #[cfg(feature = "skia-native")]
[INFO] [stdout]      |       ----------------------- the item is gated behind the `skia-native` feature
[INFO] [stdout]  916 | pub use skia_render::{render_vnode_to_raster_png, render_vnode_to_raster_png_with_scale};
[INFO] [stdout]      |                                                   ^^^^^^^^^^^^^^^^^^^^^^^^^^^^^^^^^^^^^
[INFO] [stdout] 
[INFO] [stdout] 
[INFO] [stdout] error[E0425]: cannot find function `render_vnode_to_rgba` in crate `velox_renderer`
[INFO] [stdout]     --> tests/scaffold_render_proof.rs:1344:29
[INFO] [stdout]      |
[INFO] [stdout] 1344 |             velox_renderer::render_vnode_to_rgba(&styled, &sheet, w, h).expect("raster rgba");
[INFO] [stdout]      |                             ^^^^^^^^^^^^^^^^^^^^ not found in `velox_renderer`
[INFO] [stdout]      |
[INFO] [stdout] note: found an item that was configured out
[INFO] [stdout]     --> /opt/rustwide/cargo-home/registry/src/index.crates.io-1949cf8c6b5b557f/velox-renderer-0.1.2/src/lib.rs:908:33
[INFO] [stdout]      |
[INFO] [stdout]  907 | #[cfg(feature = "skia-native")]
[INFO] [stdout]      |       ----------------------- the item is gated behind the `skia-native` feature
[INFO] [stdout]  908 | pub use skia_render::skia_impl::render_vnode_to_rgba;
[INFO] [stdout]      |                                 ^^^^^^^^^^^^^^^^^^^^
[INFO] [stdout] 
[INFO] [stdout] 
[INFO] [stdout] error[E0425]: cannot find function `render_vnode_to_rgba` in crate `velox_renderer`
[INFO] [stdout]     --> tests/scaffold_render_proof.rs:1655:36
[INFO] [stdout]      |
[INFO] [stdout] 1655 |         let rgba = velox_renderer::render_vnode_to_rgba(&app, &sheet, w, h).expect("rgba");
[INFO] [stdout]      |                                    ^^^^^^^^^^^^^^^^^^^^ not found in `velox_renderer`
[INFO] [stdout]      |
[INFO] [stdout] note: found an item that was configured out
[INFO] [stdout]     --> /opt/rustwide/cargo-home/registry/src/index.crates.io-1949cf8c6b5b557f/velox-renderer-0.1.2/src/lib.rs:908:33
[INFO] [stdout]      |
[INFO] [stdout]  907 | #[cfg(feature = "skia-native")]
[INFO] [stdout]      |       ----------------------- the item is gated behind the `skia-native` feature
[INFO] [stdout]  908 | pub use skia_render::skia_impl::render_vnode_to_rgba;
[INFO] [stdout]      |                                 ^^^^^^^^^^^^^^^^^^^^
[INFO] [stdout] 
[INFO] [stdout] 
[INFO] [stdout] Some errors have detailed explanations: E0425, E0432, E0433.
[INFO] [stdout] 
[INFO] [stdout] For more information about an error, try `rustc --explain E0425`.
[INFO] [stdout] 
[INFO] [stderr] error: could not compile `veloxc` (test "scaffold_render_proof") due to 17 previous errors
[INFO] [stderr] warning: build failed, waiting for other jobs to finish...
[INFO] running `Command { std: "docker" "inspect" "41e524bc8f50c2cd9c38bccb5c094956f5eb7643020b53d817740d02c9732830", kill_on_drop: false }`
[INFO] running `Command { std: "docker" "rm" "-f" "41e524bc8f50c2cd9c38bccb5c094956f5eb7643020b53d817740d02c9732830", kill_on_drop: false }`
[INFO] [stdout] 41e524bc8f50c2cd9c38bccb5c094956f5eb7643020b53d817740d02c9732830
