[INFO] fetching crate vdisk 0.0.4...
[INFO] testing vdisk-0.0.4 against 1.99.0-beta.8+cargoflags=--release for beta-release-1.100-2
[INFO] extracting crate vdisk 0.0.4 into /workspace/builds/worker-5-tc1/source
[INFO] started tweaking crates.io crate vdisk 0.0.4
[INFO] removed 0 missing tests
[INFO] finished tweaking crates.io crate vdisk 0.0.4
[INFO] tweaked toml for crates.io crate vdisk 0.0.4 written to /workspace/builds/worker-5-tc1/source/Cargo.toml
[INFO] validating manifest of crates.io crate vdisk 0.0.4 on toolchain 1.99.0-beta.8
[INFO] running `Command { std: CARGO_HOME="/workspace/cargo-home" RUSTUP_HOME="/workspace/rustup-home" "/workspace/cargo-home/bin/cargo" "+1.99.0-beta.8" "metadata" "--manifest-path" "Cargo.toml" "--no-deps", kill_on_drop: false }`
[INFO] crate crates.io crate vdisk 0.0.4 already has a lockfile, it will not be regenerated
[INFO] running `Command { std: CARGO_HOME="/workspace/cargo-home" RUSTUP_HOME="/workspace/rustup-home" "/workspace/cargo-home/bin/cargo" "+1.99.0-beta.8" "fetch" "--manifest-path" "Cargo.toml", kill_on_drop: false }`
[INFO] [stderr]     Updating crates.io index
[INFO] [stderr]  Downloading crates ...
[INFO] [stderr]   Downloaded env_filter v1.0.0
[INFO] [stderr]   Downloaded env_logger v0.11.9
[INFO] [stderr]   Downloaded simple-bytes v0.2.14
[INFO] [stderr]   Downloaded gpt v4.1.0
[INFO] [stderr]   Downloaded dialoguer v0.12.0
[INFO] [stderr]   Downloaded console v0.16.3
[INFO] [stderr]   Downloaded rsext4 v0.1.0-pre.0
[INFO] running `Command { std: "docker" "create" "-v" "/var/lib/crater-agent-workspace/builds/worker-5-tc1/source:/opt/rustwide/workdir:ro,Z" "-v" "/var/lib/crater-agent-workspace/builds/worker-5-tc1/target:/opt/rustwide/target:rw,Z" "-v" "/var/lib/crater-agent-workspace/cargo-home:/opt/rustwide/cargo-home:ro,Z" "-v" "/var/lib/crater-agent-workspace/rustup-home:/opt/rustwide/rustup-home:ro,Z" "-m" "1610612736" "--network" "none" "ghcr.io/rust-lang/crates-build-env/linux@sha256:77db811e55d90add9212f6832c23229e3de5f1c1f9905e8cb07319ea15df73ac" "sleep" "infinity", kill_on_drop: false }`
[INFO] [stdout] e9de026e00d97ca075fe0cd4cd75e24e2e9a14f2e75c59b6ebc8136c4d0b7f65
[INFO] running `Command { std: "docker" "start" "e9de026e00d97ca075fe0cd4cd75e24e2e9a14f2e75c59b6ebc8136c4d0b7f65", kill_on_drop: false }`
[INFO] running `Command { std: "docker" "inspect" "e9de026e00d97ca075fe0cd4cd75e24e2e9a14f2e75c59b6ebc8136c4d0b7f65", kill_on_drop: false }`
[INFO] running `Command { std: "docker" "exec" "-e" "SOURCE_DIR=/opt/rustwide/workdir" "-e" "CARGO_HOME=/opt/rustwide/cargo-home" "-e" "RUSTUP_HOME=/opt/rustwide/rustup-home" "-e" "CARGO_TARGET_DIR=/opt/rustwide/target" "-w" "/opt/rustwide/workdir" "--user" "0:0" "e9de026e00d97ca075fe0cd4cd75e24e2e9a14f2e75c59b6ebc8136c4d0b7f65" "/opt/rustwide/cargo-home/bin/cargo" "+1.99.0-beta.8" "metadata" "--no-deps" "--format-version=1", kill_on_drop: false }`
[INFO] running `Command { std: "docker" "inspect" "e9de026e00d97ca075fe0cd4cd75e24e2e9a14f2e75c59b6ebc8136c4d0b7f65", kill_on_drop: false }`
[INFO] running `Command { std: "docker" "exec" "-e" "SOURCE_DIR=/opt/rustwide/workdir" "-e" "CARGO_HOME=/opt/rustwide/cargo-home" "-e" "RUSTUP_HOME=/opt/rustwide/rustup-home" "-e" "CARGO_TARGET_DIR=/opt/rustwide/target" "-e" "CARGO_INCREMENTAL=0" "-e" "RUST_BACKTRACE=full" "-e" "RUSTFLAGS=--cap-lints=warn" "-e" "RUSTDOCFLAGS=--cap-lints=warn" "-w" "/opt/rustwide/workdir" "--user" "0:0" "e9de026e00d97ca075fe0cd4cd75e24e2e9a14f2e75c59b6ebc8136c4d0b7f65" "/opt/rustwide/cargo-home/bin/cargo" "+1.99.0-beta.8" "build" "--frozen" "--message-format=json" "--release", kill_on_drop: false }`
[INFO] [stderr]    Compiling libc v0.2.183
[INFO] [stderr]    Compiling utf8parse v0.2.2
[INFO] [stderr]    Compiling bitflags v2.11.0
[INFO] [stderr]    Compiling colorchoice v1.0.5
[INFO] [stderr]    Compiling anstyle-query v1.1.5
[INFO] [stderr]    Compiling anstyle v1.0.14
[INFO] [stderr]    Compiling is_terminal_polyfill v1.70.2
[INFO] [stderr]    Compiling syn v2.0.117
[INFO] [stderr]    Compiling aho-corasick v1.1.4
[INFO] [stderr]    Compiling log v0.4.29
[INFO] [stderr]    Compiling regex-syntax v0.8.10
[INFO] [stderr]    Compiling rustix v1.1.4
[INFO] [stderr]    Compiling autocfg v1.5.0
[INFO] [stderr]    Compiling anstyle-parse v1.0.0
[INFO] [stderr]    Compiling linux-raw-sys v0.12.1
[INFO] [stderr]    Compiling anstyle-parse v0.2.7
[INFO] [stderr]    Compiling anstream v1.0.0
[INFO] [stderr]    Compiling num-traits v0.2.19
[INFO] [stderr]    Compiling unicode-width v0.2.2
[INFO] [stderr]    Compiling heck v0.5.0
[INFO] [stderr]    Compiling anyhow v1.0.102
[INFO] [stderr]    Compiling crc-catalog v2.4.0
[INFO] [stderr]    Compiling once_cell v1.21.4
[INFO] [stderr]    Compiling clap_lex v1.1.0
[INFO] [stderr]    Compiling fastrand v2.3.0
[INFO] [stderr]    Compiling spin v0.9.8
[INFO] [stderr]    Compiling lazy_static v1.5.0
[INFO] [stderr]    Compiling clap_builder v4.6.0
[INFO] [stderr]    Compiling crc v3.4.0
[INFO] [stderr]    Compiling getrandom v0.4.2
[INFO] [stderr]    Compiling console v0.16.3
[INFO] [stderr]    Compiling uuid v1.22.0
[INFO] [stderr]    Compiling regex-automata v0.4.14
[INFO] [stderr]    Compiling anstream v0.6.21
[INFO] [stderr]    Compiling tempfile v3.27.0
[INFO] [stderr]    Compiling shell-words v1.1.1
[INFO] [stderr]    Compiling simple-bytes v0.2.14
[INFO] [stderr]    Compiling jiff v0.2.23
[INFO] [stderr]    Compiling chrono v0.4.44
[INFO] [stderr]    Compiling serde_derive v1.0.228
[INFO] [stderr]    Compiling clap_derive v4.6.0
[INFO] [stderr]    Compiling regex v1.12.3
[INFO] [stderr]    Compiling env_filter v1.0.0
[INFO] [stderr]    Compiling serde v1.0.228
[INFO] [stderr]    Compiling env_logger v0.11.9
[INFO] [stderr]    Compiling clap v4.6.0
[INFO] [stderr]    Compiling dialoguer v0.12.0
[INFO] [stderr]    Compiling gpt v4.1.0
[INFO] [stderr]    Compiling rsext4 v0.1.0-pre.0
[INFO] [stderr]    Compiling vdisk v0.0.4 (/opt/rustwide/workdir)
[INFO] [stderr]     Finished `release` profile [optimized] target(s) in 1m 49s
[INFO] running `Command { std: "docker" "inspect" "e9de026e00d97ca075fe0cd4cd75e24e2e9a14f2e75c59b6ebc8136c4d0b7f65", kill_on_drop: false }`
[INFO] running `Command { std: "docker" "exec" "-e" "SOURCE_DIR=/opt/rustwide/workdir" "-e" "CARGO_HOME=/opt/rustwide/cargo-home" "-e" "RUSTUP_HOME=/opt/rustwide/rustup-home" "-e" "CARGO_TARGET_DIR=/opt/rustwide/target" "-e" "CARGO_INCREMENTAL=0" "-e" "RUST_BACKTRACE=full" "-e" "RUSTFLAGS=--cap-lints=warn" "-e" "RUSTDOCFLAGS=--cap-lints=warn" "-w" "/opt/rustwide/workdir" "--user" "0:0" "e9de026e00d97ca075fe0cd4cd75e24e2e9a14f2e75c59b6ebc8136c4d0b7f65" "/opt/rustwide/cargo-home/bin/cargo" "+1.99.0-beta.8" "test" "--frozen" "--no-run" "--message-format=json" "--release", kill_on_drop: false }`
[INFO] [stderr]    Compiling vdisk v0.0.4 (/opt/rustwide/workdir)
[INFO] [stdout] error[E0603]: module `mkimg` is private
[INFO] [stdout]   --> tests/disk_cli_test.rs:13:15
[INFO] [stdout]    |
[INFO] [stdout] 13 |     commands::mkimg::mkimg(&disk, 32 * 1024 * 1024, false).expect("mkimg");
[INFO] [stdout]    |               ^^^^^  ----- function `mkimg` is not publicly re-exported
[INFO] [stdout]    |               |
[INFO] [stdout]    |               private module
[INFO] [stdout]    |
[INFO] [stdout] note: the module `mkimg` is defined here
[INFO] [stdout]   --> src/commands/mod.rs:14:1
[INFO] [stdout]    |
[INFO] [stdout] 14 | mod mkimg;
[INFO] [stdout]    | ^^^^^^^^^
[INFO] [stdout] 
[INFO] [stdout] 
[INFO] [stdout] error[E0603]: module `mkimg` is private
[INFO] [stdout]   --> tests/disk_cli_test.rs:54:15
[INFO] [stdout]    |
[INFO] [stdout] 54 |     commands::mkimg::mkimg(&disk, 256 * 1024 * 1024, false).expect("mkimg");
[INFO] [stdout]    |               ^^^^^  ----- function `mkimg` is not publicly re-exported
[INFO] [stdout]    |               |
[INFO] [stdout]    |               private module
[INFO] [stdout]    |
[INFO] [stdout] note: the module `mkimg` is defined here
[INFO] [stdout]   --> src/commands/mod.rs:14:1
[INFO] [stdout]    |
[INFO] [stdout] 14 | mod mkimg;
[INFO] [stdout]    | ^^^^^^^^^
[INFO] [stdout] 
[INFO] [stdout] 
[INFO] [stdout] error[E0603]: module `mkgpt` is private
[INFO] [stdout]   --> tests/disk_cli_test.rs:56:15
[INFO] [stdout]    |
[INFO] [stdout] 56 |     commands::mkgpt::mkgpt(&disk, &param, 1024 * 1024, true).expect("mkgpt");
[INFO] [stdout]    |               ^^^^^  ----- function `mkgpt` is not publicly re-exported
[INFO] [stdout]    |               |
[INFO] [stdout]    |               private module
[INFO] [stdout]    |
[INFO] [stdout] note: the module `mkgpt` is defined here
[INFO] [stdout]   --> src/commands/mod.rs:13:1
[INFO] [stdout]    |
[INFO] [stdout] 13 | mod mkgpt;
[INFO] [stdout]    | ^^^^^^^^^
[INFO] [stdout] 
[INFO] [stdout] 
[INFO] [stdout] For more information about this error, try `rustc --explain E0603`.
[INFO] [stdout] 
[INFO] [stderr] error: could not compile `vdisk` (test "disk_cli_test") due to 3 previous errors
[INFO] [stderr] warning: build failed, waiting for other jobs to finish...
[INFO] running `Command { std: "docker" "inspect" "e9de026e00d97ca075fe0cd4cd75e24e2e9a14f2e75c59b6ebc8136c4d0b7f65", kill_on_drop: false }`
[INFO] running `Command { std: "docker" "rm" "-f" "e9de026e00d97ca075fe0cd4cd75e24e2e9a14f2e75c59b6ebc8136c4d0b7f65", kill_on_drop: false }`
[INFO] [stdout] e9de026e00d97ca075fe0cd4cd75e24e2e9a14f2e75c59b6ebc8136c4d0b7f65
