[INFO] fetching crate vcs-watch 0.8.0...
[INFO] testing vcs-watch-0.8.0 against 1.100.0-beta.1+cargoflags=--release for beta-release-1.100-2
[INFO] extracting crate vcs-watch 0.8.0 into /workspace/builds/worker-6-tc2/source
[INFO] started tweaking crates.io crate vcs-watch 0.8.0
[INFO] removed 0 missing examples
[INFO] removed 0 missing tests
[INFO] finished tweaking crates.io crate vcs-watch 0.8.0
[INFO] tweaked toml for crates.io crate vcs-watch 0.8.0 written to /workspace/builds/worker-6-tc2/source/Cargo.toml
[INFO] validating manifest of crates.io crate vcs-watch 0.8.0 on toolchain 1.100.0-beta.1
[INFO] running `Command { std: CARGO_HOME="/workspace/cargo-home" RUSTUP_HOME="/workspace/rustup-home" "/workspace/cargo-home/bin/cargo" "+1.100.0-beta.1" "metadata" "--manifest-path" "Cargo.toml" "--no-deps", kill_on_drop: false }`
[INFO] crate crates.io crate vcs-watch 0.8.0 already has a lockfile, it will not be regenerated
[INFO] running `Command { std: CARGO_HOME="/workspace/cargo-home" RUSTUP_HOME="/workspace/rustup-home" "/workspace/cargo-home/bin/cargo" "+1.100.0-beta.1" "fetch" "--manifest-path" "Cargo.toml", kill_on_drop: false }`
[INFO] [stderr] warning: `package.homepage` is redundant with `package.repository`
[INFO] [stderr]   --> Cargo.toml:65:12
[INFO] [stderr]    |
[INFO] [stderr] 65 | homepage = "https://github.com/ZelAnton/vcs-toolkit-rs"
[INFO] [stderr]    |            ^^^^^^^^^^^^^^^^^^^^^^^^^^^^^^^^^^^^^^^^^^^^
[INFO] [stderr] ...
[INFO] [stderr] 70 | repository = "https://github.com/ZelAnton/vcs-toolkit-rs"
[INFO] [stderr]    |              --------------------------------------------
[INFO] [stderr]    |
[INFO] [stderr]    = note: `cargo::redundant_homepage` is set to `warn` by default
[INFO] [stderr] help: consider removing `package.homepage`
[INFO] [stderr] warning: `vcs-watch` (manifest) generated 1 warning
[INFO] running `Command { std: "docker" "create" "-v" "/var/lib/crater-agent-workspace/builds/worker-6-tc2/source:/opt/rustwide/workdir:ro,Z" "-v" "/var/lib/crater-agent-workspace/builds/worker-6-tc2/target:/opt/rustwide/target:rw,Z" "-v" "/var/lib/crater-agent-workspace/cargo-home:/opt/rustwide/cargo-home:ro,Z" "-v" "/var/lib/crater-agent-workspace/rustup-home:/opt/rustwide/rustup-home:ro,Z" "-m" "1610612736" "--network" "none" "ghcr.io/rust-lang/crates-build-env/linux@sha256:77db811e55d90add9212f6832c23229e3de5f1c1f9905e8cb07319ea15df73ac" "sleep" "infinity", kill_on_drop: false }`
[INFO] [stdout] 4dbabf9c89ff9aecd338670371ca98c3e084818594d482793fa233b6f11cdf74
[INFO] running `Command { std: "docker" "start" "4dbabf9c89ff9aecd338670371ca98c3e084818594d482793fa233b6f11cdf74", kill_on_drop: false }`
[INFO] running `Command { std: "docker" "inspect" "4dbabf9c89ff9aecd338670371ca98c3e084818594d482793fa233b6f11cdf74", kill_on_drop: false }`
[INFO] running `Command { std: "docker" "exec" "-e" "SOURCE_DIR=/opt/rustwide/workdir" "-e" "CARGO_HOME=/opt/rustwide/cargo-home" "-e" "RUSTUP_HOME=/opt/rustwide/rustup-home" "-e" "CARGO_TARGET_DIR=/opt/rustwide/target" "-w" "/opt/rustwide/workdir" "--user" "0:0" "4dbabf9c89ff9aecd338670371ca98c3e084818594d482793fa233b6f11cdf74" "/opt/rustwide/cargo-home/bin/cargo" "+1.100.0-beta.1" "metadata" "--no-deps" "--format-version=1", kill_on_drop: false }`
[INFO] running `Command { std: "docker" "inspect" "4dbabf9c89ff9aecd338670371ca98c3e084818594d482793fa233b6f11cdf74", kill_on_drop: false }`
[INFO] running `Command { std: "docker" "exec" "-e" "SOURCE_DIR=/opt/rustwide/workdir" "-e" "CARGO_HOME=/opt/rustwide/cargo-home" "-e" "RUSTUP_HOME=/opt/rustwide/rustup-home" "-e" "CARGO_TARGET_DIR=/opt/rustwide/target" "-e" "CARGO_INCREMENTAL=0" "-e" "RUST_BACKTRACE=full" "-e" "RUSTFLAGS=--cap-lints=warn" "-e" "RUSTDOCFLAGS=--cap-lints=warn" "-w" "/opt/rustwide/workdir" "--user" "0:0" "4dbabf9c89ff9aecd338670371ca98c3e084818594d482793fa233b6f11cdf74" "/opt/rustwide/cargo-home/bin/cargo" "+1.100.0-beta.1" "build" "--frozen" "--message-format=json" "--release", kill_on_drop: false }`
[INFO] [stderr] warning: `package.homepage` is redundant with `package.repository`
[INFO] [stderr]   --> Cargo.toml:65:12
[INFO] [stderr]    |
[INFO] [stderr] 65 | homepage = "https://github.com/ZelAnton/vcs-toolkit-rs"
[INFO] [stderr]    |            ^^^^^^^^^^^^^^^^^^^^^^^^^^^^^^^^^^^^^^^^^^^^
[INFO] [stderr] ...
[INFO] [stderr] 70 | repository = "https://github.com/ZelAnton/vcs-toolkit-rs"
[INFO] [stderr]    |              --------------------------------------------
[INFO] [stderr]    |
[INFO] [stderr]    = note: `cargo::redundant_homepage` is set to `warn` by default
[INFO] [stderr] help: consider removing `package.homepage`
[INFO] [stderr] warning: `vcs-watch` (manifest) generated 1 warning
[INFO] [stderr]    Compiling quote v1.0.45
[INFO] [stderr]    Compiling proc-macro2 v1.0.106
[INFO] [stderr]    Compiling log v0.4.32
[INFO] [stderr]    Compiling futures-core v0.3.33
[INFO] [stderr]    Compiling futures-sink v0.3.32
[INFO] [stderr]    Compiling mutants v0.0.4
[INFO] [stderr]    Compiling vcs-diff v0.8.0
[INFO] [stderr]    Compiling bitflags v2.13.0
[INFO] [stderr]    Compiling errno v0.3.14
[INFO] [stderr]    Compiling socket2 v0.6.4
[INFO] [stderr]    Compiling inotify-sys v0.1.5
[INFO] [stderr]    Compiling signal-hook-registry v1.4.8
[INFO] [stderr]    Compiling mio v1.2.1
[INFO] [stderr]    Compiling notify-types v2.1.0
[INFO] [stderr]    Compiling inotify v0.11.2
[INFO] [stderr]    Compiling syn v2.0.117
[INFO] [stderr]    Compiling syn v3.0.0
[INFO] [stderr]    Compiling notify v8.2.0
[INFO] [stderr]    Compiling async-trait v0.1.91
[INFO] [stderr]    Compiling tokio-macros v2.7.0
[INFO] [stderr]    Compiling thiserror-impl v2.0.18
[INFO] [stderr]    Compiling tokio v1.53.1
[INFO] [stderr]    Compiling thiserror v2.0.18
[INFO] [stderr]    Compiling tokio-util v0.7.18
[INFO] [stderr]    Compiling tokio-stream v0.1.19
[INFO] [stderr]    Compiling processkit v3.3.1
[INFO] [stderr]    Compiling vcs-cli-support v0.8.0
[INFO] [stderr]    Compiling vcs-jj v0.12.0
[INFO] [stderr]    Compiling vcs-git v0.12.0
[INFO] [stderr]    Compiling vcs-core v0.10.0
[INFO] [stderr]    Compiling vcs-watch v0.8.0 (/opt/rustwide/workdir)
[INFO] [stderr]     Finished `release` profile [optimized] target(s) in 43.58s
[INFO] running `Command { std: "docker" "inspect" "4dbabf9c89ff9aecd338670371ca98c3e084818594d482793fa233b6f11cdf74", kill_on_drop: false }`
[INFO] running `Command { std: "docker" "exec" "-e" "SOURCE_DIR=/opt/rustwide/workdir" "-e" "CARGO_HOME=/opt/rustwide/cargo-home" "-e" "RUSTUP_HOME=/opt/rustwide/rustup-home" "-e" "CARGO_TARGET_DIR=/opt/rustwide/target" "-e" "CARGO_INCREMENTAL=0" "-e" "RUST_BACKTRACE=full" "-e" "RUSTFLAGS=--cap-lints=warn" "-e" "RUSTDOCFLAGS=--cap-lints=warn" "-w" "/opt/rustwide/workdir" "--user" "0:0" "4dbabf9c89ff9aecd338670371ca98c3e084818594d482793fa233b6f11cdf74" "/opt/rustwide/cargo-home/bin/cargo" "+1.100.0-beta.1" "test" "--frozen" "--no-run" "--message-format=json" "--release", kill_on_drop: false }`
[INFO] [stderr] warning: `package.homepage` is redundant with `package.repository`
[INFO] [stderr]   --> Cargo.toml:65:12
[INFO] [stderr]    |
[INFO] [stderr] 65 | homepage = "https://github.com/ZelAnton/vcs-toolkit-rs"
[INFO] [stderr]    |            ^^^^^^^^^^^^^^^^^^^^^^^^^^^^^^^^^^^^^^^^^^^^
[INFO] [stderr] ...
[INFO] [stderr] 70 | repository = "https://github.com/ZelAnton/vcs-toolkit-rs"
[INFO] [stderr]    |              --------------------------------------------
[INFO] [stderr]    |
[INFO] [stderr]    = note: `cargo::redundant_homepage` is set to `warn` by default
[INFO] [stderr] help: consider removing `package.homepage`
[INFO] [stderr] warning: `vcs-watch` (manifest) generated 1 warning
[INFO] [stderr]    Compiling tokio v1.53.1
[INFO] [stderr]    Compiling tokio-util v0.7.18
[INFO] [stderr]    Compiling tokio-stream v0.1.19
[INFO] [stderr]    Compiling processkit v3.3.1
[INFO] [stderr]    Compiling vcs-cli-support v0.8.0
[INFO] [stderr]    Compiling vcs-git v0.12.0
[INFO] [stderr]    Compiling vcs-jj v0.12.0
[INFO] [stderr]    Compiling vcs-core v0.10.0
[INFO] [stderr]    Compiling vcs-watch v0.8.0 (/opt/rustwide/workdir)
[INFO] [stdout] error[E0432]: unresolved import `vcs_testkit`
[INFO] [stdout]     --> src/lib.rs:1019:9
[INFO] [stdout]      |
[INFO] [stdout] 1019 |     use vcs_testkit::TempDir;
[INFO] [stdout]      |         ^^^^^^^^^^^ use of unresolved module or unlinked crate `vcs_testkit`
[INFO] [stdout]      |
[INFO] [stdout]      = help: if you wanted to use a crate named `vcs_testkit`, use `cargo add vcs_testkit` to add it to your `Cargo.toml`
[INFO] [stdout] 
[INFO] [stdout] 
[INFO] [stdout] error[E0432]: unresolved import `vcs_testkit`
[INFO] [stdout]     --> src/lib.rs:1170:9
[INFO] [stdout]      |
[INFO] [stdout] 1170 |     use vcs_testkit::TempDir;
[INFO] [stdout]      |         ^^^^^^^^^^^ use of unresolved module or unlinked crate `vcs_testkit`
[INFO] [stdout]      |
[INFO] [stdout]      = help: if you wanted to use a crate named `vcs_testkit`, use `cargo add vcs_testkit` to add it to your `Cargo.toml`
[INFO] [stdout] 
[INFO] [stdout] 
[INFO] [stdout] For more information about this error, try `rustc --explain E0432`.
[INFO] [stdout] 
[INFO] [stdout] error[E0432]: unresolved import `vcs_testkit`
[INFO] [stdout]   --> tests/watch.rs:15:5
[INFO] [stdout]    |
[INFO] [stdout] 15 | use vcs_testkit::{GitSandbox, JjSandbox, TempDir};
[INFO] [stdout]    |     ^^^^^^^^^^^ use of unresolved module or unlinked crate `vcs_testkit`
[INFO] [stdout]    |
[INFO] [stdout]    = help: if you wanted to use a crate named `vcs_testkit`, use `cargo add vcs_testkit` to add it to your `Cargo.toml`
[INFO] [stdout] 
[INFO] [stdout] 
[INFO] [stderr] error: could not compile `vcs-watch` (lib test) due to 2 previous errors
[INFO] [stderr] warning: build failed, waiting for other jobs to finish...
[INFO] [stdout] For more information about this error, try `rustc --explain E0432`.
[INFO] [stdout] 
[INFO] [stderr] error: could not compile `vcs-watch` (test "watch") due to 1 previous error
[INFO] running `Command { std: "docker" "inspect" "4dbabf9c89ff9aecd338670371ca98c3e084818594d482793fa233b6f11cdf74", kill_on_drop: false }`
[INFO] running `Command { std: "docker" "rm" "-f" "4dbabf9c89ff9aecd338670371ca98c3e084818594d482793fa233b6f11cdf74", kill_on_drop: false }`
[INFO] [stdout] 4dbabf9c89ff9aecd338670371ca98c3e084818594d482793fa233b6f11cdf74
