[INFO] fetching crate vcs-mcp 0.8.0...
[INFO] testing vcs-mcp-0.8.0 against 1.100.0-beta.1+cargoflags=--release for beta-release-1.100-2
[INFO] extracting crate vcs-mcp 0.8.0 into /workspace/builds/worker-4-tc2/source
[INFO] started tweaking crates.io crate vcs-mcp 0.8.0
[INFO] removed 0 missing tests
[INFO] finished tweaking crates.io crate vcs-mcp 0.8.0
[INFO] tweaked toml for crates.io crate vcs-mcp 0.8.0 written to /workspace/builds/worker-4-tc2/source/Cargo.toml
[INFO] validating manifest of crates.io crate vcs-mcp 0.8.0 on toolchain 1.100.0-beta.1
[INFO] running `Command { std: CARGO_HOME="/workspace/cargo-home" RUSTUP_HOME="/workspace/rustup-home" "/workspace/cargo-home/bin/cargo" "+1.100.0-beta.1" "metadata" "--manifest-path" "Cargo.toml" "--no-deps", kill_on_drop: false }`
[INFO] crate crates.io crate vcs-mcp 0.8.0 already has a lockfile, it will not be regenerated
[INFO] running `Command { std: CARGO_HOME="/workspace/cargo-home" RUSTUP_HOME="/workspace/rustup-home" "/workspace/cargo-home/bin/cargo" "+1.100.0-beta.1" "fetch" "--manifest-path" "Cargo.toml", kill_on_drop: false }`
[INFO] [stderr] warning: `package.homepage` is redundant with `package.repository`
[INFO] [stderr]   --> Cargo.toml:65:12
[INFO] [stderr]    |
[INFO] [stderr] 65 | homepage = "https://github.com/ZelAnton/vcs-toolkit-rs"
[INFO] [stderr]    |            ^^^^^^^^^^^^^^^^^^^^^^^^^^^^^^^^^^^^^^^^^^^^
[INFO] [stderr] ...
[INFO] [stderr] 70 | repository = "https://github.com/ZelAnton/vcs-toolkit-rs"
[INFO] [stderr]    |              --------------------------------------------
[INFO] [stderr]    |
[INFO] [stderr]    = note: `cargo::redundant_homepage` is set to `warn` by default
[INFO] [stderr] help: consider removing `package.homepage`
[INFO] [stderr] warning: `vcs-mcp` (manifest) generated 1 warning
[INFO] running `Command { std: "docker" "create" "-v" "/var/lib/crater-agent-workspace/builds/worker-4-tc2/source:/opt/rustwide/workdir:ro,Z" "-v" "/var/lib/crater-agent-workspace/builds/worker-4-tc2/target:/opt/rustwide/target:rw,Z" "-v" "/var/lib/crater-agent-workspace/cargo-home:/opt/rustwide/cargo-home:ro,Z" "-v" "/var/lib/crater-agent-workspace/rustup-home:/opt/rustwide/rustup-home:ro,Z" "-m" "1610612736" "--network" "none" "ghcr.io/rust-lang/crates-build-env/linux@sha256:77db811e55d90add9212f6832c23229e3de5f1c1f9905e8cb07319ea15df73ac" "sleep" "infinity", kill_on_drop: false }`
[INFO] [stdout] 026f7ed40c6253467fbf1d596bbada6e6e6219de62c0289ecc0f84b37407442d
[INFO] running `Command { std: "docker" "start" "026f7ed40c6253467fbf1d596bbada6e6e6219de62c0289ecc0f84b37407442d", kill_on_drop: false }`
[INFO] running `Command { std: "docker" "inspect" "026f7ed40c6253467fbf1d596bbada6e6e6219de62c0289ecc0f84b37407442d", kill_on_drop: false }`
[INFO] running `Command { std: "docker" "exec" "-e" "SOURCE_DIR=/opt/rustwide/workdir" "-e" "CARGO_HOME=/opt/rustwide/cargo-home" "-e" "RUSTUP_HOME=/opt/rustwide/rustup-home" "-e" "CARGO_TARGET_DIR=/opt/rustwide/target" "-w" "/opt/rustwide/workdir" "--user" "0:0" "026f7ed40c6253467fbf1d596bbada6e6e6219de62c0289ecc0f84b37407442d" "/opt/rustwide/cargo-home/bin/cargo" "+1.100.0-beta.1" "metadata" "--no-deps" "--format-version=1", kill_on_drop: false }`
[INFO] running `Command { std: "docker" "inspect" "026f7ed40c6253467fbf1d596bbada6e6e6219de62c0289ecc0f84b37407442d", kill_on_drop: false }`
[INFO] running `Command { std: "docker" "exec" "-e" "SOURCE_DIR=/opt/rustwide/workdir" "-e" "CARGO_HOME=/opt/rustwide/cargo-home" "-e" "RUSTUP_HOME=/opt/rustwide/rustup-home" "-e" "CARGO_TARGET_DIR=/opt/rustwide/target" "-e" "CARGO_INCREMENTAL=0" "-e" "RUST_BACKTRACE=full" "-e" "RUSTFLAGS=--cap-lints=warn" "-e" "RUSTDOCFLAGS=--cap-lints=warn" "-w" "/opt/rustwide/workdir" "--user" "0:0" "026f7ed40c6253467fbf1d596bbada6e6e6219de62c0289ecc0f84b37407442d" "/opt/rustwide/cargo-home/bin/cargo" "+1.100.0-beta.1" "build" "--frozen" "--message-format=json" "--release", kill_on_drop: false }`
[INFO] [stderr] warning: `package.homepage` is redundant with `package.repository`
[INFO] [stderr]   --> Cargo.toml:65:12
[INFO] [stderr]    |
[INFO] [stderr] 65 | homepage = "https://github.com/ZelAnton/vcs-toolkit-rs"
[INFO] [stderr]    |            ^^^^^^^^^^^^^^^^^^^^^^^^^^^^^^^^^^^^^^^^^^^^
[INFO] [stderr] ...
[INFO] [stderr] 70 | repository = "https://github.com/ZelAnton/vcs-toolkit-rs"
[INFO] [stderr]    |              --------------------------------------------
[INFO] [stderr]    |
[INFO] [stderr]    = note: `cargo::redundant_homepage` is set to `warn` by default
[INFO] [stderr] help: consider removing `package.homepage`
[INFO] [stderr] warning: `vcs-mcp` (manifest) generated 1 warning
[INFO] [stderr]    Compiling futures-sink v0.3.32
[INFO] [stderr]    Compiling serde_core v1.0.229
[INFO] [stderr]    Compiling futures-core v0.3.33
[INFO] [stderr]    Compiling serde v1.0.229
[INFO] [stderr]    Compiling memchr v2.8.1
[INFO] [stderr]    Compiling thiserror v2.0.18
[INFO] [stderr]    Compiling serde_json v1.0.151
[INFO] [stderr]    Compiling mutants v0.0.4
[INFO] [stderr]    Compiling encoding_rs v0.8.35
[INFO] [stderr]    Compiling strsim v0.11.1
[INFO] [stderr]    Compiling ident_case v1.0.1
[INFO] [stderr]    Compiling syn v3.0.0
[INFO] [stderr]    Compiling num-traits v0.2.19
[INFO] [stderr]    Compiling socket2 v0.6.4
[INFO] [stderr]    Compiling mio v1.2.1
[INFO] [stderr]    Compiling thiserror-impl v2.0.18
[INFO] [stderr]    Compiling futures-macro v0.3.32
[INFO] [stderr]    Compiling zmij v1.0.21
[INFO] [stderr]    Compiling getrandom v0.4.2
[INFO] [stderr]    Compiling ref-cast v1.0.25
[INFO] [stderr]    Compiling futures-io v0.3.32
[INFO] [stderr]    Compiling futures-channel v0.3.32
[INFO] [stderr]    Compiling slab v0.4.12
[INFO] [stderr]    Compiling futures-task v0.3.32
[INFO] [stderr]    Compiling serde_derive_internals v0.29.1
[INFO] [stderr]    Compiling ref-cast-impl v1.0.25
[INFO] [stderr]    Compiling itoa v1.0.18
[INFO] [stderr]    Compiling tokio v1.53.1
[INFO] [stderr]    Compiling rmcp v3.1.1
[INFO] [stderr]    Compiling dyn-clone v1.0.20
[INFO] [stderr]    Compiling tracing v0.1.44
[INFO] [stderr]    Compiling uuid v1.24.0
[INFO] [stderr]    Compiling pastey v0.2.3
[INFO] [stderr]    Compiling futures-util v0.3.32
[INFO] [stderr]    Compiling schemars_derive v1.2.1
[INFO] [stderr]    Compiling darling_core v0.24.0
[INFO] [stderr]    Compiling serde_derive v1.0.229
[INFO] [stderr]    Compiling async-trait v0.1.91
[INFO] [stderr]    Compiling futures-executor v0.3.32
[INFO] [stderr]    Compiling futures v0.3.32
[INFO] [stderr]    Compiling darling_macro v0.24.0
[INFO] [stderr]    Compiling tokio-util v0.7.18
[INFO] [stderr]    Compiling darling v0.24.0
[INFO] [stderr]    Compiling rmcp-macros v3.1.2
[INFO] [stderr]    Compiling tokio-stream v0.1.19
[INFO] [stderr]    Compiling processkit v3.3.1
[INFO] [stderr]    Compiling vcs-diff v0.8.0
[INFO] [stderr]    Compiling chrono v0.4.45
[INFO] [stderr]    Compiling schemars v1.2.1
[INFO] [stderr]    Compiling vcs-cli-support v0.8.0
[INFO] [stderr]    Compiling vcs-jj v0.12.0
[INFO] [stderr]    Compiling vcs-gitlab v0.8.0
[INFO] [stderr]    Compiling vcs-gitea v0.8.0
[INFO] [stderr]    Compiling vcs-github v0.12.0
[INFO] [stderr]    Compiling vcs-git v0.12.0
[INFO] [stderr]    Compiling vcs-forge v0.8.0
[INFO] [stderr]    Compiling vcs-core v0.10.0
[INFO] [stderr]    Compiling vcs-mcp v0.8.0 (/opt/rustwide/workdir)
[INFO] [stderr]     Finished `release` profile [optimized] target(s) in 1m 59s
[INFO] running `Command { std: "docker" "inspect" "026f7ed40c6253467fbf1d596bbada6e6e6219de62c0289ecc0f84b37407442d", kill_on_drop: false }`
[INFO] running `Command { std: "docker" "exec" "-e" "SOURCE_DIR=/opt/rustwide/workdir" "-e" "CARGO_HOME=/opt/rustwide/cargo-home" "-e" "RUSTUP_HOME=/opt/rustwide/rustup-home" "-e" "CARGO_TARGET_DIR=/opt/rustwide/target" "-e" "CARGO_INCREMENTAL=0" "-e" "RUST_BACKTRACE=full" "-e" "RUSTFLAGS=--cap-lints=warn" "-e" "RUSTDOCFLAGS=--cap-lints=warn" "-w" "/opt/rustwide/workdir" "--user" "0:0" "026f7ed40c6253467fbf1d596bbada6e6e6219de62c0289ecc0f84b37407442d" "/opt/rustwide/cargo-home/bin/cargo" "+1.100.0-beta.1" "test" "--frozen" "--no-run" "--message-format=json" "--release", kill_on_drop: false }`
[INFO] [stderr] warning: `package.homepage` is redundant with `package.repository`
[INFO] [stderr]   --> Cargo.toml:65:12
[INFO] [stderr]    |
[INFO] [stderr] 65 | homepage = "https://github.com/ZelAnton/vcs-toolkit-rs"
[INFO] [stderr]    |            ^^^^^^^^^^^^^^^^^^^^^^^^^^^^^^^^^^^^^^^^^^^^
[INFO] [stderr] ...
[INFO] [stderr] 70 | repository = "https://github.com/ZelAnton/vcs-toolkit-rs"
[INFO] [stderr]    |              --------------------------------------------
[INFO] [stderr]    |
[INFO] [stderr]    = note: `cargo::redundant_homepage` is set to `warn` by default
[INFO] [stderr] help: consider removing `package.homepage`
[INFO] [stderr] warning: `vcs-mcp` (manifest) generated 1 warning
[INFO] [stderr]    Compiling libc v0.2.186
[INFO] [stderr]    Compiling cfg_aliases v0.2.1
[INFO] [stderr]    Compiling bitflags v2.13.0
[INFO] [stderr]    Compiling indexmap v2.14.0
[INFO] [stderr]    Compiling rmcp v3.1.1
[INFO] [stderr]    Compiling nix v0.31.3
[INFO] [stderr]    Compiling errno v0.3.14
[INFO] [stderr]    Compiling socket2 v0.6.4
[INFO] [stderr]    Compiling mio v1.2.1
[INFO] [stderr]    Compiling getrandom v0.4.2
[INFO] [stderr]    Compiling uuid v1.24.0
[INFO] [stderr]    Compiling signal-hook-registry v1.4.8
[INFO] [stderr]    Compiling tokio v1.53.1
[INFO] [stderr]    Compiling tokio-util v0.7.18
[INFO] [stderr]    Compiling process-wrap v9.1.0
[INFO] [stderr]    Compiling tokio-stream v0.1.19
[INFO] [stderr]    Compiling processkit v3.3.1
[INFO] [stderr]    Compiling vcs-cli-support v0.8.0
[INFO] [stderr]    Compiling vcs-gitea v0.8.0
[INFO] [stderr]    Compiling vcs-gitlab v0.8.0
[INFO] [stderr]    Compiling vcs-github v0.12.0
[INFO] [stderr]    Compiling vcs-git v0.12.0
[INFO] [stderr]    Compiling vcs-jj v0.12.0
[INFO] [stderr]    Compiling vcs-core v0.10.0
[INFO] [stderr]    Compiling vcs-forge v0.8.0
[INFO] [stderr]    Compiling vcs-mcp v0.8.0 (/opt/rustwide/workdir)
[INFO] [stdout] error[E0432]: unresolved import `vcs_testkit`
[INFO] [stdout]     --> src/tests.rs:2253:9
[INFO] [stdout]      |
[INFO] [stdout] 2253 |     use vcs_testkit::TempDir;
[INFO] [stdout]      |         ^^^^^^^^^^^ use of unresolved module or unlinked crate `vcs_testkit`
[INFO] [stdout]      |
[INFO] [stdout]      = help: if you wanted to use a crate named `vcs_testkit`, use `cargo add vcs_testkit` to add it to your `Cargo.toml`
[INFO] [stdout] 
[INFO] [stdout] 
[INFO] [stdout] error[E0433]: cannot find module or crate `vcs_testkit` in this scope
[INFO] [stdout]    --> src/tests.rs:328:40
[INFO] [stdout]     |
[INFO] [stdout] 328 |     let bad = std::path::PathBuf::from(vcs_testkit::non_utf8_filename());
[INFO] [stdout]     |                                        ^^^^^^^^^^^ use of unresolved module or unlinked crate `vcs_testkit`
[INFO] [stdout]     |
[INFO] [stdout]     = help: if you wanted to use a crate named `vcs_testkit`, use `cargo add vcs_testkit` to add it to your `Cargo.toml`
[INFO] [stdout] 
[INFO] [stdout] 
[INFO] [stdout] error[E0432]: unresolved import `vcs_testkit`
[INFO] [stdout]   --> tests/mcp.rs:15:5
[INFO] [stdout]    |
[INFO] [stdout] 15 | use vcs_testkit::GitSandbox;
[INFO] [stdout]    |     ^^^^^^^^^^^ use of unresolved module or unlinked crate `vcs_testkit`
[INFO] [stdout]    |
[INFO] [stdout]    = help: if you wanted to use a crate named `vcs_testkit`, use `cargo add vcs_testkit` to add it to your `Cargo.toml`
[INFO] [stdout] 
[INFO] [stdout] 
[INFO] [stdout] error[E0433]: cannot find module or crate `vcs_testkit` in this scope
[INFO] [stdout]    --> src/main.rs:643:25
[INFO] [stdout]     |
[INFO] [stdout] 643 |         let colocated = vcs_testkit::JjSandbox::colocated("mcp-forge-colocated");
[INFO] [stdout]     |                         ^^^^^^^^^^^ use of unresolved module or unlinked crate `vcs_testkit`
[INFO] [stdout]     |
[INFO] [stdout]     = help: if you wanted to use a crate named `vcs_testkit`, use `cargo add vcs_testkit` to add it to your `Cargo.toml`
[INFO] [stdout] 
[INFO] [stdout] 
[INFO] [stdout] For more information about this error, try `rustc --explain E0432`.
[INFO] [stdout] 
[INFO] [stderr] error: could not compile `vcs-mcp` (test "mcp") due to 1 previous error
[INFO] [stderr] warning: build failed, waiting for other jobs to finish...
[INFO] [stdout] error[E0433]: cannot find module or crate `vcs_testkit` in this scope
[INFO] [stdout]    --> src/main.rs:658:29
[INFO] [stdout]     |
[INFO] [stdout] 658 |         let non_colocated = vcs_testkit::JjSandbox::init_non_colocated("mcp-forge-non-colocated");
[INFO] [stdout]     |                             ^^^^^^^^^^^ use of unresolved module or unlinked crate `vcs_testkit`
[INFO] [stdout]     |
[INFO] [stdout]     = help: if you wanted to use a crate named `vcs_testkit`, use `cargo add vcs_testkit` to add it to your `Cargo.toml`
[INFO] [stdout] 
[INFO] [stdout] 
[INFO] [stdout] error[E0432]: unresolved import `vcs_testkit`
[INFO] [stdout]   --> tests/stdio_e2e.rs:19:5
[INFO] [stdout]    |
[INFO] [stdout] 19 | use vcs_testkit::GitSandbox;
[INFO] [stdout]    |     ^^^^^^^^^^^ use of unresolved module or unlinked crate `vcs_testkit`
[INFO] [stdout]    |
[INFO] [stdout]    = help: if you wanted to use a crate named `vcs_testkit`, use `cargo add vcs_testkit` to add it to your `Cargo.toml`
[INFO] [stdout] 
[INFO] [stdout] 
[INFO] [stdout] For more information about this error, try `rustc --explain E0432`.
[INFO] [stdout] 
[INFO] [stderr] error: could not compile `vcs-mcp` (test "stdio_e2e") due to 1 previous error
[INFO] [stdout] For more information about this error, try `rustc --explain E0433`.
[INFO] [stdout] 
[INFO] [stderr] error: could not compile `vcs-mcp` (bin "vcs-mcp" test) due to 2 previous errors
[INFO] [stdout] Some errors have detailed explanations: E0432, E0433.
[INFO] [stdout] 
[INFO] [stdout] For more information about an error, try `rustc --explain E0432`.
[INFO] [stdout] 
[INFO] [stderr] error: could not compile `vcs-mcp` (lib test) due to 2 previous errors
[INFO] running `Command { std: "docker" "inspect" "026f7ed40c6253467fbf1d596bbada6e6e6219de62c0289ecc0f84b37407442d", kill_on_drop: false }`
[INFO] running `Command { std: "docker" "rm" "-f" "026f7ed40c6253467fbf1d596bbada6e6e6219de62c0289ecc0f84b37407442d", kill_on_drop: false }`
[INFO] [stdout] 026f7ed40c6253467fbf1d596bbada6e6e6219de62c0289ecc0f84b37407442d
