[INFO] fetching crate vcs-jj 0.12.0...
[INFO] testing vcs-jj-0.12.0 against 1.100.0-beta.1+cargoflags=--release for beta-release-1.100-2
[INFO] extracting crate vcs-jj 0.12.0 into /workspace/builds/worker-4-tc2/source
[INFO] started tweaking crates.io crate vcs-jj 0.12.0
[INFO] removed 0 missing tests
[INFO] finished tweaking crates.io crate vcs-jj 0.12.0
[INFO] tweaked toml for crates.io crate vcs-jj 0.12.0 written to /workspace/builds/worker-4-tc2/source/Cargo.toml
[INFO] validating manifest of crates.io crate vcs-jj 0.12.0 on toolchain 1.100.0-beta.1
[INFO] running `Command { std: CARGO_HOME="/workspace/cargo-home" RUSTUP_HOME="/workspace/rustup-home" "/workspace/cargo-home/bin/cargo" "+1.100.0-beta.1" "metadata" "--manifest-path" "Cargo.toml" "--no-deps", kill_on_drop: false }`
[INFO] crate crates.io crate vcs-jj 0.12.0 already has a lockfile, it will not be regenerated
[INFO] running `Command { std: CARGO_HOME="/workspace/cargo-home" RUSTUP_HOME="/workspace/rustup-home" "/workspace/cargo-home/bin/cargo" "+1.100.0-beta.1" "fetch" "--manifest-path" "Cargo.toml", kill_on_drop: false }`
[INFO] [stderr] warning: `package.homepage` is redundant with `package.repository`
[INFO] [stderr]   --> Cargo.toml:65:12
[INFO] [stderr]    |
[INFO] [stderr] 65 | homepage = "https://github.com/ZelAnton/vcs-toolkit-rs"
[INFO] [stderr]    |            ^^^^^^^^^^^^^^^^^^^^^^^^^^^^^^^^^^^^^^^^^^^^
[INFO] [stderr] ...
[INFO] [stderr] 70 | repository = "https://github.com/ZelAnton/vcs-toolkit-rs"
[INFO] [stderr]    |              --------------------------------------------
[INFO] [stderr]    |
[INFO] [stderr]    = note: `cargo::redundant_homepage` is set to `warn` by default
[INFO] [stderr] help: consider removing `package.homepage`
[INFO] [stderr] warning: `vcs-jj` (manifest) generated 1 warning
[INFO] running `Command { std: "docker" "create" "-v" "/var/lib/crater-agent-workspace/builds/worker-4-tc2/source:/opt/rustwide/workdir:ro,Z" "-v" "/var/lib/crater-agent-workspace/builds/worker-4-tc2/target:/opt/rustwide/target:rw,Z" "-v" "/var/lib/crater-agent-workspace/cargo-home:/opt/rustwide/cargo-home:ro,Z" "-v" "/var/lib/crater-agent-workspace/rustup-home:/opt/rustwide/rustup-home:ro,Z" "-m" "1610612736" "--network" "none" "ghcr.io/rust-lang/crates-build-env/linux@sha256:77db811e55d90add9212f6832c23229e3de5f1c1f9905e8cb07319ea15df73ac" "sleep" "infinity", kill_on_drop: false }`
[INFO] [stdout] 931ab267e2cce583ec9d2c6a51c666c6cdc16c81ecf55b8d7c05beb46a72c921
[INFO] running `Command { std: "docker" "start" "931ab267e2cce583ec9d2c6a51c666c6cdc16c81ecf55b8d7c05beb46a72c921", kill_on_drop: false }`
[INFO] running `Command { std: "docker" "inspect" "931ab267e2cce583ec9d2c6a51c666c6cdc16c81ecf55b8d7c05beb46a72c921", kill_on_drop: false }`
[INFO] running `Command { std: "docker" "exec" "-e" "SOURCE_DIR=/opt/rustwide/workdir" "-e" "CARGO_HOME=/opt/rustwide/cargo-home" "-e" "RUSTUP_HOME=/opt/rustwide/rustup-home" "-e" "CARGO_TARGET_DIR=/opt/rustwide/target" "-w" "/opt/rustwide/workdir" "--user" "0:0" "931ab267e2cce583ec9d2c6a51c666c6cdc16c81ecf55b8d7c05beb46a72c921" "/opt/rustwide/cargo-home/bin/cargo" "+1.100.0-beta.1" "metadata" "--no-deps" "--format-version=1", kill_on_drop: false }`
[INFO] running `Command { std: "docker" "inspect" "931ab267e2cce583ec9d2c6a51c666c6cdc16c81ecf55b8d7c05beb46a72c921", kill_on_drop: false }`
[INFO] running `Command { std: "docker" "exec" "-e" "SOURCE_DIR=/opt/rustwide/workdir" "-e" "CARGO_HOME=/opt/rustwide/cargo-home" "-e" "RUSTUP_HOME=/opt/rustwide/rustup-home" "-e" "CARGO_TARGET_DIR=/opt/rustwide/target" "-e" "CARGO_INCREMENTAL=0" "-e" "RUST_BACKTRACE=full" "-e" "RUSTFLAGS=--cap-lints=warn" "-e" "RUSTDOCFLAGS=--cap-lints=warn" "-w" "/opt/rustwide/workdir" "--user" "0:0" "931ab267e2cce583ec9d2c6a51c666c6cdc16c81ecf55b8d7c05beb46a72c921" "/opt/rustwide/cargo-home/bin/cargo" "+1.100.0-beta.1" "build" "--frozen" "--message-format=json" "--release", kill_on_drop: false }`
[INFO] [stderr] warning: `package.homepage` is redundant with `package.repository`
[INFO] [stderr]   --> Cargo.toml:65:12
[INFO] [stderr]    |
[INFO] [stderr] 65 | homepage = "https://github.com/ZelAnton/vcs-toolkit-rs"
[INFO] [stderr]    |            ^^^^^^^^^^^^^^^^^^^^^^^^^^^^^^^^^^^^^^^^^^^^
[INFO] [stderr] ...
[INFO] [stderr] 70 | repository = "https://github.com/ZelAnton/vcs-toolkit-rs"
[INFO] [stderr]    |              --------------------------------------------
[INFO] [stderr]    |
[INFO] [stderr]    = note: `cargo::redundant_homepage` is set to `warn` by default
[INFO] [stderr] help: consider removing `package.homepage`
[INFO] [stderr] warning: `vcs-jj` (manifest) generated 1 warning
[INFO] [stderr]    Compiling futures-core v0.3.33
[INFO] [stderr]    Compiling mutants v0.0.4
[INFO] [stderr]    Compiling vcs-diff v0.8.0
[INFO] [stderr]    Compiling errno v0.3.14
[INFO] [stderr]    Compiling mio v1.2.1
[INFO] [stderr]    Compiling socket2 v0.6.4
[INFO] [stderr]    Compiling syn v3.0.0
[INFO] [stderr]    Compiling tokio-macros v2.7.0
[INFO] [stderr]    Compiling signal-hook-registry v1.4.8
[INFO] [stderr]    Compiling tokio v1.53.1
[INFO] [stderr]    Compiling async-trait v0.1.91
[INFO] [stderr]    Compiling tokio-util v0.7.18
[INFO] [stderr]    Compiling tokio-stream v0.1.19
[INFO] [stderr]    Compiling processkit v3.3.1
[INFO] [stderr]    Compiling vcs-cli-support v0.8.0
[INFO] [stderr]    Compiling vcs-jj v0.12.0 (/opt/rustwide/workdir)
[INFO] [stderr]     Finished `release` profile [optimized] target(s) in 28.63s
[INFO] running `Command { std: "docker" "inspect" "931ab267e2cce583ec9d2c6a51c666c6cdc16c81ecf55b8d7c05beb46a72c921", kill_on_drop: false }`
[INFO] running `Command { std: "docker" "exec" "-e" "SOURCE_DIR=/opt/rustwide/workdir" "-e" "CARGO_HOME=/opt/rustwide/cargo-home" "-e" "RUSTUP_HOME=/opt/rustwide/rustup-home" "-e" "CARGO_TARGET_DIR=/opt/rustwide/target" "-e" "CARGO_INCREMENTAL=0" "-e" "RUST_BACKTRACE=full" "-e" "RUSTFLAGS=--cap-lints=warn" "-e" "RUSTDOCFLAGS=--cap-lints=warn" "-w" "/opt/rustwide/workdir" "--user" "0:0" "931ab267e2cce583ec9d2c6a51c666c6cdc16c81ecf55b8d7c05beb46a72c921" "/opt/rustwide/cargo-home/bin/cargo" "+1.100.0-beta.1" "test" "--frozen" "--no-run" "--message-format=json" "--release", kill_on_drop: false }`
[INFO] [stderr] warning: `package.homepage` is redundant with `package.repository`
[INFO] [stderr]   --> Cargo.toml:65:12
[INFO] [stderr]    |
[INFO] [stderr] 65 | homepage = "https://github.com/ZelAnton/vcs-toolkit-rs"
[INFO] [stderr]    |            ^^^^^^^^^^^^^^^^^^^^^^^^^^^^^^^^^^^^^^^^^^^^
[INFO] [stderr] ...
[INFO] [stderr] 70 | repository = "https://github.com/ZelAnton/vcs-toolkit-rs"
[INFO] [stderr]    |              --------------------------------------------
[INFO] [stderr]    |
[INFO] [stderr]    = note: `cargo::redundant_homepage` is set to `warn` by default
[INFO] [stderr] help: consider removing `package.homepage`
[INFO] [stderr] warning: `vcs-jj` (manifest) generated 1 warning
[INFO] [stderr]    Compiling syn v3.0.0
[INFO] [stderr]    Compiling zerocopy v0.8.50
[INFO] [stderr]    Compiling zerocopy-derive v0.8.50
[INFO] [stderr]    Compiling tokio v1.53.1
[INFO] [stderr]    Compiling getrandom v0.3.4
[INFO] [stderr]    Compiling getrandom v0.4.2
[INFO] [stderr]    Compiling rustix v1.1.4
[INFO] [stderr]    Compiling alloca v0.4.0
[INFO] [stderr]    Compiling memchr v2.8.1
[INFO] [stderr]    Compiling plotters-backend v0.3.7
[INFO] [stderr]    Compiling clap_builder v4.6.2
[INFO] [stderr]    Compiling itertools v0.13.0
[INFO] [stderr]    Compiling regex-automata v0.4.16
[INFO] [stderr]    Compiling wait-timeout v0.2.1
[INFO] [stderr]    Compiling rayon v1.12.0
[INFO] [stderr]    Compiling page_size v0.6.0
[INFO] [stderr]    Compiling oorandom v11.1.5
[INFO] [stderr]    Compiling rand_core v0.9.5
[INFO] [stderr]    Compiling serde_json v1.0.151
[INFO] [stderr]    Compiling plotters-svg v0.3.7
[INFO] [stderr]    Compiling rand_xorshift v0.4.0
[INFO] [stderr]    Compiling rand v0.9.4
[INFO] [stderr]    Compiling plotters v0.3.7
[INFO] [stderr]    Compiling regex v1.12.3
[INFO] [stderr]    Compiling criterion-plot v0.8.2
[INFO] [stderr]    Compiling tempfile v3.27.0
[INFO] [stderr]    Compiling rusty-fork v0.3.1
[INFO] [stderr]    Compiling clap v4.6.3
[INFO] [stderr]    Compiling serde_derive v1.0.229
[INFO] [stderr]    Compiling async-trait v0.1.91
[INFO] [stderr]    Compiling serde v1.0.229
[INFO] [stderr]    Compiling tinytemplate v1.2.1
[INFO] [stderr]    Compiling half v2.7.1
[INFO] [stderr]    Compiling ppv-lite86 v0.2.21
[INFO] [stderr]    Compiling tokio-util v0.7.18
[INFO] [stderr]    Compiling ciborium-ll v0.2.2
[INFO] [stderr]    Compiling rand_chacha v0.9.0
[INFO] [stderr]    Compiling tokio-stream v0.1.19
[INFO] [stderr]    Compiling ciborium v0.2.2
[INFO] [stderr]    Compiling proptest v1.11.0
[INFO] [stderr]    Compiling processkit v3.3.1
[INFO] [stderr]    Compiling criterion v0.8.2
[INFO] [stderr]    Compiling vcs-cli-support v0.8.0
[INFO] [stderr]    Compiling vcs-jj v0.12.0 (/opt/rustwide/workdir)
[INFO] [stdout] error[E0432]: unresolved import `vcs_testkit`
[INFO] [stdout]     --> src/lib.rs:2527:13
[INFO] [stdout]      |
[INFO] [stdout] 2527 |         use vcs_testkit::TempDir;
[INFO] [stdout]      |             ^^^^^^^^^^^ use of unresolved module or unlinked crate `vcs_testkit`
[INFO] [stdout]      |
[INFO] [stdout]      = help: if you wanted to use a crate named `vcs_testkit`, use `cargo add vcs_testkit` to add it to your `Cargo.toml`
[INFO] [stdout] 
[INFO] [stdout] 
[INFO] [stdout] error[E0432]: unresolved import `vcs_testkit`
[INFO] [stdout]     --> src/lib.rs:3660:13
[INFO] [stdout]      |
[INFO] [stdout] 3660 |         use vcs_testkit::TempDir;
[INFO] [stdout]      |             ^^^^^^^^^^^ use of unresolved module or unlinked crate `vcs_testkit`
[INFO] [stdout]      |
[INFO] [stdout]      = help: if you wanted to use a crate named `vcs_testkit`, use `cargo add vcs_testkit` to add it to your `Cargo.toml`
[INFO] [stdout] 
[INFO] [stdout] 
[INFO] [stdout] error[E0432]: unresolved import `vcs_testkit`
[INFO] [stdout]     --> src/lib.rs:4546:13
[INFO] [stdout]      |
[INFO] [stdout] 4546 |         use vcs_testkit::TempDir;
[INFO] [stdout]      |             ^^^^^^^^^^^ use of unresolved module or unlinked crate `vcs_testkit`
[INFO] [stdout]      |
[INFO] [stdout]      = help: if you wanted to use a crate named `vcs_testkit`, use `cargo add vcs_testkit` to add it to your `Cargo.toml`
[INFO] [stdout] 
[INFO] [stdout] 
[INFO] [stdout] error[E0433]: cannot find module or crate `vcs_testkit` in this scope
[INFO] [stdout]    --> src/blocking.rs:155:20
[INFO] [stdout]     |
[INFO] [stdout] 155 |         let temp = vcs_testkit::TempDir::new("blocking-workspace-forget-failure");
[INFO] [stdout]     |                    ^^^^^^^^^^^ use of unresolved module or unlinked crate `vcs_testkit`
[INFO] [stdout]     |
[INFO] [stdout]     = help: if you wanted to use a crate named `vcs_testkit`, use `cargo add vcs_testkit` to add it to your `Cargo.toml`
[INFO] [stdout] 
[INFO] [stdout] 
[INFO] [stdout] error[E0432]: unresolved import `vcs_testkit`
[INFO] [stdout]  --> tests/repo.rs:8:5
[INFO] [stdout]   |
[INFO] [stdout] 8 | use vcs_testkit::{BareRemote, JjSandbox, TempDir, jj as jj_raw};
[INFO] [stdout]   |     ^^^^^^^^^^^ use of unresolved module or unlinked crate `vcs_testkit`
[INFO] [stdout]   |
[INFO] [stdout]   = help: if you wanted to use a crate named `vcs_testkit`, use `cargo add vcs_testkit` to add it to your `Cargo.toml`
[INFO] [stdout] 
[INFO] [stdout] 
[INFO] [stdout] For more information about this error, try `rustc --explain E0432`.
[INFO] [stdout] 
[INFO] [stderr] error: could not compile `vcs-jj` (test "repo") due to 1 previous error
[INFO] [stderr] warning: build failed, waiting for other jobs to finish...
[INFO] [stdout] Some errors have detailed explanations: E0432, E0433.
[INFO] [stdout] 
[INFO] [stdout] For more information about an error, try `rustc --explain E0432`.
[INFO] [stdout] 
[INFO] [stderr] error: could not compile `vcs-jj` (lib test) due to 4 previous errors
[INFO] running `Command { std: "docker" "inspect" "931ab267e2cce583ec9d2c6a51c666c6cdc16c81ecf55b8d7c05beb46a72c921", kill_on_drop: false }`
[INFO] running `Command { std: "docker" "rm" "-f" "931ab267e2cce583ec9d2c6a51c666c6cdc16c81ecf55b8d7c05beb46a72c921", kill_on_drop: false }`
[INFO] [stdout] 931ab267e2cce583ec9d2c6a51c666c6cdc16c81ecf55b8d7c05beb46a72c921
