[INFO] fetching crate vbsp-derive 0.1.0...
[INFO] testing vbsp-derive-0.1.0 against 1.99.0-beta.8+cargoflags=--release for beta-release-1.100-2
[INFO] extracting crate vbsp-derive 0.1.0 into /workspace/builds/worker-4-tc1/source
[INFO] started tweaking crates.io crate vbsp-derive 0.1.0
[INFO] finished tweaking crates.io crate vbsp-derive 0.1.0
[INFO] tweaked toml for crates.io crate vbsp-derive 0.1.0 written to /workspace/builds/worker-4-tc1/source/Cargo.toml
[INFO] validating manifest of crates.io crate vbsp-derive 0.1.0 on toolchain 1.99.0-beta.8
[INFO] running `Command { std: CARGO_HOME="/workspace/cargo-home" RUSTUP_HOME="/workspace/rustup-home" "/workspace/cargo-home/bin/cargo" "+1.99.0-beta.8" "metadata" "--manifest-path" "Cargo.toml" "--no-deps", kill_on_drop: false }`
[INFO] running `Command { std: CARGO_HOME="/workspace/cargo-home" RUSTUP_HOME="/workspace/rustup-home" "/workspace/cargo-home/bin/cargo" "+1.99.0-beta.8" "generate-lockfile" "--manifest-path" "Cargo.toml", kill_on_drop: false }`
[INFO] [stderr]     Updating crates.io index
[INFO] [stderr]      Locking 5 packages to highest compatible versions
[INFO] [stderr]       Adding syn v1.0.109 (available: v3.0.9)
[INFO] [stderr]       Adding syn_util v0.4.2 (available: v0.5.0)
[INFO] running `Command { std: CARGO_HOME="/workspace/cargo-home" RUSTUP_HOME="/workspace/rustup-home" "/workspace/cargo-home/bin/cargo" "+1.99.0-beta.8" "fetch" "--manifest-path" "Cargo.toml", kill_on_drop: false }`
[INFO] [stderr]  Downloading crates ...
[INFO] [stderr]   Downloaded syn_util v0.4.2
[INFO] running `Command { std: "docker" "create" "-v" "/var/lib/crater-agent-workspace/builds/worker-4-tc1/source:/opt/rustwide/workdir:ro,Z" "-v" "/var/lib/crater-agent-workspace/builds/worker-4-tc1/target:/opt/rustwide/target:rw,Z" "-v" "/var/lib/crater-agent-workspace/cargo-home:/opt/rustwide/cargo-home:ro,Z" "-v" "/var/lib/crater-agent-workspace/rustup-home:/opt/rustwide/rustup-home:ro,Z" "-m" "1610612736" "--network" "none" "ghcr.io/rust-lang/crates-build-env/linux@sha256:77db811e55d90add9212f6832c23229e3de5f1c1f9905e8cb07319ea15df73ac" "sleep" "infinity", kill_on_drop: false }`
[INFO] [stdout] 077471a60927a5bb27db4df9daa7cfd2d3f5f204aa0b4fe5c4461797f87c4c61
[INFO] running `Command { std: "docker" "start" "077471a60927a5bb27db4df9daa7cfd2d3f5f204aa0b4fe5c4461797f87c4c61", kill_on_drop: false }`
[INFO] running `Command { std: "docker" "inspect" "077471a60927a5bb27db4df9daa7cfd2d3f5f204aa0b4fe5c4461797f87c4c61", kill_on_drop: false }`
[INFO] running `Command { std: "docker" "exec" "-e" "SOURCE_DIR=/opt/rustwide/workdir" "-e" "CARGO_HOME=/opt/rustwide/cargo-home" "-e" "RUSTUP_HOME=/opt/rustwide/rustup-home" "-e" "CARGO_TARGET_DIR=/opt/rustwide/target" "-w" "/opt/rustwide/workdir" "--user" "0:0" "077471a60927a5bb27db4df9daa7cfd2d3f5f204aa0b4fe5c4461797f87c4c61" "/opt/rustwide/cargo-home/bin/cargo" "+1.99.0-beta.8" "metadata" "--no-deps" "--format-version=1", kill_on_drop: false }`
[INFO] running `Command { std: "docker" "inspect" "077471a60927a5bb27db4df9daa7cfd2d3f5f204aa0b4fe5c4461797f87c4c61", kill_on_drop: false }`
[INFO] running `Command { std: "docker" "exec" "-e" "SOURCE_DIR=/opt/rustwide/workdir" "-e" "CARGO_HOME=/opt/rustwide/cargo-home" "-e" "RUSTUP_HOME=/opt/rustwide/rustup-home" "-e" "CARGO_TARGET_DIR=/opt/rustwide/target" "-e" "CARGO_INCREMENTAL=0" "-e" "RUST_BACKTRACE=full" "-e" "RUSTFLAGS=--cap-lints=warn" "-e" "RUSTDOCFLAGS=--cap-lints=warn" "-w" "/opt/rustwide/workdir" "--user" "0:0" "077471a60927a5bb27db4df9daa7cfd2d3f5f204aa0b4fe5c4461797f87c4c61" "/opt/rustwide/cargo-home/bin/cargo" "+1.99.0-beta.8" "build" "--frozen" "--message-format=json" "--release", kill_on_drop: false }`
[INFO] [stderr]    Compiling syn v1.0.109
[INFO] [stderr]    Compiling syn_util v0.4.2
[INFO] [stderr]    Compiling vbsp-derive v0.1.0 (/opt/rustwide/workdir)
[INFO] [stderr]     Finished `release` profile [optimized] target(s) in 4.70s
[INFO] running `Command { std: "docker" "inspect" "077471a60927a5bb27db4df9daa7cfd2d3f5f204aa0b4fe5c4461797f87c4c61", kill_on_drop: false }`
[INFO] running `Command { std: "docker" "exec" "-e" "SOURCE_DIR=/opt/rustwide/workdir" "-e" "CARGO_HOME=/opt/rustwide/cargo-home" "-e" "RUSTUP_HOME=/opt/rustwide/rustup-home" "-e" "CARGO_TARGET_DIR=/opt/rustwide/target" "-e" "CARGO_INCREMENTAL=0" "-e" "RUST_BACKTRACE=full" "-e" "RUSTFLAGS=--cap-lints=warn" "-e" "RUSTDOCFLAGS=--cap-lints=warn" "-w" "/opt/rustwide/workdir" "--user" "0:0" "077471a60927a5bb27db4df9daa7cfd2d3f5f204aa0b4fe5c4461797f87c4c61" "/opt/rustwide/cargo-home/bin/cargo" "+1.99.0-beta.8" "test" "--frozen" "--no-run" "--message-format=json" "--release", kill_on_drop: false }`
[INFO] [stderr]    Compiling proc-macro2 v1.0.107
[INFO] [stderr]    Compiling syn v1.0.109
[INFO] [stderr]    Compiling vbsp-derive v0.1.0 (/opt/rustwide/workdir)
[INFO] [stderr]    Compiling quote v1.0.47
[INFO] [stderr]    Compiling syn_util v0.4.2
[INFO] [stdout] error[E0432]: unresolved import `vbsp`
[INFO] [stdout]  --> tests/expand.rs:1:5
[INFO] [stdout]   |
[INFO] [stdout] 1 | use vbsp::RawEntity;
[INFO] [stdout]   |     ^^^^ use of unresolved module or unlinked crate `vbsp`
[INFO] [stdout]   |
[INFO] [stdout]   = help: if you wanted to use a crate named `vbsp`, use `cargo add vbsp` to add it to your `Cargo.toml`
[INFO] [stdout] 
[INFO] [stdout] 
[INFO] [stdout] error[E0433]: cannot find `error` in the crate root
[INFO] [stdout]  --> tests/expand.rs:4:10
[INFO] [stdout]   |
[INFO] [stdout] 4 | #[derive(Entity)]
[INFO] [stdout]   |          ^^^^^^ unresolved import
[INFO] [stdout]   |
[INFO] [stdout]   = note: this error originates in the derive macro `Entity` (in Nightly builds, run with -Z macro-backtrace for more info)
[INFO] [stdout] 
[INFO] [stdout] 
[INFO] [stdout] error[E0433]: cannot find `error` in the crate root
[INFO] [stdout]   --> tests/expand.rs:14:10
[INFO] [stdout]    |
[INFO] [stdout] 14 | #[derive(Entity)]
[INFO] [stdout]    |          ^^^^^^ unresolved import
[INFO] [stdout]    |
[INFO] [stdout]    = note: this error originates in the derive macro `Entity` (in Nightly builds, run with -Z macro-backtrace for more info)
[INFO] [stdout] 
[INFO] [stdout] 
[INFO] [stdout] error[E0433]: cannot find `error` in the crate root
[INFO] [stdout]   --> tests/expand.rs:19:10
[INFO] [stdout]    |
[INFO] [stdout] 19 | #[derive(Entity)]
[INFO] [stdout]    |          ^^^^^^ unresolved import
[INFO] [stdout]    |
[INFO] [stdout]    = note: this error originates in the derive macro `Entity` (in Nightly builds, run with -Z macro-backtrace for more info)
[INFO] [stdout] 
[INFO] [stdout] 
[INFO] [stdout] Some errors have detailed explanations: E0432, E0433.
[INFO] [stdout] 
[INFO] [stdout] For more information about an error, try `rustc --explain E0432`.
[INFO] [stdout] 
[INFO] [stderr] error: could not compile `vbsp-derive` (test "expand") due to 4 previous errors
[INFO] running `Command { std: "docker" "inspect" "077471a60927a5bb27db4df9daa7cfd2d3f5f204aa0b4fe5c4461797f87c4c61", kill_on_drop: false }`
[INFO] running `Command { std: "docker" "rm" "-f" "077471a60927a5bb27db4df9daa7cfd2d3f5f204aa0b4fe5c4461797f87c4c61", kill_on_drop: false }`
[INFO] [stdout] 077471a60927a5bb27db4df9daa7cfd2d3f5f204aa0b4fe5c4461797f87c4c61
