[INFO] fetching crate variant-ssl 0.18.1...
[INFO] testing variant-ssl-0.18.1 against 1.99.0-beta.8+cargoflags=--release for beta-release-1.100-2
[INFO] extracting crate variant-ssl 0.18.1 into /workspace/builds/worker-0-tc1/source
[INFO] started tweaking crates.io crate variant-ssl 0.18.1
[INFO] removed 0 missing examples
[INFO] finished tweaking crates.io crate variant-ssl 0.18.1
[INFO] tweaked toml for crates.io crate variant-ssl 0.18.1 written to /workspace/builds/worker-0-tc1/source/Cargo.toml
[INFO] validating manifest of crates.io crate variant-ssl 0.18.1 on toolchain 1.99.0-beta.8
[INFO] running `Command { std: CARGO_HOME="/workspace/cargo-home" RUSTUP_HOME="/workspace/rustup-home" "/workspace/cargo-home/bin/cargo" "+1.99.0-beta.8" "metadata" "--manifest-path" "Cargo.toml" "--no-deps", kill_on_drop: false }`
[INFO] crate crates.io crate variant-ssl 0.18.1 already has a lockfile, it will not be regenerated
[INFO] running `Command { std: CARGO_HOME="/workspace/cargo-home" RUSTUP_HOME="/workspace/rustup-home" "/workspace/cargo-home/bin/cargo" "+1.99.0-beta.8" "fetch" "--manifest-path" "Cargo.toml", kill_on_drop: false }`
[INFO] [stderr]     Updating crates.io index
[INFO] [stderr]  Downloading crates ...
[INFO] [stderr]   Downloaded variant-ssl-sys v0.18.1
[INFO] [stderr]   Downloaded cmake v0.1.58
[INFO] [stderr]   Downloaded cexpr v0.6.0
[INFO] [stderr]   Downloaded clang-sys v1.9.1
[INFO] [stderr]   Downloaded prettyplease v0.3.0
[INFO] [stderr]   Downloaded bindgen v0.73.2
[INFO] [stderr]   Downloaded openssl-src v400.0.2+4.0.3
[INFO] [stderr]   Downloaded tongsuo-src v850.1.1+8.5.0
[INFO] [stderr]   Downloaded bssl-cmake-sys v0.1.2609290
[INFO] [stderr]   Downloaded aws-lc-fips-sys v0.14.3
[INFO] [stderr]   Downloaded aws-lc-sys v0.46.0
[INFO] running `Command { std: "docker" "create" "-v" "/var/lib/crater-agent-workspace/builds/worker-0-tc1/source:/opt/rustwide/workdir:ro,Z" "-v" "/var/lib/crater-agent-workspace/builds/worker-0-tc1/target:/opt/rustwide/target:rw,Z" "-v" "/var/lib/crater-agent-workspace/cargo-home:/opt/rustwide/cargo-home:ro,Z" "-v" "/var/lib/crater-agent-workspace/rustup-home:/opt/rustwide/rustup-home:ro,Z" "-m" "1610612736" "--network" "none" "ghcr.io/rust-lang/crates-build-env/linux@sha256:77db811e55d90add9212f6832c23229e3de5f1c1f9905e8cb07319ea15df73ac" "sleep" "infinity", kill_on_drop: false }`
[INFO] [stdout] 432578e6de39d8461428b52f2599d173e48262691a635dbe27b5240ea09235cc
[INFO] running `Command { std: "docker" "start" "432578e6de39d8461428b52f2599d173e48262691a635dbe27b5240ea09235cc", kill_on_drop: false }`
[INFO] running `Command { std: "docker" "inspect" "432578e6de39d8461428b52f2599d173e48262691a635dbe27b5240ea09235cc", kill_on_drop: false }`
[INFO] running `Command { std: "docker" "exec" "-e" "SOURCE_DIR=/opt/rustwide/workdir" "-e" "CARGO_HOME=/opt/rustwide/cargo-home" "-e" "RUSTUP_HOME=/opt/rustwide/rustup-home" "-e" "CARGO_TARGET_DIR=/opt/rustwide/target" "-w" "/opt/rustwide/workdir" "--user" "0:0" "432578e6de39d8461428b52f2599d173e48262691a635dbe27b5240ea09235cc" "/opt/rustwide/cargo-home/bin/cargo" "+1.99.0-beta.8" "metadata" "--no-deps" "--format-version=1", kill_on_drop: false }`
[INFO] running `Command { std: "docker" "inspect" "432578e6de39d8461428b52f2599d173e48262691a635dbe27b5240ea09235cc", kill_on_drop: false }`
[INFO] running `Command { std: "docker" "exec" "-e" "SOURCE_DIR=/opt/rustwide/workdir" "-e" "CARGO_HOME=/opt/rustwide/cargo-home" "-e" "RUSTUP_HOME=/opt/rustwide/rustup-home" "-e" "CARGO_TARGET_DIR=/opt/rustwide/target" "-e" "CARGO_INCREMENTAL=0" "-e" "RUST_BACKTRACE=full" "-e" "RUSTFLAGS=--cap-lints=warn" "-e" "RUSTDOCFLAGS=--cap-lints=warn" "-w" "/opt/rustwide/workdir" "--user" "0:0" "432578e6de39d8461428b52f2599d173e48262691a635dbe27b5240ea09235cc" "/opt/rustwide/cargo-home/bin/cargo" "+1.99.0-beta.8" "build" "--frozen" "--message-format=json" "--release", kill_on_drop: false }`
[INFO] [stderr]    Compiling proc-macro2 v1.0.107
[INFO] [stderr]    Compiling find-msvc-tools v0.1.14
[INFO] [stderr]    Compiling shlex v2.0.1
[INFO] [stderr]    Compiling pkg-config v0.3.34
[INFO] [stderr]    Compiling unicode-ident v1.0.27
[INFO] [stderr]    Compiling quote v1.0.47
[INFO] [stderr]    Compiling vcpkg v0.2.15
[INFO] [stderr]    Compiling libc v0.2.190
[INFO] [stderr]    Compiling foreign-types-shared v0.1.1
[INFO] [stderr]    Compiling variant-ssl v0.18.1 (/opt/rustwide/workdir)
[INFO] [stderr]    Compiling foreign-types v0.3.2
[INFO] [stderr]    Compiling cc v1.8.0
[INFO] [stderr]    Compiling bitflags v2.13.2
[INFO] [stderr]    Compiling syn v2.0.119
[INFO] [stderr]    Compiling variant-ssl-sys v0.18.1
[INFO] [stderr]    Compiling openssl-macros v0.1.1
[INFO] [stderr]     Finished `release` profile [optimized] target(s) in 19.83s
[INFO] running `Command { std: "docker" "inspect" "432578e6de39d8461428b52f2599d173e48262691a635dbe27b5240ea09235cc", kill_on_drop: false }`
[INFO] running `Command { std: "docker" "exec" "-e" "SOURCE_DIR=/opt/rustwide/workdir" "-e" "CARGO_HOME=/opt/rustwide/cargo-home" "-e" "RUSTUP_HOME=/opt/rustwide/rustup-home" "-e" "CARGO_TARGET_DIR=/opt/rustwide/target" "-e" "CARGO_INCREMENTAL=0" "-e" "RUST_BACKTRACE=full" "-e" "RUSTFLAGS=--cap-lints=warn" "-e" "RUSTDOCFLAGS=--cap-lints=warn" "-w" "/opt/rustwide/workdir" "--user" "0:0" "432578e6de39d8461428b52f2599d173e48262691a635dbe27b5240ea09235cc" "/opt/rustwide/cargo-home/bin/cargo" "+1.99.0-beta.8" "test" "--frozen" "--no-run" "--message-format=json" "--release", kill_on_drop: false }`
[INFO] [stderr]    Compiling hex v0.4.3
[INFO] [stderr]    Compiling variant-ssl v0.18.1 (/opt/rustwide/workdir)
[INFO] [stdout] error[E0433]: cannot find module or crate `openssl` in this scope
[INFO] [stdout]  --> examples/mk_certs.rs:6:5
[INFO] [stdout]   |
[INFO] [stdout] 6 | use openssl::asn1::Asn1Time;
[INFO] [stdout]   |     ^^^^^^^ use of unresolved module or unlinked crate `openssl`
[INFO] [stdout]   |
[INFO] [stdout]   = help: if you wanted to use a crate named `openssl`, use `cargo add openssl` to add it to your `Cargo.toml`
[INFO] [stdout] 
[INFO] [stdout] 
[INFO] [stdout] error[E0433]: cannot find module or crate `openssl` in this scope
[INFO] [stdout]  --> examples/mk_certs.rs:7:5
[INFO] [stdout]   |
[INFO] [stdout] 7 | use openssl::bn::{BigNum, MsbOption};
[INFO] [stdout]   |     ^^^^^^^ use of unresolved module or unlinked crate `openssl`
[INFO] [stdout]   |
[INFO] [stdout]   = help: if you wanted to use a crate named `openssl`, use `cargo add openssl` to add it to your `Cargo.toml`
[INFO] [stdout] 
[INFO] [stdout] 
[INFO] [stdout] error[E0433]: cannot find module or crate `openssl` in this scope
[INFO] [stdout]  --> examples/mk_certs.rs:8:5
[INFO] [stdout]   |
[INFO] [stdout] 8 | use openssl::error::ErrorStack;
[INFO] [stdout]   |     ^^^^^^^ use of unresolved module or unlinked crate `openssl`
[INFO] [stdout]   |
[INFO] [stdout]   = help: if you wanted to use a crate named `openssl`, use `cargo add openssl` to add it to your `Cargo.toml`
[INFO] [stdout] 
[INFO] [stdout] 
[INFO] [stdout] error[E0433]: cannot find module or crate `openssl` in this scope
[INFO] [stdout]  --> examples/mk_certs.rs:9:5
[INFO] [stdout]   |
[INFO] [stdout] 9 | use openssl::hash::MessageDigest;
[INFO] [stdout]   |     ^^^^^^^ use of unresolved module or unlinked crate `openssl`
[INFO] [stdout]   |
[INFO] [stdout]   = help: if you wanted to use a crate named `openssl`, use `cargo add openssl` to add it to your `Cargo.toml`
[INFO] [stdout] 
[INFO] [stdout] 
[INFO] [stdout] error[E0433]: cannot find module or crate `openssl` in this scope
[INFO] [stdout]   --> examples/mk_certs.rs:10:5
[INFO] [stdout]    |
[INFO] [stdout] 10 | use openssl::pkey::{PKey, PKeyRef, Private};
[INFO] [stdout]    |     ^^^^^^^ use of unresolved module or unlinked crate `openssl`
[INFO] [stdout]    |
[INFO] [stdout]    = help: if you wanted to use a crate named `openssl`, use `cargo add openssl` to add it to your `Cargo.toml`
[INFO] [stdout] 
[INFO] [stdout] 
[INFO] [stdout] error[E0433]: cannot find module or crate `openssl` in this scope
[INFO] [stdout]   --> examples/mk_certs.rs:11:5
[INFO] [stdout]    |
[INFO] [stdout] 11 | use openssl::rsa::Rsa;
[INFO] [stdout]    |     ^^^^^^^ use of unresolved module or unlinked crate `openssl`
[INFO] [stdout]    |
[INFO] [stdout]    = help: if you wanted to use a crate named `openssl`, use `cargo add openssl` to add it to your `Cargo.toml`
[INFO] [stdout] 
[INFO] [stdout] 
[INFO] [stdout] error[E0433]: cannot find module or crate `openssl` in this scope
[INFO] [stdout]   --> examples/mk_certs.rs:12:5
[INFO] [stdout]    |
[INFO] [stdout] 12 | use openssl::x509::extension::{
[INFO] [stdout]    |     ^^^^^^^ use of unresolved module or unlinked crate `openssl`
[INFO] [stdout]    |
[INFO] [stdout]    = help: if you wanted to use a crate named `openssl`, use `cargo add openssl` to add it to your `Cargo.toml`
[INFO] [stdout] 
[INFO] [stdout] 
[INFO] [stdout] error[E0433]: cannot find module or crate `openssl` in this scope
[INFO] [stdout]   --> examples/mk_certs.rs:16:5
[INFO] [stdout]    |
[INFO] [stdout] 16 | use openssl::x509::{X509NameBuilder, X509Ref, X509Req, X509ReqBuilder, X509VerifyResult, X509};
[INFO] [stdout]    |     ^^^^^^^ use of unresolved module or unlinked crate `openssl`
[INFO] [stdout]    |
[INFO] [stdout]    = help: if you wanted to use a crate named `openssl`, use `cargo add openssl` to add it to your `Cargo.toml`
[INFO] [stdout] 
[INFO] [stdout] 
[INFO] [stdout] For more information about this error, try `rustc --explain E0433`.
[INFO] [stdout] 
[INFO] [stderr] error: could not compile `variant-ssl` (example "mk_certs") due to 8 previous errors
[INFO] [stderr] warning: build failed, waiting for other jobs to finish...
[INFO] running `Command { std: "docker" "inspect" "432578e6de39d8461428b52f2599d173e48262691a635dbe27b5240ea09235cc", kill_on_drop: false }`
[INFO] running `Command { std: "docker" "rm" "-f" "432578e6de39d8461428b52f2599d173e48262691a635dbe27b5240ea09235cc", kill_on_drop: false }`
[INFO] [stdout] 432578e6de39d8461428b52f2599d173e48262691a635dbe27b5240ea09235cc
