[INFO] fetching crate var_quantity 0.4.0...
[INFO] testing var_quantity-0.4.0 against 1.99.0-beta.8+cargoflags=--release for beta-release-1.100-2
[INFO] extracting crate var_quantity 0.4.0 into /workspace/builds/worker-4-tc1/source
[INFO] started tweaking crates.io crate var_quantity 0.4.0
[INFO] removed 0 missing tests
[INFO] finished tweaking crates.io crate var_quantity 0.4.0
[INFO] tweaked toml for crates.io crate var_quantity 0.4.0 written to /workspace/builds/worker-4-tc1/source/Cargo.toml
[INFO] validating manifest of crates.io crate var_quantity 0.4.0 on toolchain 1.99.0-beta.8
[INFO] running `Command { std: CARGO_HOME="/workspace/cargo-home" RUSTUP_HOME="/workspace/rustup-home" "/workspace/cargo-home/bin/cargo" "+1.99.0-beta.8" "metadata" "--manifest-path" "Cargo.toml" "--no-deps", kill_on_drop: false }`
[INFO] crate crates.io crate var_quantity 0.4.0 already has a lockfile, it will not be regenerated
[INFO] running `Command { std: CARGO_HOME="/workspace/cargo-home" RUSTUP_HOME="/workspace/rustup-home" "/workspace/cargo-home/bin/cargo" "+1.99.0-beta.8" "fetch" "--manifest-path" "Cargo.toml", kill_on_drop: false }`
[INFO] [stderr]     Updating crates.io index
[INFO] [stderr]  Downloading crates ...
[INFO] [stderr]   Downloaded dyn_quantity_lexer v0.1.1
[INFO] [stderr]   Downloaded horner v0.1.2
[INFO] [stderr]   Downloaded dyn_quantity v0.5.13
[INFO] [stderr]   Downloaded deserialize_untagged_verbose_error v0.1.5
[INFO] [stderr]   Downloaded approxim v0.6.10
[INFO] [stderr]   Downloaded yaml_serde v0.10.6
[INFO] [stderr]   Downloaded approx-derive v0.2.8
[INFO] [stderr]   Downloaded uom v0.36.0
[INFO] [stderr]   Downloaded deserialize_untagged_verbose_error_macro v0.1.3
[INFO] running `Command { std: "docker" "create" "-v" "/var/lib/crater-agent-workspace/builds/worker-4-tc1/source:/opt/rustwide/workdir:ro,Z" "-v" "/var/lib/crater-agent-workspace/builds/worker-4-tc1/target:/opt/rustwide/target:rw,Z" "-v" "/var/lib/crater-agent-workspace/cargo-home:/opt/rustwide/cargo-home:ro,Z" "-v" "/var/lib/crater-agent-workspace/rustup-home:/opt/rustwide/rustup-home:ro,Z" "-m" "1610612736" "--network" "none" "ghcr.io/rust-lang/crates-build-env/linux@sha256:77db811e55d90add9212f6832c23229e3de5f1c1f9905e8cb07319ea15df73ac" "sleep" "infinity", kill_on_drop: false }`
[INFO] [stdout] 914403d407fa2ecbddd01a0b32ef610e7b23f1848d20a3248dcae363e0cc5e03
[INFO] running `Command { std: "docker" "start" "914403d407fa2ecbddd01a0b32ef610e7b23f1848d20a3248dcae363e0cc5e03", kill_on_drop: false }`
[INFO] running `Command { std: "docker" "inspect" "914403d407fa2ecbddd01a0b32ef610e7b23f1848d20a3248dcae363e0cc5e03", kill_on_drop: false }`
[INFO] running `Command { std: "docker" "exec" "-e" "SOURCE_DIR=/opt/rustwide/workdir" "-e" "CARGO_HOME=/opt/rustwide/cargo-home" "-e" "RUSTUP_HOME=/opt/rustwide/rustup-home" "-e" "CARGO_TARGET_DIR=/opt/rustwide/target" "-w" "/opt/rustwide/workdir" "--user" "0:0" "914403d407fa2ecbddd01a0b32ef610e7b23f1848d20a3248dcae363e0cc5e03" "/opt/rustwide/cargo-home/bin/cargo" "+1.99.0-beta.8" "metadata" "--no-deps" "--format-version=1", kill_on_drop: false }`
[INFO] running `Command { std: "docker" "inspect" "914403d407fa2ecbddd01a0b32ef610e7b23f1848d20a3248dcae363e0cc5e03", kill_on_drop: false }`
[INFO] running `Command { std: "docker" "exec" "-e" "SOURCE_DIR=/opt/rustwide/workdir" "-e" "CARGO_HOME=/opt/rustwide/cargo-home" "-e" "RUSTUP_HOME=/opt/rustwide/rustup-home" "-e" "CARGO_TARGET_DIR=/opt/rustwide/target" "-e" "CARGO_INCREMENTAL=0" "-e" "RUST_BACKTRACE=full" "-e" "RUSTFLAGS=--cap-lints=warn" "-e" "RUSTDOCFLAGS=--cap-lints=warn" "-w" "/opt/rustwide/workdir" "--user" "0:0" "914403d407fa2ecbddd01a0b32ef610e7b23f1848d20a3248dcae363e0cc5e03" "/opt/rustwide/cargo-home/bin/cargo" "+1.99.0-beta.8" "build" "--frozen" "--message-format=json" "--release", kill_on_drop: false }`
[INFO] [stderr]    Compiling num-integer v0.1.46
[INFO] [stderr]    Compiling dyn_quantity v0.5.13
[INFO] [stderr]    Compiling ordered-float v2.10.1
[INFO] [stderr]    Compiling var_quantity v0.4.0 (/opt/rustwide/workdir)
[INFO] [stderr]    Compiling num-complex v0.4.6
[INFO] [stderr]    Compiling horner v0.1.2
[INFO] [stderr]    Compiling serde-value v0.7.0
[INFO] [stderr]    Compiling num-bigint v0.4.8
[INFO] [stderr]    Compiling num-iter v0.1.46
[INFO] [stderr]    Compiling uom v0.36.0
[INFO] [stderr]    Compiling num-rational v0.4.2
[INFO] [stderr]    Compiling num v0.4.3
[INFO] [stderr]     Finished `release` profile [optimized] target(s) in 25.76s
[INFO] running `Command { std: "docker" "inspect" "914403d407fa2ecbddd01a0b32ef610e7b23f1848d20a3248dcae363e0cc5e03", kill_on_drop: false }`
[INFO] running `Command { std: "docker" "exec" "-e" "SOURCE_DIR=/opt/rustwide/workdir" "-e" "CARGO_HOME=/opt/rustwide/cargo-home" "-e" "RUSTUP_HOME=/opt/rustwide/rustup-home" "-e" "CARGO_TARGET_DIR=/opt/rustwide/target" "-e" "CARGO_INCREMENTAL=0" "-e" "RUST_BACKTRACE=full" "-e" "RUSTFLAGS=--cap-lints=warn" "-e" "RUSTDOCFLAGS=--cap-lints=warn" "-w" "/opt/rustwide/workdir" "--user" "0:0" "914403d407fa2ecbddd01a0b32ef610e7b23f1848d20a3248dcae363e0cc5e03" "/opt/rustwide/cargo-home/bin/cargo" "+1.99.0-beta.8" "test" "--frozen" "--no-run" "--message-format=json" "--release", kill_on_drop: false }`
[INFO] [stderr]    Compiling serde v1.0.229
[INFO] [stderr]    Compiling indexmap v2.14.0
[INFO] [stderr]    Compiling libyaml-rs v0.3.0
[INFO] [stderr]    Compiling indoc v1.0.9
[INFO] [stderr]    Compiling thiserror-impl v1.0.69
[INFO] [stderr]    Compiling approx-derive v0.2.8
[INFO] [stderr]    Compiling approxim v0.6.10
[INFO] [stderr]    Compiling num-complex v0.4.6
[INFO] [stderr]    Compiling serde-value v0.7.0
[INFO] [stderr]    Compiling thiserror v1.0.69
[INFO] [stderr]    Compiling yaml_serde v0.10.6
[INFO] [stderr]    Compiling horner v0.1.2
[INFO] [stderr]    Compiling uom v0.36.0
[INFO] [stderr]    Compiling num v0.4.3
[INFO] [stderr]    Compiling dyn_quantity v0.5.13
[INFO] [stderr]    Compiling var_quantity v0.4.0 (/opt/rustwide/workdir)
[INFO] [stdout] error[E0432]: unresolved import `dyn_quantity::deserialize_quantity`
[INFO] [stdout]  --> tests/serde.rs:6:51
[INFO] [stdout]   |
[INFO] [stdout] 6 | use dyn_quantity::{DynQuantity, PredefUnit, Unit, deserialize_quantity};
[INFO] [stdout]   |                                                   ^^^^^^^^^^^^^^^^^^^^ no `deserialize_quantity` in the root
[INFO] [stdout] 
[INFO] [stdout] 
[INFO] [stdout] error[E0432]: unresolved import `serde`
[INFO] [stdout]  --> tests/serde.rs:8:5
[INFO] [stdout]   |
[INFO] [stdout] 8 | use serde::{Deserialize, Serialize};
[INFO] [stdout]   |     ^^^^^ use of unresolved module or unlinked crate `serde`
[INFO] [stdout]   |
[INFO] [stdout] help: to make use of source file tests/serde.rs, use `mod serde` in this file to declare the module
[INFO] [stdout]   |
[INFO] [stdout] 1 + mod serde;
[INFO] [stdout]   |
[INFO] [stdout] 
[INFO] [stdout] 
[INFO] [stdout] error[E0433]: cannot find module or crate `typetag` in this scope
[INFO] [stdout]   --> tests/serde.rs:99:3
[INFO] [stdout]    |
[INFO] [stdout] 99 | #[typetag::serde]
[INFO] [stdout]    |   ^^^^^^^ use of unresolved module or unlinked crate `typetag`
[INFO] [stdout] 
[INFO] [stdout] 
[INFO] [stdout] error: cannot find attribute `serde` in this scope
[INFO] [stdout]   --> tests/serde.rs:95:7
[INFO] [stdout]    |
[INFO] [stdout] 95 |     #[serde(deserialize_with = "deserialize_quantity")]
[INFO] [stdout]    |       ^^^^^
[INFO] [stdout] 
[INFO] [stdout] 
[INFO] [stdout] error[E0432]: unresolved import `serde`
[INFO] [stdout]  --> tests/var_quantity_custom_impl.rs:1:5
[INFO] [stdout]   |
[INFO] [stdout] 1 | use serde::{Deserialize, Serialize};
[INFO] [stdout]   |     ^^^^^ use of unresolved module or unlinked crate `serde`
[INFO] [stdout]   |
[INFO] [stdout] help: to make use of source file tests/serde.rs, use `mod serde` in this file to declare the module
[INFO] [stdout]   |
[INFO] [stdout] 1 + mod serde;
[INFO] [stdout]   |
[INFO] [stdout] 
[INFO] [stdout] 
[INFO] [stdout] error[E0433]: cannot find module or crate `typetag` in this scope
[INFO] [stdout]   --> tests/var_quantity_custom_impl.rs:30:7
[INFO] [stdout]    |
[INFO] [stdout] 30 |     #[typetag::serde]
[INFO] [stdout]    |       ^^^^^^^ use of unresolved module or unlinked crate `typetag`
[INFO] [stdout] 
[INFO] [stdout] 
[INFO] [stdout] error[E0433]: cannot find module or crate `serde` in this scope
[INFO] [stdout]   --> tests/var_quantity_custom_impl.rs:78:21
[INFO] [stdout]    |
[INFO] [stdout] 78 |     #[derive(Clone, serde::Deserialize, serde::Serialize, PartialEq)]
[INFO] [stdout]    |                     ^^^^^ use of unresolved module or unlinked crate `serde`
[INFO] [stdout] 
[INFO] [stdout] 
[INFO] [stdout] error[E0433]: cannot find module or crate `serde` in this scope
[INFO] [stdout]   --> tests/var_quantity_custom_impl.rs:78:41
[INFO] [stdout]    |
[INFO] [stdout] 78 |     #[derive(Clone, serde::Deserialize, serde::Serialize, PartialEq)]
[INFO] [stdout]    |                                         ^^^^^ use of unresolved module or unlinked crate `serde`
[INFO] [stdout] 
[INFO] [stdout] 
[INFO] [stdout] error[E0433]: cannot find module or crate `typetag` in this scope
[INFO] [stdout]   --> tests/var_quantity_custom_impl.rs:81:7
[INFO] [stdout]    |
[INFO] [stdout] 81 |     #[typetag::serde]
[INFO] [stdout]    |       ^^^^^^^ use of unresolved module or unlinked crate `typetag`
[INFO] [stdout] 
[INFO] [stdout] 
[INFO] [stdout] error[E0433]: cannot find module or crate `serde` in this scope
[INFO] [stdout]   --> tests/var_quantity_custom_impl.rs:99:21
[INFO] [stdout]    |
[INFO] [stdout] 99 |     #[derive(Clone, serde::Deserialize, serde::Serialize, PartialEq)]
[INFO] [stdout]    |                     ^^^^^ use of unresolved module or unlinked crate `serde`
[INFO] [stdout] 
[INFO] [stdout] 
[INFO] [stdout] error[E0433]: cannot find module or crate `serde` in this scope
[INFO] [stdout]   --> tests/var_quantity_custom_impl.rs:99:41
[INFO] [stdout]    |
[INFO] [stdout] 99 |     #[derive(Clone, serde::Deserialize, serde::Serialize, PartialEq)]
[INFO] [stdout]    |                                         ^^^^^ use of unresolved module or unlinked crate `serde`
[INFO] [stdout] 
[INFO] [stdout] 
[INFO] [stdout] error[E0433]: cannot find module or crate `typetag` in this scope
[INFO] [stdout]    --> tests/var_quantity_custom_impl.rs:102:7
[INFO] [stdout]     |
[INFO] [stdout] 102 |     #[typetag::serde]
[INFO] [stdout]     |       ^^^^^^^ use of unresolved module or unlinked crate `typetag`
[INFO] [stdout] 
[INFO] [stdout] 
[INFO] [stdout] error[E0277]: the trait bound `VarQuantity<Quantity<_, _, f64>>: serde::Deserialize<'de>` is not satisfied
[INFO] [stdout]     --> tests/serde.rs:15:51
[INFO] [stdout]      |
[INFO] [stdout]   15 |         let q: VarQuantity<MagneticFluxDensity> = yaml_serde::from_str("0.001").unwrap();
[INFO] [stdout]      |                                                   ^^^^^^^^^^^^^^^^^^^^^^^^^^^^^ the trait `Deserialize<'_>` is not implemented for `VarQuantity<Quantity<_, _, f64>>`
[INFO] [stdout]      |
[INFO] [stdout]      = note: for local types consider adding `#[derive(serde::Deserialize)]` to your `VarQuantity<Quantity<_, _, f64>>` type
[INFO] [stdout]      = note: for types from other crates check whether the crate offers a `serde` feature flag
[INFO] [stdout]      = help: the following other types implement trait `Deserialize<'de>`:
[INFO] [stdout]                &'a Path
[INFO] [stdout]                &'a [u8]
[INFO] [stdout]                &'a str
[INFO] [stdout]                ()
[INFO] [stdout]                (T,)
[INFO] [stdout]                (T0, T1)
[INFO] [stdout]                (T0, T1, T2)
[INFO] [stdout]                (T0, T1, T2, T3)
[INFO] [stdout]              and 145 others
[INFO] [stdout] note: required by a bound in `yaml_serde::from_str`
[INFO] [stdout]     --> /opt/rustwide/cargo-home/registry/src/index.crates.io-1949cf8c6b5b557f/yaml_serde-0.10.6/src/de.rs:1809:8
[INFO] [stdout]      |
[INFO] [stdout] 1807 | pub fn from_str<'de, T>(s: &'de str) -> Result<T>
[INFO] [stdout]      |        -------- required by a bound in this function
[INFO] [stdout] 1808 | where
[INFO] [stdout] 1809 |     T: Deserialize<'de>,
[INFO] [stdout]      |        ^^^^^^^^^^^^^^^^ required by this bound in `from_str`
[INFO] [stdout]      = note: the full name for the type has been written to '/opt/rustwide/target/release/deps/serde-c53f40b3a9915e8f.long-type-16730451585963569868.txt'
[INFO] [stdout]      = note: consider using `--verbose` to print the full type name to the console
[INFO] [stdout] 
[INFO] [stdout] 
[INFO] [stdout] error[E0277]: the trait bound `VarQuantity<Quantity<_, _, f64>>: serde::Deserialize<'de>` is not satisfied
[INFO] [stdout]     --> tests/serde.rs:20:51
[INFO] [stdout]      |
[INFO] [stdout]   20 |         let q: VarQuantity<MagneticFluxDensity> = yaml_serde::from_str("1 mT").unwrap();
[INFO] [stdout]      |                                                   ^^^^^^^^^^^^^^^^^^^^^^^^^^^^ the trait `Deserialize<'_>` is not implemented for `VarQuantity<Quantity<_, _, f64>>`
[INFO] [stdout]      |
[INFO] [stdout]      = note: for local types consider adding `#[derive(serde::Deserialize)]` to your `VarQuantity<Quantity<_, _, f64>>` type
[INFO] [stdout]      = note: for types from other crates check whether the crate offers a `serde` feature flag
[INFO] [stdout]      = help: the following other types implement trait `Deserialize<'de>`:
[INFO] [stdout]                &'a Path
[INFO] [stdout]                &'a [u8]
[INFO] [stdout]                &'a str
[INFO] [stdout]                ()
[INFO] [stdout]                (T,)
[INFO] [stdout]                (T0, T1)
[INFO] [stdout]                (T0, T1, T2)
[INFO] [stdout]                (T0, T1, T2, T3)
[INFO] [stdout]              and 145 others
[INFO] [stdout] note: required by a bound in `yaml_serde::from_str`
[INFO] [stdout]     --> /opt/rustwide/cargo-home/registry/src/index.crates.io-1949cf8c6b5b557f/yaml_serde-0.10.6/src/de.rs:1809:8
[INFO] [stdout]      |
[INFO] [stdout] 1807 | pub fn from_str<'de, T>(s: &'de str) -> Result<T>
[INFO] [stdout]      |        -------- required by a bound in this function
[INFO] [stdout] 1808 | where
[INFO] [stdout] 1809 |     T: Deserialize<'de>,
[INFO] [stdout]      |        ^^^^^^^^^^^^^^^^ required by this bound in `from_str`
[INFO] [stdout]      = note: the full name for the type has been written to '/opt/rustwide/target/release/deps/serde-c53f40b3a9915e8f.long-type-12613976685501871738.txt'
[INFO] [stdout]      = note: consider using `--verbose` to print the full type name to the console
[INFO] [stdout] 
[INFO] [stdout] 
[INFO] [stdout] error[E0277]: the trait bound `VarQuantity<Quantity<_, _, f64>>: serde::Deserialize<'de>` is not satisfied
[INFO] [stdout]     --> tests/serde.rs:25:51
[INFO] [stdout]      |
[INFO] [stdout]   25 |         let q: VarQuantity<MagneticFluxDensity> = yaml_serde::from_str("1e-3 T").unwrap();
[INFO] [stdout]      |                                                   ^^^^^^^^^^^^^^^^^^^^^^^^^^^^^^ the trait `Deserialize<'_>` is not implemented for `VarQuantity<Quantity<_, _, f64>>`
[INFO] [stdout]      |
[INFO] [stdout]      = note: for local types consider adding `#[derive(serde::Deserialize)]` to your `VarQuantity<Quantity<_, _, f64>>` type
[INFO] [stdout]      = note: for types from other crates check whether the crate offers a `serde` feature flag
[INFO] [stdout]      = help: the following other types implement trait `Deserialize<'de>`:
[INFO] [stdout]                &'a Path
[INFO] [stdout]                &'a [u8]
[INFO] [stdout]                &'a str
[INFO] [stdout]                ()
[INFO] [stdout]                (T,)
[INFO] [stdout]                (T0, T1)
[INFO] [stdout]                (T0, T1, T2)
[INFO] [stdout]                (T0, T1, T2, T3)
[INFO] [stdout]              and 145 others
[INFO] [stdout] note: required by a bound in `yaml_serde::from_str`
[INFO] [stdout]     --> /opt/rustwide/cargo-home/registry/src/index.crates.io-1949cf8c6b5b557f/yaml_serde-0.10.6/src/de.rs:1809:8
[INFO] [stdout]      |
[INFO] [stdout] 1807 | pub fn from_str<'de, T>(s: &'de str) -> Result<T>
[INFO] [stdout]      |        -------- required by a bound in this function
[INFO] [stdout] 1808 | where
[INFO] [stdout] 1809 |     T: Deserialize<'de>,
[INFO] [stdout]      |        ^^^^^^^^^^^^^^^^ required by this bound in `from_str`
[INFO] [stdout]      = note: the full name for the type has been written to '/opt/rustwide/target/release/deps/serde-c53f40b3a9915e8f.long-type-15600149850533762445.txt'
[INFO] [stdout]      = note: consider using `--verbose` to print the full type name to the console
[INFO] [stdout] 
[INFO] [stdout] 
[INFO] [stdout] error[E0277]: the trait bound `var_quantity::unary::Exponential: serde::Deserialize<'de>` is not satisfied
[INFO] [stdout]     --> tests/unary_functions.rs:245:32
[INFO] [stdout]      |
[INFO] [stdout]  245 |         let fun: Exponential = yaml_serde::from_str(yaml).unwrap();
[INFO] [stdout]      |                                ^^^^^^^^^^^^^^^^^^^^^^^^^^ the trait `Deserialize<'_>` is not implemented for `var_quantity::unary::Exponential`
[INFO] [stdout]      |
[INFO] [stdout]      = note: for local types consider adding `#[derive(serde::Deserialize)]` to your `var_quantity::unary::Exponential` type
[INFO] [stdout]      = note: for types from other crates check whether the crate offers a `serde` feature flag
[INFO] [stdout]      = help: the following other types implement trait `Deserialize<'de>`:
[INFO] [stdout]                &'a Path
[INFO] [stdout]                &'a [u8]
[INFO] [stdout]                &'a str
[INFO] [stdout]                ()
[INFO] [stdout]                (T,)
[INFO] [stdout]                (T0, T1)
[INFO] [stdout]                (T0, T1, T2)
[INFO] [stdout]                (T0, T1, T2, T3)
[INFO] [stdout]              and 144 others
[INFO] [stdout] note: required by a bound in `yaml_serde::from_str`
[INFO] [stdout]     --> /opt/rustwide/cargo-home/registry/src/index.crates.io-1949cf8c6b5b557f/yaml_serde-0.10.6/src/de.rs:1809:8
[INFO] [stdout]      |
[INFO] [stdout] 1807 | pub fn from_str<'de, T>(s: &'de str) -> Result<T>
[INFO] [stdout]      |        -------- required by a bound in this function
[INFO] [stdout] 1808 | where
[INFO] [stdout] 1809 |     T: Deserialize<'de>,
[INFO] [stdout]      |        ^^^^^^^^^^^^^^^^ required by this bound in `from_str`
[INFO] [stdout] 
[INFO] [stdout] 
[INFO] [stdout] error[E0277]: the trait bound `VarQuantity<Quantity<_, _, f64>>: serde::Deserialize<'de>` is not satisfied
[INFO] [stdout]     --> tests/serde.rs:31:13
[INFO] [stdout]      |
[INFO] [stdout]   31 |             yaml_serde::from_str("1/(2.0e6) Ohm*m").unwrap();
[INFO] [stdout]      |             ^^^^^^^^^^^^^^^^^^^^^^^^^^^^^^^^^^^^^^^ the trait `Deserialize<'_>` is not implemented for `VarQuantity<Quantity<_, _, f64>>`
[INFO] [stdout]      |
[INFO] [stdout]      = note: for local types consider adding `#[derive(serde::Deserialize)]` to your `VarQuantity<Quantity<_, _, f64>>` type
[INFO] [stdout]      = note: for types from other crates check whether the crate offers a `serde` feature flag
[INFO] [stdout]      = help: the following other types implement trait `Deserialize<'de>`:
[INFO] [stdout]                &'a Path
[INFO] [stdout]                &'a [u8]
[INFO] [stdout]                &'a str
[INFO] [stdout]                ()
[INFO] [stdout]                (T,)
[INFO] [stdout]                (T0, T1)
[INFO] [stdout]                (T0, T1, T2)
[INFO] [stdout]                (T0, T1, T2, T3)
[INFO] [stdout]              and 145 others
[INFO] [stdout] note: required by a bound in `yaml_serde::from_str`
[INFO] [stdout]     --> /opt/rustwide/cargo-home/registry/src/index.crates.io-1949cf8c6b5b557f/yaml_serde-0.10.6/src/de.rs:1809:8
[INFO] [stdout]      |
[INFO] [stdout] 1807 | pub fn from_str<'de, T>(s: &'de str) -> Result<T>
[INFO] [stdout]      |        -------- required by a bound in this function
[INFO] [stdout] 1808 | where
[INFO] [stdout] 1809 |     T: Deserialize<'de>,
[INFO] [stdout]      |        ^^^^^^^^^^^^^^^^ required by this bound in `from_str`
[INFO] [stdout]      = note: the full name for the type has been written to '/opt/rustwide/target/release/deps/serde-c53f40b3a9915e8f.long-type-2124370583598296124.txt'
[INFO] [stdout]      = note: consider using `--verbose` to print the full type name to the console
[INFO] [stdout] 
[INFO] [stdout] 
[INFO] [stdout] error[E0277]: the trait bound `var_quantity::unary::Exponential: serde::Serialize` is not satisfied
[INFO] [stdout]    --> tests/unary_functions.rs:253:48
[INFO] [stdout]     |
[INFO] [stdout] 253 |         let serialized = yaml_serde::to_string(&fun).unwrap();
[INFO] [stdout]     |                          --------------------- ^^^^ the trait `Serialize` is not implemented for `var_quantity::unary::Exponential`
[INFO] [stdout]     |                          |
[INFO] [stdout]     |                          required by a bound introduced by this call
[INFO] [stdout]     |
[INFO] [stdout]     = note: for local types consider adding `#[derive(serde::Serialize)]` to your `var_quantity::unary::Exponential` type
[INFO] [stdout]     = note: for types from other crates check whether the crate offers a `serde` feature flag
[INFO] [stdout]     = help: the following other types implement trait `Serialize`:
[INFO] [stdout]               &'a T
[INFO] [stdout]               &'a mut T
[INFO] [stdout]               ()
[INFO] [stdout]               (T,)
[INFO] [stdout]               (T0, T1)
[INFO] [stdout]               (T0, T1, T2)
[INFO] [stdout]               (T0, T1, T2, T3)
[INFO] [stdout]               (T0, T1, T2, T3, T4)
[INFO] [stdout]             and 132 others
[INFO] [stdout] note: required by a bound in `yaml_serde::to_string`
[INFO] [stdout]    --> /opt/rustwide/cargo-home/registry/src/index.crates.io-1949cf8c6b5b557f/yaml_serde-0.10.6/src/ser.rs:713:17
[INFO] [stdout]     |
[INFO] [stdout] 711 | pub fn to_string<T>(value: &T) -> Result<String>
[INFO] [stdout]     |        --------- required by a bound in this function
[INFO] [stdout] 712 | where
[INFO] [stdout] 713 |     T: ?Sized + ser::Serialize,
[INFO] [stdout]     |                 ^^^^^^^^^^^^^^ required by this bound in `to_string`
[INFO] [stdout] 
[INFO] [stdout] 
[INFO] [stdout] error[E0277]: the trait bound `var_quantity::unary::Exponential: serde::Deserialize<'de>` is not satisfied
[INFO] [stdout]     --> tests/unary_functions.rs:254:32
[INFO] [stdout]      |
[INFO] [stdout]  254 |         let fun: Exponential = yaml_serde::from_str(&serialized).unwrap();
[INFO] [stdout]      |                                ^^^^^^^^^^^^^^^^^^^^^^^^^^^^^^^^^ the trait `Deserialize<'_>` is not implemented for `var_quantity::unary::Exponential`
[INFO] [stdout]      |
[INFO] [stdout]      = note: for local types consider adding `#[derive(serde::Deserialize)]` to your `var_quantity::unary::Exponential` type
[INFO] [stdout]      = note: for types from other crates check whether the crate offers a `serde` feature flag
[INFO] [stdout]      = help: the following other types implement trait `Deserialize<'de>`:
[INFO] [stdout]                &'a Path
[INFO] [stdout]                &'a [u8]
[INFO] [stdout]                &'a str
[INFO] [stdout]                ()
[INFO] [stdout]                (T,)
[INFO] [stdout]                (T0, T1)
[INFO] [stdout]                (T0, T1, T2)
[INFO] [stdout]                (T0, T1, T2, T3)
[INFO] [stdout]              and 144 others
[INFO] [stdout] note: required by a bound in `yaml_serde::from_str`
[INFO] [stdout]     --> /opt/rustwide/cargo-home/registry/src/index.crates.io-1949cf8c6b5b557f/yaml_serde-0.10.6/src/de.rs:1809:8
[INFO] [stdout]      |
[INFO] [stdout] 1807 | pub fn from_str<'de, T>(s: &'de str) -> Result<T>
[INFO] [stdout]      |        -------- required by a bound in this function
[INFO] [stdout] 1808 | where
[INFO] [stdout] 1809 |     T: Deserialize<'de>,
[INFO] [stdout]      |        ^^^^^^^^^^^^^^^^ required by this bound in `from_str`
[INFO] [stdout] 
[INFO] [stdout] 
[INFO] [stdout] error[E0277]: the trait bound `VarQuantity<Quantity<_, _, f64>>: serde::Deserialize<'de>` is not satisfied
[INFO] [stdout]     --> tests/serde.rs:40:40
[INFO] [stdout]      |
[INFO] [stdout]   40 |         assert!(yaml_serde::from_str::<VarQuantity<Power>>("1 mT").is_err());
[INFO] [stdout]      |                                        ^^^^^^^^^^^^^^^^^^ the trait `Deserialize<'_>` is not implemented for `VarQuantity<Quantity<_, _, f64>>`
[INFO] [stdout]      |
[INFO] [stdout]      = note: for local types consider adding `#[derive(serde::Deserialize)]` to your `VarQuantity<Quantity<_, _, f64>>` type
[INFO] [stdout]      = note: for types from other crates check whether the crate offers a `serde` feature flag
[INFO] [stdout]      = help: the following other types implement trait `Deserialize<'de>`:
[INFO] [stdout]                &'a Path
[INFO] [stdout]                &'a [u8]
[INFO] [stdout]                &'a str
[INFO] [stdout]                ()
[INFO] [stdout]                (T,)
[INFO] [stdout]                (T0, T1)
[INFO] [stdout]                (T0, T1, T2)
[INFO] [stdout]                (T0, T1, T2, T3)
[INFO] [stdout]              and 145 others
[INFO] [stdout] note: required by a bound in `yaml_serde::from_str`
[INFO] [stdout]     --> /opt/rustwide/cargo-home/registry/src/index.crates.io-1949cf8c6b5b557f/yaml_serde-0.10.6/src/de.rs:1809:8
[INFO] [stdout]      |
[INFO] [stdout] 1807 | pub fn from_str<'de, T>(s: &'de str) -> Result<T>
[INFO] [stdout]      |        -------- required by a bound in this function
[INFO] [stdout] 1808 | where
[INFO] [stdout] 1809 |     T: Deserialize<'de>,
[INFO] [stdout]      |        ^^^^^^^^^^^^^^^^ required by this bound in `from_str`
[INFO] [stdout]      = note: the full name for the type has been written to '/opt/rustwide/target/release/deps/serde-c53f40b3a9915e8f.long-type-10620447044177852644.txt'
[INFO] [stdout]      = note: consider using `--verbose` to print the full type name to the console
[INFO] [stdout] 
[INFO] [stdout] 
[INFO] [stdout] error[E0277]: the trait bound `var_quantity::unary::Exponential: serde::Deserialize<'de>` is not satisfied
[INFO] [stdout]     --> tests/unary_functions.rs:273:32
[INFO] [stdout]      |
[INFO] [stdout]  273 |         let fun: Exponential = yaml_serde::from_str(yaml).unwrap();
[INFO] [stdout]      |                                ^^^^^^^^^^^^^^^^^^^^^^^^^^ the trait `Deserialize<'_>` is not implemented for `var_quantity::unary::Exponential`
[INFO] [stdout]      |
[INFO] [stdout]      = note: for local types consider adding `#[derive(serde::Deserialize)]` to your `var_quantity::unary::Exponential` type
[INFO] [stdout]      = note: for types from other crates check whether the crate offers a `serde` feature flag
[INFO] [stdout]      = help: the following other types implement trait `Deserialize<'de>`:
[INFO] [stdout]                &'a Path
[INFO] [stdout]                &'a [u8]
[INFO] [stdout]                &'a str
[INFO] [stdout]                ()
[INFO] [stdout]                (T,)
[INFO] [stdout]                (T0, T1)
[INFO] [stdout]                (T0, T1, T2)
[INFO] [stdout]                (T0, T1, T2, T3)
[INFO] [stdout]              and 144 others
[INFO] [stdout] note: required by a bound in `yaml_serde::from_str`
[INFO] [stdout]     --> /opt/rustwide/cargo-home/registry/src/index.crates.io-1949cf8c6b5b557f/yaml_serde-0.10.6/src/de.rs:1809:8
[INFO] [stdout]      |
[INFO] [stdout] 1807 | pub fn from_str<'de, T>(s: &'de str) -> Result<T>
[INFO] [stdout]      |        -------- required by a bound in this function
[INFO] [stdout] 1808 | where
[INFO] [stdout] 1809 |     T: Deserialize<'de>,
[INFO] [stdout]      |        ^^^^^^^^^^^^^^^^ required by this bound in `from_str`
[INFO] [stdout] 
[INFO] [stdout] 
[INFO] [stdout] error[E0277]: the trait bound `VarQuantity<Quantity<_, _, f64>>: serde::Serialize` is not satisfied
[INFO] [stdout]    --> tests/serde.rs:49:44
[INFO] [stdout]     |
[INFO] [stdout]  49 |         let string = yaml_serde::to_string(&q).expect("serializable");
[INFO] [stdout]     |                      --------------------- ^^ the trait `Serialize` is not implemented for `VarQuantity<Quantity<_, _, f64>>`
[INFO] [stdout]     |                      |
[INFO] [stdout]     |                      required by a bound introduced by this call
[INFO] [stdout]     |
[INFO] [stdout]     = note: for local types consider adding `#[derive(serde::Serialize)]` to your `VarQuantity<Quantity<_, _, f64>>` type
[INFO] [stdout]     = note: for types from other crates check whether the crate offers a `serde` feature flag
[INFO] [stdout]     = help: the following other types implement trait `Serialize`:
[INFO] [stdout]               &'a T
[INFO] [stdout]               &'a mut T
[INFO] [stdout]               ()
[INFO] [stdout]               (T,)
[INFO] [stdout]               (T0, T1)
[INFO] [stdout]               (T0, T1, T2)
[INFO] [stdout]               (T0, T1, T2, T3)
[INFO] [stdout]               (T0, T1, T2, T3, T4)
[INFO] [stdout]             and 133 others
[INFO] [stdout] note: required by a bound in `yaml_serde::to_string`
[INFO] [stdout]    --> /opt/rustwide/cargo-home/registry/src/index.crates.io-1949cf8c6b5b557f/yaml_serde-0.10.6/src/ser.rs:713:17
[INFO] [stdout]     |
[INFO] [stdout] 711 | pub fn to_string<T>(value: &T) -> Result<String>
[INFO] [stdout]     |        --------- required by a bound in this function
[INFO] [stdout] 712 | where
[INFO] [stdout] 713 |     T: ?Sized + ser::Serialize,
[INFO] [stdout]     |                 ^^^^^^^^^^^^^^ required by this bound in `to_string`
[INFO] [stdout]     = note: the full name for the type has been written to '/opt/rustwide/target/release/deps/serde-c53f40b3a9915e8f.long-type-16347115854859248105.txt'
[INFO] [stdout]     = note: consider using `--verbose` to print the full type name to the console
[INFO] [stdout] 
[INFO] [stdout] 
[INFO] [stdout] error[E0277]: the trait bound `var_quantity::unary::Exponential: serde::Serialize` is not satisfied
[INFO] [stdout]    --> tests/unary_functions.rs:300:48
[INFO] [stdout]     |
[INFO] [stdout] 300 |         let serialized = yaml_serde::to_string(&fun).unwrap();
[INFO] [stdout]     |                          --------------------- ^^^^ the trait `Serialize` is not implemented for `var_quantity::unary::Exponential`
[INFO] [stdout]     |                          |
[INFO] [stdout]     |                          required by a bound introduced by this call
[INFO] [stdout]     |
[INFO] [stdout]     = note: for local types consider adding `#[derive(serde::Serialize)]` to your `var_quantity::unary::Exponential` type
[INFO] [stdout]     = note: for types from other crates check whether the crate offers a `serde` feature flag
[INFO] [stdout]     = help: the following other types implement trait `Serialize`:
[INFO] [stdout]               &'a T
[INFO] [stdout]               &'a mut T
[INFO] [stdout]               ()
[INFO] [stdout]               (T,)
[INFO] [stdout]               (T0, T1)
[INFO] [stdout]               (T0, T1, T2)
[INFO] [stdout]               (T0, T1, T2, T3)
[INFO] [stdout]               (T0, T1, T2, T3, T4)
[INFO] [stdout]             and 132 others
[INFO] [stdout] note: required by a bound in `yaml_serde::to_string`
[INFO] [stdout]    --> /opt/rustwide/cargo-home/registry/src/index.crates.io-1949cf8c6b5b557f/yaml_serde-0.10.6/src/ser.rs:713:17
[INFO] [stdout]     |
[INFO] [stdout] 711 | pub fn to_string<T>(value: &T) -> Result<String>
[INFO] [stdout]     |        --------- required by a bound in this function
[INFO] [stdout] 712 | where
[INFO] [stdout] 713 |     T: ?Sized + ser::Serialize,
[INFO] [stdout]     |                 ^^^^^^^^^^^^^^ required by this bound in `to_string`
[INFO] [stdout] 
[INFO] [stdout] 
[INFO] [stdout] error[E0277]: the trait bound `VarQuantity<Quantity<_, _, f64>>: serde::Deserialize<'de>` is not satisfied
[INFO] [stdout]     --> tests/serde.rs:51:13
[INFO] [stdout]      |
[INFO] [stdout]   51 |             yaml_serde::from_str(&string).expect("deserializable");
[INFO] [stdout]      |             ^^^^^^^^^^^^^^^^^^^^^^^^^^^^^ the trait `Deserialize<'_>` is not implemented for `VarQuantity<Quantity<_, _, f64>>`
[INFO] [stdout]      |
[INFO] [stdout]      = note: for local types consider adding `#[derive(serde::Deserialize)]` to your `VarQuantity<Quantity<_, _, f64>>` type
[INFO] [stdout]      = note: for types from other crates check whether the crate offers a `serde` feature flag
[INFO] [stdout]      = help: the following other types implement trait `Deserialize<'de>`:
[INFO] [stdout]                &'a Path
[INFO] [stdout]                &'a [u8]
[INFO] [stdout]                &'a str
[INFO] [stdout]                ()
[INFO] [stdout]                (T,)
[INFO] [stdout]                (T0, T1)
[INFO] [stdout]                (T0, T1, T2)
[INFO] [stdout]                (T0, T1, T2, T3)
[INFO] [stdout]              and 145 others
[INFO] [stdout] note: required by a bound in `yaml_serde::from_str`
[INFO] [stdout]     --> /opt/rustwide/cargo-home/registry/src/index.crates.io-1949cf8c6b5b557f/yaml_serde-0.10.6/src/de.rs:1809:8
[INFO] [stdout]      |
[INFO] [stdout] 1807 | pub fn from_str<'de, T>(s: &'de str) -> Result<T>
[INFO] [stdout]      |        -------- required by a bound in this function
[INFO] [stdout] 1808 | where
[INFO] [stdout] 1809 |     T: Deserialize<'de>,
[INFO] [stdout]      |        ^^^^^^^^^^^^^^^^ required by this bound in `from_str`
[INFO] [stdout]      = note: the full name for the type has been written to '/opt/rustwide/target/release/deps/serde-c53f40b3a9915e8f.long-type-14622534796734165118.txt'
[INFO] [stdout]      = note: consider using `--verbose` to print the full type name to the console
[INFO] [stdout] 
[INFO] [stdout] 
[INFO] [stdout] error[E0277]: the trait bound `VarQuantity<Quantity<_, _, f64>>: serde::Serialize` is not satisfied
[INFO] [stdout]    --> tests/serde.rs:63:44
[INFO] [stdout]     |
[INFO] [stdout]  63 |         let string = yaml_serde::to_string(&q).expect("serializable");
[INFO] [stdout]     |                      --------------------- ^^ the trait `Serialize` is not implemented for `VarQuantity<Quantity<_, _, f64>>`
[INFO] [stdout]     |                      |
[INFO] [stdout]     |                      required by a bound introduced by this call
[INFO] [stdout]     |
[INFO] [stdout]     = note: for local types consider adding `#[derive(serde::Serialize)]` to your `VarQuantity<Quantity<_, _, f64>>` type
[INFO] [stdout]     = note: for types from other crates check whether the crate offers a `serde` feature flag
[INFO] [stdout]     = help: the following other types implement trait `Serialize`:
[INFO] [stdout]               &'a T
[INFO] [stdout]               &'a mut T
[INFO] [stdout]               ()
[INFO] [stdout]               (T,)
[INFO] [stdout]               (T0, T1)
[INFO] [stdout]               (T0, T1, T2)
[INFO] [stdout]               (T0, T1, T2, T3)
[INFO] [stdout]               (T0, T1, T2, T3, T4)
[INFO] [stdout]             and 133 others
[INFO] [stdout] note: required by a bound in `yaml_serde::to_string`
[INFO] [stdout]    --> /opt/rustwide/cargo-home/registry/src/index.crates.io-1949cf8c6b5b557f/yaml_serde-0.10.6/src/ser.rs:713:17
[INFO] [stdout]     |
[INFO] [stdout] 711 | pub fn to_string<T>(value: &T) -> Result<String>
[INFO] [stdout]     |        --------- required by a bound in this function
[INFO] [stdout] 712 | where
[INFO] [stdout] 713 |     T: ?Sized + ser::Serialize,
[INFO] [stdout]     |                 ^^^^^^^^^^^^^^ required by this bound in `to_string`
[INFO] [stdout]     = note: the full name for the type has been written to '/opt/rustwide/target/release/deps/serde-c53f40b3a9915e8f.long-type-5310908733635563090.txt'
[INFO] [stdout]     = note: consider using `--verbose` to print the full type name to the console
[INFO] [stdout] 
[INFO] [stdout] 
[INFO] [stdout] error[E0277]: the trait bound `var_quantity::unary::Exponential: serde::Deserialize<'de>` is not satisfied
[INFO] [stdout]     --> tests/unary_functions.rs:301:32
[INFO] [stdout]      |
[INFO] [stdout]  301 |         let fun: Exponential = yaml_serde::from_str(&serialized).unwrap();
[INFO] [stdout]      |                                ^^^^^^^^^^^^^^^^^^^^^^^^^^^^^^^^^ the trait `Deserialize<'_>` is not implemented for `var_quantity::unary::Exponential`
[INFO] [stdout]      |
[INFO] [stdout]      = note: for local types consider adding `#[derive(serde::Deserialize)]` to your `var_quantity::unary::Exponential` type
[INFO] [stdout]      = note: for types from other crates check whether the crate offers a `serde` feature flag
[INFO] [stdout]      = help: the following other types implement trait `Deserialize<'de>`:
[INFO] [stdout]                &'a Path
[INFO] [stdout]                &'a [u8]
[INFO] [stdout]                &'a str
[INFO] [stdout]                ()
[INFO] [stdout]                (T,)
[INFO] [stdout]                (T0, T1)
[INFO] [stdout]                (T0, T1, T2)
[INFO] [stdout]                (T0, T1, T2, T3)
[INFO] [stdout]              and 144 others
[INFO] [stdout] note: required by a bound in `yaml_serde::from_str`
[INFO] [stdout]     --> /opt/rustwide/cargo-home/registry/src/index.crates.io-1949cf8c6b5b557f/yaml_serde-0.10.6/src/de.rs:1809:8
[INFO] [stdout]      |
[INFO] [stdout] 1807 | pub fn from_str<'de, T>(s: &'de str) -> Result<T>
[INFO] [stdout]      |        -------- required by a bound in this function
[INFO] [stdout] 1808 | where
[INFO] [stdout] 1809 |     T: Deserialize<'de>,
[INFO] [stdout]      |        ^^^^^^^^^^^^^^^^ required by this bound in `from_str`
[INFO] [stdout] 
[INFO] [stdout] 
[INFO] [stdout] error[E0277]: the trait bound `VarQuantity<Quantity<_, _, f64>>: serde::Deserialize<'de>` is not satisfied
[INFO] [stdout]     --> tests/serde.rs:64:43
[INFO] [stdout]      |
[INFO] [stdout]   64 |         let q_serde: VarQuantity<Power> = yaml_serde::from_str(&string).expect("deserializable");
[INFO] [stdout]      |                                           ^^^^^^^^^^^^^^^^^^^^^^^^^^^^^ the trait `Deserialize<'_>` is not implemented for `VarQuantity<Quantity<_, _, f64>>`
[INFO] [stdout]      |
[INFO] [stdout]      = note: for local types consider adding `#[derive(serde::Deserialize)]` to your `VarQuantity<Quantity<_, _, f64>>` type
[INFO] [stdout]      = note: for types from other crates check whether the crate offers a `serde` feature flag
[INFO] [stdout]      = help: the following other types implement trait `Deserialize<'de>`:
[INFO] [stdout]                &'a Path
[INFO] [stdout]                &'a [u8]
[INFO] [stdout]                &'a str
[INFO] [stdout]                ()
[INFO] [stdout]                (T,)
[INFO] [stdout]                (T0, T1)
[INFO] [stdout]                (T0, T1, T2)
[INFO] [stdout]                (T0, T1, T2, T3)
[INFO] [stdout]              and 145 others
[INFO] [stdout] note: required by a bound in `yaml_serde::from_str`
[INFO] [stdout]     --> /opt/rustwide/cargo-home/registry/src/index.crates.io-1949cf8c6b5b557f/yaml_serde-0.10.6/src/de.rs:1809:8
[INFO] [stdout]      |
[INFO] [stdout] 1807 | pub fn from_str<'de, T>(s: &'de str) -> Result<T>
[INFO] [stdout]      |        -------- required by a bound in this function
[INFO] [stdout] 1808 | where
[INFO] [stdout] 1809 |     T: Deserialize<'de>,
[INFO] [stdout]      |        ^^^^^^^^^^^^^^^^ required by this bound in `from_str`
[INFO] [stdout]      = note: the full name for the type has been written to '/opt/rustwide/target/release/deps/serde-c53f40b3a9915e8f.long-type-16853254725070926544.txt'
[INFO] [stdout]      = note: consider using `--verbose` to print the full type name to the console
[INFO] [stdout] 
[INFO] [stdout] 
[INFO] [stdout] error[E0277]: the trait bound `VarQuantity<Quantity<_, _, f64>>: serde::Serialize` is not satisfied
[INFO] [stdout]    --> tests/serde.rs:76:40
[INFO] [stdout]     |
[INFO] [stdout]  76 |     let actual = yaml_serde::to_string(&q).expect("serialization succeeds");
[INFO] [stdout]     |                  --------------------- ^^ the trait `Serialize` is not implemented for `VarQuantity<Quantity<_, _, f64>>`
[INFO] [stdout]     |                  |
[INFO] [stdout]     |                  required by a bound introduced by this call
[INFO] [stdout]     |
[INFO] [stdout]     = note: for local types consider adding `#[derive(serde::Serialize)]` to your `VarQuantity<Quantity<_, _, f64>>` type
[INFO] [stdout]     = note: for types from other crates check whether the crate offers a `serde` feature flag
[INFO] [stdout]     = help: the following other types implement trait `Serialize`:
[INFO] [stdout]               &'a T
[INFO] [stdout]               &'a mut T
[INFO] [stdout]               ()
[INFO] [stdout]               (T,)
[INFO] [stdout]               (T0, T1)
[INFO] [stdout]               (T0, T1, T2)
[INFO] [stdout]               (T0, T1, T2, T3)
[INFO] [stdout]               (T0, T1, T2, T3, T4)
[INFO] [stdout]             and 133 others
[INFO] [stdout] note: required by a bound in `yaml_serde::to_string`
[INFO] [stdout]    --> /opt/rustwide/cargo-home/registry/src/index.crates.io-1949cf8c6b5b557f/yaml_serde-0.10.6/src/ser.rs:713:17
[INFO] [stdout]     |
[INFO] [stdout] 711 | pub fn to_string<T>(value: &T) -> Result<String>
[INFO] [stdout]     |        --------- required by a bound in this function
[INFO] [stdout] 712 | where
[INFO] [stdout] 713 |     T: ?Sized + ser::Serialize,
[INFO] [stdout]     |                 ^^^^^^^^^^^^^^ required by this bound in `to_string`
[INFO] [stdout]     = note: the full name for the type has been written to '/opt/rustwide/target/release/deps/serde-c53f40b3a9915e8f.long-type-3236373581002009059.txt'
[INFO] [stdout]     = note: consider using `--verbose` to print the full type name to the console
[INFO] [stdout] 
[INFO] [stdout] 
[INFO] [stdout] error[E0277]: the trait bound `var_quantity::unary::FirstOrderTaylor: serde::Deserialize<'de>` is not satisfied
[INFO] [stdout]     --> tests/unary_functions.rs:339:37
[INFO] [stdout]      |
[INFO] [stdout]  339 |         let fun: FirstOrderTaylor = yaml_serde::from_str(yaml).unwrap();
[INFO] [stdout]      |                                     ^^^^^^^^^^^^^^^^^^^^^^^^^^ the trait `Deserialize<'_>` is not implemented for `var_quantity::unary::FirstOrderTaylor`
[INFO] [stdout]      |
[INFO] [stdout]      = note: for local types consider adding `#[derive(serde::Deserialize)]` to your `var_quantity::unary::FirstOrderTaylor` type
[INFO] [stdout]      = note: for types from other crates check whether the crate offers a `serde` feature flag
[INFO] [stdout]      = help: the following other types implement trait `Deserialize<'de>`:
[INFO] [stdout]                &'a Path
[INFO] [stdout]                &'a [u8]
[INFO] [stdout]                &'a str
[INFO] [stdout]                ()
[INFO] [stdout]                (T,)
[INFO] [stdout]                (T0, T1)
[INFO] [stdout]                (T0, T1, T2)
[INFO] [stdout]                (T0, T1, T2, T3)
[INFO] [stdout]              and 144 others
[INFO] [stdout] note: required by a bound in `yaml_serde::from_str`
[INFO] [stdout]     --> /opt/rustwide/cargo-home/registry/src/index.crates.io-1949cf8c6b5b557f/yaml_serde-0.10.6/src/de.rs:1809:8
[INFO] [stdout]      |
[INFO] [stdout] 1807 | pub fn from_str<'de, T>(s: &'de str) -> Result<T>
[INFO] [stdout]      |        -------- required by a bound in this function
[INFO] [stdout] 1808 | where
[INFO] [stdout] 1809 |     T: Deserialize<'de>,
[INFO] [stdout]      |        ^^^^^^^^^^^^^^^^ required by this bound in `from_str`
[INFO] [stdout] 
[INFO] [stdout] 
[INFO] [stdout] error[E0277]: the trait bound `var_quantity::unary::FirstOrderTaylor: serde::Serialize` is not satisfied
[INFO] [stdout]    --> tests/unary_functions.rs:346:48
[INFO] [stdout]     |
[INFO] [stdout] 346 |         let serialized = yaml_serde::to_string(&fun).unwrap();
[INFO] [stdout]     |                          --------------------- ^^^^ the trait `Serialize` is not implemented for `var_quantity::unary::FirstOrderTaylor`
[INFO] [stdout]     |                          |
[INFO] [stdout]     |                          required by a bound introduced by this call
[INFO] [stdout]     |
[INFO] [stdout]     = note: for local types consider adding `#[derive(serde::Serialize)]` to your `var_quantity::unary::FirstOrderTaylor` type
[INFO] [stdout]     = note: for types from other crates check whether the crate offers a `serde` feature flag
[INFO] [stdout]     = help: the following other types implement trait `Serialize`:
[INFO] [stdout]               &'a T
[INFO] [stdout]               &'a mut T
[INFO] [stdout]               ()
[INFO] [stdout]               (T,)
[INFO] [stdout]               (T0, T1)
[INFO] [stdout]               (T0, T1, T2)
[INFO] [stdout]               (T0, T1, T2, T3)
[INFO] [stdout]               (T0, T1, T2, T3, T4)
[INFO] [stdout]             and 132 others
[INFO] [stdout] note: required by a bound in `yaml_serde::to_string`
[INFO] [stdout]    --> /opt/rustwide/cargo-home/registry/src/index.crates.io-1949cf8c6b5b557f/yaml_serde-0.10.6/src/ser.rs:713:17
[INFO] [stdout]     |
[INFO] [stdout] 711 | pub fn to_string<T>(value: &T) -> Result<String>
[INFO] [stdout]     |        --------- required by a bound in this function
[INFO] [stdout] 712 | where
[INFO] [stdout] 713 |     T: ?Sized + ser::Serialize,
[INFO] [stdout]     |                 ^^^^^^^^^^^^^^ required by this bound in `to_string`
[INFO] [stdout] 
[INFO] [stdout] 
[INFO] [stdout] error[E0277]: the trait bound `VarQuantity<Quantity<_, _, f64>>: serde::Serialize` is not satisfied
[INFO] [stdout]    --> tests/serde.rs:83:55
[INFO] [stdout]     |
[INFO] [stdout]  83 |         serialize_with_units(|| yaml_serde::to_string(&q)).expect("serialization succeeds");
[INFO] [stdout]     |                                 --------------------- ^^ the trait `Serialize` is not implemented for `VarQuantity<Quantity<_, _, f64>>`
[INFO] [stdout]     |                                 |
[INFO] [stdout]     |                                 required by a bound introduced by this call
[INFO] [stdout]     |
[INFO] [stdout]     = note: for local types consider adding `#[derive(serde::Serialize)]` to your `VarQuantity<Quantity<_, _, f64>>` type
[INFO] [stdout]     = note: for types from other crates check whether the crate offers a `serde` feature flag
[INFO] [stdout]     = help: the following other types implement trait `Serialize`:
[INFO] [stdout]               &'a T
[INFO] [stdout]               &'a mut T
[INFO] [stdout]               ()
[INFO] [stdout]               (T,)
[INFO] [stdout]               (T0, T1)
[INFO] [stdout]               (T0, T1, T2)
[INFO] [stdout]               (T0, T1, T2, T3)
[INFO] [stdout]               (T0, T1, T2, T3, T4)
[INFO] [stdout]             and 133 others
[INFO] [stdout] note: required by a bound in `yaml_serde::to_string`
[INFO] [stdout]    --> /opt/rustwide/cargo-home/registry/src/index.crates.io-1949cf8c6b5b557f/yaml_serde-0.10.6/src/ser.rs:713:17
[INFO] [stdout]     |
[INFO] [stdout] 711 | pub fn to_string<T>(value: &T) -> Result<String>
[INFO] [stdout]     |        --------- required by a bound in this function
[INFO] [stdout] 712 | where
[INFO] [stdout] 713 |     T: ?Sized + ser::Serialize,
[INFO] [stdout]     |                 ^^^^^^^^^^^^^^ required by this bound in `to_string`
[INFO] [stdout]     = note: the full name for the type has been written to '/opt/rustwide/target/release/deps/serde-c53f40b3a9915e8f.long-type-12613976685501871738.txt'
[INFO] [stdout]     = note: consider using `--verbose` to print the full type name to the console
[INFO] [stdout] 
[INFO] [stdout] 
[INFO] [stdout] error[E0277]: the trait bound `var_quantity::unary::FirstOrderTaylor: serde::Deserialize<'de>` is not satisfied
[INFO] [stdout]     --> tests/unary_functions.rs:347:37
[INFO] [stdout]      |
[INFO] [stdout]  347 |         let fun: FirstOrderTaylor = yaml_serde::from_str(&serialized).unwrap();
[INFO] [stdout]      |                                     ^^^^^^^^^^^^^^^^^^^^^^^^^^^^^^^^^ the trait `Deserialize<'_>` is not implemented for `var_quantity::unary::FirstOrderTaylor`
[INFO] [stdout]      |
[INFO] [stdout]      = note: for local types consider adding `#[derive(serde::Deserialize)]` to your `var_quantity::unary::FirstOrderTaylor` type
[INFO] [stdout]      = note: for types from other crates check whether the crate offers a `serde` feature flag
[INFO] [stdout]      = help: the following other types implement trait `Deserialize<'de>`:
[INFO] [stdout]                &'a Path
[INFO] [stdout]                &'a [u8]
[INFO] [stdout]                &'a str
[INFO] [stdout]                ()
[INFO] [stdout]                (T,)
[INFO] [stdout]                (T0, T1)
[INFO] [stdout]                (T0, T1, T2)
[INFO] [stdout]                (T0, T1, T2, T3)
[INFO] [stdout]              and 144 others
[INFO] [stdout] note: required by a bound in `yaml_serde::from_str`
[INFO] [stdout]     --> /opt/rustwide/cargo-home/registry/src/index.crates.io-1949cf8c6b5b557f/yaml_serde-0.10.6/src/de.rs:1809:8
[INFO] [stdout]      |
[INFO] [stdout] 1807 | pub fn from_str<'de, T>(s: &'de str) -> Result<T>
[INFO] [stdout]      |        -------- required by a bound in this function
[INFO] [stdout] 1808 | where
[INFO] [stdout] 1809 |     T: Deserialize<'de>,
[INFO] [stdout]      |        ^^^^^^^^^^^^^^^^ required by this bound in `from_str`
[INFO] [stdout] 
[INFO] [stdout] 
[INFO] [stdout] error[E0425]: cannot find function `serialize_with_units` in this scope
[INFO] [stdout]   --> tests/serde.rs:83:9
[INFO] [stdout]    |
[INFO] [stdout] 83 |         serialize_with_units(|| yaml_serde::to_string(&q)).expect("serialization succeeds");
[INFO] [stdout]    |         ^^^^^^^^^^^^^^^^^^^^ not found in this scope
[INFO] [stdout] 
[INFO] [stdout] 
[INFO] [stdout] error[E0277]: the trait bound `VarQuantity<Quantity<_, _, f64>>: serde::Deserialize<'de>` is not satisfied
[INFO] [stdout]     --> tests/serde.rs:86:16
[INFO] [stdout]      |
[INFO] [stdout]   86 |     let q_de = yaml_serde::from_str(&actual).expect("deserialization succeeds");
[INFO] [stdout]      |                ^^^^^^^^^^^^^^^^^^^^^^^^^^^^^ the trait `Deserialize<'_>` is not implemented for `VarQuantity<Quantity<_, _, f64>>`
[INFO] [stdout]      |
[INFO] [stdout]      = note: for local types consider adding `#[derive(serde::Deserialize)]` to your `VarQuantity<Quantity<_, _, f64>>` type
[INFO] [stdout]      = note: for types from other crates check whether the crate offers a `serde` feature flag
[INFO] [stdout]      = help: the following other types implement trait `Deserialize<'de>`:
[INFO] [stdout]                &'a Path
[INFO] [stdout]                &'a [u8]
[INFO] [stdout]                &'a str
[INFO] [stdout]                ()
[INFO] [stdout]                (T,)
[INFO] [stdout]                (T0, T1)
[INFO] [stdout]                (T0, T1, T2)
[INFO] [stdout]                (T0, T1, T2, T3)
[INFO] [stdout]              and 145 others
[INFO] [stdout] note: required by a bound in `yaml_serde::from_str`
[INFO] [stdout]     --> /opt/rustwide/cargo-home/registry/src/index.crates.io-1949cf8c6b5b557f/yaml_serde-0.10.6/src/de.rs:1809:8
[INFO] [stdout]      |
[INFO] [stdout] 1807 | pub fn from_str<'de, T>(s: &'de str) -> Result<T>
[INFO] [stdout]      |        -------- required by a bound in this function
[INFO] [stdout] 1808 | where
[INFO] [stdout] 1809 |     T: Deserialize<'de>,
[INFO] [stdout]      |        ^^^^^^^^^^^^^^^^ required by this bound in `from_str`
[INFO] [stdout]      = note: the full name for the type has been written to '/opt/rustwide/target/release/deps/serde-c53f40b3a9915e8f.long-type-1195006868258922269.txt'
[INFO] [stdout]      = note: consider using `--verbose` to print the full type name to the console
[INFO] [stdout] 
[INFO] [stdout] 
[INFO] [stdout] error[E0277]: the trait bound `var_quantity::unary::FirstOrderTaylor: serde::Deserialize<'de>` is not satisfied
[INFO] [stdout]     --> tests/unary_functions.rs:362:37
[INFO] [stdout]      |
[INFO] [stdout]  362 |         let fun: FirstOrderTaylor = yaml_serde::from_str(yaml).unwrap();
[INFO] [stdout]      |                                     ^^^^^^^^^^^^^^^^^^^^^^^^^^ the trait `Deserialize<'_>` is not implemented for `var_quantity::unary::FirstOrderTaylor`
[INFO] [stdout]      |
[INFO] [stdout]      = note: for local types consider adding `#[derive(serde::Deserialize)]` to your `var_quantity::unary::FirstOrderTaylor` type
[INFO] [stdout]      = note: for types from other crates check whether the crate offers a `serde` feature flag
[INFO] [stdout]      = help: the following other types implement trait `Deserialize<'de>`:
[INFO] [stdout]                &'a Path
[INFO] [stdout]                &'a [u8]
[INFO] [stdout]                &'a str
[INFO] [stdout]                ()
[INFO] [stdout]                (T,)
[INFO] [stdout]                (T0, T1)
[INFO] [stdout]                (T0, T1, T2)
[INFO] [stdout]                (T0, T1, T2, T3)
[INFO] [stdout]              and 144 others
[INFO] [stdout] note: required by a bound in `yaml_serde::from_str`
[INFO] [stdout]     --> /opt/rustwide/cargo-home/registry/src/index.crates.io-1949cf8c6b5b557f/yaml_serde-0.10.6/src/de.rs:1809:8
[INFO] [stdout]      |
[INFO] [stdout] 1807 | pub fn from_str<'de, T>(s: &'de str) -> Result<T>
[INFO] [stdout]      |        -------- required by a bound in this function
[INFO] [stdout] 1808 | where
[INFO] [stdout] 1809 |     T: Deserialize<'de>,
[INFO] [stdout]      |        ^^^^^^^^^^^^^^^^ required by this bound in `from_str`
[INFO] [stdout] 
[INFO] [stdout] 
[INFO] [stdout] error[E0277]: the trait bound `VarQuantity<Quantity<_, _, f64>>: serde::Deserialize<'de>` is not satisfied
[INFO] [stdout]     --> tests/serde.rs:135:63
[INFO] [stdout]      |
[INFO] [stdout]  135 |         let var_quantity: VarQuantity<ElectricalResistance> = yaml_serde::from_str(string).unwrap();
[INFO] [stdout]      |                                                               ^^^^^^^^^^^^^^^^^^^^^^^^^^^^ the trait `Deserialize<'_>` is not implemented for `VarQuantity<Quantity<_, _, f64>>`
[INFO] [stdout]      |
[INFO] [stdout]      = note: for local types consider adding `#[derive(serde::Deserialize)]` to your `VarQuantity<Quantity<_, _, f64>>` type
[INFO] [stdout]      = note: for types from other crates check whether the crate offers a `serde` feature flag
[INFO] [stdout]      = help: the following other types implement trait `Deserialize<'de>`:
[INFO] [stdout]                &'a Path
[INFO] [stdout]                &'a [u8]
[INFO] [stdout]                &'a str
[INFO] [stdout]                ()
[INFO] [stdout]                (T,)
[INFO] [stdout]                (T0, T1)
[INFO] [stdout]                (T0, T1, T2)
[INFO] [stdout]                (T0, T1, T2, T3)
[INFO] [stdout]              and 145 others
[INFO] [stdout] note: required by a bound in `yaml_serde::from_str`
[INFO] [stdout]     --> /opt/rustwide/cargo-home/registry/src/index.crates.io-1949cf8c6b5b557f/yaml_serde-0.10.6/src/de.rs:1809:8
[INFO] [stdout]      |
[INFO] [stdout] 1807 | pub fn from_str<'de, T>(s: &'de str) -> Result<T>
[INFO] [stdout]      |        -------- required by a bound in this function
[INFO] [stdout] 1808 | where
[INFO] [stdout] 1809 |     T: Deserialize<'de>,
[INFO] [stdout]      |        ^^^^^^^^^^^^^^^^ required by this bound in `from_str`
[INFO] [stdout]      = note: the full name for the type has been written to '/opt/rustwide/target/release/deps/serde-c53f40b3a9915e8f.long-type-886306429170318349.txt'
[INFO] [stdout]      = note: consider using `--verbose` to print the full type name to the console
[INFO] [stdout] 
[INFO] [stdout] 
[INFO] [stdout] error[E0277]: the trait bound `VarQuantity<Quantity<_, _, f64>>: serde::Deserialize<'de>` is not satisfied
[INFO] [stdout]     --> tests/serde.rs:147:63
[INFO] [stdout]      |
[INFO] [stdout]  147 |         let var_quantity: VarQuantity<ElectricalResistance> = yaml_serde::from_str(string).unwrap();
[INFO] [stdout]      |                                                               ^^^^^^^^^^^^^^^^^^^^^^^^^^^^ the trait `Deserialize<'_>` is not implemented for `VarQuantity<Quantity<_, _, f64>>`
[INFO] [stdout]      |
[INFO] [stdout]      = note: for local types consider adding `#[derive(serde::Deserialize)]` to your `VarQuantity<Quantity<_, _, f64>>` type
[INFO] [stdout]      = note: for types from other crates check whether the crate offers a `serde` feature flag
[INFO] [stdout]      = help: the following other types implement trait `Deserialize<'de>`:
[INFO] [stdout]                &'a Path
[INFO] [stdout]                &'a [u8]
[INFO] [stdout]                &'a str
[INFO] [stdout]                ()
[INFO] [stdout]                (T,)
[INFO] [stdout]                (T0, T1)
[INFO] [stdout]                (T0, T1, T2)
[INFO] [stdout]                (T0, T1, T2, T3)
[INFO] [stdout]              and 145 others
[INFO] [stdout] note: required by a bound in `yaml_serde::from_str`
[INFO] [stdout]     --> /opt/rustwide/cargo-home/registry/src/index.crates.io-1949cf8c6b5b557f/yaml_serde-0.10.6/src/de.rs:1809:8
[INFO] [stdout]      |
[INFO] [stdout] 1807 | pub fn from_str<'de, T>(s: &'de str) -> Result<T>
[INFO] [stdout]      |        -------- required by a bound in this function
[INFO] [stdout] 1808 | where
[INFO] [stdout] 1809 |     T: Deserialize<'de>,
[INFO] [stdout]      |        ^^^^^^^^^^^^^^^^ required by this bound in `from_str`
[INFO] [stdout]      = note: the full name for the type has been written to '/opt/rustwide/target/release/deps/serde-c53f40b3a9915e8f.long-type-3250449463272775277.txt'
[INFO] [stdout]      = note: consider using `--verbose` to print the full type name to the console
[INFO] [stdout] 
[INFO] [stdout] 
[INFO] [stdout] error[E0277]: the trait bound `var_quantity::unary::FirstOrderTaylor: serde::Serialize` is not satisfied
[INFO] [stdout]    --> tests/unary_functions.rs:386:48
[INFO] [stdout]     |
[INFO] [stdout] 386 |         let serialized = yaml_serde::to_string(&fun).unwrap();
[INFO] [stdout]     |                          --------------------- ^^^^ the trait `Serialize` is not implemented for `var_quantity::unary::FirstOrderTaylor`
[INFO] [stdout]     |                          |
[INFO] [stdout]     |                          required by a bound introduced by this call
[INFO] [stdout]     |
[INFO] [stdout]     = note: for local types consider adding `#[derive(serde::Serialize)]` to your `var_quantity::unary::FirstOrderTaylor` type
[INFO] [stdout]     = note: for types from other crates check whether the crate offers a `serde` feature flag
[INFO] [stdout]     = help: the following other types implement trait `Serialize`:
[INFO] [stdout]               &'a T
[INFO] [stdout]               &'a mut T
[INFO] [stdout]               ()
[INFO] [stdout]               (T,)
[INFO] [stdout]               (T0, T1)
[INFO] [stdout]               (T0, T1, T2)
[INFO] [stdout]               (T0, T1, T2, T3)
[INFO] [stdout]               (T0, T1, T2, T3, T4)
[INFO] [stdout]             and 132 others
[INFO] [stdout] note: required by a bound in `yaml_serde::to_string`
[INFO] [stdout]    --> /opt/rustwide/cargo-home/registry/src/index.crates.io-1949cf8c6b5b557f/yaml_serde-0.10.6/src/ser.rs:713:17
[INFO] [stdout]     |
[INFO] [stdout] 711 | pub fn to_string<T>(value: &T) -> Result<String>
[INFO] [stdout]     |        --------- required by a bound in this function
[INFO] [stdout] 712 | where
[INFO] [stdout] 713 |     T: ?Sized + ser::Serialize,
[INFO] [stdout]     |                 ^^^^^^^^^^^^^^ required by this bound in `to_string`
[INFO] [stdout] 
[INFO] [stdout] 
[INFO] [stdout] error[E0277]: the trait bound `dyn var_quantity::QuantityFunction: serde::Serialize` is not satisfied
[INFO] [stdout]    --> tests/serde.rs:164:44
[INFO] [stdout]     |
[INFO] [stdout] 164 |         let string = yaml_serde::to_string(&boxed).unwrap();
[INFO] [stdout]     |                      --------------------- ^^^^^^ the trait `Serialize` is not implemented for `dyn var_quantity::QuantityFunction`
[INFO] [stdout]     |                      |
[INFO] [stdout]     |                      required by a bound introduced by this call
[INFO] [stdout]     |
[INFO] [stdout]     = note: for local types consider adding `#[derive(serde::Serialize)]` to your `dyn var_quantity::QuantityFunction` type
[INFO] [stdout]     = note: for types from other crates check whether the crate offers a `serde` feature flag
[INFO] [stdout]     = help: the following other types implement trait `Serialize`:
[INFO] [stdout]               &'a T
[INFO] [stdout]               &'a mut T
[INFO] [stdout]               ()
[INFO] [stdout]               (T,)
[INFO] [stdout]               (T0, T1)
[INFO] [stdout]               (T0, T1, T2)
[INFO] [stdout]               (T0, T1, T2, T3)
[INFO] [stdout]               (T0, T1, T2, T3, T4)
[INFO] [stdout]             and 133 others
[INFO] [stdout]     = note: required for `Box<dyn var_quantity::QuantityFunction>` to implement `Serialize`
[INFO] [stdout] note: required by a bound in `yaml_serde::to_string`
[INFO] [stdout]    --> /opt/rustwide/cargo-home/registry/src/index.crates.io-1949cf8c6b5b557f/yaml_serde-0.10.6/src/ser.rs:713:17
[INFO] [stdout]     |
[INFO] [stdout] 711 | pub fn to_string<T>(value: &T) -> Result<String>
[INFO] [stdout]     |        --------- required by a bound in this function
[INFO] [stdout] 712 | where
[INFO] [stdout] 713 |     T: ?Sized + ser::Serialize,
[INFO] [stdout]     |                 ^^^^^^^^^^^^^^ required by this bound in `to_string`
[INFO] [stdout] 
[INFO] [stdout] 
[INFO] [stdout] error[E0277]: the trait bound `VarQuantity<Quantity<_, _, f64>>: serde::Deserialize<'de>` is not satisfied
[INFO] [stdout]     --> tests/serde.rs:166:13
[INFO] [stdout]      |
[INFO] [stdout]  166 |             yaml_serde::from_str(&string).unwrap();
[INFO] [stdout]      |             ^^^^^^^^^^^^^^^^^^^^^^^^^^^^^ the trait `Deserialize<'_>` is not implemented for `VarQuantity<Quantity<_, _, f64>>`
[INFO] [stdout]      |
[INFO] [stdout]      = note: for local types consider adding `#[derive(serde::Deserialize)]` to your `VarQuantity<Quantity<_, _, f64>>` type
[INFO] [stdout]      = note: for types from other crates check whether the crate offers a `serde` feature flag
[INFO] [stdout]      = help: the following other types implement trait `Deserialize<'de>`:
[INFO] [stdout]                &'a Path
[INFO] [stdout]                &'a [u8]
[INFO] [stdout]                &'a str
[INFO] [stdout]                ()
[INFO] [stdout]                (T,)
[INFO] [stdout]                (T0, T1)
[INFO] [stdout]                (T0, T1, T2)
[INFO] [stdout]                (T0, T1, T2, T3)
[INFO] [stdout]              and 145 others
[INFO] [stdout] note: required by a bound in `yaml_serde::from_str`
[INFO] [stdout]     --> /opt/rustwide/cargo-home/registry/src/index.crates.io-1949cf8c6b5b557f/yaml_serde-0.10.6/src/de.rs:1809:8
[INFO] [stdout]      |
[INFO] [stdout] 1807 | pub fn from_str<'de, T>(s: &'de str) -> Result<T>
[INFO] [stdout]      |        -------- required by a bound in this function
[INFO] [stdout] 1808 | where
[INFO] [stdout] 1809 |     T: Deserialize<'de>,
[INFO] [stdout]      |        ^^^^^^^^^^^^^^^^ required by this bound in `from_str`
[INFO] [stdout]      = note: the full name for the type has been written to '/opt/rustwide/target/release/deps/serde-c53f40b3a9915e8f.long-type-16936406537024252673.txt'
[INFO] [stdout]      = note: consider using `--verbose` to print the full type name to the console
[INFO] [stdout] 
[INFO] [stdout] 
[INFO] [stdout] error[E0277]: the trait bound `var_quantity::unary::FirstOrderTaylor: serde::Deserialize<'de>` is not satisfied
[INFO] [stdout]     --> tests/unary_functions.rs:387:37
[INFO] [stdout]      |
[INFO] [stdout]  387 |         let fun: FirstOrderTaylor = yaml_serde::from_str(&serialized).unwrap();
[INFO] [stdout]      |                                     ^^^^^^^^^^^^^^^^^^^^^^^^^^^^^^^^^ the trait `Deserialize<'_>` is not implemented for `var_quantity::unary::FirstOrderTaylor`
[INFO] [stdout]      |
[INFO] [stdout]      = note: for local types consider adding `#[derive(serde::Deserialize)]` to your `var_quantity::unary::FirstOrderTaylor` type
[INFO] [stdout]      = note: for types from other crates check whether the crate offers a `serde` feature flag
[INFO] [stdout]      = help: the following other types implement trait `Deserialize<'de>`:
[INFO] [stdout]                &'a Path
[INFO] [stdout]                &'a [u8]
[INFO] [stdout]                &'a str
[INFO] [stdout]                ()
[INFO] [stdout]                (T,)
[INFO] [stdout]                (T0, T1)
[INFO] [stdout]                (T0, T1, T2)
[INFO] [stdout]                (T0, T1, T2, T3)
[INFO] [stdout]              and 144 others
[INFO] [stdout] note: required by a bound in `yaml_serde::from_str`
[INFO] [stdout]     --> /opt/rustwide/cargo-home/registry/src/index.crates.io-1949cf8c6b5b557f/yaml_serde-0.10.6/src/de.rs:1809:8
[INFO] [stdout]      |
[INFO] [stdout] 1807 | pub fn from_str<'de, T>(s: &'de str) -> Result<T>
[INFO] [stdout]      |        -------- required by a bound in this function
[INFO] [stdout] 1808 | where
[INFO] [stdout] 1809 |     T: Deserialize<'de>,
[INFO] [stdout]      |        ^^^^^^^^^^^^^^^^ required by this bound in `from_str`
[INFO] [stdout] 
[INFO] [stdout] 
[INFO] [stdout] Some errors have detailed explanations: E0277, E0425, E0432, E0433.
[INFO] [stdout] 
[INFO] [stdout] For more information about an error, try `rustc --explain E0277`.
[INFO] [stdout] 
[INFO] [stderr] error: could not compile `var_quantity` (test "serde") due to 21 previous errors
[INFO] [stderr] warning: build failed, waiting for other jobs to finish...
[INFO] [stdout] error[E0277]: the trait bound `var_quantity::unary::FirstOrderTaylor: serde::Deserialize<'de>` is not satisfied
[INFO] [stdout]     --> tests/unary_functions.rs:417:37
[INFO] [stdout]      |
[INFO] [stdout]  417 |         let fun: FirstOrderTaylor = yaml_serde::from_str(yaml).unwrap();
[INFO] [stdout]      |                                     ^^^^^^^^^^^^^^^^^^^^^^^^^^ the trait `Deserialize<'_>` is not implemented for `var_quantity::unary::FirstOrderTaylor`
[INFO] [stdout]      |
[INFO] [stdout]      = note: for local types consider adding `#[derive(serde::Deserialize)]` to your `var_quantity::unary::FirstOrderTaylor` type
[INFO] [stdout]      = note: for types from other crates check whether the crate offers a `serde` feature flag
[INFO] [stdout]      = help: the following other types implement trait `Deserialize<'de>`:
[INFO] [stdout]                &'a Path
[INFO] [stdout]                &'a [u8]
[INFO] [stdout]                &'a str
[INFO] [stdout]                ()
[INFO] [stdout]                (T,)
[INFO] [stdout]                (T0, T1)
[INFO] [stdout]                (T0, T1, T2)
[INFO] [stdout]                (T0, T1, T2, T3)
[INFO] [stdout]              and 144 others
[INFO] [stdout] note: required by a bound in `yaml_serde::from_str`
[INFO] [stdout]     --> /opt/rustwide/cargo-home/registry/src/index.crates.io-1949cf8c6b5b557f/yaml_serde-0.10.6/src/de.rs:1809:8
[INFO] [stdout]      |
[INFO] [stdout] 1807 | pub fn from_str<'de, T>(s: &'de str) -> Result<T>
[INFO] [stdout]      |        -------- required by a bound in this function
[INFO] [stdout] 1808 | where
[INFO] [stdout] 1809 |     T: Deserialize<'de>,
[INFO] [stdout]      |        ^^^^^^^^^^^^^^^^ required by this bound in `from_str`
[INFO] [stdout] 
[INFO] [stdout] 
[INFO] [stdout] error[E0277]: the trait bound `var_quantity::unary::Linear: serde::Deserialize<'de>` is not satisfied
[INFO] [stdout]     --> tests/unary_functions.rs:436:27
[INFO] [stdout]      |
[INFO] [stdout]  436 |         let fun: Linear = yaml_serde::from_str(yaml).unwrap();
[INFO] [stdout]      |                           ^^^^^^^^^^^^^^^^^^^^^^^^^^ the trait `Deserialize<'_>` is not implemented for `var_quantity::unary::Linear`
[INFO] [stdout]      |
[INFO] [stdout]      = note: for local types consider adding `#[derive(serde::Deserialize)]` to your `var_quantity::unary::Linear` type
[INFO] [stdout]      = note: for types from other crates check whether the crate offers a `serde` feature flag
[INFO] [stdout]      = help: the following other types implement trait `Deserialize<'de>`:
[INFO] [stdout]                &'a Path
[INFO] [stdout]                &'a [u8]
[INFO] [stdout]                &'a str
[INFO] [stdout]                ()
[INFO] [stdout]                (T,)
[INFO] [stdout]                (T0, T1)
[INFO] [stdout]                (T0, T1, T2)
[INFO] [stdout]                (T0, T1, T2, T3)
[INFO] [stdout]              and 144 others
[INFO] [stdout] note: required by a bound in `yaml_serde::from_str`
[INFO] [stdout]     --> /opt/rustwide/cargo-home/registry/src/index.crates.io-1949cf8c6b5b557f/yaml_serde-0.10.6/src/de.rs:1809:8
[INFO] [stdout]      |
[INFO] [stdout] 1807 | pub fn from_str<'de, T>(s: &'de str) -> Result<T>
[INFO] [stdout]      |        -------- required by a bound in this function
[INFO] [stdout] 1808 | where
[INFO] [stdout] 1809 |     T: Deserialize<'de>,
[INFO] [stdout]      |        ^^^^^^^^^^^^^^^^ required by this bound in `from_str`
[INFO] [stdout] 
[INFO] [stdout] 
[INFO] [stdout] error[E0277]: the trait bound `var_quantity::unary::Linear: serde::Serialize` is not satisfied
[INFO] [stdout]    --> tests/unary_functions.rs:441:48
[INFO] [stdout]     |
[INFO] [stdout] 441 |         let serialized = yaml_serde::to_string(&fun).unwrap();
[INFO] [stdout]     |                          --------------------- ^^^^ the trait `Serialize` is not implemented for `var_quantity::unary::Linear`
[INFO] [stdout]     |                          |
[INFO] [stdout]     |                          required by a bound introduced by this call
[INFO] [stdout]     |
[INFO] [stdout]     = note: for local types consider adding `#[derive(serde::Serialize)]` to your `var_quantity::unary::Linear` type
[INFO] [stdout]     = note: for types from other crates check whether the crate offers a `serde` feature flag
[INFO] [stdout]     = help: the following other types implement trait `Serialize`:
[INFO] [stdout]               &'a T
[INFO] [stdout]               &'a mut T
[INFO] [stdout]               ()
[INFO] [stdout]               (T,)
[INFO] [stdout]               (T0, T1)
[INFO] [stdout]               (T0, T1, T2)
[INFO] [stdout]               (T0, T1, T2, T3)
[INFO] [stdout]               (T0, T1, T2, T3, T4)
[INFO] [stdout]             and 132 others
[INFO] [stdout] note: required by a bound in `yaml_serde::to_string`
[INFO] [stdout]    --> /opt/rustwide/cargo-home/registry/src/index.crates.io-1949cf8c6b5b557f/yaml_serde-0.10.6/src/ser.rs:713:17
[INFO] [stdout]     |
[INFO] [stdout] 711 | pub fn to_string<T>(value: &T) -> Result<String>
[INFO] [stdout]     |        --------- required by a bound in this function
[INFO] [stdout] 712 | where
[INFO] [stdout] 713 |     T: ?Sized + ser::Serialize,
[INFO] [stdout]     |                 ^^^^^^^^^^^^^^ required by this bound in `to_string`
[INFO] [stdout] 
[INFO] [stdout] 
[INFO] [stdout] error[E0277]: the trait bound `var_quantity::unary::Linear: serde::Deserialize<'de>` is not satisfied
[INFO] [stdout]     --> tests/unary_functions.rs:442:27
[INFO] [stdout]      |
[INFO] [stdout]  442 |         let fun: Linear = yaml_serde::from_str(&serialized).unwrap();
[INFO] [stdout]      |                           ^^^^^^^^^^^^^^^^^^^^^^^^^^^^^^^^^ the trait `Deserialize<'_>` is not implemented for `var_quantity::unary::Linear`
[INFO] [stdout]      |
[INFO] [stdout]      = note: for local types consider adding `#[derive(serde::Deserialize)]` to your `var_quantity::unary::Linear` type
[INFO] [stdout]      = note: for types from other crates check whether the crate offers a `serde` feature flag
[INFO] [stdout]      = help: the following other types implement trait `Deserialize<'de>`:
[INFO] [stdout]                &'a Path
[INFO] [stdout]                &'a [u8]
[INFO] [stdout]                &'a str
[INFO] [stdout]                ()
[INFO] [stdout]                (T,)
[INFO] [stdout]                (T0, T1)
[INFO] [stdout]                (T0, T1, T2)
[INFO] [stdout]                (T0, T1, T2, T3)
[INFO] [stdout]              and 144 others
[INFO] [stdout] note: required by a bound in `yaml_serde::from_str`
[INFO] [stdout]     --> /opt/rustwide/cargo-home/registry/src/index.crates.io-1949cf8c6b5b557f/yaml_serde-0.10.6/src/de.rs:1809:8
[INFO] [stdout]      |
[INFO] [stdout] 1807 | pub fn from_str<'de, T>(s: &'de str) -> Result<T>
[INFO] [stdout]      |        -------- required by a bound in this function
[INFO] [stdout] 1808 | where
[INFO] [stdout] 1809 |     T: Deserialize<'de>,
[INFO] [stdout]      |        ^^^^^^^^^^^^^^^^ required by this bound in `from_str`
[INFO] [stdout] 
[INFO] [stdout] 
[INFO] [stdout] Some errors have detailed explanations: E0432, E0433.
[INFO] [stdout] 
[INFO] [stdout] For more information about an error, try `rustc --explain E0432`.
[INFO] [stdout] 
[INFO] [stdout] error[E0277]: the trait bound `var_quantity::unary::Linear: serde::Deserialize<'de>` is not satisfied
[INFO] [stdout]     --> tests/unary_functions.rs:454:27
[INFO] [stdout]      |
[INFO] [stdout]  454 |         let fun: Linear = yaml_serde::from_str(yaml).unwrap();
[INFO] [stdout]      |                           ^^^^^^^^^^^^^^^^^^^^^^^^^^ the trait `Deserialize<'_>` is not implemented for `var_quantity::unary::Linear`
[INFO] [stdout]      |
[INFO] [stdout]      = note: for local types consider adding `#[derive(serde::Deserialize)]` to your `var_quantity::unary::Linear` type
[INFO] [stdout]      = note: for types from other crates check whether the crate offers a `serde` feature flag
[INFO] [stdout]      = help: the following other types implement trait `Deserialize<'de>`:
[INFO] [stdout]                &'a Path
[INFO] [stdout]                &'a [u8]
[INFO] [stdout]                &'a str
[INFO] [stdout]                ()
[INFO] [stdout]                (T,)
[INFO] [stdout]                (T0, T1)
[INFO] [stdout]                (T0, T1, T2)
[INFO] [stdout]                (T0, T1, T2, T3)
[INFO] [stdout]              and 144 others
[INFO] [stdout] note: required by a bound in `yaml_serde::from_str`
[INFO] [stdout]     --> /opt/rustwide/cargo-home/registry/src/index.crates.io-1949cf8c6b5b557f/yaml_serde-0.10.6/src/de.rs:1809:8
[INFO] [stdout]      |
[INFO] [stdout] 1807 | pub fn from_str<'de, T>(s: &'de str) -> Result<T>
[INFO] [stdout]      |        -------- required by a bound in this function
[INFO] [stdout] 1808 | where
[INFO] [stdout] 1809 |     T: Deserialize<'de>,
[INFO] [stdout]      |        ^^^^^^^^^^^^^^^^ required by this bound in `from_str`
[INFO] [stdout] 
[INFO] [stdout] 
[INFO] [stderr] error: could not compile `var_quantity` (test "var_quantity_custom_impl") due to 8 previous errors
[INFO] [stdout] error[E0277]: the trait bound `var_quantity::unary::Linear: serde::Serialize` is not satisfied
[INFO] [stdout]    --> tests/unary_functions.rs:472:48
[INFO] [stdout]     |
[INFO] [stdout] 472 |         let serialized = yaml_serde::to_string(&fun).unwrap();
[INFO] [stdout]     |                          --------------------- ^^^^ the trait `Serialize` is not implemented for `var_quantity::unary::Linear`
[INFO] [stdout]     |                          |
[INFO] [stdout]     |                          required by a bound introduced by this call
[INFO] [stdout]     |
[INFO] [stdout]     = note: for local types consider adding `#[derive(serde::Serialize)]` to your `var_quantity::unary::Linear` type
[INFO] [stdout]     = note: for types from other crates check whether the crate offers a `serde` feature flag
[INFO] [stdout]     = help: the following other types implement trait `Serialize`:
[INFO] [stdout]               &'a T
[INFO] [stdout]               &'a mut T
[INFO] [stdout]               ()
[INFO] [stdout]               (T,)
[INFO] [stdout]               (T0, T1)
[INFO] [stdout]               (T0, T1, T2)
[INFO] [stdout]               (T0, T1, T2, T3)
[INFO] [stdout]               (T0, T1, T2, T3, T4)
[INFO] [stdout]             and 132 others
[INFO] [stdout] note: required by a bound in `yaml_serde::to_string`
[INFO] [stdout]    --> /opt/rustwide/cargo-home/registry/src/index.crates.io-1949cf8c6b5b557f/yaml_serde-0.10.6/src/ser.rs:713:17
[INFO] [stdout]     |
[INFO] [stdout] 711 | pub fn to_string<T>(value: &T) -> Result<String>
[INFO] [stdout]     |        --------- required by a bound in this function
[INFO] [stdout] 712 | where
[INFO] [stdout] 713 |     T: ?Sized + ser::Serialize,
[INFO] [stdout]     |                 ^^^^^^^^^^^^^^ required by this bound in `to_string`
[INFO] [stdout] 
[INFO] [stdout] 
[INFO] [stdout] error[E0277]: the trait bound `var_quantity::unary::Linear: serde::Deserialize<'de>` is not satisfied
[INFO] [stdout]     --> tests/unary_functions.rs:473:27
[INFO] [stdout]      |
[INFO] [stdout]  473 |         let fun: Linear = yaml_serde::from_str(&serialized).unwrap();
[INFO] [stdout]      |                           ^^^^^^^^^^^^^^^^^^^^^^^^^^^^^^^^^ the trait `Deserialize<'_>` is not implemented for `var_quantity::unary::Linear`
[INFO] [stdout]      |
[INFO] [stdout]      = note: for local types consider adding `#[derive(serde::Deserialize)]` to your `var_quantity::unary::Linear` type
[INFO] [stdout]      = note: for types from other crates check whether the crate offers a `serde` feature flag
[INFO] [stdout]      = help: the following other types implement trait `Deserialize<'de>`:
[INFO] [stdout]                &'a Path
[INFO] [stdout]                &'a [u8]
[INFO] [stdout]                &'a str
[INFO] [stdout]                ()
[INFO] [stdout]                (T,)
[INFO] [stdout]                (T0, T1)
[INFO] [stdout]                (T0, T1, T2)
[INFO] [stdout]                (T0, T1, T2, T3)
[INFO] [stdout]              and 144 others
[INFO] [stdout] note: required by a bound in `yaml_serde::from_str`
[INFO] [stdout]     --> /opt/rustwide/cargo-home/registry/src/index.crates.io-1949cf8c6b5b557f/yaml_serde-0.10.6/src/de.rs:1809:8
[INFO] [stdout]      |
[INFO] [stdout] 1807 | pub fn from_str<'de, T>(s: &'de str) -> Result<T>
[INFO] [stdout]      |        -------- required by a bound in this function
[INFO] [stdout] 1808 | where
[INFO] [stdout] 1809 |     T: Deserialize<'de>,
[INFO] [stdout]      |        ^^^^^^^^^^^^^^^^ required by this bound in `from_str`
[INFO] [stdout] 
[INFO] [stdout] 
[INFO] [stdout] error[E0277]: the trait bound `var_quantity::unary::Polynomial: serde::Deserialize<'de>` is not satisfied
[INFO] [stdout]     --> tests/unary_functions.rs:503:31
[INFO] [stdout]      |
[INFO] [stdout]  503 |         let fun: Polynomial = yaml_serde::from_str(yaml).unwrap();
[INFO] [stdout]      |                               ^^^^^^^^^^^^^^^^^^^^^^^^^^ the trait `Deserialize<'_>` is not implemented for `var_quantity::unary::Polynomial`
[INFO] [stdout]      |
[INFO] [stdout]      = note: for local types consider adding `#[derive(serde::Deserialize)]` to your `var_quantity::unary::Polynomial` type
[INFO] [stdout]      = note: for types from other crates check whether the crate offers a `serde` feature flag
[INFO] [stdout]      = help: the following other types implement trait `Deserialize<'de>`:
[INFO] [stdout]                &'a Path
[INFO] [stdout]                &'a [u8]
[INFO] [stdout]                &'a str
[INFO] [stdout]                ()
[INFO] [stdout]                (T,)
[INFO] [stdout]                (T0, T1)
[INFO] [stdout]                (T0, T1, T2)
[INFO] [stdout]                (T0, T1, T2, T3)
[INFO] [stdout]              and 144 others
[INFO] [stdout] note: required by a bound in `yaml_serde::from_str`
[INFO] [stdout]     --> /opt/rustwide/cargo-home/registry/src/index.crates.io-1949cf8c6b5b557f/yaml_serde-0.10.6/src/de.rs:1809:8
[INFO] [stdout]      |
[INFO] [stdout] 1807 | pub fn from_str<'de, T>(s: &'de str) -> Result<T>
[INFO] [stdout]      |        -------- required by a bound in this function
[INFO] [stdout] 1808 | where
[INFO] [stdout] 1809 |     T: Deserialize<'de>,
[INFO] [stdout]      |        ^^^^^^^^^^^^^^^^ required by this bound in `from_str`
[INFO] [stdout] 
[INFO] [stdout] 
[INFO] [stdout] error[E0277]: the trait bound `var_quantity::unary::Polynomial: serde::Serialize` is not satisfied
[INFO] [stdout]    --> tests/unary_functions.rs:509:48
[INFO] [stdout]     |
[INFO] [stdout] 509 |         let serialized = yaml_serde::to_string(&fun).unwrap();
[INFO] [stdout]     |                          --------------------- ^^^^ the trait `Serialize` is not implemented for `var_quantity::unary::Polynomial`
[INFO] [stdout]     |                          |
[INFO] [stdout]     |                          required by a bound introduced by this call
[INFO] [stdout]     |
[INFO] [stdout]     = note: for local types consider adding `#[derive(serde::Serialize)]` to your `var_quantity::unary::Polynomial` type
[INFO] [stdout]     = note: for types from other crates check whether the crate offers a `serde` feature flag
[INFO] [stdout]     = help: the following other types implement trait `Serialize`:
[INFO] [stdout]               &'a T
[INFO] [stdout]               &'a mut T
[INFO] [stdout]               ()
[INFO] [stdout]               (T,)
[INFO] [stdout]               (T0, T1)
[INFO] [stdout]               (T0, T1, T2)
[INFO] [stdout]               (T0, T1, T2, T3)
[INFO] [stdout]               (T0, T1, T2, T3, T4)
[INFO] [stdout]             and 132 others
[INFO] [stdout] note: required by a bound in `yaml_serde::to_string`
[INFO] [stdout]    --> /opt/rustwide/cargo-home/registry/src/index.crates.io-1949cf8c6b5b557f/yaml_serde-0.10.6/src/ser.rs:713:17
[INFO] [stdout]     |
[INFO] [stdout] 711 | pub fn to_string<T>(value: &T) -> Result<String>
[INFO] [stdout]     |        --------- required by a bound in this function
[INFO] [stdout] 712 | where
[INFO] [stdout] 713 |     T: ?Sized + ser::Serialize,
[INFO] [stdout]     |                 ^^^^^^^^^^^^^^ required by this bound in `to_string`
[INFO] [stdout] 
[INFO] [stdout] 
[INFO] [stdout] error[E0277]: the trait bound `var_quantity::unary::Polynomial: serde::Deserialize<'de>` is not satisfied
[INFO] [stdout]     --> tests/unary_functions.rs:510:31
[INFO] [stdout]      |
[INFO] [stdout]  510 |         let fun: Polynomial = yaml_serde::from_str(&serialized).unwrap();
[INFO] [stdout]      |                               ^^^^^^^^^^^^^^^^^^^^^^^^^^^^^^^^^ the trait `Deserialize<'_>` is not implemented for `var_quantity::unary::Polynomial`
[INFO] [stdout]      |
[INFO] [stdout]      = note: for local types consider adding `#[derive(serde::Deserialize)]` to your `var_quantity::unary::Polynomial` type
[INFO] [stdout]      = note: for types from other crates check whether the crate offers a `serde` feature flag
[INFO] [stdout]      = help: the following other types implement trait `Deserialize<'de>`:
[INFO] [stdout]                &'a Path
[INFO] [stdout]                &'a [u8]
[INFO] [stdout]                &'a str
[INFO] [stdout]                ()
[INFO] [stdout]                (T,)
[INFO] [stdout]                (T0, T1)
[INFO] [stdout]                (T0, T1, T2)
[INFO] [stdout]                (T0, T1, T2, T3)
[INFO] [stdout]              and 144 others
[INFO] [stdout] note: required by a bound in `yaml_serde::from_str`
[INFO] [stdout]     --> /opt/rustwide/cargo-home/registry/src/index.crates.io-1949cf8c6b5b557f/yaml_serde-0.10.6/src/de.rs:1809:8
[INFO] [stdout]      |
[INFO] [stdout] 1807 | pub fn from_str<'de, T>(s: &'de str) -> Result<T>
[INFO] [stdout]      |        -------- required by a bound in this function
[INFO] [stdout] 1808 | where
[INFO] [stdout] 1809 |     T: Deserialize<'de>,
[INFO] [stdout]      |        ^^^^^^^^^^^^^^^^ required by this bound in `from_str`
[INFO] [stdout] 
[INFO] [stdout] 
[INFO] [stdout] error[E0277]: the trait bound `var_quantity::unary::Polynomial: serde::Deserialize<'de>` is not satisfied
[INFO] [stdout]     --> tests/unary_functions.rs:523:31
[INFO] [stdout]      |
[INFO] [stdout]  523 |         let fun: Polynomial = yaml_serde::from_str(yaml).unwrap();
[INFO] [stdout]      |                               ^^^^^^^^^^^^^^^^^^^^^^^^^^ the trait `Deserialize<'_>` is not implemented for `var_quantity::unary::Polynomial`
[INFO] [stdout]      |
[INFO] [stdout]      = note: for local types consider adding `#[derive(serde::Deserialize)]` to your `var_quantity::unary::Polynomial` type
[INFO] [stdout]      = note: for types from other crates check whether the crate offers a `serde` feature flag
[INFO] [stdout]      = help: the following other types implement trait `Deserialize<'de>`:
[INFO] [stdout]                &'a Path
[INFO] [stdout]                &'a [u8]
[INFO] [stdout]                &'a str
[INFO] [stdout]                ()
[INFO] [stdout]                (T,)
[INFO] [stdout]                (T0, T1)
[INFO] [stdout]                (T0, T1, T2)
[INFO] [stdout]                (T0, T1, T2, T3)
[INFO] [stdout]              and 144 others
[INFO] [stdout] note: required by a bound in `yaml_serde::from_str`
[INFO] [stdout]     --> /opt/rustwide/cargo-home/registry/src/index.crates.io-1949cf8c6b5b557f/yaml_serde-0.10.6/src/de.rs:1809:8
[INFO] [stdout]      |
[INFO] [stdout] 1807 | pub fn from_str<'de, T>(s: &'de str) -> Result<T>
[INFO] [stdout]      |        -------- required by a bound in this function
[INFO] [stdout] 1808 | where
[INFO] [stdout] 1809 |     T: Deserialize<'de>,
[INFO] [stdout]      |        ^^^^^^^^^^^^^^^^ required by this bound in `from_str`
[INFO] [stdout] 
[INFO] [stdout] 
[INFO] [stdout] error[E0277]: the trait bound `var_quantity::unary::Polynomial: serde::Serialize` is not satisfied
[INFO] [stdout]    --> tests/unary_functions.rs:528:48
[INFO] [stdout]     |
[INFO] [stdout] 528 |         let serialized = yaml_serde::to_string(&fun).unwrap();
[INFO] [stdout]     |                          --------------------- ^^^^ the trait `Serialize` is not implemented for `var_quantity::unary::Polynomial`
[INFO] [stdout]     |                          |
[INFO] [stdout]     |                          required by a bound introduced by this call
[INFO] [stdout]     |
[INFO] [stdout]     = note: for local types consider adding `#[derive(serde::Serialize)]` to your `var_quantity::unary::Polynomial` type
[INFO] [stdout]     = note: for types from other crates check whether the crate offers a `serde` feature flag
[INFO] [stdout]     = help: the following other types implement trait `Serialize`:
[INFO] [stdout]               &'a T
[INFO] [stdout]               &'a mut T
[INFO] [stdout]               ()
[INFO] [stdout]               (T,)
[INFO] [stdout]               (T0, T1)
[INFO] [stdout]               (T0, T1, T2)
[INFO] [stdout]               (T0, T1, T2, T3)
[INFO] [stdout]               (T0, T1, T2, T3, T4)
[INFO] [stdout]             and 132 others
[INFO] [stdout] note: required by a bound in `yaml_serde::to_string`
[INFO] [stdout]    --> /opt/rustwide/cargo-home/registry/src/index.crates.io-1949cf8c6b5b557f/yaml_serde-0.10.6/src/ser.rs:713:17
[INFO] [stdout]     |
[INFO] [stdout] 711 | pub fn to_string<T>(value: &T) -> Result<String>
[INFO] [stdout]     |        --------- required by a bound in this function
[INFO] [stdout] 712 | where
[INFO] [stdout] 713 |     T: ?Sized + ser::Serialize,
[INFO] [stdout]     |                 ^^^^^^^^^^^^^^ required by this bound in `to_string`
[INFO] [stdout] 
[INFO] [stdout] 
[INFO] [stdout] error[E0277]: the trait bound `var_quantity::unary::Polynomial: serde::Deserialize<'de>` is not satisfied
[INFO] [stdout]     --> tests/unary_functions.rs:529:31
[INFO] [stdout]      |
[INFO] [stdout]  529 |         let fun: Polynomial = yaml_serde::from_str(&serialized).unwrap();
[INFO] [stdout]      |                               ^^^^^^^^^^^^^^^^^^^^^^^^^^^^^^^^^ the trait `Deserialize<'_>` is not implemented for `var_quantity::unary::Polynomial`
[INFO] [stdout]      |
[INFO] [stdout]      = note: for local types consider adding `#[derive(serde::Deserialize)]` to your `var_quantity::unary::Polynomial` type
[INFO] [stdout]      = note: for types from other crates check whether the crate offers a `serde` feature flag
[INFO] [stdout]      = help: the following other types implement trait `Deserialize<'de>`:
[INFO] [stdout]                &'a Path
[INFO] [stdout]                &'a [u8]
[INFO] [stdout]                &'a str
[INFO] [stdout]                ()
[INFO] [stdout]                (T,)
[INFO] [stdout]                (T0, T1)
[INFO] [stdout]                (T0, T1, T2)
[INFO] [stdout]                (T0, T1, T2, T3)
[INFO] [stdout]              and 144 others
[INFO] [stdout] note: required by a bound in `yaml_serde::from_str`
[INFO] [stdout]     --> /opt/rustwide/cargo-home/registry/src/index.crates.io-1949cf8c6b5b557f/yaml_serde-0.10.6/src/de.rs:1809:8
[INFO] [stdout]      |
[INFO] [stdout] 1807 | pub fn from_str<'de, T>(s: &'de str) -> Result<T>
[INFO] [stdout]      |        -------- required by a bound in this function
[INFO] [stdout] 1808 | where
[INFO] [stdout] 1809 |     T: Deserialize<'de>,
[INFO] [stdout]      |        ^^^^^^^^^^^^^^^^ required by this bound in `from_str`
[INFO] [stdout] 
[INFO] [stdout] 
[INFO] [stdout] error[E0277]: the trait bound `var_quantity::unary::Polynomial: serde::Deserialize<'de>` is not satisfied
[INFO] [stdout]     --> tests/unary_functions.rs:545:31
[INFO] [stdout]      |
[INFO] [stdout]  545 |         let fun: Polynomial = yaml_serde::from_str(yaml).unwrap();
[INFO] [stdout]      |                               ^^^^^^^^^^^^^^^^^^^^^^^^^^ the trait `Deserialize<'_>` is not implemented for `var_quantity::unary::Polynomial`
[INFO] [stdout]      |
[INFO] [stdout]      = note: for local types consider adding `#[derive(serde::Deserialize)]` to your `var_quantity::unary::Polynomial` type
[INFO] [stdout]      = note: for types from other crates check whether the crate offers a `serde` feature flag
[INFO] [stdout]      = help: the following other types implement trait `Deserialize<'de>`:
[INFO] [stdout]                &'a Path
[INFO] [stdout]                &'a [u8]
[INFO] [stdout]                &'a str
[INFO] [stdout]                ()
[INFO] [stdout]                (T,)
[INFO] [stdout]                (T0, T1)
[INFO] [stdout]                (T0, T1, T2)
[INFO] [stdout]                (T0, T1, T2, T3)
[INFO] [stdout]              and 144 others
[INFO] [stdout] note: required by a bound in `yaml_serde::from_str`
[INFO] [stdout]     --> /opt/rustwide/cargo-home/registry/src/index.crates.io-1949cf8c6b5b557f/yaml_serde-0.10.6/src/de.rs:1809:8
[INFO] [stdout]      |
[INFO] [stdout] 1807 | pub fn from_str<'de, T>(s: &'de str) -> Result<T>
[INFO] [stdout]      |        -------- required by a bound in this function
[INFO] [stdout] 1808 | where
[INFO] [stdout] 1809 |     T: Deserialize<'de>,
[INFO] [stdout]      |        ^^^^^^^^^^^^^^^^ required by this bound in `from_str`
[INFO] [stdout] 
[INFO] [stdout] 
[INFO] [stdout] error[E0277]: the trait bound `var_quantity::unary::Polynomial: serde::Serialize` is not satisfied
[INFO] [stdout]    --> tests/unary_functions.rs:562:48
[INFO] [stdout]     |
[INFO] [stdout] 562 |         let serialized = yaml_serde::to_string(&fun).unwrap();
[INFO] [stdout]     |                          --------------------- ^^^^ the trait `Serialize` is not implemented for `var_quantity::unary::Polynomial`
[INFO] [stdout]     |                          |
[INFO] [stdout]     |                          required by a bound introduced by this call
[INFO] [stdout]     |
[INFO] [stdout]     = note: for local types consider adding `#[derive(serde::Serialize)]` to your `var_quantity::unary::Polynomial` type
[INFO] [stdout]     = note: for types from other crates check whether the crate offers a `serde` feature flag
[INFO] [stdout]     = help: the following other types implement trait `Serialize`:
[INFO] [stdout]               &'a T
[INFO] [stdout]               &'a mut T
[INFO] [stdout]               ()
[INFO] [stdout]               (T,)
[INFO] [stdout]               (T0, T1)
[INFO] [stdout]               (T0, T1, T2)
[INFO] [stdout]               (T0, T1, T2, T3)
[INFO] [stdout]               (T0, T1, T2, T3, T4)
[INFO] [stdout]             and 132 others
[INFO] [stdout] note: required by a bound in `yaml_serde::to_string`
[INFO] [stdout]    --> /opt/rustwide/cargo-home/registry/src/index.crates.io-1949cf8c6b5b557f/yaml_serde-0.10.6/src/ser.rs:713:17
[INFO] [stdout]     |
[INFO] [stdout] 711 | pub fn to_string<T>(value: &T) -> Result<String>
[INFO] [stdout]     |        --------- required by a bound in this function
[INFO] [stdout] 712 | where
[INFO] [stdout] 713 |     T: ?Sized + ser::Serialize,
[INFO] [stdout]     |                 ^^^^^^^^^^^^^^ required by this bound in `to_string`
[INFO] [stdout] 
[INFO] [stdout] 
[INFO] [stdout] error[E0277]: the trait bound `var_quantity::unary::Polynomial: serde::Deserialize<'de>` is not satisfied
[INFO] [stdout]     --> tests/unary_functions.rs:563:31
[INFO] [stdout]      |
[INFO] [stdout]  563 |         let fun: Polynomial = yaml_serde::from_str(&serialized).unwrap();
[INFO] [stdout]      |                               ^^^^^^^^^^^^^^^^^^^^^^^^^^^^^^^^^ the trait `Deserialize<'_>` is not implemented for `var_quantity::unary::Polynomial`
[INFO] [stdout]      |
[INFO] [stdout]      = note: for local types consider adding `#[derive(serde::Deserialize)]` to your `var_quantity::unary::Polynomial` type
[INFO] [stdout]      = note: for types from other crates check whether the crate offers a `serde` feature flag
[INFO] [stdout]      = help: the following other types implement trait `Deserialize<'de>`:
[INFO] [stdout]                &'a Path
[INFO] [stdout]                &'a [u8]
[INFO] [stdout]                &'a str
[INFO] [stdout]                ()
[INFO] [stdout]                (T,)
[INFO] [stdout]                (T0, T1)
[INFO] [stdout]                (T0, T1, T2)
[INFO] [stdout]                (T0, T1, T2, T3)
[INFO] [stdout]              and 144 others
[INFO] [stdout] note: required by a bound in `yaml_serde::from_str`
[INFO] [stdout]     --> /opt/rustwide/cargo-home/registry/src/index.crates.io-1949cf8c6b5b557f/yaml_serde-0.10.6/src/de.rs:1809:8
[INFO] [stdout]      |
[INFO] [stdout] 1807 | pub fn from_str<'de, T>(s: &'de str) -> Result<T>
[INFO] [stdout]      |        -------- required by a bound in this function
[INFO] [stdout] 1808 | where
[INFO] [stdout] 1809 |     T: Deserialize<'de>,
[INFO] [stdout]      |        ^^^^^^^^^^^^^^^^ required by this bound in `from_str`
[INFO] [stdout] 
[INFO] [stdout] 
[INFO] [stdout] For more information about this error, try `rustc --explain E0277`.
[INFO] [stdout] 
[INFO] [stderr] error: could not compile `var_quantity` (test "unary_functions") due to 28 previous errors
[INFO] running `Command { std: "docker" "inspect" "914403d407fa2ecbddd01a0b32ef610e7b23f1848d20a3248dcae363e0cc5e03", kill_on_drop: false }`
[INFO] running `Command { std: "docker" "rm" "-f" "914403d407fa2ecbddd01a0b32ef610e7b23f1848d20a3248dcae363e0cc5e03", kill_on_drop: false }`
[INFO] [stdout] 914403d407fa2ecbddd01a0b32ef610e7b23f1848d20a3248dcae363e0cc5e03
