[INFO] fetching crate vaea-ntt 0.1.2...
[INFO] testing vaea-ntt-0.1.2 against 1.99.0-beta.8+cargoflags=--release for beta-release-1.100-2
[INFO] extracting crate vaea-ntt 0.1.2 into /workspace/builds/worker-0-tc1/source
[INFO] started tweaking crates.io crate vaea-ntt 0.1.2
[INFO] removed 0 missing examples
[INFO] removed 0 missing tests
[INFO] finished tweaking crates.io crate vaea-ntt 0.1.2
[INFO] tweaked toml for crates.io crate vaea-ntt 0.1.2 written to /workspace/builds/worker-0-tc1/source/Cargo.toml
[INFO] validating manifest of crates.io crate vaea-ntt 0.1.2 on toolchain 1.99.0-beta.8
[INFO] running `Command { std: CARGO_HOME="/workspace/cargo-home" RUSTUP_HOME="/workspace/rustup-home" "/workspace/cargo-home/bin/cargo" "+1.99.0-beta.8" "metadata" "--manifest-path" "Cargo.toml" "--no-deps", kill_on_drop: false }`
[INFO] crate crates.io crate vaea-ntt 0.1.2 already has a lockfile, it will not be regenerated
[INFO] running `Command { std: CARGO_HOME="/workspace/cargo-home" RUSTUP_HOME="/workspace/rustup-home" "/workspace/cargo-home/bin/cargo" "+1.99.0-beta.8" "fetch" "--manifest-path" "Cargo.toml", kill_on_drop: false }`
[INFO] [stderr]     Updating crates.io index
[INFO] [stderr]  Downloading crates ...
[INFO] [stderr]   Downloaded libcrux-traits v0.0.7
[INFO] [stderr]   Downloaded libcrux-intrinsics v0.0.7
[INFO] [stderr]   Downloaded dudect-bencher v0.4.1
[INFO] [stderr]   Downloaded core-models v0.0.6
[INFO] [stderr]   Downloaded libcrux-ml-kem v0.0.9
[INFO] [stderr]   Downloaded diplomat-runtime v0.15.1
[INFO] [stderr]   Downloaded libcrux-sha3 v0.0.9
[INFO] [stderr]   Downloaded diplomat v0.15.0
[INFO] [stderr]   Downloaded concrete-ntt v0.2.0
[INFO] [stderr]   Downloaded diplomat_core v0.15.0
[INFO] running `Command { std: "docker" "create" "-v" "/var/lib/crater-agent-workspace/builds/worker-0-tc1/source:/opt/rustwide/workdir:ro,Z" "-v" "/var/lib/crater-agent-workspace/builds/worker-0-tc1/target:/opt/rustwide/target:rw,Z" "-v" "/var/lib/crater-agent-workspace/cargo-home:/opt/rustwide/cargo-home:ro,Z" "-v" "/var/lib/crater-agent-workspace/rustup-home:/opt/rustwide/rustup-home:ro,Z" "-m" "1610612736" "--network" "none" "ghcr.io/rust-lang/crates-build-env/linux@sha256:77db811e55d90add9212f6832c23229e3de5f1c1f9905e8cb07319ea15df73ac" "sleep" "infinity", kill_on_drop: false }`
[INFO] [stdout] 7999cf9c1ae5744a56a257d6c72620a30ed4362957f28c763401826e932015b0
[INFO] running `Command { std: "docker" "start" "7999cf9c1ae5744a56a257d6c72620a30ed4362957f28c763401826e932015b0", kill_on_drop: false }`
[INFO] running `Command { std: "docker" "inspect" "7999cf9c1ae5744a56a257d6c72620a30ed4362957f28c763401826e932015b0", kill_on_drop: false }`
[INFO] running `Command { std: "docker" "exec" "-e" "SOURCE_DIR=/opt/rustwide/workdir" "-e" "CARGO_HOME=/opt/rustwide/cargo-home" "-e" "RUSTUP_HOME=/opt/rustwide/rustup-home" "-e" "CARGO_TARGET_DIR=/opt/rustwide/target" "-w" "/opt/rustwide/workdir" "--user" "0:0" "7999cf9c1ae5744a56a257d6c72620a30ed4362957f28c763401826e932015b0" "/opt/rustwide/cargo-home/bin/cargo" "+1.99.0-beta.8" "metadata" "--no-deps" "--format-version=1", kill_on_drop: false }`
[INFO] running `Command { std: "docker" "inspect" "7999cf9c1ae5744a56a257d6c72620a30ed4362957f28c763401826e932015b0", kill_on_drop: false }`
[INFO] running `Command { std: "docker" "exec" "-e" "SOURCE_DIR=/opt/rustwide/workdir" "-e" "CARGO_HOME=/opt/rustwide/cargo-home" "-e" "RUSTUP_HOME=/opt/rustwide/rustup-home" "-e" "CARGO_TARGET_DIR=/opt/rustwide/target" "-e" "CARGO_INCREMENTAL=0" "-e" "RUST_BACKTRACE=full" "-e" "RUSTFLAGS=--cap-lints=warn" "-e" "RUSTDOCFLAGS=--cap-lints=warn" "-w" "/opt/rustwide/workdir" "--user" "0:0" "7999cf9c1ae5744a56a257d6c72620a30ed4362957f28c763401826e932015b0" "/opt/rustwide/cargo-home/bin/cargo" "+1.99.0-beta.8" "build" "--frozen" "--message-format=json" "--release", kill_on_drop: false }`
[INFO] [stderr]    Compiling vaea-ntt v0.1.2 (/opt/rustwide/workdir)
[INFO] [stderr]     Finished `release` profile [optimized] target(s) in 1.21s
[INFO] running `Command { std: "docker" "inspect" "7999cf9c1ae5744a56a257d6c72620a30ed4362957f28c763401826e932015b0", kill_on_drop: false }`
[INFO] running `Command { std: "docker" "exec" "-e" "SOURCE_DIR=/opt/rustwide/workdir" "-e" "CARGO_HOME=/opt/rustwide/cargo-home" "-e" "RUSTUP_HOME=/opt/rustwide/rustup-home" "-e" "CARGO_TARGET_DIR=/opt/rustwide/target" "-e" "CARGO_INCREMENTAL=0" "-e" "RUST_BACKTRACE=full" "-e" "RUSTFLAGS=--cap-lints=warn" "-e" "RUSTDOCFLAGS=--cap-lints=warn" "-w" "/opt/rustwide/workdir" "--user" "0:0" "7999cf9c1ae5744a56a257d6c72620a30ed4362957f28c763401826e932015b0" "/opt/rustwide/cargo-home/bin/cargo" "+1.99.0-beta.8" "test" "--frozen" "--no-run" "--message-format=json" "--release", kill_on_drop: false }`
[INFO] [stderr]    Compiling zerocopy-derive v0.8.52
[INFO] [stderr]    Compiling hax-lib v0.3.6
[INFO] [stderr]    Compiling hax-lib-macros v0.3.6
[INFO] [stderr]    Compiling getrandom v0.1.16
[INFO] [stderr]    Compiling libcrux-intrinsics v0.0.7
[INFO] [stderr]    Compiling nix v0.31.3
[INFO] [stderr]    Compiling rand v0.10.1
[INFO] [stderr]    Compiling serde v1.0.228
[INFO] [stderr]    Compiling zeroize_derive v1.5.0
[INFO] [stderr]    Compiling bitflags v2.13.0
[INFO] [stderr]    Compiling libcrux-sha3 v0.0.9
[INFO] [stderr]    Compiling bytemuck v1.25.0
[INFO] [stderr]    Compiling serde_json v1.0.150
[INFO] [stderr]    Compiling regex-automata v0.4.14
[INFO] [stderr]    Compiling atty v0.2.14
[INFO] [stderr]    Compiling libcrux-platform v0.0.3
[INFO] [stderr]    Compiling tls_codec_derive v0.4.2
[INFO] [stderr]    Compiling reborrow v0.5.5
[INFO] [stderr]    Compiling ansi_term v0.12.1
[INFO] [stderr]    Compiling libcrux-ml-kem v0.0.9
[INFO] [stderr]    Compiling plotters v0.3.7
[INFO] [stderr]    Compiling rayon v1.12.0
[INFO] [stderr]    Compiling rand_core v0.5.1
[INFO] [stderr]    Compiling num-complex v0.4.6
[INFO] [stderr]    Compiling is-terminal v0.4.17
[INFO] [stderr]    Compiling aligned-vec v0.5.0
[INFO] [stderr]    Compiling clap v2.34.0
[INFO] [stderr]    Compiling zeroize v1.9.0
[INFO] [stderr]    Compiling libcrux-secrets v0.0.5
[INFO] [stderr]    Compiling libcrux-traits v0.0.7
[INFO] [stderr]    Compiling pulp v0.18.22
[INFO] [stderr]    Compiling tls_codec v0.4.2
[INFO] [stderr]    Compiling ctrlc v3.5.2
[INFO] [stderr]    Compiling tinytemplate v1.2.1
[INFO] [stderr]    Compiling zerocopy v0.8.52
[INFO] [stderr]    Compiling regex v1.12.4
[INFO] [stderr]    Compiling concrete-ntt v0.2.0
[INFO] [stderr]    Compiling ppv-lite86 v0.2.21
[INFO] [stderr]    Compiling half v2.7.1
[INFO] [stderr]    Compiling rand_chacha v0.3.1
[INFO] [stderr]    Compiling rand_chacha v0.2.2
[INFO] [stderr]    Compiling ciborium-ll v0.2.2
[INFO] [stderr]    Compiling rand v0.7.3
[INFO] [stderr]    Compiling ciborium v0.2.2
[INFO] [stderr]    Compiling rand v0.8.6
[INFO] [stderr]    Compiling dudect-bencher v0.4.1
[INFO] [stderr]    Compiling criterion v0.5.1
[INFO] [stderr]    Compiling rand_distr v0.4.3
[INFO] [stderr]    Compiling vaea-ntt v0.1.2 (/opt/rustwide/workdir)
[INFO] [stdout] error[E0599]: no associated function or constant named `new_random` found for struct `poly::Poly64` in the current scope
[INFO] [stdout]    --> src/poly.rs:328:25
[INFO] [stdout]     |
[INFO] [stdout]  45 | pub struct Poly64 {
[INFO] [stdout]     | ----------------- associated function or constant `new_random` not found for this struct
[INFO] [stdout] ...
[INFO] [stdout] 328 |         let a = Poly64::new_random(TEST_N, &arith);
[INFO] [stdout]     |                         ^^^^^^^^^^ associated function or constant not found in `poly::Poly64`
[INFO] [stdout]     |
[INFO] [stdout] note: if you're trying to build a new `poly::Poly64`, consider using `poly::Poly64::new_zero` which returns `poly::Poly64`
[INFO] [stdout]    --> src/poly.rs:59:5
[INFO] [stdout]     |
[INFO] [stdout]  59 |     pub fn new_zero(n: usize) -> Self {
[INFO] [stdout]     |     ^^^^^^^^^^^^^^^^^^^^^^^^^^^^^^^^^
[INFO] [stdout] 
[INFO] [stdout] 
[INFO] [stdout] error[E0599]: no associated function or constant named `new_random` found for struct `poly::Poly64` in the current scope
[INFO] [stdout]    --> src/poly.rs:329:25
[INFO] [stdout]     |
[INFO] [stdout]  45 | pub struct Poly64 {
[INFO] [stdout]     | ----------------- associated function or constant `new_random` not found for this struct
[INFO] [stdout] ...
[INFO] [stdout] 329 |         let b = Poly64::new_random(TEST_N, &arith);
[INFO] [stdout]     |                         ^^^^^^^^^^ associated function or constant not found in `poly::Poly64`
[INFO] [stdout]     |
[INFO] [stdout] note: if you're trying to build a new `poly::Poly64`, consider using `poly::Poly64::new_zero` which returns `poly::Poly64`
[INFO] [stdout]    --> src/poly.rs:59:5
[INFO] [stdout]     |
[INFO] [stdout]  59 |     pub fn new_zero(n: usize) -> Self {
[INFO] [stdout]     |     ^^^^^^^^^^^^^^^^^^^^^^^^^^^^^^^^^
[INFO] [stdout] 
[INFO] [stdout] 
[INFO] [stdout] error[E0599]: no associated function or constant named `new_random` found for struct `poly::Poly64` in the current scope
[INFO] [stdout]    --> src/poly.rs:343:25
[INFO] [stdout]     |
[INFO] [stdout]  45 | pub struct Poly64 {
[INFO] [stdout]     | ----------------- associated function or constant `new_random` not found for this struct
[INFO] [stdout] ...
[INFO] [stdout] 343 |         let a = Poly64::new_random(TEST_N, &arith);
[INFO] [stdout]     |                         ^^^^^^^^^^ associated function or constant not found in `poly::Poly64`
[INFO] [stdout]     |
[INFO] [stdout] note: if you're trying to build a new `poly::Poly64`, consider using `poly::Poly64::new_zero` which returns `poly::Poly64`
[INFO] [stdout]    --> src/poly.rs:59:5
[INFO] [stdout]     |
[INFO] [stdout]  59 |     pub fn new_zero(n: usize) -> Self {
[INFO] [stdout]     |     ^^^^^^^^^^^^^^^^^^^^^^^^^^^^^^^^^
[INFO] [stdout] 
[INFO] [stdout] 
[INFO] [stdout] error[E0599]: no associated function or constant named `new_random` found for struct `poly::Poly64` in the current scope
[INFO] [stdout]    --> src/poly.rs:344:25
[INFO] [stdout]     |
[INFO] [stdout]  45 | pub struct Poly64 {
[INFO] [stdout]     | ----------------- associated function or constant `new_random` not found for this struct
[INFO] [stdout] ...
[INFO] [stdout] 344 |         let b = Poly64::new_random(TEST_N, &arith);
[INFO] [stdout]     |                         ^^^^^^^^^^ associated function or constant not found in `poly::Poly64`
[INFO] [stdout]     |
[INFO] [stdout] note: if you're trying to build a new `poly::Poly64`, consider using `poly::Poly64::new_zero` which returns `poly::Poly64`
[INFO] [stdout]    --> src/poly.rs:59:5
[INFO] [stdout]     |
[INFO] [stdout]  59 |     pub fn new_zero(n: usize) -> Self {
[INFO] [stdout]     |     ^^^^^^^^^^^^^^^^^^^^^^^^^^^^^^^^^
[INFO] [stdout] 
[INFO] [stdout] 
[INFO] [stdout] error[E0599]: no associated function or constant named `new_random` found for struct `poly::Poly64` in the current scope
[INFO] [stdout]    --> src/poly.rs:360:25
[INFO] [stdout]     |
[INFO] [stdout]  45 | pub struct Poly64 {
[INFO] [stdout]     | ----------------- associated function or constant `new_random` not found for this struct
[INFO] [stdout] ...
[INFO] [stdout] 360 |         let a = Poly64::new_random(TEST_N, &arith);
[INFO] [stdout]     |                         ^^^^^^^^^^ associated function or constant not found in `poly::Poly64`
[INFO] [stdout]     |
[INFO] [stdout] note: if you're trying to build a new `poly::Poly64`, consider using `poly::Poly64::new_zero` which returns `poly::Poly64`
[INFO] [stdout]    --> src/poly.rs:59:5
[INFO] [stdout]     |
[INFO] [stdout]  59 |     pub fn new_zero(n: usize) -> Self {
[INFO] [stdout]     |     ^^^^^^^^^^^^^^^^^^^^^^^^^^^^^^^^^
[INFO] [stdout] 
[INFO] [stdout] 
[INFO] [stdout] error[E0599]: no associated function or constant named `new_random` found for struct `poly::Poly64` in the current scope
[INFO] [stdout]    --> src/poly.rs:376:25
[INFO] [stdout]     |
[INFO] [stdout]  45 | pub struct Poly64 {
[INFO] [stdout]     | ----------------- associated function or constant `new_random` not found for this struct
[INFO] [stdout] ...
[INFO] [stdout] 376 |         let a = Poly64::new_random(TEST_N, &arith);
[INFO] [stdout]     |                         ^^^^^^^^^^ associated function or constant not found in `poly::Poly64`
[INFO] [stdout]     |
[INFO] [stdout] note: if you're trying to build a new `poly::Poly64`, consider using `poly::Poly64::new_zero` which returns `poly::Poly64`
[INFO] [stdout]    --> src/poly.rs:59:5
[INFO] [stdout]     |
[INFO] [stdout]  59 |     pub fn new_zero(n: usize) -> Self {
[INFO] [stdout]     |     ^^^^^^^^^^^^^^^^^^^^^^^^^^^^^^^^^
[INFO] [stdout] 
[INFO] [stdout] 
[INFO] [stdout] error[E0599]: no associated function or constant named `new_random` found for struct `poly::Poly64` in the current scope
[INFO] [stdout]    --> src/poly.rs:419:30
[INFO] [stdout]     |
[INFO] [stdout]  45 | pub struct Poly64 {
[INFO] [stdout]     | ----------------- associated function or constant `new_random` not found for this struct
[INFO] [stdout] ...
[INFO] [stdout] 419 |         let a_orig = Poly64::new_random(TEST_N, &arith);
[INFO] [stdout]     |                              ^^^^^^^^^^ associated function or constant not found in `poly::Poly64`
[INFO] [stdout]     |
[INFO] [stdout] note: if you're trying to build a new `poly::Poly64`, consider using `poly::Poly64::new_zero` which returns `poly::Poly64`
[INFO] [stdout]    --> src/poly.rs:59:5
[INFO] [stdout]     |
[INFO] [stdout]  59 |     pub fn new_zero(n: usize) -> Self {
[INFO] [stdout]     |     ^^^^^^^^^^^^^^^^^^^^^^^^^^^^^^^^^
[INFO] [stdout] 
[INFO] [stdout] 
[INFO] [stdout] error[E0599]: no associated function or constant named `new_random` found for struct `poly::Poly64` in the current scope
[INFO] [stdout]    --> src/poly.rs:420:30
[INFO] [stdout]     |
[INFO] [stdout]  45 | pub struct Poly64 {
[INFO] [stdout]     | ----------------- associated function or constant `new_random` not found for this struct
[INFO] [stdout] ...
[INFO] [stdout] 420 |         let b_orig = Poly64::new_random(TEST_N, &arith);
[INFO] [stdout]     |                              ^^^^^^^^^^ associated function or constant not found in `poly::Poly64`
[INFO] [stdout]     |
[INFO] [stdout] note: if you're trying to build a new `poly::Poly64`, consider using `poly::Poly64::new_zero` which returns `poly::Poly64`
[INFO] [stdout]    --> src/poly.rs:59:5
[INFO] [stdout]     |
[INFO] [stdout]  59 |     pub fn new_zero(n: usize) -> Self {
[INFO] [stdout]     |     ^^^^^^^^^^^^^^^^^^^^^^^^^^^^^^^^^
[INFO] [stdout] 
[INFO] [stdout] 
[INFO] [stdout] error[E0599]: no associated function or constant named `new_ternary` found for struct `poly::Poly64` in the current scope
[INFO] [stdout]    --> src/poly.rs:439:28
[INFO] [stdout]     |
[INFO] [stdout]  45 | pub struct Poly64 {
[INFO] [stdout]     | ----------------- associated function or constant `new_ternary` not found for this struct
[INFO] [stdout] ...
[INFO] [stdout] 439 |         let poly = Poly64::new_ternary(1024, &arith);
[INFO] [stdout]     |                            ^^^^^^^^^^^ associated function or constant not found in `poly::Poly64`
[INFO] [stdout]     |
[INFO] [stdout] note: if you're trying to build a new `poly::Poly64`, consider using `poly::Poly64::new_zero` which returns `poly::Poly64`
[INFO] [stdout]    --> src/poly.rs:59:5
[INFO] [stdout]     |
[INFO] [stdout]  59 |     pub fn new_zero(n: usize) -> Self {
[INFO] [stdout]     |     ^^^^^^^^^^^^^^^^^^^^^^^^^^^^^^^^^
[INFO] [stdout] 
[INFO] [stdout] 
[INFO] [stdout] error[E0599]: no associated function or constant named `new_gaussian` found for struct `poly::Poly64` in the current scope
[INFO] [stdout]    --> src/poly.rs:462:28
[INFO] [stdout]     |
[INFO] [stdout]  45 | pub struct Poly64 {
[INFO] [stdout]     | ----------------- associated function or constant `new_gaussian` not found for this struct
[INFO] [stdout] ...
[INFO] [stdout] 462 |         let poly = Poly64::new_gaussian(n, sigma, &arith);
[INFO] [stdout]     |                            ^^^^^^^^^^^^ associated function or constant not found in `poly::Poly64`
[INFO] [stdout]     |
[INFO] [stdout] note: if you're trying to build a new `poly::Poly64`, consider using `poly::Poly64::new_zero` which returns `poly::Poly64`
[INFO] [stdout]    --> src/poly.rs:59:5
[INFO] [stdout]     |
[INFO] [stdout]  59 |     pub fn new_zero(n: usize) -> Self {
[INFO] [stdout]     |     ^^^^^^^^^^^^^^^^^^^^^^^^^^^^^^^^^
[INFO] [stdout] 
[INFO] [stdout] 
[INFO] [stdout] error[E0599]: no associated function or constant named `new_random` found for struct `poly::Poly64` in the current scope
[INFO] [stdout]    --> src/poly.rs:494:32
[INFO] [stdout]     |
[INFO] [stdout]  45 | pub struct Poly64 {
[INFO] [stdout]     | ----------------- associated function or constant `new_random` not found for this struct
[INFO] [stdout] ...
[INFO] [stdout] 494 |         let original = Poly64::new_random(TEST_N, &arith);
[INFO] [stdout]     |                                ^^^^^^^^^^ associated function or constant not found in `poly::Poly64`
[INFO] [stdout]     |
[INFO] [stdout] note: if you're trying to build a new `poly::Poly64`, consider using `poly::Poly64::new_zero` which returns `poly::Poly64`
[INFO] [stdout]    --> src/poly.rs:59:5
[INFO] [stdout]     |
[INFO] [stdout]  59 |     pub fn new_zero(n: usize) -> Self {
[INFO] [stdout]     |     ^^^^^^^^^^^^^^^^^^^^^^^^^^^^^^^^^
[INFO] [stdout] 
[INFO] [stdout] 
[INFO] [stdout] error[E0599]: no associated function or constant named `new_random` found for struct `poly::Poly64` in the current scope
[INFO] [stdout]    --> src/poly.rs:525:32
[INFO] [stdout]     |
[INFO] [stdout]  45 | pub struct Poly64 {
[INFO] [stdout]     | ----------------- associated function or constant `new_random` not found for this struct
[INFO] [stdout] ...
[INFO] [stdout] 525 |         let mut poly = Poly64::new_random(TEST_N, &arith);
[INFO] [stdout]     |                                ^^^^^^^^^^ associated function or constant not found in `poly::Poly64`
[INFO] [stdout]     |
[INFO] [stdout] note: if you're trying to build a new `poly::Poly64`, consider using `poly::Poly64::new_zero` which returns `poly::Poly64`
[INFO] [stdout]    --> src/poly.rs:59:5
[INFO] [stdout]     |
[INFO] [stdout]  59 |     pub fn new_zero(n: usize) -> Self {
[INFO] [stdout]     |     ^^^^^^^^^^^^^^^^^^^^^^^^^^^^^^^^^
[INFO] [stdout] 
[INFO] [stdout] 
[INFO] [stdout] error[E0599]: no associated function or constant named `new_random` found for struct `poly::Poly64` in the current scope
[INFO] [stdout]    --> src/poly.rs:535:32
[INFO] [stdout]     |
[INFO] [stdout]  45 | pub struct Poly64 {
[INFO] [stdout]     | ----------------- associated function or constant `new_random` not found for this struct
[INFO] [stdout] ...
[INFO] [stdout] 535 |         let mut poly = Poly64::new_random(TEST_N, &arith);
[INFO] [stdout]     |                                ^^^^^^^^^^ associated function or constant not found in `poly::Poly64`
[INFO] [stdout]     |
[INFO] [stdout] note: if you're trying to build a new `poly::Poly64`, consider using `poly::Poly64::new_zero` which returns `poly::Poly64`
[INFO] [stdout]    --> src/poly.rs:59:5
[INFO] [stdout]     |
[INFO] [stdout]  59 |     pub fn new_zero(n: usize) -> Self {
[INFO] [stdout]     |     ^^^^^^^^^^^^^^^^^^^^^^^^^^^^^^^^^
[INFO] [stdout] 
[INFO] [stdout] 
[INFO] [stdout] For more information about this error, try `rustc --explain E0599`.
[INFO] [stdout] 
[INFO] [stderr] error: could not compile `vaea-ntt` (lib test) due to 13 previous errors
[INFO] [stderr] warning: build failed, waiting for other jobs to finish...
[INFO] running `Command { std: "docker" "inspect" "7999cf9c1ae5744a56a257d6c72620a30ed4362957f28c763401826e932015b0", kill_on_drop: false }`
[INFO] running `Command { std: "docker" "rm" "-f" "7999cf9c1ae5744a56a257d6c72620a30ed4362957f28c763401826e932015b0", kill_on_drop: false }`
[INFO] [stdout] 7999cf9c1ae5744a56a257d6c72620a30ed4362957f28c763401826e932015b0
