[INFO] fetching crate uv-preview 0.0.93...
[INFO] testing uv-preview-0.0.93 against 1.99.0-beta.8+cargoflags=--release for beta-release-1.100-2
[INFO] extracting crate uv-preview 0.0.93 into /workspace/builds/worker-7-tc1/source
[INFO] started tweaking crates.io crate uv-preview 0.0.93
[INFO] finished tweaking crates.io crate uv-preview 0.0.93
[INFO] tweaked toml for crates.io crate uv-preview 0.0.93 written to /workspace/builds/worker-7-tc1/source/Cargo.toml
[INFO] validating manifest of crates.io crate uv-preview 0.0.93 on toolchain 1.99.0-beta.8
[INFO] running `Command { std: CARGO_HOME="/workspace/cargo-home" RUSTUP_HOME="/workspace/rustup-home" "/workspace/cargo-home/bin/cargo" "+1.99.0-beta.8" "metadata" "--manifest-path" "Cargo.toml" "--no-deps", kill_on_drop: false }`
[INFO] crate crates.io crate uv-preview 0.0.93 already has a lockfile, it will not be regenerated
[INFO] running `Command { std: CARGO_HOME="/workspace/cargo-home" RUSTUP_HOME="/workspace/rustup-home" "/workspace/cargo-home/bin/cargo" "+1.99.0-beta.8" "fetch" "--manifest-path" "Cargo.toml", kill_on_drop: false }`
[INFO] [stderr]     Updating crates.io index
[INFO] [stderr]  Downloading crates ...
[INFO] [stderr]   Downloaded uv-warnings v0.0.93
[INFO] running `Command { std: "docker" "create" "-v" "/var/lib/crater-agent-workspace/builds/worker-7-tc1/source:/opt/rustwide/workdir:ro,Z" "-v" "/var/lib/crater-agent-workspace/builds/worker-7-tc1/target:/opt/rustwide/target:rw,Z" "-v" "/var/lib/crater-agent-workspace/cargo-home:/opt/rustwide/cargo-home:ro,Z" "-v" "/var/lib/crater-agent-workspace/rustup-home:/opt/rustwide/rustup-home:ro,Z" "-m" "1610612736" "--network" "none" "ghcr.io/rust-lang/crates-build-env/linux@sha256:77db811e55d90add9212f6832c23229e3de5f1c1f9905e8cb07319ea15df73ac" "sleep" "infinity", kill_on_drop: false }`
[INFO] [stdout] abab975ac3083fed8283f141ac3a2725c2e9f2d041a6574bc15a1adf9993d0a0
[INFO] running `Command { std: "docker" "start" "abab975ac3083fed8283f141ac3a2725c2e9f2d041a6574bc15a1adf9993d0a0", kill_on_drop: false }`
[INFO] running `Command { std: "docker" "inspect" "abab975ac3083fed8283f141ac3a2725c2e9f2d041a6574bc15a1adf9993d0a0", kill_on_drop: false }`
[INFO] running `Command { std: "docker" "exec" "-e" "SOURCE_DIR=/opt/rustwide/workdir" "-e" "CARGO_HOME=/opt/rustwide/cargo-home" "-e" "RUSTUP_HOME=/opt/rustwide/rustup-home" "-e" "CARGO_TARGET_DIR=/opt/rustwide/target" "-w" "/opt/rustwide/workdir" "--user" "0:0" "abab975ac3083fed8283f141ac3a2725c2e9f2d041a6574bc15a1adf9993d0a0" "/opt/rustwide/cargo-home/bin/cargo" "+1.99.0-beta.8" "metadata" "--no-deps" "--format-version=1", kill_on_drop: false }`
[INFO] running `Command { std: "docker" "inspect" "abab975ac3083fed8283f141ac3a2725c2e9f2d041a6574bc15a1adf9993d0a0", kill_on_drop: false }`
[INFO] running `Command { std: "docker" "exec" "-e" "SOURCE_DIR=/opt/rustwide/workdir" "-e" "CARGO_HOME=/opt/rustwide/cargo-home" "-e" "RUSTUP_HOME=/opt/rustwide/rustup-home" "-e" "CARGO_TARGET_DIR=/opt/rustwide/target" "-e" "CARGO_INCREMENTAL=0" "-e" "RUST_BACKTRACE=full" "-e" "RUSTFLAGS=--cap-lints=warn" "-e" "RUSTDOCFLAGS=--cap-lints=warn" "-w" "/opt/rustwide/workdir" "--user" "0:0" "abab975ac3083fed8283f141ac3a2725c2e9f2d041a6574bc15a1adf9993d0a0" "/opt/rustwide/cargo-home/bin/cargo" "+1.99.0-beta.8" "build" "--frozen" "--message-format=json" "--release", kill_on_drop: false }`
[INFO] [stderr]    Compiling thiserror v2.0.20
[INFO] [stderr]    Compiling rustix v1.1.4
[INFO] [stderr]    Compiling smawk v0.3.2
[INFO] [stderr]    Compiling unicode-width v0.2.2
[INFO] [stderr]    Compiling uv-version v0.13.1
[INFO] [stderr]    Compiling serde_core v1.0.229
[INFO] [stderr]    Compiling textwrap v0.16.3
[INFO] [stderr]    Compiling syn v2.0.118
[INFO] [stderr]    Compiling owo-colors v4.4.0
[INFO] [stderr]    Compiling serde v1.0.229
[INFO] [stderr]    Compiling anstream v1.0.0
[INFO] [stderr]    Compiling itertools v0.14.0
[INFO] [stderr]    Compiling uv-macros v0.0.93
[INFO] [stderr]    Compiling uv-static v0.0.93
[INFO] [stderr]    Compiling terminal_size v0.4.4
[INFO] [stderr]    Compiling uv-errors v0.0.93
[INFO] [stderr]    Compiling uv-warnings v0.0.93
[INFO] [stderr]    Compiling enumflags2_derive v0.7.12
[INFO] [stderr]    Compiling enumflags2 v0.7.12
[INFO] [stderr]    Compiling uv-preview v0.0.93 (/opt/rustwide/workdir)
[INFO] [stderr]     Finished `release` profile [optimized] target(s) in 11.16s
[INFO] running `Command { std: "docker" "inspect" "abab975ac3083fed8283f141ac3a2725c2e9f2d041a6574bc15a1adf9993d0a0", kill_on_drop: false }`
[INFO] running `Command { std: "docker" "exec" "-e" "SOURCE_DIR=/opt/rustwide/workdir" "-e" "CARGO_HOME=/opt/rustwide/cargo-home" "-e" "RUSTUP_HOME=/opt/rustwide/rustup-home" "-e" "CARGO_TARGET_DIR=/opt/rustwide/target" "-e" "CARGO_INCREMENTAL=0" "-e" "RUST_BACKTRACE=full" "-e" "RUSTFLAGS=--cap-lints=warn" "-e" "RUSTDOCFLAGS=--cap-lints=warn" "-w" "/opt/rustwide/workdir" "--user" "0:0" "abab975ac3083fed8283f141ac3a2725c2e9f2d041a6574bc15a1adf9993d0a0" "/opt/rustwide/cargo-home/bin/cargo" "+1.99.0-beta.8" "test" "--frozen" "--no-run" "--message-format=json" "--release", kill_on_drop: false }`
[INFO] [stderr]    Compiling uv-preview v0.0.93 (/opt/rustwide/workdir)
[INFO] [stdout] error[E0433]: cannot find module or crate `test` in this scope
[INFO] [stdout]    --> src/lib.rs:714:17
[INFO] [stdout]     |
[INFO] [stdout] 714 |                 test::with_features(&[PreviewFeature::Pylock, PreviewFeature::WorkspaceMetadata]);
[INFO] [stdout]     |                 ^^^^ use of unresolved module or unlinked crate `test`
[INFO] [stdout]     |
[INFO] [stdout]     = help: if you wanted to use a crate named `test`, use `cargo add test` to add it to your `Cargo.toml`
[INFO] [stdout] 
[INFO] [stdout] 
[INFO] [stdout] error[E0433]: cannot find module or crate `test` in this scope
[INFO] [stdout]    --> src/lib.rs:722:17
[INFO] [stdout]     |
[INFO] [stdout] 722 |                 test::with_features(&[PreviewFeature::InitProjectFlag, PreviewFeature::AuthHelper]);
[INFO] [stdout]     |                 ^^^^ use of unresolved module or unlinked crate `test`
[INFO] [stdout]     |
[INFO] [stdout]     = help: if you wanted to use a crate named `test`, use `cargo add test` to add it to your `Cargo.toml`
[INFO] [stdout] 
[INFO] [stdout] 
[INFO] [stdout] error[E0433]: cannot find module or crate `test` in this scope
[INFO] [stdout]    --> src/lib.rs:736:13
[INFO] [stdout]     |
[INFO] [stdout] 736 |             test::with_features(&[PreviewFeature::Pylock, PreviewFeature::WorkspaceMetadata]);
[INFO] [stdout]     |             ^^^^ use of unresolved module or unlinked crate `test`
[INFO] [stdout]     |
[INFO] [stdout]     = help: if you wanted to use a crate named `test`, use `cargo add test` to add it to your `Cargo.toml`
[INFO] [stdout] 
[INFO] [stdout] 
[INFO] [stdout] error[E0433]: cannot find module or crate `test` in this scope
[INFO] [stdout]    --> src/lib.rs:738:13
[INFO] [stdout]     |
[INFO] [stdout] 738 |             test::with_features(&[PreviewFeature::InitProjectFlag, PreviewFeature::AuthHelper]);
[INFO] [stdout]     |             ^^^^ use of unresolved module or unlinked crate `test`
[INFO] [stdout]     |
[INFO] [stdout]     = help: if you wanted to use a crate named `test`, use `cargo add test` to add it to your `Cargo.toml`
[INFO] [stdout] 
[INFO] [stdout] 
[INFO] [stdout] For more information about this error, try `rustc --explain E0433`.
[INFO] [stdout] 
[INFO] [stderr] error: could not compile `uv-preview` (lib test) due to 4 previous errors
[INFO] running `Command { std: "docker" "inspect" "abab975ac3083fed8283f141ac3a2725c2e9f2d041a6574bc15a1adf9993d0a0", kill_on_drop: false }`
[INFO] running `Command { std: "docker" "rm" "-f" "abab975ac3083fed8283f141ac3a2725c2e9f2d041a6574bc15a1adf9993d0a0", kill_on_drop: false }`
[INFO] [stdout] abab975ac3083fed8283f141ac3a2725c2e9f2d041a6574bc15a1adf9993d0a0
