[INFO] fetching crate utoipauto 0.3.1...
[INFO] testing utoipauto-0.3.1 against 1.100.0-beta.1+cargoflags=--release for beta-release-1.100-2
[INFO] extracting crate utoipauto 0.3.1 into /workspace/builds/worker-0-tc2/source
[INFO] started tweaking crates.io crate utoipauto 0.3.1
[INFO] removed 0 missing tests
[INFO] finished tweaking crates.io crate utoipauto 0.3.1
[INFO] tweaked toml for crates.io crate utoipauto 0.3.1 written to /workspace/builds/worker-0-tc2/source/Cargo.toml
[INFO] validating manifest of crates.io crate utoipauto 0.3.1 on toolchain 1.100.0-beta.1
[INFO] running `Command { std: CARGO_HOME="/workspace/cargo-home" RUSTUP_HOME="/workspace/rustup-home" "/workspace/cargo-home/bin/cargo" "+1.100.0-beta.1" "metadata" "--manifest-path" "Cargo.toml" "--no-deps", kill_on_drop: false }`
[INFO] crate crates.io crate utoipauto 0.3.1 already has a lockfile, it will not be regenerated
[INFO] running `Command { std: CARGO_HOME="/workspace/cargo-home" RUSTUP_HOME="/workspace/rustup-home" "/workspace/cargo-home/bin/cargo" "+1.100.0-beta.1" "fetch" "--manifest-path" "Cargo.toml", kill_on_drop: false }`
[INFO] [stderr] warning: `package.homepage` is redundant with `package.repository`
[INFO] [stderr]   --> Cargo.toml:26:12
[INFO] [stderr]    |
[INFO] [stderr] 26 | homepage = "https://github.com/ProbablyClem/utoipauto"
[INFO] [stderr]    |            ^^^^^^^^^^^^^^^^^^^^^^^^^^^^^^^^^^^^^^^^^^^
[INFO] [stderr] ...
[INFO] [stderr] 31 | repository = "https://github.com/ProbablyClem/utoipauto"
[INFO] [stderr]    |              -------------------------------------------
[INFO] [stderr]    |
[INFO] [stderr]    = note: `cargo::redundant_homepage` is set to `warn` by default
[INFO] [stderr] help: consider removing `package.homepage`
[INFO] [stderr] warning: `utoipauto` (manifest) generated 1 warning
[INFO] running `Command { std: "docker" "create" "-v" "/var/lib/crater-agent-workspace/builds/worker-0-tc2/source:/opt/rustwide/workdir:ro,Z" "-v" "/var/lib/crater-agent-workspace/builds/worker-0-tc2/target:/opt/rustwide/target:rw,Z" "-v" "/var/lib/crater-agent-workspace/cargo-home:/opt/rustwide/cargo-home:ro,Z" "-v" "/var/lib/crater-agent-workspace/rustup-home:/opt/rustwide/rustup-home:ro,Z" "-m" "1610612736" "--network" "none" "ghcr.io/rust-lang/crates-build-env/linux@sha256:77db811e55d90add9212f6832c23229e3de5f1c1f9905e8cb07319ea15df73ac" "sleep" "infinity", kill_on_drop: false }`
[INFO] [stdout] 8b602445aab72ef9b2bc4fb08eca6c2a32e857e7944bf68a4c3efc1414f1bd63
[INFO] running `Command { std: "docker" "start" "8b602445aab72ef9b2bc4fb08eca6c2a32e857e7944bf68a4c3efc1414f1bd63", kill_on_drop: false }`
[INFO] running `Command { std: "docker" "inspect" "8b602445aab72ef9b2bc4fb08eca6c2a32e857e7944bf68a4c3efc1414f1bd63", kill_on_drop: false }`
[INFO] running `Command { std: "docker" "exec" "-e" "SOURCE_DIR=/opt/rustwide/workdir" "-e" "CARGO_HOME=/opt/rustwide/cargo-home" "-e" "RUSTUP_HOME=/opt/rustwide/rustup-home" "-e" "CARGO_TARGET_DIR=/opt/rustwide/target" "-w" "/opt/rustwide/workdir" "--user" "0:0" "8b602445aab72ef9b2bc4fb08eca6c2a32e857e7944bf68a4c3efc1414f1bd63" "/opt/rustwide/cargo-home/bin/cargo" "+1.100.0-beta.1" "metadata" "--no-deps" "--format-version=1", kill_on_drop: false }`
[INFO] running `Command { std: "docker" "inspect" "8b602445aab72ef9b2bc4fb08eca6c2a32e857e7944bf68a4c3efc1414f1bd63", kill_on_drop: false }`
[INFO] running `Command { std: "docker" "exec" "-e" "SOURCE_DIR=/opt/rustwide/workdir" "-e" "CARGO_HOME=/opt/rustwide/cargo-home" "-e" "RUSTUP_HOME=/opt/rustwide/rustup-home" "-e" "CARGO_TARGET_DIR=/opt/rustwide/target" "-e" "CARGO_INCREMENTAL=0" "-e" "RUST_BACKTRACE=full" "-e" "RUSTFLAGS=--cap-lints=warn" "-e" "RUSTDOCFLAGS=--cap-lints=warn" "-w" "/opt/rustwide/workdir" "--user" "0:0" "8b602445aab72ef9b2bc4fb08eca6c2a32e857e7944bf68a4c3efc1414f1bd63" "/opt/rustwide/cargo-home/bin/cargo" "+1.100.0-beta.1" "build" "--frozen" "--message-format=json" "--release", kill_on_drop: false }`
[INFO] [stderr] warning: `package.homepage` is redundant with `package.repository`
[INFO] [stderr]   --> Cargo.toml:26:12
[INFO] [stderr]    |
[INFO] [stderr] 26 | homepage = "https://github.com/ProbablyClem/utoipauto"
[INFO] [stderr]    |            ^^^^^^^^^^^^^^^^^^^^^^^^^^^^^^^^^^^^^^^^^^^
[INFO] [stderr] ...
[INFO] [stderr] 31 | repository = "https://github.com/ProbablyClem/utoipauto"
[INFO] [stderr]    |              -------------------------------------------
[INFO] [stderr]    |
[INFO] [stderr]    = note: `cargo::redundant_homepage` is set to `warn` by default
[INFO] [stderr] help: consider removing `package.homepage`
[INFO] [stderr] warning: `utoipauto` (manifest) generated 1 warning
[INFO] [stderr]    Compiling aho-corasick v1.1.5
[INFO] [stderr]    Compiling bstr v1.13.1
[INFO] [stderr]    Compiling log v0.4.33
[INFO] [stderr]    Compiling syn v3.0.3
[INFO] [stderr]    Compiling regex-automata v0.4.18
[INFO] [stderr]    Compiling globset v0.4.20
[INFO] [stderr]    Compiling utoipauto-core v0.3.1
[INFO] [stderr]    Compiling utoipauto-macro v0.3.1
[INFO] [stderr]    Compiling utoipauto v0.3.1 (/opt/rustwide/workdir)
[INFO] [stderr]     Finished `release` profile [optimized] target(s) in 6.16s
[INFO] running `Command { std: "docker" "inspect" "8b602445aab72ef9b2bc4fb08eca6c2a32e857e7944bf68a4c3efc1414f1bd63", kill_on_drop: false }`
[INFO] running `Command { std: "docker" "exec" "-e" "SOURCE_DIR=/opt/rustwide/workdir" "-e" "CARGO_HOME=/opt/rustwide/cargo-home" "-e" "RUSTUP_HOME=/opt/rustwide/rustup-home" "-e" "CARGO_TARGET_DIR=/opt/rustwide/target" "-e" "CARGO_INCREMENTAL=0" "-e" "RUST_BACKTRACE=full" "-e" "RUSTFLAGS=--cap-lints=warn" "-e" "RUSTDOCFLAGS=--cap-lints=warn" "-w" "/opt/rustwide/workdir" "--user" "0:0" "8b602445aab72ef9b2bc4fb08eca6c2a32e857e7944bf68a4c3efc1414f1bd63" "/opt/rustwide/cargo-home/bin/cargo" "+1.100.0-beta.1" "test" "--frozen" "--no-run" "--message-format=json" "--release", kill_on_drop: false }`
[INFO] [stderr] warning: `package.homepage` is redundant with `package.repository`
[INFO] [stderr]   --> Cargo.toml:26:12
[INFO] [stderr]    |
[INFO] [stderr] 26 | homepage = "https://github.com/ProbablyClem/utoipauto"
[INFO] [stderr]    |            ^^^^^^^^^^^^^^^^^^^^^^^^^^^^^^^^^^^^^^^^^^^
[INFO] [stderr] ...
[INFO] [stderr] 31 | repository = "https://github.com/ProbablyClem/utoipauto"
[INFO] [stderr]    |              -------------------------------------------
[INFO] [stderr]    |
[INFO] [stderr]    = note: `cargo::redundant_homepage` is set to `warn` by default
[INFO] [stderr] help: consider removing `package.homepage`
[INFO] [stderr] warning: `utoipauto` (manifest) generated 1 warning
[INFO] [stderr]    Compiling serde_derive v1.0.229
[INFO] [stderr]    Compiling indexmap v2.14.0
[INFO] [stderr]    Compiling utoipa-gen v5.5.0
[INFO] [stderr]    Compiling serde v1.0.229
[INFO] [stderr]    Compiling utoipa v5.5.0
[INFO] [stderr]    Compiling utoipauto v0.3.1 (/opt/rustwide/workdir)
[INFO] [stdout] error: custom attribute panicked
[INFO] [stdout]   --> src/lib.rs:20:5
[INFO] [stdout]    |
[INFO] [stdout] 20 |     #[utoipauto(paths = "./utoipauto/src")]
[INFO] [stdout]    |     ^^^^^^^^^^^^^^^^^^^^^^^^^^^^^^^^^^^^^^^
[INFO] [stdout]    |
[INFO] [stdout]    = help: message: Failed to parse file ./utoipauto/src: No such file or directory (os error 2)
[INFO] [stdout] 
[INFO] [stdout] 
[INFO] [stdout] error: custom attribute panicked
[INFO] [stdout]   --> tests/default_features/test.rs:8:1
[INFO] [stdout]    |
[INFO] [stdout]  8 | / #[utoipauto(
[INFO] [stdout]  9 | |     paths = "( crate::controllers::controller1 => ./utoipauto/tests/default_features/controllers/controller1.rs) ; ( crate::contro...
[INFO] [stdout] 10 | | )]
[INFO] [stdout]    | |__^
[INFO] [stdout]    |
[INFO] [stdout]    = help: message: Failed to parse file ./utoipauto/tests/default_features/controllers/controller1.rs: No such file or directory (os error 2)
[INFO] [stdout] 
[INFO] [stdout] 
[INFO] [stdout] error: custom attribute panicked
[INFO] [stdout]   --> tests/default_features/test.rs:21:1
[INFO] [stdout]    |
[INFO] [stdout] 21 | / #[utoipauto(
[INFO] [stdout] 22 | |     paths = "( crate::controllers::controller1 => ./utoipauto/tests/default_features/controllers/controller1.rs)"
[INFO] [stdout] 23 | | )]
[INFO] [stdout]    | |__^
[INFO] [stdout]    |
[INFO] [stdout]    = help: message: Failed to parse file ./utoipauto/tests/default_features/controllers/controller1.rs: No such file or directory (os error 2)
[INFO] [stdout] 
[INFO] [stdout] 
[INFO] [stdout] error: custom attribute panicked
[INFO] [stdout]   --> tests/default_features/test.rs:34:1
[INFO] [stdout]    |
[INFO] [stdout] 34 | #[utoipauto(paths = "./utoipauto/tests/default_features/controllers/controller1.rs")]
[INFO] [stdout]    | ^^^^^^^^^^^^^^^^^^^^^^^^^^^^^^^^^^^^^^^^^^^^^^^^^^^^^^^^^^^^^^^^^^^^^^^^^^^^^^^^^^^^^
[INFO] [stdout]    |
[INFO] [stdout]    = help: message: Failed to parse file ./utoipauto/tests/default_features/controllers/controller1.rs: No such file or directory (os error 2)
[INFO] [stdout] 
[INFO] [stdout] 
[INFO] [stdout] error: custom attribute panicked
[INFO] [stdout]   --> tests/default_features/test.rs:48:1
[INFO] [stdout]    |
[INFO] [stdout] 48 | #[utoipauto(paths = "( crate::controllers => ./utoipauto/tests/default_features/controllers)")]
[INFO] [stdout]    | ^^^^^^^^^^^^^^^^^^^^^^^^^^^^^^^^^^^^^^^^^^^^^^^^^^^^^^^^^^^^^^^^^^^^^^^^^^^^^^^^^^^^^^^^^^^^^^^
[INFO] [stdout]    |
[INFO] [stdout]    = help: message: Failed to parse file ./utoipauto/tests/default_features/controllers: No such file or directory (os error 2)
[INFO] [stdout] 
[INFO] [stdout] 
[INFO] [stdout] error: custom attribute panicked
[INFO] [stdout]   --> tests/default_features/test.rs:59:1
[INFO] [stdout]    |
[INFO] [stdout] 59 | / #[utoipauto(
[INFO] [stdout] 60 | |     paths = "( crate::controllers => ./utoipauto/tests/default_features/controllers)",
[INFO] [stdout] 61 | |     exclude = ["**/controller{2,3}.rs"]
[INFO] [stdout] 62 | | )]
[INFO] [stdout]    | |__^
[INFO] [stdout]    |
[INFO] [stdout]    = help: message: Failed to parse file ./utoipauto/tests/default_features/controllers: No such file or directory (os error 2)
[INFO] [stdout] 
[INFO] [stdout] 
[INFO] [stdout] error: custom attribute panicked
[INFO] [stdout]   --> tests/default_features/test.rs:73:1
[INFO] [stdout]    |
[INFO] [stdout] 73 | #[utoipauto(paths = "./utoipauto/tests/default_features")]
[INFO] [stdout]    | ^^^^^^^^^^^^^^^^^^^^^^^^^^^^^^^^^^^^^^^^^^^^^^^^^^^^^^^^^^
[INFO] [stdout]    |
[INFO] [stdout]    = help: message: Failed to parse file ./utoipauto/tests/default_features: No such file or directory (os error 2)
[INFO] [stdout] 
[INFO] [stdout] 
[INFO] [stdout] error: custom attribute panicked
[INFO] [stdout]   --> tests/default_features/test.rs:84:1
[INFO] [stdout]    |
[INFO] [stdout] 84 | / #[utoipauto(
[INFO] [stdout] 85 | |     paths = "./utoipauto/tests/default_features/controllers/controller1.rs, ./utoipauto/tests/default_features/controllers/control...
[INFO] [stdout] 86 | | )]
[INFO] [stdout]    | |__^
[INFO] [stdout]    |
[INFO] [stdout]    = help: message: Failed to parse file ./utoipauto/tests/default_features/controllers/controller1.rs: No such file or directory (os error 2)
[INFO] [stdout] 
[INFO] [stdout] 
[INFO] [stdout] error: custom attribute panicked
[INFO] [stdout]   --> tests/default_features/test.rs:97:1
[INFO] [stdout]    |
[INFO] [stdout] 97 | #[utoipauto(paths = "./utoipauto/tests/default_features/models.rs")]
[INFO] [stdout]    | ^^^^^^^^^^^^^^^^^^^^^^^^^^^^^^^^^^^^^^^^^^^^^^^^^^^^^^^^^^^^^^^^^^^^
[INFO] [stdout]    |
[INFO] [stdout]    = help: message: Failed to parse file ./utoipauto/tests/default_features/models.rs: No such file or directory (os error 2)
[INFO] [stdout] 
[INFO] [stdout] 
[INFO] [stdout] error: custom attribute panicked
[INFO] [stdout]    --> tests/default_features/test.rs:115:1
[INFO] [stdout]     |
[INFO] [stdout] 115 | #[utoipauto(paths = "./utoipauto/tests/default_features/models.rs")]
[INFO] [stdout]     | ^^^^^^^^^^^^^^^^^^^^^^^^^^^^^^^^^^^^^^^^^^^^^^^^^^^^^^^^^^^^^^^^^^^^
[INFO] [stdout]     |
[INFO] [stdout]     = help: message: Failed to parse file ./utoipauto/tests/default_features/models.rs: No such file or directory (os error 2)
[INFO] [stdout] 
[INFO] [stdout] 
[INFO] [stdout] error: custom attribute panicked
[INFO] [stdout]    --> tests/default_features/test.rs:133:1
[INFO] [stdout]     |
[INFO] [stdout] 133 | / #[utoipauto(
[INFO] [stdout] 134 | |     paths = "./utoipauto/tests/default_features/controllers/controller3.rs",
[INFO] [stdout] 135 | |     function_attribute_name = "test_handler"
[INFO] [stdout] 136 | | )]
[INFO] [stdout]     | |__^
[INFO] [stdout]     |
[INFO] [stdout]     = help: message: Failed to parse file ./utoipauto/tests/default_features/controllers/controller3.rs: No such file or directory (os error 2)
[INFO] [stdout] 
[INFO] [stdout] 
[INFO] [stdout] error[E0433]: cannot find type `CrateAutoApiDocs` in this scope
[INFO] [stdout]   --> src/lib.rs:27:20
[INFO] [stdout]    |
[INFO] [stdout] 27 |         assert_eq!(CrateAutoApiDocs::openapi().paths.paths.len(), 3)
[INFO] [stdout]    |                    ^^^^^^^^^^^^^^^^ use of undeclared type `CrateAutoApiDocs`
[INFO] [stdout] 
[INFO] [stdout] 
[INFO] [stdout] For more information about this error, try `rustc --explain E0433`.
[INFO] [stdout] 
[INFO] [stderr] error: could not compile `utoipauto` (lib test) due to 2 previous errors
[INFO] [stderr] warning: build failed, waiting for other jobs to finish...
[INFO] [stdout] warning: unused import: `crate::default_features::controllers`
[INFO] [stdout]  --> tests/default_features/test.rs:5:5
[INFO] [stdout]   |
[INFO] [stdout] 5 | use crate::default_features::controllers;
[INFO] [stdout]   |     ^^^^^^^^^^^^^^^^^^^^^^^^^^^^^^^^^^^^
[INFO] [stdout]   |
[INFO] [stdout]   = note: `#[warn(unused_imports)]` (part of `#[warn(unused)]`) on by default
[INFO] [stdout] 
[INFO] [stdout] 
[INFO] [stdout] error[E0433]: cannot find type `MultiControllerApiDocs` in this scope
[INFO] [stdout]   --> tests/default_features/test.rs:17:16
[INFO] [stdout]    |
[INFO] [stdout] 17 |     assert_eq!(MultiControllerApiDocs::openapi().paths.paths.len(), 2)
[INFO] [stdout]    |                ^^^^^^^^^^^^^^^^^^^^^^ use of undeclared type `MultiControllerApiDocs`
[INFO] [stdout] 
[INFO] [stdout] 
[INFO] [stdout] error[E0433]: cannot find type `SingleControllerApiDocs` in this scope
[INFO] [stdout]   --> tests/default_features/test.rs:30:16
[INFO] [stdout]    |
[INFO] [stdout] 30 |     assert_eq!(SingleControllerApiDocs::openapi().paths.paths.len(), 1)
[INFO] [stdout]    |                ^^^^^^^^^^^^^^^^^^^^^^^ use of undeclared type `SingleControllerApiDocs`
[INFO] [stdout] 
[INFO] [stdout] 
[INFO] [stdout] error[E0433]: cannot find type `SingleControllerManualPathApiDocs` in this scope
[INFO] [stdout]   --> tests/default_features/test.rs:44:16
[INFO] [stdout]    |
[INFO] [stdout] 44 |     assert_eq!(SingleControllerManualPathApiDocs::openapi().paths.paths.len(), 2)
[INFO] [stdout]    |                ^^^^^^^^^^^^^^^^^^^^^^^^^^^^^^^^^ use of undeclared type `SingleControllerManualPathApiDocs`
[INFO] [stdout] 
[INFO] [stdout] 
[INFO] [stdout] error[E0433]: cannot find type `ModuleApiDocs` in this scope
[INFO] [stdout]   --> tests/default_features/test.rs:55:16
[INFO] [stdout]    |
[INFO] [stdout] 55 |     assert_eq!(ModuleApiDocs::openapi().paths.paths.len(), 2)
[INFO] [stdout]    |                ^^^^^^^^^^^^^ use of undeclared type `ModuleApiDocs`
[INFO] [stdout] 
[INFO] [stdout] 
[INFO] [stdout] error[E0433]: cannot find type `ExcludedModuleApiDocs` in this scope
[INFO] [stdout]   --> tests/default_features/test.rs:69:16
[INFO] [stdout]    |
[INFO] [stdout] 69 |     assert_eq!(ExcludedModuleApiDocs::openapi().paths.paths.len(), 1)
[INFO] [stdout]    |                ^^^^^^^^^^^^^^^^^^^^^ use of undeclared type `ExcludedModuleApiDocs`
[INFO] [stdout] 
[INFO] [stdout] 
[INFO] [stdout] error[E0433]: cannot find type `CrateApiDocs` in this scope
[INFO] [stdout]   --> tests/default_features/test.rs:80:16
[INFO] [stdout]    |
[INFO] [stdout] 80 |     assert_eq!(CrateApiDocs::openapi().paths.paths.len(), 2)
[INFO] [stdout]    |                ^^^^^^^^^^^^ use of undeclared type `CrateApiDocs`
[INFO] [stdout] 
[INFO] [stdout] 
[INFO] [stdout] error[E0433]: cannot find type `MultiControllerNoModuleApiDocs` in this scope
[INFO] [stdout]   --> tests/default_features/test.rs:93:16
[INFO] [stdout]    |
[INFO] [stdout] 93 |     assert_eq!(MultiControllerNoModuleApiDocs::openapi().paths.paths.len(), 2)
[INFO] [stdout]    |                ^^^^^^^^^^^^^^^^^^^^^^^^^^^^^^ use of undeclared type `MultiControllerNoModuleApiDocs`
[INFO] [stdout] 
[INFO] [stdout] 
[INFO] [stdout] error[E0433]: cannot find type `ModelsImportApiDocs` in this scope
[INFO] [stdout]    --> tests/default_features/test.rs:105:9
[INFO] [stdout]     |
[INFO] [stdout] 105 |         ModelsImportApiDocs::openapi()
[INFO] [stdout]     |         ^^^^^^^^^^^^^^^^^^^ use of undeclared type `ModelsImportApiDocs`
[INFO] [stdout] 
[INFO] [stdout] 
[INFO] [stdout] error[E0433]: cannot find type `ResponsesImportApiDocs` in this scope
[INFO] [stdout]    --> tests/default_features/test.rs:123:9
[INFO] [stdout]     |
[INFO] [stdout] 123 |         ResponsesImportApiDocs::openapi()
[INFO] [stdout]     |         ^^^^^^^^^^^^^^^^^^^^^^ use of undeclared type `ResponsesImportApiDocs`
[INFO] [stdout] 
[INFO] [stdout] 
[INFO] [stdout] error[E0433]: cannot find type `CustomHandlerApiDocs` in this scope
[INFO] [stdout]    --> tests/default_features/test.rs:143:16
[INFO] [stdout]     |
[INFO] [stdout] 143 |     assert_eq!(CustomHandlerApiDocs::openapi().paths.paths.len(), 1)
[INFO] [stdout]     |                ^^^^^^^^^^^^^^^^^^^^ use of undeclared type `CustomHandlerApiDocs`
[INFO] [stdout] 
[INFO] [stdout] 
[INFO] [stdout] For more information about this error, try `rustc --explain E0433`.
[INFO] [stdout] 
[INFO] [stderr] error: could not compile `utoipauto` (test "test") due to 20 previous errors; 1 warning emitted
[INFO] running `Command { std: "docker" "inspect" "8b602445aab72ef9b2bc4fb08eca6c2a32e857e7944bf68a4c3efc1414f1bd63", kill_on_drop: false }`
[INFO] running `Command { std: "docker" "rm" "-f" "8b602445aab72ef9b2bc4fb08eca6c2a32e857e7944bf68a4c3efc1414f1bd63", kill_on_drop: false }`
[INFO] [stdout] 8b602445aab72ef9b2bc4fb08eca6c2a32e857e7944bf68a4c3efc1414f1bd63
