[INFO] fetching crate uselesskey-test-server 0.10.0...
[INFO] testing uselesskey-test-server-0.10.0 against 1.99.0-beta.8+cargoflags=--release for beta-release-1.100-2
[INFO] extracting crate uselesskey-test-server 0.10.0 into /workspace/builds/worker-1-tc1/source
[INFO] started tweaking crates.io crate uselesskey-test-server 0.10.0
[INFO] removed 0 missing tests
[INFO] finished tweaking crates.io crate uselesskey-test-server 0.10.0
[INFO] tweaked toml for crates.io crate uselesskey-test-server 0.10.0 written to /workspace/builds/worker-1-tc1/source/Cargo.toml
[INFO] validating manifest of crates.io crate uselesskey-test-server 0.10.0 on toolchain 1.99.0-beta.8
[INFO] running `Command { std: CARGO_HOME="/workspace/cargo-home" RUSTUP_HOME="/workspace/rustup-home" "/workspace/cargo-home/bin/cargo" "+1.99.0-beta.8" "metadata" "--manifest-path" "Cargo.toml" "--no-deps", kill_on_drop: false }`
[INFO] crate crates.io crate uselesskey-test-server 0.10.0 already has a lockfile, it will not be regenerated
[INFO] running `Command { std: CARGO_HOME="/workspace/cargo-home" RUSTUP_HOME="/workspace/rustup-home" "/workspace/cargo-home/bin/cargo" "+1.99.0-beta.8" "fetch" "--manifest-path" "Cargo.toml", kill_on_drop: false }`
[INFO] [stderr]     Updating crates.io index
[INFO] [stderr]  Downloading crates ...
[INFO] [stderr]   Downloaded uselesskey-rsa v0.10.0
[INFO] [stderr]   Downloaded uselesskey-core v0.10.0
[INFO] [stderr]   Downloaded base16ct v1.0.0
[INFO] [stderr]   Downloaded uselesskey-jwk v0.10.0
[INFO] [stderr]   Downloaded cpubits v0.1.0
[INFO] [stderr]   Downloaded rsa v0.10.0-rc.17
[INFO] [stderr]   Downloaded signature v3.0.0
[INFO] [stderr]   Downloaded wasm-bindgen-futures v0.4.65
[INFO] [stderr]   Downloaded serdect v0.4.2
[INFO] [stderr]   Downloaded cmov v0.5.2
[INFO] [stderr]   Downloaded hybrid-array v0.4.9
[INFO] [stderr]   Downloaded pkcs8 v0.11.0-rc.11
[INFO] [stderr]   Downloaded uselesskey-ed25519 v0.10.0
[INFO] [stderr]   Downloaded sec1 v0.8.0
[INFO] [stderr]   Downloaded rustcrypto-group v0.14.0-rc.0
[INFO] [stderr]   Downloaded spki v0.8.0-rc.4
[INFO] [stderr]   Downloaded pkcs1 v0.8.0-rc.4
[INFO] [stderr]   Downloaded ctutils v0.4.0
[INFO] [stderr]   Downloaded uselesskey-ecdsa v0.10.0
[INFO] [stderr]   Downloaded primeorder v0.14.0-rc.8
[INFO] [stderr]   Downloaded primefield v0.14.0-rc.8
[INFO] [stderr]   Downloaded rfc6979 v0.5.0-rc.5
[INFO] [stderr]   Downloaded spin v0.11.0
[INFO] [stderr]   Downloaded elliptic-curve v0.14.0-rc.29
[INFO] [stderr]   Downloaded rustcrypto-ff v0.14.0-rc.0
[INFO] [stderr]   Downloaded ecdsa v0.17.0-rc.16
[INFO] [stderr]   Downloaded p384 v0.14.0-rc.8
[INFO] [stderr]   Downloaded p256 v0.14.0-rc.8
[INFO] [stderr]   Downloaded crypto-primes v0.7.0
[INFO] [stderr]   Downloaded crypto-bigint v0.7.3
[INFO] [stderr]   Downloaded web-sys v0.3.92
[INFO] running `Command { std: "docker" "create" "-v" "/var/lib/crater-agent-workspace/builds/worker-1-tc1/source:/opt/rustwide/workdir:ro,Z" "-v" "/var/lib/crater-agent-workspace/builds/worker-1-tc1/target:/opt/rustwide/target:rw,Z" "-v" "/var/lib/crater-agent-workspace/cargo-home:/opt/rustwide/cargo-home:ro,Z" "-v" "/var/lib/crater-agent-workspace/rustup-home:/opt/rustwide/rustup-home:ro,Z" "-m" "1610612736" "--network" "none" "ghcr.io/rust-lang/crates-build-env/linux@sha256:77db811e55d90add9212f6832c23229e3de5f1c1f9905e8cb07319ea15df73ac" "sleep" "infinity", kill_on_drop: false }`
[INFO] [stdout] e846cf9a1ff4333d7a0887930c340d05e25210fc6c8561a2fb13d58573ef53a9
[INFO] running `Command { std: "docker" "start" "e846cf9a1ff4333d7a0887930c340d05e25210fc6c8561a2fb13d58573ef53a9", kill_on_drop: false }`
[INFO] running `Command { std: "docker" "inspect" "e846cf9a1ff4333d7a0887930c340d05e25210fc6c8561a2fb13d58573ef53a9", kill_on_drop: false }`
[INFO] running `Command { std: "docker" "exec" "-e" "SOURCE_DIR=/opt/rustwide/workdir" "-e" "CARGO_HOME=/opt/rustwide/cargo-home" "-e" "RUSTUP_HOME=/opt/rustwide/rustup-home" "-e" "CARGO_TARGET_DIR=/opt/rustwide/target" "-w" "/opt/rustwide/workdir" "--user" "0:0" "e846cf9a1ff4333d7a0887930c340d05e25210fc6c8561a2fb13d58573ef53a9" "/opt/rustwide/cargo-home/bin/cargo" "+1.99.0-beta.8" "metadata" "--no-deps" "--format-version=1", kill_on_drop: false }`
[INFO] running `Command { std: "docker" "inspect" "e846cf9a1ff4333d7a0887930c340d05e25210fc6c8561a2fb13d58573ef53a9", kill_on_drop: false }`
[INFO] running `Command { std: "docker" "exec" "-e" "SOURCE_DIR=/opt/rustwide/workdir" "-e" "CARGO_HOME=/opt/rustwide/cargo-home" "-e" "RUSTUP_HOME=/opt/rustwide/rustup-home" "-e" "CARGO_TARGET_DIR=/opt/rustwide/target" "-e" "CARGO_INCREMENTAL=0" "-e" "RUST_BACKTRACE=full" "-e" "RUSTFLAGS=--cap-lints=warn" "-e" "RUSTDOCFLAGS=--cap-lints=warn" "-w" "/opt/rustwide/workdir" "--user" "0:0" "e846cf9a1ff4333d7a0887930c340d05e25210fc6c8561a2fb13d58573ef53a9" "/opt/rustwide/cargo-home/bin/cargo" "+1.99.0-beta.8" "build" "--frozen" "--message-format=json" "--release", kill_on_drop: false }`
[INFO] [stderr]    Compiling typenum v1.19.0
[INFO] [stderr]    Compiling subtle v2.6.1
[INFO] [stderr]    Compiling cmov v0.5.2
[INFO] [stderr]    Compiling num-traits v0.2.19
[INFO] [stderr]    Compiling pem-rfc7468 v1.0.0
[INFO] [stderr]    Compiling zerocopy v0.8.48
[INFO] [stderr]    Compiling cpubits v0.1.0
[INFO] [stderr]    Compiling getrandom v0.4.2
[INFO] [stderr]    Compiling getrandom v0.2.17
[INFO] [stderr]    Compiling serde_core v1.0.228
[INFO] [stderr]    Compiling der v0.7.10
[INFO] [stderr]    Compiling cc v1.2.58
[INFO] [stderr]    Compiling serde_json v1.0.149
[INFO] [stderr]    Compiling base16ct v1.0.0
[INFO] [stderr]    Compiling http v1.4.0
[INFO] [stderr]    Compiling semver v1.0.27
[INFO] [stderr]    Compiling parking_lot_core v0.9.12
[INFO] [stderr]    Compiling tokio-macros v2.7.0
[INFO] [stderr]    Compiling rand_core v0.6.4
[INFO] [stderr]    Compiling mio v1.2.0
[INFO] [stderr]    Compiling tempfile v3.27.0
[INFO] [stderr]    Compiling der v0.8.0
[INFO] [stderr]    Compiling ctutils v0.4.0
[INFO] [stderr]    Compiling rustcrypto-ff v0.14.0-rc.0
[INFO] [stderr]    Compiling rustc_version v0.4.1
[INFO] [stderr]    Compiling rustcrypto-group v0.14.0-rc.0
[INFO] [stderr]    Compiling dashmap v6.1.0
[INFO] [stderr]    Compiling curve25519-dalek v4.1.3
[INFO] [stderr]    Compiling tokio v1.52.3
[INFO] [stderr]    Compiling rand v0.10.1
[INFO] [stderr]    Compiling spin v0.11.0
[INFO] [stderr]    Compiling spin v0.9.8
[INFO] [stderr]    Compiling curve25519-dalek-derive v0.1.1
[INFO] [stderr]    Compiling lazy_static v1.5.0
[INFO] [stderr]    Compiling futures-channel v0.3.32
[INFO] [stderr]    Compiling futures-task v0.3.32
[INFO] [stderr]    Compiling fiat-crypto v0.3.0
[INFO] [stderr]    Compiling futures-util v0.3.32
[INFO] [stderr]    Compiling matchit v0.8.4
[INFO] [stderr]    Compiling num-integer v0.1.46
[INFO] [stderr]    Compiling num-iter v0.1.45
[INFO] [stderr]    Compiling hybrid-array v0.4.9
[INFO] [stderr]    Compiling generic-array v0.14.7
[INFO] [stderr]    Compiling spki v0.7.3
[INFO] [stderr]    Compiling pkcs8 v0.10.2
[INFO] [stderr]    Compiling blake3 v1.8.5
[INFO] [stderr]    Compiling http-body v1.0.1
[INFO] [stderr]    Compiling crypto-common v0.2.1
[INFO] [stderr]    Compiling block-buffer v0.12.0
[INFO] [stderr]    Compiling crypto-bigint v0.7.3
[INFO] [stderr]    Compiling pkcs1 v0.7.5
[INFO] [stderr]    Compiling http-body-util v0.1.3
[INFO] [stderr]    Compiling axum-core v0.5.6
[INFO] [stderr]    Compiling digest v0.11.2
[INFO] [stderr]    Compiling spki v0.8.0-rc.4
[INFO] [stderr]    Compiling block-buffer v0.10.4
[INFO] [stderr]    Compiling crypto-common v0.1.7
[INFO] [stderr]    Compiling pkcs8 v0.11.0-rc.11
[INFO] [stderr]    Compiling digest v0.10.7
[INFO] [stderr]    Compiling sec1 v0.8.0
[INFO] [stderr]    Compiling pkcs1 v0.8.0-rc.4
[INFO] [stderr]    Compiling signature v3.0.0
[INFO] [stderr]    Compiling signature v2.2.0
[INFO] [stderr]    Compiling hmac v0.13.0
[INFO] [stderr]    Compiling sha2 v0.11.0
[INFO] [stderr]    Compiling ed25519 v2.2.3
[INFO] [stderr]    Compiling rfc6979 v0.5.0-rc.5
[INFO] [stderr]    Compiling sha2 v0.10.9
[INFO] [stderr]    Compiling hyper v1.8.1
[INFO] [stderr]    Compiling tower v0.5.3
[INFO] [stderr]    Compiling serde v1.0.228
[INFO] [stderr]    Compiling ed25519-dalek v2.2.0
[INFO] [stderr]    Compiling serde_path_to_error v0.1.20
[INFO] [stderr]    Compiling hyper-util v0.1.20
[INFO] [stderr]    Compiling uselesskey-jwk v0.10.0
[INFO] [stderr]    Compiling axum v0.8.8
[INFO] [stderr]    Compiling ppv-lite86 v0.2.21
[INFO] [stderr]    Compiling elliptic-curve v0.14.0-rc.29
[INFO] [stderr]    Compiling primefield v0.14.0-rc.8
[INFO] [stderr]    Compiling crypto-primes v0.7.0
[INFO] [stderr]    Compiling rand_chacha v0.10.0
[INFO] [stderr]    Compiling rand_chacha v0.3.1
[INFO] [stderr]    Compiling primeorder v0.14.0-rc.8
[INFO] [stderr]    Compiling ecdsa v0.17.0-rc.16
[INFO] [stderr]    Compiling rand v0.8.5
[INFO] [stderr]    Compiling uselesskey-core v0.10.0
[INFO] [stderr]    Compiling p256 v0.14.0-rc.8
[INFO] [stderr]    Compiling uselesskey-ed25519 v0.10.0
[INFO] [stderr]    Compiling num-bigint-dig v0.8.6
[INFO] [stderr]    Compiling rsa v0.10.0-rc.17
[INFO] [stderr]    Compiling rsa v0.9.10
[INFO] [stderr]    Compiling uselesskey-rsa v0.10.0
[INFO] [stderr]    Compiling p384 v0.14.0-rc.8
[INFO] [stderr]    Compiling uselesskey-ecdsa v0.10.0
[INFO] [stderr]    Compiling uselesskey-test-server v0.10.0 (/opt/rustwide/workdir)
[INFO] [stderr]     Finished `release` profile [optimized] target(s) in 1m 06s
[INFO] running `Command { std: "docker" "inspect" "e846cf9a1ff4333d7a0887930c340d05e25210fc6c8561a2fb13d58573ef53a9", kill_on_drop: false }`
[INFO] running `Command { std: "docker" "exec" "-e" "SOURCE_DIR=/opt/rustwide/workdir" "-e" "CARGO_HOME=/opt/rustwide/cargo-home" "-e" "RUSTUP_HOME=/opt/rustwide/rustup-home" "-e" "CARGO_TARGET_DIR=/opt/rustwide/target" "-e" "CARGO_INCREMENTAL=0" "-e" "RUST_BACKTRACE=full" "-e" "RUSTFLAGS=--cap-lints=warn" "-e" "RUSTDOCFLAGS=--cap-lints=warn" "-w" "/opt/rustwide/workdir" "--user" "0:0" "e846cf9a1ff4333d7a0887930c340d05e25210fc6c8561a2fb13d58573ef53a9" "/opt/rustwide/cargo-home/bin/cargo" "+1.99.0-beta.8" "test" "--frozen" "--no-run" "--message-format=json" "--release", kill_on_drop: false }`
[INFO] [stderr]    Compiling syn v2.0.117
[INFO] [stderr]    Compiling ring v0.17.14
[INFO] [stderr]    Compiling writeable v0.6.2
[INFO] [stderr]    Compiling litemap v0.8.1
[INFO] [stderr]    Compiling icu_normalizer_data v2.1.1
[INFO] [stderr]    Compiling icu_properties_data v2.1.2
[INFO] [stderr]    Compiling sync_wrapper v1.0.2
[INFO] [stderr]    Compiling rustls-pki-types v1.14.1
[INFO] [stderr]    Compiling ipnet v2.12.0
[INFO] [stderr]    Compiling rustls v0.23.40
[INFO] [stderr]    Compiling iri-string v0.7.12
[INFO] [stderr]    Compiling axum-core v0.5.6
[INFO] [stderr]    Compiling webpki-roots v1.0.6
[INFO] [stderr]    Compiling synstructure v0.13.2
[INFO] [stderr]    Compiling zerovec-derive v0.11.2
[INFO] [stderr]    Compiling displaydoc v0.2.5
[INFO] [stderr]    Compiling tokio-macros v2.7.0
[INFO] [stderr]    Compiling serde_derive v1.0.228
[INFO] [stderr]    Compiling thiserror-impl v2.0.18
[INFO] [stderr]    Compiling curve25519-dalek-derive v0.1.1
[INFO] [stderr]    Compiling zerofrom-derive v0.1.6
[INFO] [stderr]    Compiling yoke-derive v0.8.1
[INFO] [stderr]    Compiling tokio v1.52.3
[INFO] [stderr]    Compiling curve25519-dalek v4.1.3
[INFO] [stderr]    Compiling zerofrom v0.1.6
[INFO] [stderr]    Compiling thiserror v2.0.18
[INFO] [stderr]    Compiling uselesskey-core v0.10.0
[INFO] [stderr]    Compiling yoke v0.8.1
[INFO] [stderr]    Compiling zerovec v0.11.5
[INFO] [stderr]    Compiling zerotrie v0.2.3
[INFO] [stderr]    Compiling ed25519-dalek v2.2.0
[INFO] [stderr]    Compiling tinystr v0.8.2
[INFO] [stderr]    Compiling potential_utf v0.1.4
[INFO] [stderr]    Compiling icu_collections v2.1.1
[INFO] [stderr]    Compiling icu_locale_core v2.1.1
[INFO] [stderr]    Compiling serde v1.0.228
[INFO] [stderr]    Compiling icu_provider v2.1.1
[INFO] [stderr]    Compiling icu_properties v2.1.2
[INFO] [stderr]    Compiling icu_normalizer v2.1.1
[INFO] [stderr]    Compiling uselesskey-jwk v0.10.0
[INFO] [stderr]    Compiling serde_urlencoded v0.7.1
[INFO] [stderr]    Compiling uselesskey-ed25519 v0.10.0
[INFO] [stderr]    Compiling uselesskey-ecdsa v0.10.0
[INFO] [stderr]    Compiling uselesskey-rsa v0.10.0
[INFO] [stderr]    Compiling idna_adapter v1.2.1
[INFO] [stderr]    Compiling idna v1.1.0
[INFO] [stderr]    Compiling url v2.5.8
[INFO] [stderr]    Compiling hyper v1.8.1
[INFO] [stderr]    Compiling tower v0.5.3
[INFO] [stderr]    Compiling tower-http v0.6.8
[INFO] [stderr]    Compiling hyper-util v0.1.20
[INFO] [stderr]    Compiling rustls-webpki v0.103.13
[INFO] [stderr]    Compiling axum v0.8.8
[INFO] [stderr]    Compiling uselesskey-test-server v0.10.0 (/opt/rustwide/workdir)
[INFO] [stderr]    Compiling tokio-rustls v0.26.4
[INFO] [stderr]    Compiling hyper-rustls v0.27.7
[INFO] [stderr]    Compiling reqwest v0.12.28
[INFO] [stdout] error[E0432]: unresolved import `uselesskey_test_support`
[INFO] [stdout]   --> tests/spec_accessors.rs:12:5
[INFO] [stdout]    |
[INFO] [stdout] 12 | use uselesskey_test_support::{TestResult, ensure, ensure_eq, require_ok, require_some};
[INFO] [stdout]    |     ^^^^^^^^^^^^^^^^^^^^^^^ use of unresolved module or unlinked crate `uselesskey_test_support`
[INFO] [stdout]    |
[INFO] [stdout] help: there is a crate or module with a similar name
[INFO] [stdout]    |
[INFO] [stdout] 12 - use uselesskey_test_support::{TestResult, ensure, ensure_eq, require_ok, require_some};
[INFO] [stdout] 12 + use uselesskey_test_server::{TestResult, ensure, ensure_eq, require_ok, require_some};
[INFO] [stdout]    |
[INFO] [stdout] 
[INFO] [stdout] 
[INFO] [stdout] error[E0432]: unresolved import `uselesskey_test_support`
[INFO] [stdout]   --> tests/serve_flags_and_cache.rs:15:5
[INFO] [stdout]    |
[INFO] [stdout] 15 | use uselesskey_test_support::{TestResult, ensure, ensure_eq, require_ok};
[INFO] [stdout]    |     ^^^^^^^^^^^^^^^^^^^^^^^ use of unresolved module or unlinked crate `uselesskey_test_support`
[INFO] [stdout]    |
[INFO] [stdout] help: there is a crate or module with a similar name
[INFO] [stdout]    |
[INFO] [stdout] 15 - use uselesskey_test_support::{TestResult, ensure, ensure_eq, require_ok};
[INFO] [stdout] 15 + use uselesskey_test_server::{TestResult, ensure, ensure_eq, require_ok};
[INFO] [stdout]    |
[INFO] [stdout] 
[INFO] [stdout] 
[INFO] [stdout] For more information about this error, try `rustc --explain E0432`.
[INFO] [stdout] 
[INFO] [stderr] error: could not compile `uselesskey-test-server` (test "serve_flags_and_cache") due to 1 previous error
[INFO] [stderr] warning: build failed, waiting for other jobs to finish...
[INFO] [stdout] error[E0433]: cannot find module or crate `uselesskey_test_support` in this scope
[INFO] [stdout]   --> tests/spec_accessors.rs:47:24
[INFO] [stdout]    |
[INFO] [stdout] 47 |             return Err(uselesskey_test_support::TestError(format!(
[INFO] [stdout]    |                        ^^^^^^^^^^^^^^^^^^^^^^^ use of unresolved module or unlinked crate `uselesskey_test_support`
[INFO] [stdout]    |
[INFO] [stdout] help: there is a crate or module with a similar name
[INFO] [stdout]    |
[INFO] [stdout] 47 -             return Err(uselesskey_test_support::TestError(format!(
[INFO] [stdout] 47 +             return Err(uselesskey_test_server::TestError(format!(
[INFO] [stdout]    |
[INFO] [stdout] 
[INFO] [stdout] 
[INFO] [stdout] error[E0433]: cannot find module or crate `uselesskey_test_support` in this scope
[INFO] [stdout]   --> tests/spec_accessors.rs:65:24
[INFO] [stdout]    |
[INFO] [stdout] 65 |             return Err(uselesskey_test_support::TestError(format!(
[INFO] [stdout]    |                        ^^^^^^^^^^^^^^^^^^^^^^^ use of unresolved module or unlinked crate `uselesskey_test_support`
[INFO] [stdout]    |
[INFO] [stdout] help: there is a crate or module with a similar name
[INFO] [stdout]    |
[INFO] [stdout] 65 -             return Err(uselesskey_test_support::TestError(format!(
[INFO] [stdout] 65 +             return Err(uselesskey_test_server::TestError(format!(
[INFO] [stdout]    |
[INFO] [stdout] 
[INFO] [stdout] 
[INFO] [stdout] error[E0433]: cannot find module or crate `uselesskey_test_support` in this scope
[INFO] [stdout]   --> tests/spec_accessors.rs:83:24
[INFO] [stdout]    |
[INFO] [stdout] 83 |             return Err(uselesskey_test_support::TestError(format!(
[INFO] [stdout]    |                        ^^^^^^^^^^^^^^^^^^^^^^^ use of unresolved module or unlinked crate `uselesskey_test_support`
[INFO] [stdout]    |
[INFO] [stdout] help: there is a crate or module with a similar name
[INFO] [stdout]    |
[INFO] [stdout] 83 -             return Err(uselesskey_test_support::TestError(format!(
[INFO] [stdout] 83 +             return Err(uselesskey_test_server::TestError(format!(
[INFO] [stdout]    |
[INFO] [stdout] 
[INFO] [stdout] 
[INFO] [stdout] error[E0433]: cannot find module or crate `uselesskey_test_support` in this scope
[INFO] [stdout]    --> tests/spec_accessors.rs:106:24
[INFO] [stdout]     |
[INFO] [stdout] 106 |             return Err(uselesskey_test_support::TestError(format!(
[INFO] [stdout]     |                        ^^^^^^^^^^^^^^^^^^^^^^^ use of unresolved module or unlinked crate `uselesskey_test_support`
[INFO] [stdout]     |
[INFO] [stdout] help: there is a crate or module with a similar name
[INFO] [stdout]     |
[INFO] [stdout] 106 -             return Err(uselesskey_test_support::TestError(format!(
[INFO] [stdout] 106 +             return Err(uselesskey_test_server::TestError(format!(
[INFO] [stdout]     |
[INFO] [stdout] 
[INFO] [stdout] 
[INFO] [stdout] error[E0433]: cannot find module or crate `uselesskey_test_support` in this scope
[INFO] [stdout]    --> tests/spec_accessors.rs:124:24
[INFO] [stdout]     |
[INFO] [stdout] 124 |             return Err(uselesskey_test_support::TestError(format!(
[INFO] [stdout]     |                        ^^^^^^^^^^^^^^^^^^^^^^^ use of unresolved module or unlinked crate `uselesskey_test_support`
[INFO] [stdout]     |
[INFO] [stdout] help: there is a crate or module with a similar name
[INFO] [stdout]     |
[INFO] [stdout] 124 -             return Err(uselesskey_test_support::TestError(format!(
[INFO] [stdout] 124 +             return Err(uselesskey_test_server::TestError(format!(
[INFO] [stdout]     |
[INFO] [stdout] 
[INFO] [stdout] 
[INFO] [stdout] error[E0433]: cannot find module or crate `uselesskey_test_support` in this scope
[INFO] [stdout]    --> tests/spec_accessors.rs:168:27
[INFO] [stdout]     |
[INFO] [stdout] 168 |         Err(other) => Err(uselesskey_test_support::TestError(format!(
[INFO] [stdout]     |                           ^^^^^^^^^^^^^^^^^^^^^^^ use of unresolved module or unlinked crate `uselesskey_test_support`
[INFO] [stdout]     |
[INFO] [stdout] help: there is a crate or module with a similar name
[INFO] [stdout]     |
[INFO] [stdout] 168 -         Err(other) => Err(uselesskey_test_support::TestError(format!(
[INFO] [stdout] 168 +         Err(other) => Err(uselesskey_test_server::TestError(format!(
[INFO] [stdout]     |
[INFO] [stdout] 
[INFO] [stdout] 
[INFO] [stdout] error[E0433]: cannot find module or crate `uselesskey_test_support` in this scope
[INFO] [stdout]    --> tests/spec_accessors.rs:171:22
[INFO] [stdout]     |
[INFO] [stdout] 171 |         Ok(_) => Err(uselesskey_test_support::TestError(
[INFO] [stdout]     |                      ^^^^^^^^^^^^^^^^^^^^^^^ use of unresolved module or unlinked crate `uselesskey_test_support`
[INFO] [stdout]     |
[INFO] [stdout] help: there is a crate or module with a similar name
[INFO] [stdout]     |
[INFO] [stdout] 171 -         Ok(_) => Err(uselesskey_test_support::TestError(
[INFO] [stdout] 171 +         Ok(_) => Err(uselesskey_test_server::TestError(
[INFO] [stdout]     |
[INFO] [stdout] 
[INFO] [stdout] 
[INFO] [stdout] error[E0433]: cannot find module or crate `uselesskey_test_support` in this scope
[INFO] [stdout]    --> tests/spec_accessors.rs:256:24
[INFO] [stdout]     |
[INFO] [stdout] 256 |             return Err(uselesskey_test_support::TestError(format!(
[INFO] [stdout]     |                        ^^^^^^^^^^^^^^^^^^^^^^^ use of unresolved module or unlinked crate `uselesskey_test_support`
[INFO] [stdout]     |
[INFO] [stdout] help: there is a crate or module with a similar name
[INFO] [stdout]     |
[INFO] [stdout] 256 -             return Err(uselesskey_test_support::TestError(format!(
[INFO] [stdout] 256 +             return Err(uselesskey_test_server::TestError(format!(
[INFO] [stdout]     |
[INFO] [stdout] 
[INFO] [stdout] 
[INFO] [stdout] error[E0433]: cannot find module or crate `uselesskey_test_support` in this scope
[INFO] [stdout]    --> tests/spec_accessors.rs:262:24
[INFO] [stdout]     |
[INFO] [stdout] 262 |             return Err(uselesskey_test_support::TestError(
[INFO] [stdout]     |                        ^^^^^^^^^^^^^^^^^^^^^^^ use of unresolved module or unlinked crate `uselesskey_test_support`
[INFO] [stdout]     |
[INFO] [stdout] help: there is a crate or module with a similar name
[INFO] [stdout]     |
[INFO] [stdout] 262 -             return Err(uselesskey_test_support::TestError(
[INFO] [stdout] 262 +             return Err(uselesskey_test_server::TestError(
[INFO] [stdout]     |
[INFO] [stdout] 
[INFO] [stdout] 
[INFO] [stdout] Some errors have detailed explanations: E0432, E0433.
[INFO] [stdout] 
[INFO] [stdout] For more information about an error, try `rustc --explain E0432`.
[INFO] [stdout] 
[INFO] [stderr] error: could not compile `uselesskey-test-server` (test "spec_accessors") due to 10 previous errors
[INFO] running `Command { std: "docker" "inspect" "e846cf9a1ff4333d7a0887930c340d05e25210fc6c8561a2fb13d58573ef53a9", kill_on_drop: false }`
[INFO] running `Command { std: "docker" "rm" "-f" "e846cf9a1ff4333d7a0887930c340d05e25210fc6c8561a2fb13d58573ef53a9", kill_on_drop: false }`
[INFO] [stdout] e846cf9a1ff4333d7a0887930c340d05e25210fc6c8561a2fb13d58573ef53a9
