[INFO] fetching crate useenv 1.4.1...
[INFO] testing useenv-1.4.1 against 1.100.0-beta.1+cargoflags=--release for beta-release-1.100-2
[INFO] extracting crate useenv 1.4.1 into /workspace/builds/worker-0-tc2/source
[INFO] started tweaking crates.io crate useenv 1.4.1
[INFO] finished tweaking crates.io crate useenv 1.4.1
[INFO] tweaked toml for crates.io crate useenv 1.4.1 written to /workspace/builds/worker-0-tc2/source/Cargo.toml
[INFO] validating manifest of crates.io crate useenv 1.4.1 on toolchain 1.100.0-beta.1
[INFO] running `Command { std: CARGO_HOME="/workspace/cargo-home" RUSTUP_HOME="/workspace/rustup-home" "/workspace/cargo-home/bin/cargo" "+1.100.0-beta.1" "metadata" "--manifest-path" "Cargo.toml" "--no-deps", kill_on_drop: false }`
[INFO] crate crates.io crate useenv 1.4.1 already has a lockfile, it will not be regenerated
[INFO] running `Command { std: CARGO_HOME="/workspace/cargo-home" RUSTUP_HOME="/workspace/rustup-home" "/workspace/cargo-home/bin/cargo" "+1.100.0-beta.1" "fetch" "--manifest-path" "Cargo.toml", kill_on_drop: false }`
[INFO] running `Command { std: "docker" "create" "-v" "/var/lib/crater-agent-workspace/builds/worker-0-tc2/source:/opt/rustwide/workdir:ro,Z" "-v" "/var/lib/crater-agent-workspace/builds/worker-0-tc2/target:/opt/rustwide/target:rw,Z" "-v" "/var/lib/crater-agent-workspace/cargo-home:/opt/rustwide/cargo-home:ro,Z" "-v" "/var/lib/crater-agent-workspace/rustup-home:/opt/rustwide/rustup-home:ro,Z" "-m" "1610612736" "--network" "none" "ghcr.io/rust-lang/crates-build-env/linux@sha256:77db811e55d90add9212f6832c23229e3de5f1c1f9905e8cb07319ea15df73ac" "sleep" "infinity", kill_on_drop: false }`
[INFO] [stdout] 2b8829530a6ea8b1a59ead0a276218fafce73a40d2d2d466ddc7d3e45e7c1149
[INFO] running `Command { std: "docker" "start" "2b8829530a6ea8b1a59ead0a276218fafce73a40d2d2d466ddc7d3e45e7c1149", kill_on_drop: false }`
[INFO] running `Command { std: "docker" "inspect" "2b8829530a6ea8b1a59ead0a276218fafce73a40d2d2d466ddc7d3e45e7c1149", kill_on_drop: false }`
[INFO] running `Command { std: "docker" "exec" "-e" "SOURCE_DIR=/opt/rustwide/workdir" "-e" "CARGO_HOME=/opt/rustwide/cargo-home" "-e" "RUSTUP_HOME=/opt/rustwide/rustup-home" "-e" "CARGO_TARGET_DIR=/opt/rustwide/target" "-w" "/opt/rustwide/workdir" "--user" "0:0" "2b8829530a6ea8b1a59ead0a276218fafce73a40d2d2d466ddc7d3e45e7c1149" "/opt/rustwide/cargo-home/bin/cargo" "+1.100.0-beta.1" "metadata" "--no-deps" "--format-version=1", kill_on_drop: false }`
[INFO] running `Command { std: "docker" "inspect" "2b8829530a6ea8b1a59ead0a276218fafce73a40d2d2d466ddc7d3e45e7c1149", kill_on_drop: false }`
[INFO] running `Command { std: "docker" "exec" "-e" "SOURCE_DIR=/opt/rustwide/workdir" "-e" "CARGO_HOME=/opt/rustwide/cargo-home" "-e" "RUSTUP_HOME=/opt/rustwide/rustup-home" "-e" "CARGO_TARGET_DIR=/opt/rustwide/target" "-e" "CARGO_INCREMENTAL=0" "-e" "RUST_BACKTRACE=full" "-e" "RUSTFLAGS=--cap-lints=warn" "-e" "RUSTDOCFLAGS=--cap-lints=warn" "-w" "/opt/rustwide/workdir" "--user" "0:0" "2b8829530a6ea8b1a59ead0a276218fafce73a40d2d2d466ddc7d3e45e7c1149" "/opt/rustwide/cargo-home/bin/cargo" "+1.100.0-beta.1" "build" "--frozen" "--message-format=json" "--release", kill_on_drop: false }`
[INFO] [stderr]    Compiling proc-macro2 v1.0.106
[INFO] [stderr]    Compiling quote v1.0.45
[INFO] [stderr]    Compiling unicode-ident v1.0.22
[INFO] [stderr]    Compiling serde_core v1.0.228
[INFO] [stderr]    Compiling libc v0.2.177
[INFO] [stderr]    Compiling memchr v2.7.6
[INFO] [stderr]    Compiling serde v1.0.228
[INFO] [stderr]    Compiling utf8parse v0.2.2
[INFO] [stderr]    Compiling anstyle-parse v1.0.0
[INFO] [stderr]    Compiling serde_json v1.0.145
[INFO] [stderr]    Compiling itoa v1.0.15
[INFO] [stderr]    Compiling colorchoice v1.0.4
[INFO] [stderr]    Compiling ryu v1.0.20
[INFO] [stderr]    Compiling anstyle v1.0.13
[INFO] [stderr]    Compiling anstyle-query v1.1.5
[INFO] [stderr]    Compiling is_terminal_polyfill v1.70.2
[INFO] [stderr]    Compiling regex-syntax v0.8.11
[INFO] [stderr]    Compiling xdg v2.5.2
[INFO] [stderr]    Compiling anstream v1.0.0
[INFO] [stderr]    Compiling option-ext v0.2.0
[INFO] [stderr]    Compiling strsim v0.11.1
[INFO] [stderr]    Compiling aho-corasick v1.1.4
[INFO] [stderr]    Compiling equivalent v1.0.2
[INFO] [stderr]    Compiling syn v2.0.117
[INFO] [stderr]    Compiling clap_lex v1.0.0
[INFO] [stderr]    Compiling hashbrown v0.16.1
[INFO] [stderr]    Compiling app_dirs2 v2.5.5
[INFO] [stderr]    Compiling clap_builder v4.6.0
[INFO] [stderr]    Compiling unicode-width v0.2.2
[INFO] [stderr]    Compiling dirs-sys v0.5.0
[INFO] [stderr]    Compiling libyaml-rs v0.3.0
[INFO] [stderr]    Compiling dirs v6.0.0
[INFO] [stderr]    Compiling console v0.16.3
[INFO] [stderr]    Compiling indexmap v2.12.1
[INFO] [stderr]    Compiling which v8.0.4
[INFO] [stderr]    Compiling regex-automata v0.4.13
[INFO] [stderr]    Compiling semver v1.0.28
[INFO] [stderr]    Compiling serde_derive v1.0.228
[INFO] [stderr]    Compiling clap_derive v4.6.1
[INFO] [stderr]    Compiling clap v4.6.1
[INFO] [stderr]    Compiling regex v1.12.4
[INFO] [stderr]    Compiling yaml_serde v0.10.4
[INFO] [stderr]    Compiling preferences v2.0.0
[INFO] [stderr]    Compiling useenv v1.4.1 (/opt/rustwide/workdir)
[INFO] [stderr]     Finished `release` profile [optimized] target(s) in 1m 22s
[INFO] running `Command { std: "docker" "inspect" "2b8829530a6ea8b1a59ead0a276218fafce73a40d2d2d466ddc7d3e45e7c1149", kill_on_drop: false }`
[INFO] running `Command { std: "docker" "exec" "-e" "SOURCE_DIR=/opt/rustwide/workdir" "-e" "CARGO_HOME=/opt/rustwide/cargo-home" "-e" "RUSTUP_HOME=/opt/rustwide/rustup-home" "-e" "CARGO_TARGET_DIR=/opt/rustwide/target" "-e" "CARGO_INCREMENTAL=0" "-e" "RUST_BACKTRACE=full" "-e" "RUSTFLAGS=--cap-lints=warn" "-e" "RUSTDOCFLAGS=--cap-lints=warn" "-w" "/opt/rustwide/workdir" "--user" "0:0" "2b8829530a6ea8b1a59ead0a276218fafce73a40d2d2d466ddc7d3e45e7c1149" "/opt/rustwide/cargo-home/bin/cargo" "+1.100.0-beta.1" "test" "--frozen" "--no-run" "--message-format=json" "--release", kill_on_drop: false }`
[INFO] [stderr]    Compiling useenv v1.4.1 (/opt/rustwide/workdir)
[INFO] [stdout] error[E0560]: struct `config::CommonProperties` has no field named `aliases`
[INFO] [stdout]    --> src/config.rs:522:17
[INFO] [stdout]     |
[INFO] [stdout] 522 |                 aliases: None,
[INFO] [stdout]     |                 ^^^^^^^ unknown field
[INFO] [stdout]     |
[INFO] [stdout] help: a field with a similar name exists
[INFO] [stdout]     |
[INFO] [stdout] 522 -                 aliases: None,
[INFO] [stdout] 522 +                 alias: None,
[INFO] [stdout]     |
[INFO] [stdout] 
[INFO] [stdout] 
[INFO] [stdout] error[E0560]: struct `config::CommonProperties` has no field named `aliases`
[INFO] [stdout]    --> src/config.rs:575:17
[INFO] [stdout]     |
[INFO] [stdout] 575 |                 aliases: None,
[INFO] [stdout]     |                 ^^^^^^^ unknown field
[INFO] [stdout]     |
[INFO] [stdout] help: a field with a similar name exists
[INFO] [stdout]     |
[INFO] [stdout] 575 -                 aliases: None,
[INFO] [stdout] 575 +                 alias: None,
[INFO] [stdout]     |
[INFO] [stdout] 
[INFO] [stdout] 
[INFO] [stdout] error[E0560]: struct `config::CommonProperties` has no field named `aliases`
[INFO] [stdout]    --> src/config.rs:616:17
[INFO] [stdout]     |
[INFO] [stdout] 616 |                 aliases: None,
[INFO] [stdout]     |                 ^^^^^^^ unknown field
[INFO] [stdout]     |
[INFO] [stdout] help: a field with a similar name exists
[INFO] [stdout]     |
[INFO] [stdout] 616 -                 aliases: None,
[INFO] [stdout] 616 +                 alias: None,
[INFO] [stdout]     |
[INFO] [stdout] 
[INFO] [stdout] 
[INFO] [stdout] error[E0560]: struct `config::CommonProperties` has no field named `aliases`
[INFO] [stdout]    --> src/config.rs:633:17
[INFO] [stdout]     |
[INFO] [stdout] 633 |                 aliases: None,
[INFO] [stdout]     |                 ^^^^^^^ unknown field
[INFO] [stdout]     |
[INFO] [stdout] help: a field with a similar name exists
[INFO] [stdout]     |
[INFO] [stdout] 633 -                 aliases: None,
[INFO] [stdout] 633 +                 alias: None,
[INFO] [stdout]     |
[INFO] [stdout] 
[INFO] [stdout] 
[INFO] [stdout] For more information about this error, try `rustc --explain E0560`.
[INFO] [stdout] 
[INFO] [stderr] error: could not compile `useenv` (bin "use" test) due to 4 previous errors
[INFO] running `Command { std: "docker" "inspect" "2b8829530a6ea8b1a59ead0a276218fafce73a40d2d2d466ddc7d3e45e7c1149", kill_on_drop: false }`
[INFO] running `Command { std: "docker" "rm" "-f" "2b8829530a6ea8b1a59ead0a276218fafce73a40d2d2d466ddc7d3e45e7c1149", kill_on_drop: false }`
[INFO] [stdout] 2b8829530a6ea8b1a59ead0a276218fafce73a40d2d2d466ddc7d3e45e7c1149
