[INFO] fetching crate upwell 0.20.0...
[INFO] testing upwell-0.20.0 against 1.100.0-beta.1+cargoflags=--release for beta-release-1.100-2
[INFO] extracting crate upwell 0.20.0 into /workspace/builds/worker-5-tc2/source
[INFO] started tweaking crates.io crate upwell 0.20.0
[INFO] removed 0 missing tests
[INFO] finished tweaking crates.io crate upwell 0.20.0
[INFO] tweaked toml for crates.io crate upwell 0.20.0 written to /workspace/builds/worker-5-tc2/source/Cargo.toml
[INFO] validating manifest of crates.io crate upwell 0.20.0 on toolchain 1.100.0-beta.1
[INFO] running `Command { std: CARGO_HOME="/workspace/cargo-home" RUSTUP_HOME="/workspace/rustup-home" "/workspace/cargo-home/bin/cargo" "+1.100.0-beta.1" "metadata" "--manifest-path" "Cargo.toml" "--no-deps", kill_on_drop: false }`
[INFO] crate crates.io crate upwell 0.20.0 already has a lockfile, it will not be regenerated
[INFO] running `Command { std: CARGO_HOME="/workspace/cargo-home" RUSTUP_HOME="/workspace/rustup-home" "/workspace/cargo-home/bin/cargo" "+1.100.0-beta.1" "fetch" "--manifest-path" "Cargo.toml", kill_on_drop: false }`
[INFO] [stderr] warning: `package.homepage` is redundant with `package.repository`
[INFO] [stderr]   --> Cargo.toml:77:12
[INFO] [stderr]    |
[INFO] [stderr] 77 | homepage = "https://github.com/retrokiller543/upwell"
[INFO] [stderr]    |            ^^^^^^^^^^^^^^^^^^^^^^^^^^^^^^^^^^^^^^^^^^
[INFO] [stderr] ...
[INFO] [stderr] 82 | repository = "https://github.com/retrokiller543/upwell"
[INFO] [stderr]    |              ------------------------------------------
[INFO] [stderr]    |
[INFO] [stderr]    = note: `cargo::redundant_homepage` is set to `warn` by default
[INFO] [stderr] help: consider removing `package.homepage`
[INFO] [stderr] warning: `upwell` (manifest) generated 1 warning
[INFO] running `Command { std: "docker" "create" "-v" "/var/lib/crater-agent-workspace/builds/worker-5-tc2/source:/opt/rustwide/workdir:ro,Z" "-v" "/var/lib/crater-agent-workspace/builds/worker-5-tc2/target:/opt/rustwide/target:rw,Z" "-v" "/var/lib/crater-agent-workspace/cargo-home:/opt/rustwide/cargo-home:ro,Z" "-v" "/var/lib/crater-agent-workspace/rustup-home:/opt/rustwide/rustup-home:ro,Z" "-m" "1610612736" "--network" "none" "ghcr.io/rust-lang/crates-build-env/linux@sha256:77db811e55d90add9212f6832c23229e3de5f1c1f9905e8cb07319ea15df73ac" "sleep" "infinity", kill_on_drop: false }`
[INFO] [stdout] a3d440c7ba22a7c241148c98f2d5197c60059bc79f244507a1f50a448e2a5151
[INFO] running `Command { std: "docker" "start" "a3d440c7ba22a7c241148c98f2d5197c60059bc79f244507a1f50a448e2a5151", kill_on_drop: false }`
[INFO] running `Command { std: "docker" "inspect" "a3d440c7ba22a7c241148c98f2d5197c60059bc79f244507a1f50a448e2a5151", kill_on_drop: false }`
[INFO] running `Command { std: "docker" "exec" "-e" "SOURCE_DIR=/opt/rustwide/workdir" "-e" "CARGO_HOME=/opt/rustwide/cargo-home" "-e" "RUSTUP_HOME=/opt/rustwide/rustup-home" "-e" "CARGO_TARGET_DIR=/opt/rustwide/target" "-w" "/opt/rustwide/workdir" "--user" "0:0" "a3d440c7ba22a7c241148c98f2d5197c60059bc79f244507a1f50a448e2a5151" "/opt/rustwide/cargo-home/bin/cargo" "+1.100.0-beta.1" "metadata" "--no-deps" "--format-version=1", kill_on_drop: false }`
[INFO] running `Command { std: "docker" "inspect" "a3d440c7ba22a7c241148c98f2d5197c60059bc79f244507a1f50a448e2a5151", kill_on_drop: false }`
[INFO] running `Command { std: "docker" "exec" "-e" "SOURCE_DIR=/opt/rustwide/workdir" "-e" "CARGO_HOME=/opt/rustwide/cargo-home" "-e" "RUSTUP_HOME=/opt/rustwide/rustup-home" "-e" "CARGO_TARGET_DIR=/opt/rustwide/target" "-e" "CARGO_INCREMENTAL=0" "-e" "RUST_BACKTRACE=full" "-e" "RUSTFLAGS=--cap-lints=warn" "-e" "RUSTDOCFLAGS=--cap-lints=warn" "-w" "/opt/rustwide/workdir" "--user" "0:0" "a3d440c7ba22a7c241148c98f2d5197c60059bc79f244507a1f50a448e2a5151" "/opt/rustwide/cargo-home/bin/cargo" "+1.100.0-beta.1" "build" "--frozen" "--message-format=json" "--release", kill_on_drop: false }`
[INFO] [stderr] warning: `package.homepage` is redundant with `package.repository`
[INFO] [stderr]   --> Cargo.toml:77:12
[INFO] [stderr]    |
[INFO] [stderr] 77 | homepage = "https://github.com/retrokiller543/upwell"
[INFO] [stderr]    |            ^^^^^^^^^^^^^^^^^^^^^^^^^^^^^^^^^^^^^^^^^^
[INFO] [stderr] ...
[INFO] [stderr] 82 | repository = "https://github.com/retrokiller543/upwell"
[INFO] [stderr]    |              ------------------------------------------
[INFO] [stderr]    |
[INFO] [stderr]    = note: `cargo::redundant_homepage` is set to `warn` by default
[INFO] [stderr] help: consider removing `package.homepage`
[INFO] [stderr] warning: `upwell` (manifest) generated 1 warning
[INFO] [stderr]    Compiling futures-channel v0.3.34
[INFO] [stderr]    Compiling upwell-build v0.20.0
[INFO] [stderr]    Compiling linkme-impl v0.3.37
[INFO] [stderr]    Compiling linkme v0.3.37
[INFO] [stderr]    Compiling spin v0.9.9
[INFO] [stderr]    Compiling parking_lot_core v0.9.12
[INFO] [stderr]    Compiling heapless v0.7.17
[INFO] [stderr]    Compiling upwell-core v0.20.0
[INFO] [stderr]    Compiling dirs-sys v0.5.0
[INFO] [stderr]    Compiling hash32 v0.2.1
[INFO] [stderr]    Compiling futures-macro v0.3.34
[INFO] [stderr]    Compiling thiserror-impl v2.0.20
[INFO] [stderr]    Compiling serde v1.0.229
[INFO] [stderr]    Compiling arc-swap v1.9.2
[INFO] [stderr]    Compiling winnow v1.0.4
[INFO] [stderr]    Compiling serde_spanned v1.1.1
[INFO] [stderr]    Compiling upwell-di v0.20.0
[INFO] [stderr]    Compiling upwell-macros-core v0.20.0
[INFO] [stderr]    Compiling toml_datetime v1.1.1+spec-1.1.0
[INFO] [stderr]    Compiling toml_writer v1.1.2+spec-1.1.0
[INFO] [stderr]    Compiling parking_lot v0.12.5
[INFO] [stderr]    Compiling directories v6.0.0
[INFO] [stderr]    Compiling tokio v1.53.1
[INFO] [stderr]    Compiling toml_parser v1.1.3+spec-1.1.0
[INFO] [stderr]    Compiling toml v1.1.4+spec-1.1.0
[INFO] [stderr]    Compiling futures-util v0.3.34
[INFO] [stderr]    Compiling thiserror v2.0.20
[INFO] [stderr]    Compiling cobs v0.3.0
[INFO] [stderr]    Compiling upwell-macros v0.20.0
[INFO] [stderr]    Compiling postcard v1.1.3
[INFO] [stderr]    Compiling futures-executor v0.3.34
[INFO] [stderr]    Compiling futures v0.3.34
[INFO] [stderr]    Compiling upwell-hooks v0.20.0
[INFO] [stderr]    Compiling tokio-util v0.7.19
[INFO] [stderr]    Compiling upwell-transport v0.20.0
[INFO] [stderr]    Compiling upwell-dirs v0.20.0
[INFO] [stderr]    Compiling upwell-config v0.20.0
[INFO] [stderr]    Compiling upwell-client v0.20.0
[INFO] [stderr]    Compiling upwell-app v0.20.0
[INFO] [stderr]    Compiling upwell v0.20.0 (/opt/rustwide/workdir)
[INFO] [stderr]     Finished `release` profile [optimized] target(s) in 24.06s
[INFO] running `Command { std: "docker" "inspect" "a3d440c7ba22a7c241148c98f2d5197c60059bc79f244507a1f50a448e2a5151", kill_on_drop: false }`
[INFO] running `Command { std: "docker" "exec" "-e" "SOURCE_DIR=/opt/rustwide/workdir" "-e" "CARGO_HOME=/opt/rustwide/cargo-home" "-e" "RUSTUP_HOME=/opt/rustwide/rustup-home" "-e" "CARGO_TARGET_DIR=/opt/rustwide/target" "-e" "CARGO_INCREMENTAL=0" "-e" "RUST_BACKTRACE=full" "-e" "RUSTFLAGS=--cap-lints=warn" "-e" "RUSTDOCFLAGS=--cap-lints=warn" "-w" "/opt/rustwide/workdir" "--user" "0:0" "a3d440c7ba22a7c241148c98f2d5197c60059bc79f244507a1f50a448e2a5151" "/opt/rustwide/cargo-home/bin/cargo" "+1.100.0-beta.1" "test" "--frozen" "--no-run" "--message-format=json" "--release", kill_on_drop: false }`
[INFO] [stderr] warning: `package.homepage` is redundant with `package.repository`
[INFO] [stderr]   --> Cargo.toml:77:12
[INFO] [stderr]    |
[INFO] [stderr] 77 | homepage = "https://github.com/retrokiller543/upwell"
[INFO] [stderr]    |            ^^^^^^^^^^^^^^^^^^^^^^^^^^^^^^^^^^^^^^^^^^
[INFO] [stderr] ...
[INFO] [stderr] 82 | repository = "https://github.com/retrokiller543/upwell"
[INFO] [stderr]    |              ------------------------------------------
[INFO] [stderr]    |
[INFO] [stderr]    = note: `cargo::redundant_homepage` is set to `warn` by default
[INFO] [stderr] help: consider removing `package.homepage`
[INFO] [stderr] warning: `upwell` (manifest) generated 1 warning
[INFO] [stderr]    Compiling utoipa-gen v5.5.0
[INFO] [stderr]    Compiling indexmap v2.14.0
[INFO] [stderr]    Compiling utoipa v5.5.0
[INFO] [stderr]    Compiling upwell v0.20.0 (/opt/rustwide/workdir)
[INFO] [stdout] error[E0432]: unresolved import `upwell::daemon`
[INFO] [stdout]    --> tests/rpc_hardening.rs:8:13
[INFO] [stdout]     |
[INFO] [stdout]   8 | use upwell::daemon::{
[INFO] [stdout]     |             ^^^^^^ could not find `daemon` in `upwell`
[INFO] [stdout]     |
[INFO] [stdout] note: found an item that was configured out
[INFO] [stdout]    --> src/lib.rs:194:9
[INFO] [stdout]     |
[INFO] [stdout] 193 | #[cfg(all(feature = "daemon", not(target_family = "wasm")))]
[INFO] [stdout]     |           ------------------ the item is gated behind the `daemon` feature
[INFO] [stdout] 194 | pub mod daemon {
[INFO] [stdout]     |         ^^^^^^
[INFO] [stdout] 
[INFO] [stdout] 
[INFO] [stdout] error[E0432]: unresolved import `upwell::daemon`
[INFO] [stdout]    --> tests/by_value.rs:8:13
[INFO] [stdout]     |
[INFO] [stdout]   8 | use upwell::daemon::App;
[INFO] [stdout]     |             ^^^^^^ could not find `daemon` in `upwell`
[INFO] [stdout]     |
[INFO] [stdout] note: found an item that was configured out
[INFO] [stdout]    --> src/lib.rs:194:9
[INFO] [stdout]     |
[INFO] [stdout] 193 | #[cfg(all(feature = "daemon", not(target_family = "wasm")))]
[INFO] [stdout]     |           ------------------ the item is gated behind the `daemon` feature
[INFO] [stdout] 194 | pub mod daemon {
[INFO] [stdout]     |         ^^^^^^
[INFO] [stdout] 
[INFO] [stdout] 
[INFO] [stdout] error[E0432]: unresolved import `upwell::daemon`
[INFO] [stdout]    --> tests/factory.rs:7:13
[INFO] [stdout]     |
[INFO] [stdout]   7 | use upwell::daemon::{App, Inject, Payload, handlers, service};
[INFO] [stdout]     |             ^^^^^^ could not find `daemon` in `upwell`
[INFO] [stdout]     |
[INFO] [stdout] note: found an item that was configured out
[INFO] [stdout]    --> src/lib.rs:194:9
[INFO] [stdout]     |
[INFO] [stdout] 193 | #[cfg(all(feature = "daemon", not(target_family = "wasm")))]
[INFO] [stdout]     |           ------------------ the item is gated behind the `daemon` feature
[INFO] [stdout] 194 | pub mod daemon {
[INFO] [stdout]     |         ^^^^^^
[INFO] [stdout] 
[INFO] [stdout] 
[INFO] [stdout] error[E0432]: unresolved import `upwell::daemon`
[INFO] [stdout]    --> tests/builtins.rs:5:13
[INFO] [stdout]     |
[INFO] [stdout]   5 | use upwell::daemon::{App, Inject, Payload, handlers, service};
[INFO] [stdout]     |             ^^^^^^ could not find `daemon` in `upwell`
[INFO] [stdout]     |
[INFO] [stdout] note: found an item that was configured out
[INFO] [stdout]    --> src/lib.rs:194:9
[INFO] [stdout]     |
[INFO] [stdout] 193 | #[cfg(all(feature = "daemon", not(target_family = "wasm")))]
[INFO] [stdout]     |           ------------------ the item is gated behind the `daemon` feature
[INFO] [stdout] 194 | pub mod daemon {
[INFO] [stdout]     |         ^^^^^^
[INFO] [stdout] 
[INFO] [stdout] 
[INFO] [stdout] error: cannot find attribute `rpc` in this scope
[INFO] [stdout]   --> tests/factory.rs:50:7
[INFO] [stdout]    |
[INFO] [stdout] 50 |     #[rpc]
[INFO] [stdout]    |       ^^^
[INFO] [stdout] 
[INFO] [stdout] 
[INFO] [stdout] error: cannot find attribute `rpc` in this scope
[INFO] [stdout]   --> tests/rpc_hardening.rs:21:7
[INFO] [stdout]    |
[INFO] [stdout] 21 |     #[rpc]
[INFO] [stdout]    |       ^^^
[INFO] [stdout] 
[INFO] [stdout] 
[INFO] [stdout] error: cannot find attribute `rpc` in this scope
[INFO] [stdout]   --> tests/factory.rs:56:7
[INFO] [stdout]    |
[INFO] [stdout] 56 |     #[rpc]
[INFO] [stdout]    |       ^^^
[INFO] [stdout] 
[INFO] [stdout] 
[INFO] [stdout] error: cannot find attribute `rpc` in this scope
[INFO] [stdout]   --> tests/rpc_hardening.rs:26:7
[INFO] [stdout]    |
[INFO] [stdout] 26 |     #[rpc]
[INFO] [stdout]    |       ^^^
[INFO] [stdout] 
[INFO] [stdout] 
[INFO] [stdout] error: cannot find attribute `rpc` in this scope
[INFO] [stdout]   --> tests/factory.rs:62:7
[INFO] [stdout]    |
[INFO] [stdout] 62 |     #[rpc]
[INFO] [stdout]    |       ^^^
[INFO] [stdout] 
[INFO] [stdout] 
[INFO] [stdout] error: cannot find attribute `rpc` in this scope
[INFO] [stdout]   --> tests/rpc_hardening.rs:31:7
[INFO] [stdout]    |
[INFO] [stdout] 31 |     #[rpc]
[INFO] [stdout]    |       ^^^
[INFO] [stdout] 
[INFO] [stdout] 
[INFO] [stdout] error: cannot find attribute `rpc` in this scope
[INFO] [stdout]   --> tests/factory.rs:69:7
[INFO] [stdout]    |
[INFO] [stdout] 69 |     #[rpc]
[INFO] [stdout]    |       ^^^
[INFO] [stdout] 
[INFO] [stdout] 
[INFO] [stdout] error: cannot find macro `FactorySvcRegistrations` in this scope
[INFO] [stdout]   --> tests/factory.rs:37:6
[INFO] [stdout]    |
[INFO] [stdout] 37 | impl FactorySvc {
[INFO] [stdout]    |      ^^^^^^^^^^
[INFO] [stdout] 
[INFO] [stdout] 
[INFO] [stdout] error: cannot find attribute `rpc` in this scope
[INFO] [stdout]   --> tests/builtins.rs:16:7
[INFO] [stdout]    |
[INFO] [stdout] 16 |     #[rpc]
[INFO] [stdout]    |       ^^^
[INFO] [stdout] 
[INFO] [stdout] 
[INFO] [stdout] error[E0433]: cannot find `daemon` in `upwell`
[INFO] [stdout]    --> tests/rpc_hardening.rs:88:37
[INFO] [stdout]     |
[INFO] [stdout]  88 |     tokio::task::JoinHandle<upwell::daemon::Result<()>>,
[INFO] [stdout]     |                                     ^^^^^^ could not find `daemon` in `upwell`
[INFO] [stdout]     |
[INFO] [stdout] note: found an item that was configured out
[INFO] [stdout]    --> src/lib.rs:194:9
[INFO] [stdout]     |
[INFO] [stdout] 193 | #[cfg(all(feature = "daemon", not(target_family = "wasm")))]
[INFO] [stdout]     |           ------------------ the item is gated behind the `daemon` feature
[INFO] [stdout] 194 | pub mod daemon {
[INFO] [stdout]     |         ^^^^^^
[INFO] [stdout] 
[INFO] [stdout] 
[INFO] [stdout] error[E0432]: unresolved import `upwell::daemon`
[INFO] [stdout]    --> tests/config_reload.rs:12:13
[INFO] [stdout]     |
[INFO] [stdout]  12 | use upwell::daemon::App;
[INFO] [stdout]     |             ^^^^^^ could not find `daemon` in `upwell`
[INFO] [stdout]     |
[INFO] [stdout] note: found an item that was configured out
[INFO] [stdout]    --> src/lib.rs:194:9
[INFO] [stdout]     |
[INFO] [stdout] 193 | #[cfg(all(feature = "daemon", not(target_family = "wasm")))]
[INFO] [stdout]     |           ------------------ the item is gated behind the `daemon` feature
[INFO] [stdout] 194 | pub mod daemon {
[INFO] [stdout]     |         ^^^^^^
[INFO] [stdout] 
[INFO] [stdout] 
[INFO] [stdout] error: cannot find attribute `default` in this scope
[INFO] [stdout]   --> tests/factory.rs:32:7
[INFO] [stdout]    |
[INFO] [stdout] 32 |     #[default]
[INFO] [stdout]    |       ^^^^^^^
[INFO] [stdout] 
[INFO] [stdout] 
[INFO] [stdout] error[E0432]: unresolved import `upwell::daemon`
[INFO] [stdout]    --> tests/deprecated_aliases.rs:8:13
[INFO] [stdout]     |
[INFO] [stdout]   8 | use upwell::daemon::{Daemon, DaemonBuilder};
[INFO] [stdout]     |             ^^^^^^ could not find `daemon` in `upwell`
[INFO] [stdout]     |
[INFO] [stdout] note: found an item that was configured out
[INFO] [stdout]    --> src/lib.rs:194:9
[INFO] [stdout]     |
[INFO] [stdout] 193 | #[cfg(all(feature = "daemon", not(target_family = "wasm")))]
[INFO] [stdout]     |           ------------------ the item is gated behind the `daemon` feature
[INFO] [stdout] 194 | pub mod daemon {
[INFO] [stdout]     |         ^^^^^^
[INFO] [stdout] 
[INFO] [stdout] 
[INFO] [stderr] error: could not compile `upwell` (test "rpc_hardening") due to 5 previous errors
[INFO] [stdout] error[E0433]: cannot find `daemon` in `upwell`
[INFO] [stdout]    --> tests/factory.rs:39:77
[INFO] [stdout]     |
[INFO] [stdout]  39 |     async fn create(counter: Arc<Counter>, cfg: Cfg<FactoryCfg>) -> upwell::daemon::Result<Self> {
[INFO] [stdout]     |                                                                             ^^^^^^ could not find `daemon` in `upwell`
[INFO] [stdout]     |
[INFO] [stdout] note: found an item that was configured out
[INFO] [stdout]    --> src/lib.rs:194:9
[INFO] [stdout]     |
[INFO] [stdout] 193 | #[cfg(all(feature = "daemon", not(target_family = "wasm")))]
[INFO] [stdout]     |           ------------------ the item is gated behind the `daemon` feature
[INFO] [stdout] 194 | pub mod daemon {
[INFO] [stdout]     |         ^^^^^^
[INFO] [stdout] 
[INFO] [stdout] 
[INFO] [stderr] warning: build failed, waiting for other jobs to finish...
[INFO] [stdout] Some errors have detailed explanations: E0432, E0433.
[INFO] [stdout] 
[INFO] [stdout] For more information about an error, try `rustc --explain E0432`.
[INFO] [stdout] 
[INFO] [stdout] For more information about this error, try `rustc --explain E0432`.
[INFO] [stdout] 
[INFO] [stderr] error: could not compile `upwell` (test "builtins") due to 2 previous errors
[INFO] [stderr] error: could not compile `upwell` (test "config_reload") due to 1 previous error
[INFO] [stdout] For more information about this error, try `rustc --explain E0432`.
[INFO] [stdout] 
[INFO] [stdout] For more information about this error, try `rustc --explain E0432`.
[INFO] [stdout] 
[INFO] [stderr] error: could not compile `upwell` (test "by_value") due to 1 previous error
[INFO] [stdout] error[E0432]: unresolved import `upwell::daemon`
[INFO] [stdout]    --> tests/scopes.rs:14:13
[INFO] [stdout]     |
[INFO] [stdout]  14 | use upwell::daemon::{App, Inject, handlers, service};
[INFO] [stdout]     |             ^^^^^^ could not find `daemon` in `upwell`
[INFO] [stdout]     |
[INFO] [stdout] note: found an item that was configured out
[INFO] [stdout]    --> src/lib.rs:194:9
[INFO] [stdout]     |
[INFO] [stdout] 193 | #[cfg(all(feature = "daemon", not(target_family = "wasm")))]
[INFO] [stdout]     |           ------------------ the item is gated behind the `daemon` feature
[INFO] [stdout] 194 | pub mod daemon {
[INFO] [stdout]     |         ^^^^^^
[INFO] [stdout] 
[INFO] [stdout] 
[INFO] [stdout] error[E0432]: unresolved import `upwell::daemon`
[INFO] [stdout]    --> tests/dependency_injection.rs:8:13
[INFO] [stdout]     |
[INFO] [stdout]   8 | use upwell::daemon::App;
[INFO] [stdout]     |             ^^^^^^ could not find `daemon` in `upwell`
[INFO] [stdout]     |
[INFO] [stdout] note: found an item that was configured out
[INFO] [stdout]    --> src/lib.rs:194:9
[INFO] [stdout]     |
[INFO] [stdout] 193 | #[cfg(all(feature = "daemon", not(target_family = "wasm")))]
[INFO] [stdout]     |           ------------------ the item is gated behind the `daemon` feature
[INFO] [stdout] 194 | pub mod daemon {
[INFO] [stdout]     |         ^^^^^^
[INFO] [stdout] 
[INFO] [stdout] 
[INFO] [stdout] error[E0433]: cannot find `daemon` in `upwell`
[INFO] [stdout]    --> tests/deprecated_aliases.rs:34:27
[INFO] [stdout]     |
[INFO] [stdout]  34 |         protocol: upwell::daemon::RpcPlugin,
[INFO] [stdout]     |                           ^^^^^^ could not find `daemon` in `upwell`
[INFO] [stdout]     |
[INFO] [stdout] note: found an item that was configured out
[INFO] [stdout]    --> src/lib.rs:194:9
[INFO] [stdout]     |
[INFO] [stdout] 193 | #[cfg(all(feature = "daemon", not(target_family = "wasm")))]
[INFO] [stdout]     |           ------------------ the item is gated behind the `daemon` feature
[INFO] [stdout] 194 | pub mod daemon {
[INFO] [stdout]     |         ^^^^^^
[INFO] [stdout] 
[INFO] [stdout] 
[INFO] [stdout] error[E0432]: unresolved import `upwell::daemon`
[INFO] [stdout]    --> tests/hook_custom.rs:10:13
[INFO] [stdout]     |
[INFO] [stdout]  10 | use upwell::daemon::App;
[INFO] [stdout]     |             ^^^^^^ could not find `daemon` in `upwell`
[INFO] [stdout]     |
[INFO] [stdout] note: found an item that was configured out
[INFO] [stdout]    --> src/lib.rs:194:9
[INFO] [stdout]     |
[INFO] [stdout] 193 | #[cfg(all(feature = "daemon", not(target_family = "wasm")))]
[INFO] [stdout]     |           ------------------ the item is gated behind the `daemon` feature
[INFO] [stdout] 194 | pub mod daemon {
[INFO] [stdout]     |         ^^^^^^
[INFO] [stdout] 
[INFO] [stdout] 
[INFO] [stdout] Some errors have detailed explanations: E0432, E0433.
[INFO] [stdout] 
[INFO] [stdout] For more information about an error, try `rustc --explain E0432`.
[INFO] [stdout] 
[INFO] [stderr] error: could not compile `upwell` (test "factory") due to 8 previous errors
[INFO] [stdout] error[E0432]: unresolved import `upwell::daemon`
[INFO] [stdout]    --> tests/hook_abort.rs:10:13
[INFO] [stdout]     |
[INFO] [stdout]  10 | use upwell::daemon::App;
[INFO] [stdout]     |             ^^^^^^ could not find `daemon` in `upwell`
[INFO] [stdout]     |
[INFO] [stdout] note: found an item that was configured out
[INFO] [stdout]    --> src/lib.rs:194:9
[INFO] [stdout]     |
[INFO] [stdout] 193 | #[cfg(all(feature = "daemon", not(target_family = "wasm")))]
[INFO] [stdout]     |           ------------------ the item is gated behind the `daemon` feature
[INFO] [stdout] 194 | pub mod daemon {
[INFO] [stdout]     |         ^^^^^^
[INFO] [stdout] 
[INFO] [stdout] 
[INFO] [stdout] error: cannot find attribute `rpc` in this scope
[INFO] [stdout]    --> tests/scopes.rs:100:7
[INFO] [stdout]     |
[INFO] [stdout] 100 |     #[rpc]
[INFO] [stdout]     |       ^^^
[INFO] [stdout] 
[INFO] [stdout] 
[INFO] [stdout] error: cannot find attribute `rpc` in this scope
[INFO] [stdout]    --> tests/scopes.rs:106:7
[INFO] [stdout]     |
[INFO] [stdout] 106 |     #[rpc]
[INFO] [stdout]     |       ^^^
[INFO] [stdout] 
[INFO] [stdout] 
[INFO] [stdout] error: cannot find attribute `rpc` in this scope
[INFO] [stdout]    --> tests/scopes.rs:114:7
[INFO] [stdout]     |
[INFO] [stdout] 114 |     #[rpc]
[INFO] [stdout]     |       ^^^
[INFO] [stdout] 
[INFO] [stdout] 
[INFO] [stdout] For more information about this error, try `rustc --explain E0432`.
[INFO] [stdout] 
[INFO] [stdout] Some errors have detailed explanations: E0432, E0433.
[INFO] [stdout] 
[INFO] [stdout] For more information about an error, try `rustc --explain E0432`.
[INFO] [stdout] 
[INFO] [stdout] error[E0433]: cannot find `daemon` in `upwell`
[INFO] [stdout]    --> tests/hook_custom.rs:47:41
[INFO] [stdout]     |
[INFO] [stdout]  47 |     async fn on_start(&self) -> upwell::daemon::Result<()> {
[INFO] [stdout]     |                                         ^^^^^^ could not find `daemon` in `upwell`
[INFO] [stdout]     |
[INFO] [stdout] note: found an item that was configured out
[INFO] [stdout]    --> src/lib.rs:194:9
[INFO] [stdout]     |
[INFO] [stdout] 193 | #[cfg(all(feature = "daemon", not(target_family = "wasm")))]
[INFO] [stdout]     |           ------------------ the item is gated behind the `daemon` feature
[INFO] [stdout] 194 | pub mod daemon {
[INFO] [stdout]     |         ^^^^^^
[INFO] [stdout] 
[INFO] [stdout] 
[INFO] [stderr] error: could not compile `upwell` (test "dependency_injection") due to 1 previous error
[INFO] [stderr] error: could not compile `upwell` (test "deprecated_aliases") due to 2 previous errors
[INFO] [stdout] error[E0433]: cannot find `daemon` in `upwell`
[INFO] [stdout]    --> tests/scopes.rs:49:29
[INFO] [stdout]     |
[INFO] [stdout]  49 | #[component(scope = upwell::daemon::Connection)]
[INFO] [stdout]     |                             ^^^^^^ could not find `daemon` in `upwell`
[INFO] [stdout]     |
[INFO] [stdout] note: found an item that was configured out
[INFO] [stdout]    --> src/lib.rs:194:9
[INFO] [stdout]     |
[INFO] [stdout] 193 | #[cfg(all(feature = "daemon", not(target_family = "wasm")))]
[INFO] [stdout]     |           ------------------ the item is gated behind the `daemon` feature
[INFO] [stdout] 194 | pub mod daemon {
[INFO] [stdout]     |         ^^^^^^
[INFO] [stdout] 
[INFO] [stdout] 
[INFO] [stdout] error[E0433]: cannot find `daemon` in `upwell`
[INFO] [stdout]    --> tests/scopes.rs:57:29
[INFO] [stdout]     |
[INFO] [stdout]  57 | #[component(scope = upwell::daemon::Request)]
[INFO] [stdout]     |                             ^^^^^^ could not find `daemon` in `upwell`
[INFO] [stdout]     |
[INFO] [stdout] note: found an item that was configured out
[INFO] [stdout]    --> src/lib.rs:194:9
[INFO] [stdout]     |
[INFO] [stdout] 193 | #[cfg(all(feature = "daemon", not(target_family = "wasm")))]
[INFO] [stdout]     |           ------------------ the item is gated behind the `daemon` feature
[INFO] [stdout] 194 | pub mod daemon {
[INFO] [stdout]     |         ^^^^^^
[INFO] [stdout] 
[INFO] [stdout] 
[INFO] [stdout] error[E0433]: cannot find `daemon` in `upwell`
[INFO] [stdout]    --> tests/scopes.rs:85:29
[INFO] [stdout]     |
[INFO] [stdout]  85 | #[component(scope = upwell::daemon::Request, provide = dyn ScopedMarker)]
[INFO] [stdout]     |                             ^^^^^^ could not find `daemon` in `upwell`
[INFO] [stdout]     |
[INFO] [stdout] note: found an item that was configured out
[INFO] [stdout]    --> src/lib.rs:194:9
[INFO] [stdout]     |
[INFO] [stdout] 193 | #[cfg(all(feature = "daemon", not(target_family = "wasm")))]
[INFO] [stdout]     |           ------------------ the item is gated behind the `daemon` feature
[INFO] [stdout] 194 | pub mod daemon {
[INFO] [stdout]     |         ^^^^^^
[INFO] [stdout] 
[INFO] [stdout] 
[INFO] [stdout] error[E0433]: cannot find `daemon` in `upwell`
[INFO] [stdout]    --> tests/hook_abort.rs:42:18
[INFO] [stdout]     |
[INFO] [stdout]  42 |     ) -> upwell::daemon::Result<HookOutcome> {
[INFO] [stdout]     |                  ^^^^^^ could not find `daemon` in `upwell`
[INFO] [stdout]     |
[INFO] [stdout] note: found an item that was configured out
[INFO] [stdout]    --> src/lib.rs:194:9
[INFO] [stdout]     |
[INFO] [stdout] 193 | #[cfg(all(feature = "daemon", not(target_family = "wasm")))]
[INFO] [stdout]     |           ------------------ the item is gated behind the `daemon` feature
[INFO] [stdout] 194 | pub mod daemon {
[INFO] [stdout]     |         ^^^^^^
[INFO] [stdout] 
[INFO] [stdout] 
[INFO] [stdout] error[E0433]: cannot find `daemon` in `upwell`
[INFO] [stdout]    --> tests/scopes.rs:101:65
[INFO] [stdout]     |
[INFO] [stdout] 101 |     async fn ids(Inject(req): Inject<Arc<ReqState>>) -> upwell::daemon::Result<(u64, u64)> {
[INFO] [stdout]     |                                                                 ^^^^^^ could not find `daemon` in `upwell`
[INFO] [stdout]     |
[INFO] [stdout] note: found an item that was configured out
[INFO] [stdout]    --> src/lib.rs:194:9
[INFO] [stdout]     |
[INFO] [stdout] 193 | #[cfg(all(feature = "daemon", not(target_family = "wasm")))]
[INFO] [stdout]     |           ------------------ the item is gated behind the `daemon` feature
[INFO] [stdout] 194 | pub mod daemon {
[INFO] [stdout]     |         ^^^^^^
[INFO] [stdout] 
[INFO] [stdout] 
[INFO] [stdout] error[E0433]: cannot find `daemon` in `upwell`
[INFO] [stdout]    --> tests/hook_abort.rs:43:21
[INFO] [stdout]     |
[INFO] [stdout]  43 |         Err(upwell::daemon::Error::MissingComponent(
[INFO] [stdout]     |                     ^^^^^^ could not find `daemon` in `upwell`
[INFO] [stdout]     |
[INFO] [stdout] note: found an item that was configured out
[INFO] [stdout]    --> src/lib.rs:194:9
[INFO] [stdout]     |
[INFO] [stdout] 193 | #[cfg(all(feature = "daemon", not(target_family = "wasm")))]
[INFO] [stdout]     |           ------------------ the item is gated behind the `daemon` feature
[INFO] [stdout] 194 | pub mod daemon {
[INFO] [stdout]     |         ^^^^^^
[INFO] [stdout] help: consider importing one of these items
[INFO] [stdout]     |
[INFO] [stdout]   5 + use std::error::Error;
[INFO] [stdout]     |
[INFO] [stdout]   5 + use std::fmt::Error;
[INFO] [stdout]     |
[INFO] [stdout]   5 + use std::io::Error;
[INFO] [stdout]     |
[INFO] [stdout]   5 + use core::error::Error;
[INFO] [stdout]     |
[INFO] [stdout]     = and 1 other candidate
[INFO] [stdout] help: if you import `Error`, refer to it directly
[INFO] [stdout]     |
[INFO] [stdout]  43 -         Err(upwell::daemon::Error::MissingComponent(
[INFO] [stdout]  43 +         Err(Error::MissingComponent(
[INFO] [stdout]     |
[INFO] [stdout] 
[INFO] [stdout] 
[INFO] [stdout] error[E0432]: unresolved import `upwell::daemon`
[INFO] [stdout]    --> tests/provider_primitives.rs:12:13
[INFO] [stdout]     |
[INFO] [stdout]  12 | use upwell::daemon::App;
[INFO] [stdout]     |             ^^^^^^ could not find `daemon` in `upwell`
[INFO] [stdout]     |
[INFO] [stdout] note: found an item that was configured out
[INFO] [stdout]    --> src/lib.rs:194:9
[INFO] [stdout]     |
[INFO] [stdout] 193 | #[cfg(all(feature = "daemon", not(target_family = "wasm")))]
[INFO] [stdout]     |           ------------------ the item is gated behind the `daemon` feature
[INFO] [stdout] 194 | pub mod daemon {
[INFO] [stdout]     |         ^^^^^^
[INFO] [stdout] 
[INFO] [stdout] 
[INFO] [stdout] error[E0433]: cannot find `daemon` in `upwell`
[INFO] [stdout]    --> tests/scopes.rs:110:18
[INFO] [stdout]     |
[INFO] [stdout] 110 |     ) -> upwell::daemon::Result<(u64, u64)> {
[INFO] [stdout]     |                  ^^^^^^ could not find `daemon` in `upwell`
[INFO] [stdout]     |
[INFO] [stdout] note: found an item that was configured out
[INFO] [stdout]    --> src/lib.rs:194:9
[INFO] [stdout]     |
[INFO] [stdout] 193 | #[cfg(all(feature = "daemon", not(target_family = "wasm")))]
[INFO] [stdout]     |           ------------------ the item is gated behind the `daemon` feature
[INFO] [stdout] 194 | pub mod daemon {
[INFO] [stdout]     |         ^^^^^^
[INFO] [stdout] 
[INFO] [stdout] 
[INFO] [stdout] error[E0433]: cannot find `daemon` in `upwell`
[INFO] [stdout]    --> tests/scopes.rs:117:18
[INFO] [stdout]     |
[INFO] [stdout] 117 |     ) -> upwell::daemon::Result<Vec<String>> {
[INFO] [stdout]     |                  ^^^^^^ could not find `daemon` in `upwell`
[INFO] [stdout]     |
[INFO] [stdout] note: found an item that was configured out
[INFO] [stdout]    --> src/lib.rs:194:9
[INFO] [stdout]     |
[INFO] [stdout] 193 | #[cfg(all(feature = "daemon", not(target_family = "wasm")))]
[INFO] [stdout]     |           ------------------ the item is gated behind the `daemon` feature
[INFO] [stdout] 194 | pub mod daemon {
[INFO] [stdout]     |         ^^^^^^
[INFO] [stdout] 
[INFO] [stdout] 
[INFO] [stdout] error[E0277]: the trait bound `PeerInfo: Injectable` is not satisfied
[INFO] [stdout]   --> tests/scopes.rs:49:1
[INFO] [stdout]    |
[INFO] [stdout] 49 | #[component(scope = upwell::daemon::Connection)]
[INFO] [stdout]    | ^^^^^^^^^^^^^^^^^^^^^^^^^^^^^^^^^^^^^^^^^^^^^^^^ the trait `Injectable` is not implemented for `PeerInfo`
[INFO] [stdout]    |
[INFO] [stdout]    = help: the following other types implement trait `Injectable`:
[INFO] [stdout]              Arc<T>
[INFO] [stdout]              Cfg<T>
[INFO] [stdout]              ConfigReloader
[INFO] [stdout]              DirectoriesManager
[INFO] [stdout]              HookManager
[INFO] [stdout]              Live<T>
[INFO] [stdout]              RootResolver
[INFO] [stdout]              ShutdownHandle
[INFO] [stdout]              upwell::Dir<K>
[INFO] [stdout]    = note: this error originates in the attribute macro `component` (in Nightly builds, run with -Z macro-backtrace for more info)
[INFO] [stdout] 
[INFO] [stdout] 
[INFO] [stdout] Some errors have detailed explanations: E0432, E0433.
[INFO] [stdout] 
[INFO] [stdout] For more information about an error, try `rustc --explain E0432`.
[INFO] [stdout] 
[INFO] [stderr] error: could not compile `upwell` (test "hook_custom") due to 2 previous errors
[INFO] [stdout] error[E0277]: the trait bound `PeerInfo: Injectable` is not satisfied
[INFO] [stdout]    --> tests/scopes.rs:51:12
[INFO] [stdout]     |
[INFO] [stdout]  49 | #[component(scope = upwell::daemon::Connection)]
[INFO] [stdout]     | ------------------------------------------------ required by a bound introduced by this call
[INFO] [stdout]  50 | struct ConnState {
[INFO] [stdout]  51 |     _peer: PeerInfo,
[INFO] [stdout]     |            ^^^^^^^^ the trait `Injectable` is not implemented for `PeerInfo`
[INFO] [stdout]     |
[INFO] [stdout]     = help: the following other types implement trait `Injectable`:
[INFO] [stdout]               Arc<T>
[INFO] [stdout]               Cfg<T>
[INFO] [stdout]               ConfigReloader
[INFO] [stdout]               DirectoriesManager
[INFO] [stdout]               HookManager
[INFO] [stdout]               Live<T>
[INFO] [stdout]               RootResolver
[INFO] [stdout]               ShutdownHandle
[INFO] [stdout]               upwell::Dir<K>
[INFO] [stdout] note: required by a bound in `ComponentConstructionContext::resolve`
[INFO] [stdout]    --> /opt/rustwide/cargo-home/registry/src/index.crates.io-1949cf8c6b5b557f/upwell-di-0.20.0/src/descriptors/component.rs:580:29
[INFO] [stdout]     |
[INFO] [stdout] 501 | impl ComponentConstructionContext {
[INFO] [stdout] ...
[INFO] [stdout] 580 |     pub async fn resolve<H: Injectable>(&self) -> crate::Result<Option<H>> {
[INFO] [stdout]     |                             ^^^^^^^^^^ required by this bound in `ComponentConstructionContext::resolve`
[INFO] [stdout] 
[INFO] [stdout] 
[INFO] [stdout] error[E0277]: the trait bound `PeerInfo: Injectable` is not satisfied
[INFO] [stdout]    --> tests/scopes.rs:49:1
[INFO] [stdout]     |
[INFO] [stdout]  49 | #[component(scope = upwell::daemon::Connection)]
[INFO] [stdout]     | ^^^^^^^^^^^^^^^^^^^^^^^^^^^^^^^^^^^^^^^^^^^^^^^^ the trait `Injectable` is not implemented for `PeerInfo`
[INFO] [stdout]     |
[INFO] [stdout]     = help: the following other types implement trait `Injectable`:
[INFO] [stdout]               Arc<T>
[INFO] [stdout]               Cfg<T>
[INFO] [stdout]               ConfigReloader
[INFO] [stdout]               DirectoriesManager
[INFO] [stdout]               HookManager
[INFO] [stdout]               Live<T>
[INFO] [stdout]               RootResolver
[INFO] [stdout]               ShutdownHandle
[INFO] [stdout]               upwell::Dir<K>
[INFO] [stdout] note: required by a bound in `ComponentConstructionContext::resolve`
[INFO] [stdout]    --> /opt/rustwide/cargo-home/registry/src/index.crates.io-1949cf8c6b5b557f/upwell-di-0.20.0/src/descriptors/component.rs:580:29
[INFO] [stdout]     |
[INFO] [stdout] 501 | impl ComponentConstructionContext {
[INFO] [stdout] ...
[INFO] [stdout] 580 |     pub async fn resolve<H: Injectable>(&self) -> crate::Result<Option<H>> {
[INFO] [stdout]     |                             ^^^^^^^^^^ required by this bound in `ComponentConstructionContext::resolve`
[INFO] [stdout]     = note: this error originates in the attribute macro `component` (in Nightly builds, run with -Z macro-backtrace for more info)
[INFO] [stdout] 
[INFO] [stdout] 
[INFO] [stdout] error[E0277]: the trait bound `PeerInfo: Injectable` is not satisfied
[INFO] [stdout]   --> tests/scopes.rs:51:12
[INFO] [stdout]    |
[INFO] [stdout] 51 |     _peer: PeerInfo,
[INFO] [stdout]    |            ^^^^^^^^ the trait `Injectable` is not implemented for `PeerInfo`
[INFO] [stdout]    |
[INFO] [stdout]    = help: the following other types implement trait `Injectable`:
[INFO] [stdout]              Arc<T>
[INFO] [stdout]              Cfg<T>
[INFO] [stdout]              ConfigReloader
[INFO] [stdout]              DirectoriesManager
[INFO] [stdout]              HookManager
[INFO] [stdout]              Live<T>
[INFO] [stdout]              RootResolver
[INFO] [stdout]              ShutdownHandle
[INFO] [stdout]              upwell::Dir<K>
[INFO] [stdout] 
[INFO] [stdout] 
[INFO] [stdout] Some errors have detailed explanations: E0432, E0433.
[INFO] [stdout] 
[INFO] [stdout] For more information about an error, try `rustc --explain E0432`.
[INFO] [stdout] 
[INFO] [stderr] error: could not compile `upwell` (test "hook_abort") due to 3 previous errors
[INFO] [stdout] error[E0432]: unresolved import `upwell::daemon`
[INFO] [stdout]    --> tests/providers.rs:11:13
[INFO] [stdout]     |
[INFO] [stdout]  11 | use upwell::daemon::App;
[INFO] [stdout]     |             ^^^^^^ could not find `daemon` in `upwell`
[INFO] [stdout]     |
[INFO] [stdout] note: found an item that was configured out
[INFO] [stdout]    --> src/lib.rs:194:9
[INFO] [stdout]     |
[INFO] [stdout] 193 | #[cfg(all(feature = "daemon", not(target_family = "wasm")))]
[INFO] [stdout]     |           ------------------ the item is gated behind the `daemon` feature
[INFO] [stdout] 194 | pub mod daemon {
[INFO] [stdout]     |         ^^^^^^
[INFO] [stdout] 
[INFO] [stdout] 
[INFO] [stdout] Some errors have detailed explanations: E0277, E0432, E0433.
[INFO] [stdout] 
[INFO] [stdout] For more information about an error, try `rustc --explain E0277`.
[INFO] [stdout] 
[INFO] [stderr] error: could not compile `upwell` (test "scopes") due to 14 previous errors
[INFO] [stdout] For more information about this error, try `rustc --explain E0432`.
[INFO] [stdout] 
[INFO] [stderr] error: could not compile `upwell` (test "provider_primitives") due to 1 previous error
[INFO] [stderr] error: could not compile `upwell` (test "providers") due to 1 previous error
[INFO] [stdout] For more information about this error, try `rustc --explain E0432`.
[INFO] [stdout] 
[INFO] running `Command { std: "docker" "inspect" "a3d440c7ba22a7c241148c98f2d5197c60059bc79f244507a1f50a448e2a5151", kill_on_drop: false }`
[INFO] running `Command { std: "docker" "rm" "-f" "a3d440c7ba22a7c241148c98f2d5197c60059bc79f244507a1f50a448e2a5151", kill_on_drop: false }`
[INFO] [stdout] a3d440c7ba22a7c241148c98f2d5197c60059bc79f244507a1f50a448e2a5151
