[INFO] fetching crate unrvl-stats 0.0.2...
[INFO] testing unrvl-stats-0.0.2 against 1.100.0-beta.1+cargoflags=--release for beta-release-1.100-2
[INFO] extracting crate unrvl-stats 0.0.2 into /workspace/builds/worker-4-tc2/source
[INFO] started tweaking crates.io crate unrvl-stats 0.0.2
[INFO] removed 0 missing tests
[INFO] finished tweaking crates.io crate unrvl-stats 0.0.2
[INFO] tweaked toml for crates.io crate unrvl-stats 0.0.2 written to /workspace/builds/worker-4-tc2/source/Cargo.toml
[INFO] validating manifest of crates.io crate unrvl-stats 0.0.2 on toolchain 1.100.0-beta.1
[INFO] running `Command { std: CARGO_HOME="/workspace/cargo-home" RUSTUP_HOME="/workspace/rustup-home" "/workspace/cargo-home/bin/cargo" "+1.100.0-beta.1" "metadata" "--manifest-path" "Cargo.toml" "--no-deps", kill_on_drop: false }`
[INFO] crate crates.io crate unrvl-stats 0.0.2 already has a lockfile, it will not be regenerated
[INFO] running `Command { std: CARGO_HOME="/workspace/cargo-home" RUSTUP_HOME="/workspace/rustup-home" "/workspace/cargo-home/bin/cargo" "+1.100.0-beta.1" "fetch" "--manifest-path" "Cargo.toml", kill_on_drop: false }`
[INFO] [stderr] warning: `package.homepage` is redundant with `package.repository`
[INFO] [stderr]   --> Cargo.toml:40:12
[INFO] [stderr]    |
[INFO] [stderr] 40 | homepage = "https://github.com/edwrks/unrvl"
[INFO] [stderr]    |            ^^^^^^^^^^^^^^^^^^^^^^^^^^^^^^^^^
[INFO] [stderr] ...
[INFO] [stderr] 45 | repository = "https://github.com/edwrks/unrvl"
[INFO] [stderr]    |              ---------------------------------
[INFO] [stderr]    |
[INFO] [stderr]    = note: `cargo::redundant_homepage` is set to `warn` by default
[INFO] [stderr] help: consider removing `package.homepage`
[INFO] [stderr] warning: `unrvl-stats` (manifest) generated 1 warning
[INFO] [stderr]     Blocking waiting for file lock on package cache
[INFO] running `Command { std: "docker" "create" "-v" "/var/lib/crater-agent-workspace/builds/worker-4-tc2/source:/opt/rustwide/workdir:ro,Z" "-v" "/var/lib/crater-agent-workspace/builds/worker-4-tc2/target:/opt/rustwide/target:rw,Z" "-v" "/var/lib/crater-agent-workspace/cargo-home:/opt/rustwide/cargo-home:ro,Z" "-v" "/var/lib/crater-agent-workspace/rustup-home:/opt/rustwide/rustup-home:ro,Z" "-m" "1610612736" "--network" "none" "ghcr.io/rust-lang/crates-build-env/linux@sha256:77db811e55d90add9212f6832c23229e3de5f1c1f9905e8cb07319ea15df73ac" "sleep" "infinity", kill_on_drop: false }`
[INFO] [stdout] c2909174998b2ef098258659881a70cf8ace0a2ff01576597746569234f1824b
[INFO] running `Command { std: "docker" "start" "c2909174998b2ef098258659881a70cf8ace0a2ff01576597746569234f1824b", kill_on_drop: false }`
[INFO] running `Command { std: "docker" "inspect" "c2909174998b2ef098258659881a70cf8ace0a2ff01576597746569234f1824b", kill_on_drop: false }`
[INFO] running `Command { std: "docker" "exec" "-e" "SOURCE_DIR=/opt/rustwide/workdir" "-e" "CARGO_HOME=/opt/rustwide/cargo-home" "-e" "RUSTUP_HOME=/opt/rustwide/rustup-home" "-e" "CARGO_TARGET_DIR=/opt/rustwide/target" "-w" "/opt/rustwide/workdir" "--user" "0:0" "c2909174998b2ef098258659881a70cf8ace0a2ff01576597746569234f1824b" "/opt/rustwide/cargo-home/bin/cargo" "+1.100.0-beta.1" "metadata" "--no-deps" "--format-version=1", kill_on_drop: false }`
[INFO] running `Command { std: "docker" "inspect" "c2909174998b2ef098258659881a70cf8ace0a2ff01576597746569234f1824b", kill_on_drop: false }`
[INFO] running `Command { std: "docker" "exec" "-e" "SOURCE_DIR=/opt/rustwide/workdir" "-e" "CARGO_HOME=/opt/rustwide/cargo-home" "-e" "RUSTUP_HOME=/opt/rustwide/rustup-home" "-e" "CARGO_TARGET_DIR=/opt/rustwide/target" "-e" "CARGO_INCREMENTAL=0" "-e" "RUST_BACKTRACE=full" "-e" "RUSTFLAGS=--cap-lints=warn" "-e" "RUSTDOCFLAGS=--cap-lints=warn" "-w" "/opt/rustwide/workdir" "--user" "0:0" "c2909174998b2ef098258659881a70cf8ace0a2ff01576597746569234f1824b" "/opt/rustwide/cargo-home/bin/cargo" "+1.100.0-beta.1" "build" "--frozen" "--message-format=json" "--release", kill_on_drop: false }`
[INFO] [stderr] warning: `package.homepage` is redundant with `package.repository`
[INFO] [stderr]   --> Cargo.toml:40:12
[INFO] [stderr]    |
[INFO] [stderr] 40 | homepage = "https://github.com/edwrks/unrvl"
[INFO] [stderr]    |            ^^^^^^^^^^^^^^^^^^^^^^^^^^^^^^^^^
[INFO] [stderr] ...
[INFO] [stderr] 45 | repository = "https://github.com/edwrks/unrvl"
[INFO] [stderr]    |              ---------------------------------
[INFO] [stderr]    |
[INFO] [stderr]    = note: `cargo::redundant_homepage` is set to `warn` by default
[INFO] [stderr] help: consider removing `package.homepage`
[INFO] [stderr] warning: `unrvl-stats` (manifest) generated 1 warning
[INFO] [stderr]    Compiling unrvl-numerics v0.0.2
[INFO] [stderr]    Compiling unrvl-stats v0.0.2 (/opt/rustwide/workdir)
[INFO] [stderr]     Finished `release` profile [optimized] target(s) in 0.73s
[INFO] running `Command { std: "docker" "inspect" "c2909174998b2ef098258659881a70cf8ace0a2ff01576597746569234f1824b", kill_on_drop: false }`
[INFO] running `Command { std: "docker" "exec" "-e" "SOURCE_DIR=/opt/rustwide/workdir" "-e" "CARGO_HOME=/opt/rustwide/cargo-home" "-e" "RUSTUP_HOME=/opt/rustwide/rustup-home" "-e" "CARGO_TARGET_DIR=/opt/rustwide/target" "-e" "CARGO_INCREMENTAL=0" "-e" "RUST_BACKTRACE=full" "-e" "RUSTFLAGS=--cap-lints=warn" "-e" "RUSTDOCFLAGS=--cap-lints=warn" "-w" "/opt/rustwide/workdir" "--user" "0:0" "c2909174998b2ef098258659881a70cf8ace0a2ff01576597746569234f1824b" "/opt/rustwide/cargo-home/bin/cargo" "+1.100.0-beta.1" "test" "--frozen" "--no-run" "--message-format=json" "--release", kill_on_drop: false }`
[INFO] [stderr] warning: `package.homepage` is redundant with `package.repository`
[INFO] [stderr]   --> Cargo.toml:40:12
[INFO] [stderr]    |
[INFO] [stderr] 40 | homepage = "https://github.com/edwrks/unrvl"
[INFO] [stderr]    |            ^^^^^^^^^^^^^^^^^^^^^^^^^^^^^^^^^
[INFO] [stderr] ...
[INFO] [stderr] 45 | repository = "https://github.com/edwrks/unrvl"
[INFO] [stderr]    |              ---------------------------------
[INFO] [stderr]    |
[INFO] [stderr]    = note: `cargo::redundant_homepage` is set to `warn` by default
[INFO] [stderr] help: consider removing `package.homepage`
[INFO] [stderr] warning: `unrvl-stats` (manifest) generated 1 warning
[INFO] [stderr]    Compiling zerocopy v0.8.57
[INFO] [stderr]    Compiling getrandom v0.3.4
[INFO] [stderr]    Compiling wait-timeout v0.2.1
[INFO] [stderr]    Compiling tempfile v3.27.0
[INFO] [stderr]    Compiling rand_core v0.9.5
[INFO] [stderr]    Compiling rusty-fork v0.3.1
[INFO] [stderr]    Compiling rand_xorshift v0.4.0
[INFO] [stderr]    Compiling rand v0.9.5
[INFO] [stderr]    Compiling ppv-lite86 v0.2.21
[INFO] [stderr]    Compiling rand_chacha v0.9.0
[INFO] [stderr]    Compiling proptest v1.11.0
[INFO] [stderr]    Compiling unrvl-stats v0.0.2 (/opt/rustwide/workdir)
[INFO] [stdout] error[E0433]: cannot find module or crate `reference_data` in this scope
[INFO] [stdout]  --> tests/r/moments.rs:1:5
[INFO] [stdout]   |
[INFO] [stdout] 1 | use reference_data::r::moments::Dataset;
[INFO] [stdout]   |     ^^^^^^^^^^^^^^ use of unresolved module or unlinked crate `reference_data`
[INFO] [stdout]   |
[INFO] [stdout]   = help: if you wanted to use a crate named `reference_data`, use `cargo add reference_data` to add it to your `Cargo.toml`
[INFO] [stdout] 
[INFO] [stdout] 
[INFO] [stdout] error[E0433]: cannot find module or crate `test_utils` in this scope
[INFO] [stdout]  --> tests/r/moments.rs:2:5
[INFO] [stdout]   |
[INFO] [stdout] 2 | use test_utils::approx::{Tolerance, assert_approx_eq};
[INFO] [stdout]   |     ^^^^^^^^^^ use of unresolved module or unlinked crate `test_utils`
[INFO] [stdout]   |
[INFO] [stdout]   = help: if you wanted to use a crate named `test_utils`, use `cargo add test_utils` to add it to your `Cargo.toml`
[INFO] [stdout] 
[INFO] [stdout] 
[INFO] [stdout] error[E0433]: cannot find module or crate `reference_data` in this scope
[INFO] [stdout]  --> tests/r/quantiles.rs:1:5
[INFO] [stdout]   |
[INFO] [stdout] 1 | use reference_data::r::quantiles::Dataset;
[INFO] [stdout]   |     ^^^^^^^^^^^^^^ use of unresolved module or unlinked crate `reference_data`
[INFO] [stdout]   |
[INFO] [stdout]   = help: if you wanted to use a crate named `reference_data`, use `cargo add reference_data` to add it to your `Cargo.toml`
[INFO] [stdout] 
[INFO] [stdout] 
[INFO] [stdout] error[E0433]: cannot find module or crate `test_utils` in this scope
[INFO] [stdout]  --> tests/r/quantiles.rs:2:5
[INFO] [stdout]   |
[INFO] [stdout] 2 | use test_utils::approx::{Tolerance, assert_approx_eq};
[INFO] [stdout]   |     ^^^^^^^^^^ use of unresolved module or unlinked crate `test_utils`
[INFO] [stdout]   |
[INFO] [stdout]   = help: if you wanted to use a crate named `test_utils`, use `cargo add test_utils` to add it to your `Cargo.toml`
[INFO] [stdout] 
[INFO] [stdout] 
[INFO] [stdout] error[E0433]: cannot find module or crate `reference_data` in this scope
[INFO] [stdout]  --> tests/nist/univariate.rs:1:5
[INFO] [stdout]   |
[INFO] [stdout] 1 | use reference_data::nist::univariate::Dataset;
[INFO] [stdout]   |     ^^^^^^^^^^^^^^ use of unresolved module or unlinked crate `reference_data`
[INFO] [stdout]   |
[INFO] [stdout]   = help: if you wanted to use a crate named `reference_data`, use `cargo add reference_data` to add it to your `Cargo.toml`
[INFO] [stdout] 
[INFO] [stdout] 
[INFO] [stdout] error[E0433]: cannot find module or crate `test_utils` in this scope
[INFO] [stdout]  --> tests/nist/univariate.rs:2:5
[INFO] [stdout]   |
[INFO] [stdout] 2 | use test_utils::approx::{Tolerance, assert_approx_eq};
[INFO] [stdout]   |     ^^^^^^^^^^ use of unresolved module or unlinked crate `test_utils`
[INFO] [stdout]   |
[INFO] [stdout]   = help: if you wanted to use a crate named `test_utils`, use `cargo add test_utils` to add it to your `Cargo.toml`
[INFO] [stdout] 
[INFO] [stdout] 
[INFO] [stdout] For more information about this error, try `rustc --explain E0433`.
[INFO] [stdout] 
[INFO] [stderr] error: could not compile `unrvl-stats` (test "nist") due to 2 previous errors
[INFO] [stderr] warning: build failed, waiting for other jobs to finish...
[INFO] [stdout] For more information about this error, try `rustc --explain E0433`.
[INFO] [stdout] 
[INFO] [stderr] error: could not compile `unrvl-stats` (test "r") due to 4 previous errors
[INFO] [stdout] error[E0433]: cannot find module or crate `test_utils` in this scope
[INFO] [stdout]   --> src/internal/deviations.rs:98:9
[INFO] [stdout]    |
[INFO] [stdout] 98 |     use test_utils::approx::{Tolerance, assert_all_approx_eq, assert_approx_eq};
[INFO] [stdout]    |         ^^^^^^^^^^ use of unresolved module or unlinked crate `test_utils`
[INFO] [stdout]    |
[INFO] [stdout]    = help: if you wanted to use a crate named `test_utils`, use `cargo add test_utils` to add it to your `Cargo.toml`
[INFO] [stdout] 
[INFO] [stdout] 
[INFO] [stdout] error[E0433]: cannot find module or crate `test_utils` in this scope
[INFO] [stdout]   --> src/moments/kurtosis.rs:83:9
[INFO] [stdout]    |
[INFO] [stdout] 83 |     use test_utils::approx::{Tolerance, approx_eq, assert_approx_eq};
[INFO] [stdout]    |         ^^^^^^^^^^ use of unresolved module or unlinked crate `test_utils`
[INFO] [stdout]    |
[INFO] [stdout]    = help: if you wanted to use a crate named `test_utils`, use `cargo add test_utils` to add it to your `Cargo.toml`
[INFO] [stdout] 
[INFO] [stdout] 
[INFO] [stdout] error[E0433]: cannot find module or crate `test_utils` in this scope
[INFO] [stdout]   --> src/moments/kurtosis.rs:84:9
[INFO] [stdout]    |
[INFO] [stdout] 84 |     use test_utils::strategies::{
[INFO] [stdout]    |         ^^^^^^^^^^ use of unresolved module or unlinked crate `test_utils`
[INFO] [stdout]    |
[INFO] [stdout]    = help: if you wanted to use a crate named `test_utils`, use `cargo add test_utils` to add it to your `Cargo.toml`
[INFO] [stdout] 
[INFO] [stdout] 
[INFO] [stdout] error[E0433]: cannot find module or crate `test_utils` in this scope
[INFO] [stdout]   --> src/moments/mean.rs:43:9
[INFO] [stdout]    |
[INFO] [stdout] 43 |     use test_utils::approx::{Tolerance, approx_eq, assert_approx_eq};
[INFO] [stdout]    |         ^^^^^^^^^^ use of unresolved module or unlinked crate `test_utils`
[INFO] [stdout]    |
[INFO] [stdout]    = help: if you wanted to use a crate named `test_utils`, use `cargo add test_utils` to add it to your `Cargo.toml`
[INFO] [stdout] 
[INFO] [stdout] 
[INFO] [stdout] error[E0433]: cannot find module or crate `test_utils` in this scope
[INFO] [stdout]   --> src/moments/mean.rs:44:9
[INFO] [stdout]    |
[INFO] [stdout] 44 |     use test_utils::strategies::{
[INFO] [stdout]    |         ^^^^^^^^^^ use of unresolved module or unlinked crate `test_utils`
[INFO] [stdout]    |
[INFO] [stdout]    = help: if you wanted to use a crate named `test_utils`, use `cargo add test_utils` to add it to your `Cargo.toml`
[INFO] [stdout] 
[INFO] [stdout] 
[INFO] [stdout] error[E0433]: cannot find module or crate `test_utils` in this scope
[INFO] [stdout]   --> src/moments/skewness.rs:76:9
[INFO] [stdout]    |
[INFO] [stdout] 76 |     use test_utils::approx::{Tolerance, approx_eq, assert_approx_eq};
[INFO] [stdout]    |         ^^^^^^^^^^ use of unresolved module or unlinked crate `test_utils`
[INFO] [stdout]    |
[INFO] [stdout]    = help: if you wanted to use a crate named `test_utils`, use `cargo add test_utils` to add it to your `Cargo.toml`
[INFO] [stdout] 
[INFO] [stdout] 
[INFO] [stdout] error[E0433]: cannot find module or crate `test_utils` in this scope
[INFO] [stdout]   --> src/moments/skewness.rs:77:9
[INFO] [stdout]    |
[INFO] [stdout] 77 |     use test_utils::strategies::{
[INFO] [stdout]    |         ^^^^^^^^^^ use of unresolved module or unlinked crate `test_utils`
[INFO] [stdout]    |
[INFO] [stdout]    = help: if you wanted to use a crate named `test_utils`, use `cargo add test_utils` to add it to your `Cargo.toml`
[INFO] [stdout] 
[INFO] [stdout] 
[INFO] [stdout] error[E0433]: cannot find module or crate `test_utils` in this scope
[INFO] [stdout]   --> src/moments/var.rs:57:9
[INFO] [stdout]    |
[INFO] [stdout] 57 |     use test_utils::approx::{Tolerance, approx_eq, assert_approx_eq};
[INFO] [stdout]    |         ^^^^^^^^^^ use of unresolved module or unlinked crate `test_utils`
[INFO] [stdout]    |
[INFO] [stdout]    = help: if you wanted to use a crate named `test_utils`, use `cargo add test_utils` to add it to your `Cargo.toml`
[INFO] [stdout] 
[INFO] [stdout] 
[INFO] [stdout] error[E0433]: cannot find module or crate `test_utils` in this scope
[INFO] [stdout]   --> src/moments/var.rs:58:9
[INFO] [stdout]    |
[INFO] [stdout] 58 |     use test_utils::strategies::{
[INFO] [stdout]    |         ^^^^^^^^^^ use of unresolved module or unlinked crate `test_utils`
[INFO] [stdout]    |
[INFO] [stdout]    = help: if you wanted to use a crate named `test_utils`, use `cargo add test_utils` to add it to your `Cargo.toml`
[INFO] [stdout] 
[INFO] [stdout] 
[INFO] [stdout] error[E0433]: cannot find module or crate `test_utils` in this scope
[INFO] [stdout]   --> src/quantile/median.rs:29:9
[INFO] [stdout]    |
[INFO] [stdout] 29 |     use test_utils::approx::{Tolerance, approx_eq};
[INFO] [stdout]    |         ^^^^^^^^^^ use of unresolved module or unlinked crate `test_utils`
[INFO] [stdout]    |
[INFO] [stdout]    = help: if you wanted to use a crate named `test_utils`, use `cargo add test_utils` to add it to your `Cargo.toml`
[INFO] [stdout] 
[INFO] [stdout] 
[INFO] [stdout] error[E0433]: cannot find module or crate `test_utils` in this scope
[INFO] [stdout]   --> src/quantile/median.rs:30:9
[INFO] [stdout]    |
[INFO] [stdout] 30 |     use test_utils::strategies::{
[INFO] [stdout]    |         ^^^^^^^^^^ use of unresolved module or unlinked crate `test_utils`
[INFO] [stdout]    |
[INFO] [stdout]    = help: if you wanted to use a crate named `test_utils`, use `cargo add test_utils` to add it to your `Cargo.toml`
[INFO] [stdout] 
[INFO] [stdout] 
[INFO] [stdout] error[E0433]: cannot find module or crate `test_utils` in this scope
[INFO] [stdout]   --> src/quantile/quantiles.rs:46:9
[INFO] [stdout]    |
[INFO] [stdout] 46 |     use test_utils::strategies::{finite_sample, probabilities};
[INFO] [stdout]    |         ^^^^^^^^^^ use of unresolved module or unlinked crate `test_utils`
[INFO] [stdout]    |
[INFO] [stdout]    = help: if you wanted to use a crate named `test_utils`, use `cargo add test_utils` to add it to your `Cargo.toml`
[INFO] [stdout] 
[INFO] [stdout] 
[INFO] [stdout] error[E0433]: cannot find module or crate `test_utils` in this scope
[INFO] [stdout]   --> src/quantile/single.rs:54:9
[INFO] [stdout]    |
[INFO] [stdout] 54 |     use test_utils::approx::{Tolerance, approx_eq, assert_approx_eq};
[INFO] [stdout]    |         ^^^^^^^^^^ use of unresolved module or unlinked crate `test_utils`
[INFO] [stdout]    |
[INFO] [stdout]    = help: if you wanted to use a crate named `test_utils`, use `cargo add test_utils` to add it to your `Cargo.toml`
[INFO] [stdout] 
[INFO] [stdout] 
[INFO] [stdout] error[E0433]: cannot find module or crate `test_utils` in this scope
[INFO] [stdout]   --> src/quantile/single.rs:55:9
[INFO] [stdout]    |
[INFO] [stdout] 55 |     use test_utils::strategies::{
[INFO] [stdout]    |         ^^^^^^^^^^ use of unresolved module or unlinked crate `test_utils`
[INFO] [stdout]    |
[INFO] [stdout]    = help: if you wanted to use a crate named `test_utils`, use `cargo add test_utils` to add it to your `Cargo.toml`
[INFO] [stdout] 
[INFO] [stdout] 
[INFO] [stdout] error[E0277]: the size for values of type `[f64]` cannot be known at compilation time
[INFO] [stdout]    --> src/moments/kurtosis.rs:319:13
[INFO] [stdout]     |
[INFO] [stdout] 319 |             sample in finite_nonconstant_sample(4),
[INFO] [stdout]     |             ^^^^^^ doesn't have a size known at compile-time
[INFO] [stdout]     |
[INFO] [stdout]     = help: the trait `Sized` is not implemented for `[f64]`
[INFO] [stdout]     = note: all local variables must have a statically known size
[INFO] [stdout] 
[INFO] [stdout] 
[INFO] [stdout] error[E0277]: the size for values of type `[f64]` cannot be known at compilation time
[INFO] [stdout]     --> src/moments/kurtosis.rs:265:5
[INFO] [stdout]      |
[INFO] [stdout]  265 | /     proptest! {
[INFO] [stdout]  266 | |         #[test]
[INFO] [stdout]  267 | |         fn excess_kurtosis_is_translation_invariant(
[INFO] [stdout]  268 | |             (sample, offset) in exact_translation_case(4)
[INFO] [stdout] ...    |
[INFO] [stdout]  323 | |     }
[INFO] [stdout]      | |_____^ doesn't have a size known at compile-time
[INFO] [stdout]      |
[INFO] [stdout]      = help: the trait `Sized` is not implemented for `[f64]`
[INFO] [stdout] note: required by a bound in `proptest::sugar::NamedArguments`
[INFO] [stdout]     --> /opt/rustwide/cargo-home/registry/src/index.crates.io-1949cf8c6b5b557f/proptest-1.11.0/src/sugar.rs:1074:30
[INFO] [stdout]      |
[INFO] [stdout] 1074 | pub struct NamedArguments<N, V>(#[doc(hidden)] pub N, #[doc(hidden)] pub V);
[INFO] [stdout]      |                              ^ required by this bound in `proptest::sugar::NamedArguments`
[INFO] [stdout]      = note: this error originates in the macro `$crate::proptest_helper` which comes from the expansion of the macro `proptest` (in Nightly builds, run with -Z macro-backtrace for more info)
[INFO] [stdout] 
[INFO] [stdout] 
[INFO] [stdout] error[E0277]: the size for values of type `[f64]` cannot be known at compilation time
[INFO] [stdout]    --> src/moments/mean.rs:149:41
[INFO] [stdout]     |
[INFO] [stdout] 149 |         fn mean_is_within_sample_bounds(sample in finite_sample(1)) {
[INFO] [stdout]     |                                         ^^^^^^ doesn't have a size known at compile-time
[INFO] [stdout]     |
[INFO] [stdout]     = help: the trait `Sized` is not implemented for `[f64]`
[INFO] [stdout]     = note: all local variables must have a statically known size
[INFO] [stdout] 
[INFO] [stdout] 
[INFO] [stdout] error[E0277]: the size for values of type `[f64]` cannot be known at compilation time
[INFO] [stdout]     --> src/moments/mean.rs:139:5
[INFO] [stdout]      |
[INFO] [stdout]  139 | /     proptest! {
[INFO] [stdout]  140 | |         #[test]
[INFO] [stdout]  141 | |         #[expect(clippy::float_cmp, reason = "exactly constant observations")]
[INFO] [stdout]  142 | |         fn constant_sample_has_constant_mean(sample in constant_sample(1)) {
[INFO] [stdout] ...    |
[INFO] [stdout]  199 | |     }
[INFO] [stdout]      | |_____^ doesn't have a size known at compile-time
[INFO] [stdout]      |
[INFO] [stdout]      = help: the trait `Sized` is not implemented for `[f64]`
[INFO] [stdout] note: required by a bound in `proptest::sugar::NamedArguments`
[INFO] [stdout]     --> /opt/rustwide/cargo-home/registry/src/index.crates.io-1949cf8c6b5b557f/proptest-1.11.0/src/sugar.rs:1074:30
[INFO] [stdout]      |
[INFO] [stdout] 1074 | pub struct NamedArguments<N, V>(#[doc(hidden)] pub N, #[doc(hidden)] pub V);
[INFO] [stdout]      |                              ^ required by this bound in `proptest::sugar::NamedArguments`
[INFO] [stdout]      = note: this error originates in the macro `$crate::proptest_helper` which comes from the expansion of the macro `proptest` (in Nightly builds, run with -Z macro-backtrace for more info)
[INFO] [stdout] 
[INFO] [stdout] 
[INFO] [stdout] error[E0277]: the size for values of type `[f64]` cannot be known at compilation time
[INFO] [stdout]    --> src/moments/skewness.rs:301:13
[INFO] [stdout]     |
[INFO] [stdout] 301 |             sample in finite_nonconstant_sample(3),
[INFO] [stdout]     |             ^^^^^^ doesn't have a size known at compile-time
[INFO] [stdout]     |
[INFO] [stdout]     = help: the trait `Sized` is not implemented for `[f64]`
[INFO] [stdout]     = note: all local variables must have a statically known size
[INFO] [stdout] 
[INFO] [stdout] 
[INFO] [stdout] error[E0277]: the size for values of type `[f64]` cannot be known at compilation time
[INFO] [stdout]     --> src/moments/skewness.rs:249:5
[INFO] [stdout]      |
[INFO] [stdout]  249 | /     proptest! {
[INFO] [stdout]  250 | |         #[test]
[INFO] [stdout]  251 | |         fn skewness_is_translation_invariant(
[INFO] [stdout]  252 | |             (sample, offset) in exact_translation_case(3)
[INFO] [stdout] ...    |
[INFO] [stdout]  305 | |     }
[INFO] [stdout]      | |_____^ doesn't have a size known at compile-time
[INFO] [stdout]      |
[INFO] [stdout]      = help: the trait `Sized` is not implemented for `[f64]`
[INFO] [stdout] note: required by a bound in `proptest::sugar::NamedArguments`
[INFO] [stdout]     --> /opt/rustwide/cargo-home/registry/src/index.crates.io-1949cf8c6b5b557f/proptest-1.11.0/src/sugar.rs:1074:30
[INFO] [stdout]      |
[INFO] [stdout] 1074 | pub struct NamedArguments<N, V>(#[doc(hidden)] pub N, #[doc(hidden)] pub V);
[INFO] [stdout]      |                              ^ required by this bound in `proptest::sugar::NamedArguments`
[INFO] [stdout]      = note: this error originates in the macro `$crate::proptest_helper` which comes from the expansion of the macro `proptest` (in Nightly builds, run with -Z macro-backtrace for more info)
[INFO] [stdout] 
[INFO] [stdout] 
[INFO] [stdout] error[E0277]: the size for values of type `[f64]` cannot be known at compilation time
[INFO] [stdout]    --> src/moments/var.rs:182:46
[INFO] [stdout]     |
[INFO] [stdout] 182 |         fn constant_sample_has_zero_variance(sample in constant_sample(2)) {
[INFO] [stdout]     |                                              ^^^^^^ doesn't have a size known at compile-time
[INFO] [stdout]     |
[INFO] [stdout]     = help: the trait `Sized` is not implemented for `[f64]`
[INFO] [stdout]     = note: all local variables must have a statically known size
[INFO] [stdout] 
[INFO] [stdout] 
[INFO] [stdout] error[E0277]: the size for values of type `[f64]` cannot be known at compilation time
[INFO] [stdout]     --> src/moments/var.rs:179:5
[INFO] [stdout]      |
[INFO] [stdout]  179 | /     proptest! {
[INFO] [stdout]  180 | |         #[test]
[INFO] [stdout]  181 | |         #[expect(clippy::float_cmp, reason = "exactly constant observations")]
[INFO] [stdout]  182 | |         fn constant_sample_has_zero_variance(sample in constant_sample(2)) {
[INFO] [stdout] ...    |
[INFO] [stdout]  232 | |     }
[INFO] [stdout]      | |_____^ doesn't have a size known at compile-time
[INFO] [stdout]      |
[INFO] [stdout]      = help: the trait `Sized` is not implemented for `[f64]`
[INFO] [stdout] note: required by a bound in `proptest::sugar::NamedArguments`
[INFO] [stdout]     --> /opt/rustwide/cargo-home/registry/src/index.crates.io-1949cf8c6b5b557f/proptest-1.11.0/src/sugar.rs:1074:30
[INFO] [stdout]      |
[INFO] [stdout] 1074 | pub struct NamedArguments<N, V>(#[doc(hidden)] pub N, #[doc(hidden)] pub V);
[INFO] [stdout]      |                              ^ required by this bound in `proptest::sugar::NamedArguments`
[INFO] [stdout]      = note: this error originates in the macro `$crate::proptest_helper` which comes from the expansion of the macro `proptest` (in Nightly builds, run with -Z macro-backtrace for more info)
[INFO] [stdout] 
[INFO] [stdout] 
[INFO] [stdout] error[E0277]: the size for values of type `[f64]` cannot be known at compilation time
[INFO] [stdout]    --> src/moments/var.rs:189:37
[INFO] [stdout]     |
[INFO] [stdout] 189 |         fn variance_is_non_negative(sample in finite_sample(2)) {
[INFO] [stdout]     |                                     ^^^^^^ doesn't have a size known at compile-time
[INFO] [stdout]     |
[INFO] [stdout]     = help: the trait `Sized` is not implemented for `[f64]`
[INFO] [stdout]     = note: all local variables must have a statically known size
[INFO] [stdout] 
[INFO] [stdout] 
[INFO] [stdout] error[E0277]: the size for values of type `[f64]` cannot be known at compilation time
[INFO] [stdout]     --> src/moments/var.rs:179:5
[INFO] [stdout]      |
[INFO] [stdout]  179 | /     proptest! {
[INFO] [stdout]  180 | |         #[test]
[INFO] [stdout]  181 | |         #[expect(clippy::float_cmp, reason = "exactly constant observations")]
[INFO] [stdout]  182 | |         fn constant_sample_has_zero_variance(sample in constant_sample(2)) {
[INFO] [stdout] ...    |
[INFO] [stdout]  232 | |     }
[INFO] [stdout]      | |_____^ doesn't have a size known at compile-time
[INFO] [stdout]      |
[INFO] [stdout]      = help: the trait `Sized` is not implemented for `[f64]`
[INFO] [stdout] note: required by a bound in `proptest::sugar::NamedArguments`
[INFO] [stdout]     --> /opt/rustwide/cargo-home/registry/src/index.crates.io-1949cf8c6b5b557f/proptest-1.11.0/src/sugar.rs:1074:30
[INFO] [stdout]      |
[INFO] [stdout] 1074 | pub struct NamedArguments<N, V>(#[doc(hidden)] pub N, #[doc(hidden)] pub V);
[INFO] [stdout]      |                              ^ required by this bound in `proptest::sugar::NamedArguments`
[INFO] [stdout]      = note: this error originates in the macro `$crate::proptest_helper` which comes from the expansion of the macro `proptest` (in Nightly builds, run with -Z macro-backtrace for more info)
[INFO] [stdout] 
[INFO] [stdout] 
[INFO] [stdout] error[E0277]: the size for values of type `[f64]` cannot be known at compilation time
[INFO] [stdout]   --> src/quantile/median.rs:81:13
[INFO] [stdout]    |
[INFO] [stdout] 81 |             xs in finite_sample(1),
[INFO] [stdout]    |             ^^ doesn't have a size known at compile-time
[INFO] [stdout]    |
[INFO] [stdout]    = help: the trait `Sized` is not implemented for `[f64]`
[INFO] [stdout]    = note: all local variables must have a statically known size
[INFO] [stdout] 
[INFO] [stdout] 
[INFO] [stdout] error[E0277]: the size for values of type `[f64]` cannot be known at compilation time
[INFO] [stdout]     --> src/quantile/median.rs:78:5
[INFO] [stdout]      |
[INFO] [stdout]   78 | /     proptest! {
[INFO] [stdout]   79 | |         #[test]
[INFO] [stdout]   80 | |         fn median_stays_within_the_sample_bounds(
[INFO] [stdout]   81 | |             xs in finite_sample(1),
[INFO] [stdout] ...    |
[INFO] [stdout]  141 | |     }
[INFO] [stdout]      | |_____^ doesn't have a size known at compile-time
[INFO] [stdout]      |
[INFO] [stdout]      = help: the trait `Sized` is not implemented for `[f64]`
[INFO] [stdout] note: required by a bound in `proptest::sugar::NamedArguments`
[INFO] [stdout]     --> /opt/rustwide/cargo-home/registry/src/index.crates.io-1949cf8c6b5b557f/proptest-1.11.0/src/sugar.rs:1074:30
[INFO] [stdout]      |
[INFO] [stdout] 1074 | pub struct NamedArguments<N, V>(#[doc(hidden)] pub N, #[doc(hidden)] pub V);
[INFO] [stdout]      |                              ^ required by this bound in `proptest::sugar::NamedArguments`
[INFO] [stdout]      = note: this error originates in the macro `$crate::proptest_helper` which comes from the expansion of the macro `proptest` (in Nightly builds, run with -Z macro-backtrace for more info)
[INFO] [stdout] 
[INFO] [stdout] 
[INFO] [stdout] error[E0277]: the size for values of type `[f64]` cannot be known at compilation time
[INFO] [stdout]   --> src/quantile/median.rs:94:13
[INFO] [stdout]    |
[INFO] [stdout] 94 |             xs in finite_sample(1),
[INFO] [stdout]    |             ^^ doesn't have a size known at compile-time
[INFO] [stdout]    |
[INFO] [stdout]    = help: the trait `Sized` is not implemented for `[f64]`
[INFO] [stdout]    = note: all local variables must have a statically known size
[INFO] [stdout] 
[INFO] [stdout] 
[INFO] [stdout] error[E0277]: the size for values of type `[f64]` cannot be known at compilation time
[INFO] [stdout]     --> src/quantile/median.rs:78:5
[INFO] [stdout]      |
[INFO] [stdout]   78 | /     proptest! {
[INFO] [stdout]   79 | |         #[test]
[INFO] [stdout]   80 | |         fn median_stays_within_the_sample_bounds(
[INFO] [stdout]   81 | |             xs in finite_sample(1),
[INFO] [stdout] ...    |
[INFO] [stdout]  141 | |     }
[INFO] [stdout]      | |_____^ doesn't have a size known at compile-time
[INFO] [stdout]      |
[INFO] [stdout]      = help: the trait `Sized` is not implemented for `[f64]`
[INFO] [stdout] note: required by a bound in `proptest::sugar::NamedArguments`
[INFO] [stdout]     --> /opt/rustwide/cargo-home/registry/src/index.crates.io-1949cf8c6b5b557f/proptest-1.11.0/src/sugar.rs:1074:30
[INFO] [stdout]      |
[INFO] [stdout] 1074 | pub struct NamedArguments<N, V>(#[doc(hidden)] pub N, #[doc(hidden)] pub V);
[INFO] [stdout]      |                              ^ required by this bound in `proptest::sugar::NamedArguments`
[INFO] [stdout]      = note: this error originates in the macro `$crate::proptest_helper` which comes from the expansion of the macro `proptest` (in Nightly builds, run with -Z macro-backtrace for more info)
[INFO] [stdout] 
[INFO] [stdout] 
[INFO] [stdout] error[E0277]: the size for values of type `[f64]` cannot be known at compilation time
[INFO] [stdout]   --> src/quantile/median.rs:98:17
[INFO] [stdout]    |
[INFO] [stdout] 98 |             let mut reversed = xs;
[INFO] [stdout]    |                 ^^^^^^^^^^^^ doesn't have a size known at compile-time
[INFO] [stdout]    |
[INFO] [stdout]    = help: the trait `Sized` is not implemented for `[f64]`
[INFO] [stdout]    = note: all local variables must have a statically known size
[INFO] [stdout] 
[INFO] [stdout] 
[INFO] [stdout] error[E0277]: the size for values of type `[f64]` cannot be known at compilation time
[INFO] [stdout]    --> src/quantile/median.rs:109:13
[INFO] [stdout]     |
[INFO] [stdout] 109 |             xs in constant_sample(1),
[INFO] [stdout]     |             ^^ doesn't have a size known at compile-time
[INFO] [stdout]     |
[INFO] [stdout]     = help: the trait `Sized` is not implemented for `[f64]`
[INFO] [stdout]     = note: all local variables must have a statically known size
[INFO] [stdout] 
[INFO] [stdout] 
[INFO] [stdout] error[E0277]: the size for values of type `[f64]` cannot be known at compilation time
[INFO] [stdout]     --> src/quantile/median.rs:78:5
[INFO] [stdout]      |
[INFO] [stdout]   78 | /     proptest! {
[INFO] [stdout]   79 | |         #[test]
[INFO] [stdout]   80 | |         fn median_stays_within_the_sample_bounds(
[INFO] [stdout]   81 | |             xs in finite_sample(1),
[INFO] [stdout] ...    |
[INFO] [stdout]  141 | |     }
[INFO] [stdout]      | |_____^ doesn't have a size known at compile-time
[INFO] [stdout]      |
[INFO] [stdout]      = help: the trait `Sized` is not implemented for `[f64]`
[INFO] [stdout] note: required by a bound in `proptest::sugar::NamedArguments`
[INFO] [stdout]     --> /opt/rustwide/cargo-home/registry/src/index.crates.io-1949cf8c6b5b557f/proptest-1.11.0/src/sugar.rs:1074:30
[INFO] [stdout]      |
[INFO] [stdout] 1074 | pub struct NamedArguments<N, V>(#[doc(hidden)] pub N, #[doc(hidden)] pub V);
[INFO] [stdout]      |                              ^ required by this bound in `proptest::sugar::NamedArguments`
[INFO] [stdout]      = note: this error originates in the macro `$crate::proptest_helper` which comes from the expansion of the macro `proptest` (in Nightly builds, run with -Z macro-backtrace for more info)
[INFO] [stdout] 
[INFO] [stdout] 
[INFO] [stdout] error[E0277]: the size for values of type `[f64]` cannot be known at compilation time
[INFO] [stdout]    --> src/quantile/quantiles.rs:148:13
[INFO] [stdout]     |
[INFO] [stdout] 148 |             xs in finite_sample(1),
[INFO] [stdout]     |             ^^ doesn't have a size known at compile-time
[INFO] [stdout]     |
[INFO] [stdout]     = help: the trait `Sized` is not implemented for `[f64]`
[INFO] [stdout]     = note: all local variables must have a statically known size
[INFO] [stdout] 
[INFO] [stdout] 
[INFO] [stdout] error[E0277]: the size for values of type `[f64]` cannot be known at compilation time
[INFO] [stdout]    --> src/quantile/quantiles.rs:149:13
[INFO] [stdout]     |
[INFO] [stdout] 149 |             ps in probabilities(),
[INFO] [stdout]     |             ^^ doesn't have a size known at compile-time
[INFO] [stdout]     |
[INFO] [stdout]     = help: the trait `Sized` is not implemented for `[f64]`
[INFO] [stdout]     = note: all local variables must have a statically known size
[INFO] [stdout] 
[INFO] [stdout] 
[INFO] [stdout] error[E0277]: the size for values of type `[f64]` cannot be known at compilation time
[INFO] [stdout]    --> src/quantile/quantiles.rs:164:13
[INFO] [stdout]     |
[INFO] [stdout] 164 |             xs in finite_sample(1),
[INFO] [stdout]     |             ^^ doesn't have a size known at compile-time
[INFO] [stdout]     |
[INFO] [stdout]     = help: the trait `Sized` is not implemented for `[f64]`
[INFO] [stdout]     = note: all local variables must have a statically known size
[INFO] [stdout] 
[INFO] [stdout] 
[INFO] [stdout] error[E0277]: the size for values of type `[f64]` cannot be known at compilation time
[INFO] [stdout]    --> src/quantile/quantiles.rs:185:13
[INFO] [stdout]     |
[INFO] [stdout] 185 |             xs in finite_sample(1),
[INFO] [stdout]     |             ^^ doesn't have a size known at compile-time
[INFO] [stdout]     |
[INFO] [stdout]     = help: the trait `Sized` is not implemented for `[f64]`
[INFO] [stdout]     = note: all local variables must have a statically known size
[INFO] [stdout] 
[INFO] [stdout] 
[INFO] [stdout] error[E0277]: the size for values of type `[f64]` cannot be known at compilation time
[INFO] [stdout]    --> src/quantile/quantiles.rs:186:13
[INFO] [stdout]     |
[INFO] [stdout] 186 |             ps in probabilities(),
[INFO] [stdout]     |             ^^ doesn't have a size known at compile-time
[INFO] [stdout]     |
[INFO] [stdout]     = help: the trait `Sized` is not implemented for `[f64]`
[INFO] [stdout]     = note: all local variables must have a statically known size
[INFO] [stdout] 
[INFO] [stdout] 
[INFO] [stdout] error[E0277]: the size for values of type `[f64]` cannot be known at compilation time
[INFO] [stdout]    --> src/quantile/quantiles.rs:190:17
[INFO] [stdout]     |
[INFO] [stdout] 190 |             let mut reversed = xs;
[INFO] [stdout]     |                 ^^^^^^^^^^^^ doesn't have a size known at compile-time
[INFO] [stdout]     |
[INFO] [stdout]     = help: the trait `Sized` is not implemented for `[f64]`
[INFO] [stdout]     = note: all local variables must have a statically known size
[INFO] [stdout] 
[INFO] [stdout] 
[INFO] [stdout] error[E0277]: the size for values of type `[f64]` cannot be known at compilation time
[INFO] [stdout]    --> src/quantile/single.rs:121:13
[INFO] [stdout]     |
[INFO] [stdout] 121 |             xs in finite_sample(1),
[INFO] [stdout]     |             ^^ doesn't have a size known at compile-time
[INFO] [stdout]     |
[INFO] [stdout]     = help: the trait `Sized` is not implemented for `[f64]`
[INFO] [stdout]     = note: all local variables must have a statically known size
[INFO] [stdout] 
[INFO] [stdout] 
[INFO] [stdout] error[E0277]: the size for values of type `[f64]` cannot be known at compilation time
[INFO] [stdout]    --> src/quantile/single.rs:135:13
[INFO] [stdout]     |
[INFO] [stdout] 135 |             xs in finite_sample(1),
[INFO] [stdout]     |             ^^ doesn't have a size known at compile-time
[INFO] [stdout]     |
[INFO] [stdout]     = help: the trait `Sized` is not implemented for `[f64]`
[INFO] [stdout]     = note: all local variables must have a statically known size
[INFO] [stdout] 
[INFO] [stdout] 
[INFO] [stdout] error[E0277]: the size for values of type `[f64]` cannot be known at compilation time
[INFO] [stdout]    --> src/quantile/single.rs:153:13
[INFO] [stdout]     |
[INFO] [stdout] 153 |             xs in finite_sample(1),
[INFO] [stdout]     |             ^^ doesn't have a size known at compile-time
[INFO] [stdout]     |
[INFO] [stdout]     = help: the trait `Sized` is not implemented for `[f64]`
[INFO] [stdout]     = note: all local variables must have a statically known size
[INFO] [stdout] 
[INFO] [stdout] 
[INFO] [stdout] error[E0277]: the size for values of type `[f64]` cannot be known at compilation time
[INFO] [stdout]    --> src/quantile/single.rs:158:17
[INFO] [stdout]     |
[INFO] [stdout] 158 |             let mut reversed = xs;
[INFO] [stdout]     |                 ^^^^^^^^^^^^ doesn't have a size known at compile-time
[INFO] [stdout]     |
[INFO] [stdout]     = help: the trait `Sized` is not implemented for `[f64]`
[INFO] [stdout]     = note: all local variables must have a statically known size
[INFO] [stdout] 
[INFO] [stdout] 
[INFO] [stdout] Some errors have detailed explanations: E0277, E0433.
[INFO] [stdout] 
[INFO] [stdout] For more information about an error, try `rustc --explain E0277`.
[INFO] [stdout] 
[INFO] [stderr] error: could not compile `unrvl-stats` (lib test) due to 41 previous errors
[INFO] running `Command { std: "docker" "inspect" "c2909174998b2ef098258659881a70cf8ace0a2ff01576597746569234f1824b", kill_on_drop: false }`
[INFO] running `Command { std: "docker" "rm" "-f" "c2909174998b2ef098258659881a70cf8ace0a2ff01576597746569234f1824b", kill_on_drop: false }`
[INFO] [stdout] c2909174998b2ef098258659881a70cf8ace0a2ff01576597746569234f1824b
