[INFO] fetching crate unionid-derive 0.13.2...
[INFO] testing unionid-derive-0.13.2 against 1.100.0-beta.1+cargoflags=--release for beta-release-1.100-2
[INFO] extracting crate unionid-derive 0.13.2 into /workspace/builds/worker-7-tc2/source
[INFO] started tweaking crates.io crate unionid-derive 0.13.2
[INFO] removed 0 missing tests
[INFO] finished tweaking crates.io crate unionid-derive 0.13.2
[INFO] tweaked toml for crates.io crate unionid-derive 0.13.2 written to /workspace/builds/worker-7-tc2/source/Cargo.toml
[INFO] validating manifest of crates.io crate unionid-derive 0.13.2 on toolchain 1.100.0-beta.1
[INFO] running `Command { std: CARGO_HOME="/workspace/cargo-home" RUSTUP_HOME="/workspace/rustup-home" "/workspace/cargo-home/bin/cargo" "+1.100.0-beta.1" "metadata" "--manifest-path" "Cargo.toml" "--no-deps", kill_on_drop: false }`
[INFO] crate crates.io crate unionid-derive 0.13.2 already has a lockfile, it will not be regenerated
[INFO] running `Command { std: CARGO_HOME="/workspace/cargo-home" RUSTUP_HOME="/workspace/rustup-home" "/workspace/cargo-home/bin/cargo" "+1.100.0-beta.1" "fetch" "--manifest-path" "Cargo.toml", kill_on_drop: false }`
[INFO] [stderr] warning: `package.homepage` is redundant with `package.repository`
[INFO] [stderr]   --> Cargo.toml:34:12
[INFO] [stderr]    |
[INFO] [stderr] 34 | homepage = "https://github.com/worktools/unionid"
[INFO] [stderr]    |            ^^^^^^^^^^^^^^^^^^^^^^^^^^^^^^^^^^^^^^
[INFO] [stderr] ...
[INFO] [stderr] 39 | repository = "https://github.com/worktools/unionid"
[INFO] [stderr]    |              --------------------------------------
[INFO] [stderr]    |
[INFO] [stderr]    = note: `cargo::redundant_homepage` is set to `warn` by default
[INFO] [stderr] help: consider removing `package.homepage`
[INFO] [stderr] warning: `unionid-derive` (manifest) generated 1 warning
[INFO] running `Command { std: "docker" "create" "-v" "/var/lib/crater-agent-workspace/builds/worker-7-tc2/source:/opt/rustwide/workdir:ro,Z" "-v" "/var/lib/crater-agent-workspace/builds/worker-7-tc2/target:/opt/rustwide/target:rw,Z" "-v" "/var/lib/crater-agent-workspace/cargo-home:/opt/rustwide/cargo-home:ro,Z" "-v" "/var/lib/crater-agent-workspace/rustup-home:/opt/rustwide/rustup-home:ro,Z" "-m" "1610612736" "--network" "none" "ghcr.io/rust-lang/crates-build-env/linux@sha256:77db811e55d90add9212f6832c23229e3de5f1c1f9905e8cb07319ea15df73ac" "sleep" "infinity", kill_on_drop: false }`
[INFO] [stdout] 3ef822ae1a6334cfc9a1847059bea8e3f7d5da00ac0454902f7d0d7a0623e5b9
[INFO] running `Command { std: "docker" "start" "3ef822ae1a6334cfc9a1847059bea8e3f7d5da00ac0454902f7d0d7a0623e5b9", kill_on_drop: false }`
[INFO] running `Command { std: "docker" "inspect" "3ef822ae1a6334cfc9a1847059bea8e3f7d5da00ac0454902f7d0d7a0623e5b9", kill_on_drop: false }`
[INFO] running `Command { std: "docker" "exec" "-e" "SOURCE_DIR=/opt/rustwide/workdir" "-e" "CARGO_HOME=/opt/rustwide/cargo-home" "-e" "RUSTUP_HOME=/opt/rustwide/rustup-home" "-e" "CARGO_TARGET_DIR=/opt/rustwide/target" "-w" "/opt/rustwide/workdir" "--user" "0:0" "3ef822ae1a6334cfc9a1847059bea8e3f7d5da00ac0454902f7d0d7a0623e5b9" "/opt/rustwide/cargo-home/bin/cargo" "+1.100.0-beta.1" "metadata" "--no-deps" "--format-version=1", kill_on_drop: false }`
[INFO] running `Command { std: "docker" "inspect" "3ef822ae1a6334cfc9a1847059bea8e3f7d5da00ac0454902f7d0d7a0623e5b9", kill_on_drop: false }`
[INFO] running `Command { std: "docker" "exec" "-e" "SOURCE_DIR=/opt/rustwide/workdir" "-e" "CARGO_HOME=/opt/rustwide/cargo-home" "-e" "RUSTUP_HOME=/opt/rustwide/rustup-home" "-e" "CARGO_TARGET_DIR=/opt/rustwide/target" "-e" "CARGO_INCREMENTAL=0" "-e" "RUST_BACKTRACE=full" "-e" "RUSTFLAGS=--cap-lints=warn" "-e" "RUSTDOCFLAGS=--cap-lints=warn" "-w" "/opt/rustwide/workdir" "--user" "0:0" "3ef822ae1a6334cfc9a1847059bea8e3f7d5da00ac0454902f7d0d7a0623e5b9" "/opt/rustwide/cargo-home/bin/cargo" "+1.100.0-beta.1" "build" "--frozen" "--message-format=json" "--release", kill_on_drop: false }`
[INFO] [stderr] warning: `package.homepage` is redundant with `package.repository`
[INFO] [stderr]   --> Cargo.toml:34:12
[INFO] [stderr]    |
[INFO] [stderr] 34 | homepage = "https://github.com/worktools/unionid"
[INFO] [stderr]    |            ^^^^^^^^^^^^^^^^^^^^^^^^^^^^^^^^^^^^^^
[INFO] [stderr] ...
[INFO] [stderr] 39 | repository = "https://github.com/worktools/unionid"
[INFO] [stderr]    |              --------------------------------------
[INFO] [stderr]    |
[INFO] [stderr]    = note: `cargo::redundant_homepage` is set to `warn` by default
[INFO] [stderr] help: consider removing `package.homepage`
[INFO] [stderr] warning: `unionid-derive` (manifest) generated 1 warning
[INFO] [stderr]    Compiling syn v2.0.119
[INFO] [stderr]    Compiling unionid-derive v0.13.2 (/opt/rustwide/workdir)
[INFO] [stderr]     Finished `release` profile [optimized] target(s) in 8.71s
[INFO] running `Command { std: "docker" "inspect" "3ef822ae1a6334cfc9a1847059bea8e3f7d5da00ac0454902f7d0d7a0623e5b9", kill_on_drop: false }`
[INFO] running `Command { std: "docker" "exec" "-e" "SOURCE_DIR=/opt/rustwide/workdir" "-e" "CARGO_HOME=/opt/rustwide/cargo-home" "-e" "RUSTUP_HOME=/opt/rustwide/rustup-home" "-e" "CARGO_TARGET_DIR=/opt/rustwide/target" "-e" "CARGO_INCREMENTAL=0" "-e" "RUST_BACKTRACE=full" "-e" "RUSTFLAGS=--cap-lints=warn" "-e" "RUSTDOCFLAGS=--cap-lints=warn" "-w" "/opt/rustwide/workdir" "--user" "0:0" "3ef822ae1a6334cfc9a1847059bea8e3f7d5da00ac0454902f7d0d7a0623e5b9" "/opt/rustwide/cargo-home/bin/cargo" "+1.100.0-beta.1" "test" "--frozen" "--no-run" "--message-format=json" "--release", kill_on_drop: false }`
[INFO] [stderr] warning: `package.homepage` is redundant with `package.repository`
[INFO] [stderr]   --> Cargo.toml:34:12
[INFO] [stderr]    |
[INFO] [stderr] 34 | homepage = "https://github.com/worktools/unionid"
[INFO] [stderr]    |            ^^^^^^^^^^^^^^^^^^^^^^^^^^^^^^^^^^^^^^
[INFO] [stderr] ...
[INFO] [stderr] 39 | repository = "https://github.com/worktools/unionid"
[INFO] [stderr]    |              --------------------------------------
[INFO] [stderr]    |
[INFO] [stderr]    = note: `cargo::redundant_homepage` is set to `warn` by default
[INFO] [stderr] help: consider removing `package.homepage`
[INFO] [stderr] warning: `unionid-derive` (manifest) generated 1 warning
[INFO] [stderr]    Compiling proc-macro2 v1.0.107
[INFO] [stderr]    Compiling unicode-ident v1.0.24
[INFO] [stderr]    Compiling quote v1.0.47
[INFO] [stderr]    Compiling serde_json v1.0.151
[INFO] [stderr]    Compiling syn v3.0.5
[INFO] [stderr]    Compiling unionid-derive v0.13.2 (/opt/rustwide/workdir)
[INFO] [stderr]    Compiling syn v2.0.119
[INFO] [stderr]    Compiling serde_derive v1.0.229
[INFO] [stderr]    Compiling serde v1.0.229
[INFO] [stdout] error[E0433]: cannot find module or crate `unionid` in this scope
[INFO] [stdout]  --> tests/derive_schema.rs:6:5
[INFO] [stdout]   |
[INFO] [stdout] 6 | use unionid::scalars::{Bytes, Date, Decimal, Duration, Timestamp, Uuid};
[INFO] [stdout]   |     ^^^^^^^ use of unresolved module or unlinked crate `unionid`
[INFO] [stdout]   |
[INFO] [stdout]   = help: if you wanted to use a crate named `unionid`, use `cargo add unionid` to add it to your `Cargo.toml`
[INFO] [stdout] 
[INFO] [stdout] 
[INFO] [stdout] error[E0432]: unresolved import `unionid`
[INFO] [stdout]  --> tests/derive_schema.rs:7:5
[INFO] [stdout]   |
[INFO] [stdout] 7 | use unionid::{Engine, QueryAccessKind, SchemaBuilder, Value};
[INFO] [stdout]   |     ^^^^^^^ use of unresolved module or unlinked crate `unionid`
[INFO] [stdout]   |
[INFO] [stdout]   = help: if you wanted to use a crate named `unionid`, use `cargo add unionid` to add it to your `Cargo.toml`
[INFO] [stdout] 
[INFO] [stdout] 
[INFO] [stdout] error[E0433]: cannot find `unionid` in the list of imported crates
[INFO] [stdout]   --> tests/derive_schema.rs:10:59
[INFO] [stdout]    |
[INFO] [stdout] 10 | #[derive(Debug, Clone, PartialEq, Serialize, Deserialize, UnionidSchema)]
[INFO] [stdout]    |                                                           ^^^^^^^^^^^^^ could not find `unionid` in the list of imported crates
[INFO] [stdout]    |
[INFO] [stdout]    = note: this error originates in the derive macro `UnionidSchema` (in Nightly builds, run with -Z macro-backtrace for more info)
[INFO] [stdout] 
[INFO] [stdout] 
[INFO] [stdout] error[E0433]: cannot find `unionid` in the list of imported crates
[INFO] [stdout]   --> tests/derive_schema.rs:16:59
[INFO] [stdout]    |
[INFO] [stdout] 16 | #[derive(Debug, Clone, PartialEq, Serialize, Deserialize, UnionidSchema)]
[INFO] [stdout]    |                                                           ^^^^^^^^^^^^^ could not find `unionid` in the list of imported crates
[INFO] [stdout]    |
[INFO] [stdout]    = note: this error originates in the derive macro `UnionidSchema` (in Nightly builds, run with -Z macro-backtrace for more info)
[INFO] [stdout] 
[INFO] [stdout] 
[INFO] [stdout] error[E0433]: cannot find `unionid` in the list of imported crates
[INFO] [stdout]   --> tests/derive_schema.rs:24:59
[INFO] [stdout]    |
[INFO] [stdout] 24 | #[derive(Debug, Clone, PartialEq, Serialize, Deserialize, UnionidSchema)]
[INFO] [stdout]    |                                                           ^^^^^^^^^^^^^ could not find `unionid` in the list of imported crates
[INFO] [stdout]    |
[INFO] [stdout]    = note: this error originates in the derive macro `UnionidSchema` (in Nightly builds, run with -Z macro-backtrace for more info)
[INFO] [stdout] 
[INFO] [stdout] 
[INFO] [stdout] error[E0433]: cannot find `unionid` in the list of imported crates
[INFO] [stdout]   --> tests/derive_schema.rs:35:10
[INFO] [stdout]    |
[INFO] [stdout] 35 | #[derive(UnionidSchema)]
[INFO] [stdout]    |          ^^^^^^^^^^^^^ could not find `unionid` in the list of imported crates
[INFO] [stdout]    |
[INFO] [stdout]    = note: this error originates in the derive macro `UnionidSchema` (in Nightly builds, run with -Z macro-backtrace for more info)
[INFO] [stdout] 
[INFO] [stdout] 
[INFO] [stdout] error[E0433]: cannot find `unionid` in the list of imported crates
[INFO] [stdout]   --> tests/derive_schema.rs:47:59
[INFO] [stdout]    |
[INFO] [stdout] 47 | #[derive(Debug, Clone, PartialEq, Serialize, Deserialize, UnionidSchema)]
[INFO] [stdout]    |                                                           ^^^^^^^^^^^^^ could not find `unionid` in the list of imported crates
[INFO] [stdout]    |
[INFO] [stdout]    = note: this error originates in the derive macro `UnionidSchema` (in Nightly builds, run with -Z macro-backtrace for more info)
[INFO] [stdout] 
[INFO] [stdout] 
[INFO] [stdout] error[E0433]: cannot find `unionid` in the list of imported crates
[INFO] [stdout]   --> tests/derive_schema.rs:55:59
[INFO] [stdout]    |
[INFO] [stdout] 55 | #[derive(Debug, Clone, PartialEq, Serialize, Deserialize, UnionidSchema)]
[INFO] [stdout]    |                                                           ^^^^^^^^^^^^^ could not find `unionid` in the list of imported crates
[INFO] [stdout]    |
[INFO] [stdout]    = note: this error originates in the derive macro `UnionidSchema` (in Nightly builds, run with -Z macro-backtrace for more info)
[INFO] [stdout] 
[INFO] [stdout] 
[INFO] [stdout] error[E0433]: cannot find `unionid` in the list of imported crates
[INFO] [stdout]   --> tests/derive_schema.rs:61:59
[INFO] [stdout]    |
[INFO] [stdout] 61 | #[derive(Debug, Clone, PartialEq, Serialize, Deserialize, UnionidSchema)]
[INFO] [stdout]    |                                                           ^^^^^^^^^^^^^ could not find `unionid` in the list of imported crates
[INFO] [stdout]    |
[INFO] [stdout]    = note: this error originates in the derive macro `UnionidSchema` (in Nightly builds, run with -Z macro-backtrace for more info)
[INFO] [stdout] 
[INFO] [stdout] 
[INFO] [stdout] error[E0433]: cannot find `unionid` in the list of imported crates
[INFO] [stdout]   --> tests/derive_schema.rs:75:59
[INFO] [stdout]    |
[INFO] [stdout] 75 | #[derive(Debug, Clone, PartialEq, Serialize, Deserialize, UnionidSchema)]
[INFO] [stdout]    |                                                           ^^^^^^^^^^^^^ could not find `unionid` in the list of imported crates
[INFO] [stdout]    |
[INFO] [stdout]    = note: this error originates in the derive macro `UnionidSchema` (in Nightly builds, run with -Z macro-backtrace for more info)
[INFO] [stdout] 
[INFO] [stdout] 
[INFO] [stdout] error[E0433]: cannot find module or crate `unionid` in this scope
[INFO] [stdout]    --> tests/derive_schema.rs:127:16
[INFO] [stdout]     |
[INFO] [stdout] 127 |     let rust = unionid::codegen::rust(&source).unwrap();
[INFO] [stdout]     |                ^^^^^^^ use of unresolved module or unlinked crate `unionid`
[INFO] [stdout]     |
[INFO] [stdout]     = help: if you wanted to use a crate named `unionid`, use `cargo add unionid` to add it to your `Cargo.toml`
[INFO] [stdout] 
[INFO] [stdout] 
[INFO] [stdout] error[E0433]: cannot find `unionid` in the list of imported crates
[INFO] [stdout]    --> tests/derive_schema.rs:293:14
[INFO] [stdout]     |
[INFO] [stdout] 293 |     #[derive(UnionidSchema)]
[INFO] [stdout]     |              ^^^^^^^^^^^^^ could not find `unionid` in the list of imported crates
[INFO] [stdout]     |
[INFO] [stdout]     = note: this error originates in the derive macro `UnionidSchema` (in Nightly builds, run with -Z macro-backtrace for more info)
[INFO] [stdout] 
[INFO] [stdout] 
[INFO] [stdout] error[E0433]: cannot find `unionid` in the list of imported crates
[INFO] [stdout]    --> tests/derive_schema.rs:302:14
[INFO] [stdout]     |
[INFO] [stdout] 302 |     #[derive(UnionidSchema)]
[INFO] [stdout]     |              ^^^^^^^^^^^^^ could not find `unionid` in the list of imported crates
[INFO] [stdout]     |
[INFO] [stdout]     = note: this error originates in the derive macro `UnionidSchema` (in Nightly builds, run with -Z macro-backtrace for more info)
[INFO] [stdout] 
[INFO] [stdout] 
[INFO] [stdout] error[E0433]: cannot find `unionid` in the list of imported crates
[INFO] [stdout]    --> tests/derive_schema.rs:362:59
[INFO] [stdout]     |
[INFO] [stdout] 362 | #[derive(Debug, Clone, PartialEq, Serialize, Deserialize, UnionidSchema)]
[INFO] [stdout]     |                                                           ^^^^^^^^^^^^^ could not find `unionid` in the list of imported crates
[INFO] [stdout]     |
[INFO] [stdout]     = note: this error originates in the derive macro `UnionidSchema` (in Nightly builds, run with -Z macro-backtrace for more info)
[INFO] [stdout] 
[INFO] [stdout] 
[INFO] [stdout] error[E0433]: cannot find `unionid` in the list of imported crates
[INFO] [stdout]    --> tests/derive_schema.rs:367:59
[INFO] [stdout]     |
[INFO] [stdout] 367 | #[derive(Debug, Clone, PartialEq, Serialize, Deserialize, UnionidSchema)]
[INFO] [stdout]     |                                                           ^^^^^^^^^^^^^ could not find `unionid` in the list of imported crates
[INFO] [stdout]     |
[INFO] [stdout]     = note: this error originates in the derive macro `UnionidSchema` (in Nightly builds, run with -Z macro-backtrace for more info)
[INFO] [stdout] 
[INFO] [stdout] 
[INFO] [stdout] error[E0433]: cannot find `unionid` in the list of imported crates
[INFO] [stdout]    --> tests/derive_schema.rs:421:10
[INFO] [stdout]     |
[INFO] [stdout] 421 | #[derive(UnionidSchema)]
[INFO] [stdout]     |          ^^^^^^^^^^^^^ could not find `unionid` in the list of imported crates
[INFO] [stdout]     |
[INFO] [stdout]     = note: this error originates in the derive macro `UnionidSchema` (in Nightly builds, run with -Z macro-backtrace for more info)
[INFO] [stdout] 
[INFO] [stdout] 
[INFO] [stdout] error[E0433]: cannot find `unionid` in the list of imported crates
[INFO] [stdout]    --> tests/derive_schema.rs:438:10
[INFO] [stdout]     |
[INFO] [stdout] 438 | #[derive(UnionidSchema)]
[INFO] [stdout]     |          ^^^^^^^^^^^^^ could not find `unionid` in the list of imported crates
[INFO] [stdout]     |
[INFO] [stdout]     = note: this error originates in the derive macro `UnionidSchema` (in Nightly builds, run with -Z macro-backtrace for more info)
[INFO] [stdout] 
[INFO] [stdout] 
[INFO] [stdout] error[E0433]: cannot find `unionid` in the list of imported crates
[INFO] [stdout]    --> tests/derive_schema.rs:443:10
[INFO] [stdout]     |
[INFO] [stdout] 443 | #[derive(UnionidSchema)]
[INFO] [stdout]     |          ^^^^^^^^^^^^^ could not find `unionid` in the list of imported crates
[INFO] [stdout]     |
[INFO] [stdout]     = note: this error originates in the derive macro `UnionidSchema` (in Nightly builds, run with -Z macro-backtrace for more info)
[INFO] [stdout] 
[INFO] [stdout] 
[INFO] [stdout] error[E0433]: cannot find `unionid` in the list of imported crates
[INFO] [stdout]    --> tests/derive_schema.rs:461:10
[INFO] [stdout]     |
[INFO] [stdout] 461 | #[derive(UnionidSchema)]
[INFO] [stdout]     |          ^^^^^^^^^^^^^ could not find `unionid` in the list of imported crates
[INFO] [stdout]     |
[INFO] [stdout]     = note: this error originates in the derive macro `UnionidSchema` (in Nightly builds, run with -Z macro-backtrace for more info)
[INFO] [stdout] 
[INFO] [stdout] 
[INFO] [stdout] error[E0433]: cannot find `unionid` in the list of imported crates
[INFO] [stdout]    --> tests/derive_schema.rs:467:10
[INFO] [stdout]     |
[INFO] [stdout] 467 | #[derive(UnionidSchema)]
[INFO] [stdout]     |          ^^^^^^^^^^^^^ could not find `unionid` in the list of imported crates
[INFO] [stdout]     |
[INFO] [stdout]     = note: this error originates in the derive macro `UnionidSchema` (in Nightly builds, run with -Z macro-backtrace for more info)
[INFO] [stdout] 
[INFO] [stdout] 
[INFO] [stdout] error[E0433]: cannot find `unionid` in the list of imported crates
[INFO] [stdout]    --> tests/derive_schema.rs:490:59
[INFO] [stdout]     |
[INFO] [stdout] 490 | #[derive(Debug, Clone, PartialEq, Serialize, Deserialize, UnionidSchema)]
[INFO] [stdout]     |                                                           ^^^^^^^^^^^^^ could not find `unionid` in the list of imported crates
[INFO] [stdout]     |
[INFO] [stdout]     = note: this error originates in the derive macro `UnionidSchema` (in Nightly builds, run with -Z macro-backtrace for more info)
[INFO] [stdout] 
[INFO] [stdout] 
[INFO] [stdout] error[E0433]: cannot find `unionid` in the list of imported crates
[INFO] [stdout]    --> tests/derive_schema.rs:502:59
[INFO] [stdout]     |
[INFO] [stdout] 502 | #[derive(Debug, Clone, PartialEq, Serialize, Deserialize, UnionidSchema)]
[INFO] [stdout]     |                                                           ^^^^^^^^^^^^^ could not find `unionid` in the list of imported crates
[INFO] [stdout]     |
[INFO] [stdout]     = note: this error originates in the derive macro `UnionidSchema` (in Nightly builds, run with -Z macro-backtrace for more info)
[INFO] [stdout] 
[INFO] [stdout] 
[INFO] [stdout] Some errors have detailed explanations: E0432, E0433.
[INFO] [stdout] 
[INFO] [stdout] For more information about an error, try `rustc --explain E0432`.
[INFO] [stdout] 
[INFO] [stderr] error: could not compile `unionid-derive` (test "derive_schema") due to 22 previous errors
[INFO] running `Command { std: "docker" "inspect" "3ef822ae1a6334cfc9a1847059bea8e3f7d5da00ac0454902f7d0d7a0623e5b9", kill_on_drop: false }`
[INFO] running `Command { std: "docker" "rm" "-f" "3ef822ae1a6334cfc9a1847059bea8e3f7d5da00ac0454902f7d0d7a0623e5b9", kill_on_drop: false }`
[INFO] [stdout] 3ef822ae1a6334cfc9a1847059bea8e3f7d5da00ac0454902f7d0d7a0623e5b9
