[INFO] fetching crate unc-sdk 2.3.2...
[INFO] testing unc-sdk-2.3.2 against 1.99.0-beta.8+cargoflags=--release for beta-release-1.100-2
[INFO] extracting crate unc-sdk 2.3.2 into /workspace/builds/worker-4-tc1/source
[INFO] started tweaking crates.io crate unc-sdk 2.3.2
[INFO] removed 0 missing tests
[INFO] finished tweaking crates.io crate unc-sdk 2.3.2
[INFO] tweaked toml for crates.io crate unc-sdk 2.3.2 written to /workspace/builds/worker-4-tc1/source/Cargo.toml
[INFO] validating manifest of crates.io crate unc-sdk 2.3.2 on toolchain 1.99.0-beta.8
[INFO] running `Command { std: CARGO_HOME="/workspace/cargo-home" RUSTUP_HOME="/workspace/rustup-home" "/workspace/cargo-home/bin/cargo" "+1.99.0-beta.8" "metadata" "--manifest-path" "Cargo.toml" "--no-deps", kill_on_drop: false }`
[INFO] running `Command { std: CARGO_HOME="/workspace/cargo-home" RUSTUP_HOME="/workspace/rustup-home" "/workspace/cargo-home/bin/cargo" "+1.99.0-beta.8" "generate-lockfile" "--manifest-path" "Cargo.toml", kill_on_drop: false }`
[INFO] [stderr]     Updating crates.io index
[INFO] [stderr]      Locking 608 packages to highest compatible versions
[INFO] [stderr]       Adding base64 v0.22.1 (available: v0.23.1)
[INFO] [stderr]       Adding generic-array v0.14.7 (available: v0.14.9)
[INFO] [stderr]       Adding getrandom v0.2.17 (available: v0.4.3)
[INFO] [stderr]       Adding rand v0.8.8 (available: v0.10.3)
[INFO] [stderr]       Adding rand_chacha v0.3.1 (available: v0.10.0)
[INFO] [stderr]       Adding rand_xorshift v0.3.0 (available: v0.5.0)
[INFO] [stderr]       Adding schemars v0.8.22 (available: v1.2.3)
[INFO] [stderr]       Adding symbolic-debuginfo v12.18.3 (available: v13.9.0)
[INFO] [stderr]       Adding unc-crypto v0.10.2 (available: v0.12.2)
[INFO] [stderr]       Adding unc-parameters v0.10.2 (available: v0.12.2)
[INFO] [stderr]       Adding unc-primitives v0.10.2 (available: v0.12.2)
[INFO] [stderr]       Adding unc-primitives-core v0.10.2 (available: v0.12.2)
[INFO] [stderr]       Adding unc-vm-runner v0.10.2 (available: v0.12.2)
[INFO] [stderr]       Adding wasmprinter v0.2.57 (available: v0.2.80)
[INFO] running `Command { std: CARGO_HOME="/workspace/cargo-home" RUSTUP_HOME="/workspace/rustup-home" "/workspace/cargo-home/bin/cargo" "+1.99.0-beta.8" "fetch" "--manifest-path" "Cargo.toml", kill_on_drop: false }`
[INFO] [stderr]  Downloading crates ...
[INFO] [stderr]   Downloaded memory_units v0.4.0
[INFO] [stderr]   Downloaded wee_alloc v0.4.5
[INFO] [stderr]   Downloaded zeropool-bn v0.5.11
[INFO] [stderr]   Downloaded wasmtime v14.0.4
[INFO] [stderr]   Downloaded unc-vm-runner v0.10.2
[INFO] [stderr]   Downloaded borsh-derive-internal v0.9.3
[INFO] [stderr]   Downloaded cranelift-bforest v0.101.4
[INFO] [stderr]   Downloaded slice-group-by v0.3.1
[INFO] [stderr]   Downloaded wasmer-vm-x v2.4.1
[INFO] [stderr]   Downloaded wasmtime-wmemcheck v14.0.4
[INFO] [stderr]   Downloaded errno v0.2.8
[INFO] [stderr]   Downloaded addr2line v0.21.0
[INFO] [stderr]   Downloaded cranelift-control v0.101.4
[INFO] [stderr]   Downloaded region v3.0.2
[INFO] [stderr]   Downloaded mach v0.3.2
[INFO] [stderr]   Downloaded wasmer-singlepass-backend-x v0.18.1
[INFO] [stderr]   Downloaded cranelift-native v0.101.4
[INFO] [stderr]   Downloaded cranelift-codegen-meta v0.101.4
[INFO] [stderr]   Downloaded borsh-derive v0.9.3
[INFO] [stderr]   Downloaded wasmtime-cranelift-shared v14.0.4
[INFO] [stderr]   Downloaded debugid v0.8.0
[INFO] [stderr]   Downloaded memfd v0.6.6
[INFO] [stderr]   Downloaded fxprof-processed-profile v0.6.0
[INFO] [stderr]   Downloaded wasmer-types-x v2.4.1
[INFO] [stderr]   Downloaded wasmtime-versioned-export-macros v14.0.4
[INFO] [stderr]   Downloaded wasmtime-jit-debug v14.0.4
[INFO] [stderr]   Downloaded target-lexicon v0.12.16
[INFO] [stderr]   Downloaded wasmer-runtime-x v0.18.0
[INFO] [stderr]   Downloaded target-lexicon v0.10.0
[INFO] [stderr]   Downloaded wasm-encoder v0.35.0
[INFO] [stderr]   Downloaded cranelift-isle v0.101.4
[INFO] [stderr]   Downloaded cranelift-frontend v0.101.4
[INFO] [stderr]   Downloaded more-asserts v0.2.2
[INFO] [stderr]   Downloaded serde-bench v0.0.7
[INFO] [stderr]   Downloaded wasmtime-asm-macros v14.0.4
[INFO] [stderr]   Downloaded cranelift-codegen-shared v0.101.4
[INFO] [stderr]   Downloaded memmap v0.7.0
[INFO] [stderr]   Downloaded wasmtime-jit-icache-coherence v14.0.4
[INFO] [stderr]   Downloaded leb128 v0.2.7
[INFO] [stderr]   Downloaded borsh v0.9.3
[INFO] [stderr]   Downloaded unc-vm-vm v0.10.2
[INFO] [stderr]   Downloaded prefix-sum-vec v0.1.2
[INFO] [stderr]   Downloaded wasmtime-types v14.0.4
[INFO] [stderr]   Downloaded cranelift-entity v0.101.4
[INFO] [stderr]   Downloaded borsh-schema-derive-internal v0.9.3
[INFO] [stderr]   Downloaded mach2 v0.4.3
[INFO] [stderr]   Downloaded parking_lot_core v0.7.3
[INFO] [stderr]   Downloaded wasmer-compiler-x v2.4.1
[INFO] [stderr]   Downloaded unc-vm-types v0.10.2
[INFO] [stderr]   Downloaded dynasmrt v1.2.3
[INFO] [stderr]   Downloaded wasmer-engine-x v2.4.1
[INFO] [stderr]   Downloaded wasmer-engine-universal-x v2.4.1
[INFO] [stderr]   Downloaded unc-vm-compiler v0.10.2
[INFO] [stderr]   Downloaded strum v0.24.1
[INFO] [stderr]   Downloaded unc-account-id v0.7.2
[INFO] [stderr]   Downloaded wasmtime-cranelift v14.0.4
[INFO] [stderr]   Downloaded wasmparser v0.51.4
[INFO] [stderr]   Downloaded wasmer-compiler-singlepass-x v2.4.1
[INFO] [stderr]   Downloaded unc-vm-compiler-singlepass v0.10.2
[INFO] [stderr]   Downloaded toml_datetime v1.1.2+spec-1.1.0
[INFO] [stderr]   Downloaded wasmtime-runtime v14.0.4
[INFO] [stderr]   Downloaded wasmtime-environ v14.0.4
[INFO] [stderr]   Downloaded cpp_demangle v0.3.5
[INFO] [stderr]   Downloaded wasmparser v0.78.2
[INFO] [stderr]   Downloaded wasmprinter v0.2.57
[INFO] [stderr]   Downloaded unc-vm-engine v0.10.2
[INFO] [stderr]   Downloaded regalloc2 v0.9.3
[INFO] [stderr]   Downloaded wasmparser v0.99.0
[INFO] [stderr]   Downloaded wasmer-runtime-core-x v0.18.3
[INFO] [stderr]   Downloaded schemars v1.2.3
[INFO] [stderr]   Downloaded toml_parser v1.1.5+spec-1.1.0
[INFO] [stderr]   Downloaded wasmparser v0.115.0
[INFO] [stderr]   Downloaded cranelift-wasm v0.101.4
[INFO] [stderr]   Downloaded nix v0.15.0
[INFO] [stderr]   Downloaded strum_macros v0.24.3
[INFO] [stderr]   Downloaded dynasm v2.0.0
[INFO] [stderr]   Downloaded unc-primitives-core v0.10.2
[INFO] [stderr]   Downloaded defmt-parser v1.1.0
[INFO] [stderr]   Downloaded gimli v0.28.1
[INFO] [stderr]   Downloaded wasmtime-jit v14.0.4
[INFO] [stderr]   Downloaded page_size v0.4.2
[INFO] [stderr]   Downloaded serde_with_macros v3.24.0
[INFO] [stderr]   Downloaded jiff-static v0.2.38
[INFO] [stderr]   Downloaded defmt-macros v1.2.0
[INFO] [stderr]   Downloaded wasm-encoder v0.27.0
[INFO] [stderr]   Downloaded defmt v1.2.0
[INFO] [stderr]   Downloaded jiff-tzdb v0.1.9
[INFO] [stderr]   Downloaded toml_edit v0.25.17+spec-1.1.0
[INFO] [stderr]   Downloaded unc-config-utils v0.10.2
[INFO] [stderr]   Downloaded json_comments v0.2.2
[INFO] [stderr]   Downloaded simple_asn1 v0.5.4
[INFO] [stderr]   Downloaded simple_asn1 v0.4.1
[INFO] [stderr]   Downloaded enum-map v2.7.3
[INFO] [stderr]   Downloaded rsa-export v0.3.3
[INFO] [stderr]   Downloaded pem v0.8.3
[INFO] [stderr]   Downloaded unc-stdx v0.10.2
[INFO] [stderr]   Downloaded serde_repr v0.1.21
[INFO] [stderr]   Downloaded enum-map-derive v0.17.0
[INFO] [stderr]   Downloaded dynasmrt v2.0.0
[INFO] [stderr]   Downloaded unc-parameters v0.10.2
[INFO] [stderr]   Downloaded dynasm v1.2.3
[INFO] [stderr]   Downloaded rsa v0.3.0
[INFO] [stderr]   Downloaded unc-crypto v0.10.2
[INFO] [stderr]   Downloaded primitive-types v0.10.1
[INFO] [stderr]   Downloaded wasmparser v0.105.0
[INFO] [stderr]   Downloaded serde_with v3.24.0
[INFO] [stderr]   Downloaded fixed-hash v0.7.0
[INFO] [stderr]   Downloaded num-bigint v0.3.3
[INFO] [stderr]   Downloaded num-bigint-dig v0.6.1
[INFO] [stderr]   Downloaded object v0.32.2
[INFO] [stderr]   Downloaded unc-sdk-macros v2.3.2
[INFO] [stderr]   Downloaded unc-rng v0.1.0
[INFO] [stderr]   Downloaded ripemd v0.1.3
[INFO] [stderr]   Downloaded loupe-derive v0.1.3
[INFO] [stderr]   Downloaded unc-token v0.10.2
[INFO] [stderr]   Downloaded cranelift-codegen v0.101.4
[INFO] [stderr]   Downloaded jiff v0.2.38
[INFO] [stderr]   Downloaded unc-sys v2.3.2
[INFO] [stderr]   Downloaded unc-primitives v0.10.2
[INFO] [stderr]   Downloaded c2-chacha v0.3.3
[INFO] [stderr]   Downloaded unc-rpc-error-macro v0.10.2
[INFO] [stderr]   Downloaded blake2 v0.9.2
[INFO] [stderr]   Downloaded loupe v0.1.3
[INFO] [stderr]   Downloaded finite-wasm v0.5.1
[INFO] [stderr]   Downloaded pwasm-utils v0.12.0
[INFO] [stderr]   Downloaded parity-wasm v0.42.2
[INFO] [stderr]   Downloaded parity-wasm v0.41.0
[INFO] [stderr]   Downloaded opentelemetry-otlp v0.10.0
[INFO] [stderr]   Downloaded tonic-build v0.6.2
[INFO] [stderr]   Downloaded unc-rpc-error-core v0.10.2
[INFO] [stderr]   Downloaded tracing-opentelemetry v0.17.4
[INFO] [stderr]   Downloaded prost v0.9.0
[INFO] [stderr]   Downloaded opentelemetry v0.17.0
[INFO] [stderr]   Downloaded prost-types v0.9.0
[INFO] [stderr]   Downloaded tonic v0.6.2
[INFO] [stderr]   Downloaded unc-fmt v0.10.2
[INFO] [stderr]   Downloaded unc-o11y v0.10.2
[INFO] [stderr]   Downloaded multimap v0.8.3
[INFO] [stderr]   Downloaded opentelemetry-semantic-conventions v0.9.0
[INFO] [stderr]   Downloaded petgraph v0.6.5
[INFO] [stderr]   Downloaded prost-derive v0.9.0
[INFO] [stderr]   Downloaded actix v0.13.5
[INFO] [stderr]   Downloaded unc-abi v0.10.3
[INFO] [stderr]   Downloaded smart-default v0.6.0
[INFO] [stderr]   Downloaded actix_derive v0.6.2
[INFO] [stderr]   Downloaded toml v1.1.8+spec-1.1.0
[INFO] [stderr]   Downloaded plain v0.2.3
[INFO] [stderr]   Downloaded toml_writer v1.1.3+spec-1.1.0
[INFO] [stderr]   Downloaded serde_spanned v1.1.2
[INFO] [stderr]   Downloaded target-tuple v1.0.2
[INFO] [stderr]   Downloaded watto v0.2.0
[INFO] [stderr]   Downloaded symbolic-common v12.18.3
[INFO] [stderr]   Downloaded zip v7.4.0
[INFO] [stderr]   Downloaded inplace-vec-builder v0.1.1
[INFO] [stderr]   Downloaded joinery v2.1.0
[INFO] [stderr]   Downloaded symbolic-ppdb v12.18.3
[INFO] [stderr]   Downloaded binary-merge v0.1.2
[INFO] [stderr]   Downloaded nom-supreme v0.8.0
[INFO] [stderr]   Downloaded brownstone v3.0.0
[INFO] [stderr]   Downloaded string_cache v0.8.9
[INFO] [stderr]   Downloaded reed-solomon-erasure v4.0.2
[INFO] [stderr]   Downloaded easy-ext v0.2.9
[INFO] [stderr]   Downloaded trybuild v1.0.122
[INFO] [stderr]   Downloaded scroll v0.12.0
[INFO] [stderr]   Downloaded pdb-addr2line v0.10.4
[INFO] [stderr]   Downloaded range-collections v0.2.4
[INFO] [stderr]   Downloaded scroll v0.11.0
[INFO] [stderr]   Downloaded maybe-owned v0.3.4
[INFO] [stderr]   Downloaded elementtree v1.2.3
[INFO] [stderr]   Downloaded pdb v0.8.0
[INFO] [stderr]   Downloaded unc-gas v0.10.0
[INFO] [stderr]   Downloaded symbolic-debuginfo v12.18.3
[INFO] [stderr]   Downloaded indent_write v2.2.0
[INFO] [stderr]   Downloaded goblin v0.8.2
[INFO] [stderr]   Downloaded wasmparser v0.243.0
[INFO] [stderr]   Downloaded scroll_derive v0.12.1
[INFO] [stderr]   Downloaded srcsrv v0.2.3
[INFO] [stderr]   Downloaded prost-build v0.9.0
[INFO] running `Command { std: "docker" "create" "-v" "/var/lib/crater-agent-workspace/builds/worker-4-tc1/source:/opt/rustwide/workdir:ro,Z" "-v" "/var/lib/crater-agent-workspace/builds/worker-4-tc1/target:/opt/rustwide/target:rw,Z" "-v" "/var/lib/crater-agent-workspace/cargo-home:/opt/rustwide/cargo-home:ro,Z" "-v" "/var/lib/crater-agent-workspace/rustup-home:/opt/rustwide/rustup-home:ro,Z" "-m" "1610612736" "--network" "none" "ghcr.io/rust-lang/crates-build-env/linux@sha256:77db811e55d90add9212f6832c23229e3de5f1c1f9905e8cb07319ea15df73ac" "sleep" "infinity", kill_on_drop: false }`
[INFO] [stdout] a98d46bf945f660d91cbd498c347945cfbd7459f929ad5a5168eaca79a20e252
[INFO] running `Command { std: "docker" "start" "a98d46bf945f660d91cbd498c347945cfbd7459f929ad5a5168eaca79a20e252", kill_on_drop: false }`
[INFO] running `Command { std: "docker" "inspect" "a98d46bf945f660d91cbd498c347945cfbd7459f929ad5a5168eaca79a20e252", kill_on_drop: false }`
[INFO] running `Command { std: "docker" "exec" "-e" "SOURCE_DIR=/opt/rustwide/workdir" "-e" "CARGO_HOME=/opt/rustwide/cargo-home" "-e" "RUSTUP_HOME=/opt/rustwide/rustup-home" "-e" "CARGO_TARGET_DIR=/opt/rustwide/target" "-w" "/opt/rustwide/workdir" "--user" "0:0" "a98d46bf945f660d91cbd498c347945cfbd7459f929ad5a5168eaca79a20e252" "/opt/rustwide/cargo-home/bin/cargo" "+1.99.0-beta.8" "metadata" "--no-deps" "--format-version=1", kill_on_drop: false }`
[INFO] running `Command { std: "docker" "inspect" "a98d46bf945f660d91cbd498c347945cfbd7459f929ad5a5168eaca79a20e252", kill_on_drop: false }`
[INFO] running `Command { std: "docker" "exec" "-e" "SOURCE_DIR=/opt/rustwide/workdir" "-e" "CARGO_HOME=/opt/rustwide/cargo-home" "-e" "RUSTUP_HOME=/opt/rustwide/rustup-home" "-e" "CARGO_TARGET_DIR=/opt/rustwide/target" "-e" "CARGO_INCREMENTAL=0" "-e" "RUST_BACKTRACE=full" "-e" "RUSTFLAGS=--cap-lints=warn" "-e" "RUSTDOCFLAGS=--cap-lints=warn" "-w" "/opt/rustwide/workdir" "--user" "0:0" "a98d46bf945f660d91cbd498c347945cfbd7459f929ad5a5168eaca79a20e252" "/opt/rustwide/cargo-home/bin/cargo" "+1.99.0-beta.8" "build" "--frozen" "--message-format=json" "--release", kill_on_drop: false }`
[INFO] [stderr]    Compiling equivalent v1.0.3
[INFO] [stderr]    Compiling winnow v1.0.4
[INFO] [stderr]    Compiling toml_datetime v1.1.2+spec-1.1.0
[INFO] [stderr]    Compiling cfg_aliases v0.2.2
[INFO] [stderr]    Compiling serde_core v1.0.229
[INFO] [stderr]    Compiling serde v1.0.229
[INFO] [stderr]    Compiling serde_json v1.0.154
[INFO] [stderr]    Compiling memchr v2.8.3
[INFO] [stderr]    Compiling unc-sdk-macros v2.3.2
[INFO] [stderr]    Compiling syn v3.0.9
[INFO] [stderr]    Compiling syn v2.0.119
[INFO] [stderr]    Compiling rustversion v1.0.23
[INFO] [stderr]    Compiling strum v0.26.3
[INFO] [stderr]    Compiling Inflector v0.11.4
[INFO] [stderr]    Compiling once_cell v1.21.4
[INFO] [stderr]    Compiling unc-sys v2.3.2
[INFO] [stderr]    Compiling indexmap v2.14.2
[INFO] [stderr]    Compiling bs58 v0.5.1
[INFO] [stderr]    Compiling borsh v1.8.1
[INFO] [stderr]    Compiling toml_parser v1.1.5+spec-1.1.0
[INFO] [stderr]    Compiling toml_edit v0.25.17+spec-1.1.0
[INFO] [stderr]    Compiling proc-macro-crate v3.5.0
[INFO] [stderr]    Compiling darling_core v0.20.11
[INFO] [stderr]    Compiling serde_derive v1.0.229
[INFO] [stderr]    Compiling borsh-derive v1.8.1
[INFO] [stderr]    Compiling strum_macros v0.26.4
[INFO] [stderr]    Compiling darling_macro v0.20.11
[INFO] [stderr]    Compiling darling v0.20.11
[INFO] [stderr]    Compiling unc-token v0.10.2
[INFO] [stderr]    Compiling unc-gas v0.10.0
[INFO] [stderr]    Compiling unc-account-id v0.7.2
[INFO] [stderr]    Compiling unc-sdk v2.3.2 (/opt/rustwide/workdir)
[INFO] [stdout] warning: use of deprecated constant `std::u64::MAX`: replaced by the `MAX` associated constant on this type
[INFO] [stdout]   --> src/environment/env.rs:26:43
[INFO] [stdout]    |
[INFO] [stdout] 26 | const ATOMIC_OP_REGISTER: u64 = std::u64::MAX - 2;
[INFO] [stdout]    |                                           ^^^
[INFO] [stdout]    |
[INFO] [stdout]    = note: `#[warn(deprecated)]` on by default
[INFO] [stdout] 
[INFO] [stdout] 
[INFO] [stdout] warning: use of deprecated constant `std::u64::MAX`: replaced by the `MAX` associated constant on this type
[INFO] [stdout]   --> src/environment/env.rs:28:41
[INFO] [stdout]    |
[INFO] [stdout] 28 | const EVICTED_REGISTER: u64 = std::u64::MAX - 1;
[INFO] [stdout]    |                                         ^^^
[INFO] [stdout] 
[INFO] [stdout] 
[INFO] [stdout] warning: use of deprecated type alias `std::panic::PanicInfo`: use `PanicHookInfo` instead
[INFO] [stdout]    --> src/environment/env.rs:108:38
[INFO] [stdout]     |
[INFO] [stdout] 108 | fn panic_hook_impl(info: &std_panic::PanicInfo) {
[INFO] [stdout]     |                                      ^^^^^^^^^
[INFO] [stdout] 
[INFO] [stdout] 
[INFO] [stdout] warning: use of deprecated constant `std::u64::MAX`: replaced by the `MAX` associated constant on this type
[INFO] [stdout]    --> src/environment/env.rs:142:25
[INFO] [stdout]     |
[INFO] [stdout] 142 |     if len == std::u64::MAX {
[INFO] [stdout]     |                         ^^^
[INFO] [stdout] 
[INFO] [stdout] 
[INFO] [stdout] warning: hiding a lifetime that's elided elsewhere is confusing
[INFO] [stdout]    --> src/store/vec/mod.rs:435:17
[INFO] [stdout]     |
[INFO] [stdout] 435 |     pub fn iter(&self) -> Iter<T> {
[INFO] [stdout]     |                 ^^^^^     ^^^^^^^ the same lifetime is hidden here
[INFO] [stdout]     |                 |
[INFO] [stdout]     |                 the lifetime is elided here
[INFO] [stdout]     |
[INFO] [stdout]     = help: the same lifetime is referred to in inconsistent ways, making the signature confusing
[INFO] [stdout]     = note: `#[warn(mismatched_lifetime_syntaxes)]` on by default
[INFO] [stdout] help: use `'_` for type paths
[INFO] [stdout]     |
[INFO] [stdout] 435 |     pub fn iter(&self) -> Iter<'_, T> {
[INFO] [stdout]     |                                +++
[INFO] [stdout] 
[INFO] [stdout] 
[INFO] [stdout] warning: hiding a lifetime that's elided elsewhere is confusing
[INFO] [stdout]    --> src/store/vec/mod.rs:455:21
[INFO] [stdout]     |
[INFO] [stdout] 455 |     pub fn iter_mut(&mut self) -> IterMut<T> {
[INFO] [stdout]     |                     ^^^^^^^^^     ^^^^^^^^^^ the same lifetime is hidden here
[INFO] [stdout]     |                     |
[INFO] [stdout]     |                     the lifetime is elided here
[INFO] [stdout]     |
[INFO] [stdout]     = help: the same lifetime is referred to in inconsistent ways, making the signature confusing
[INFO] [stdout] help: use `'_` for type paths
[INFO] [stdout]     |
[INFO] [stdout] 455 |     pub fn iter_mut(&mut self) -> IterMut<'_, T> {
[INFO] [stdout]     |                                           +++
[INFO] [stdout] 
[INFO] [stdout] 
[INFO] [stdout] warning: hiding a lifetime that's elided elsewhere is confusing
[INFO] [stdout]    --> src/store/vec/mod.rs:486:21
[INFO] [stdout]     |
[INFO] [stdout] 486 |     pub fn drain<R>(&mut self, range: R) -> Drain<T>
[INFO] [stdout]     |                     ^^^^^^^^^               ^^^^^^^^ the same lifetime is hidden here
[INFO] [stdout]     |                     |
[INFO] [stdout]     |                     the lifetime is elided here
[INFO] [stdout]     |
[INFO] [stdout]     = help: the same lifetime is referred to in inconsistent ways, making the signature confusing
[INFO] [stdout] help: use `'_` for type paths
[INFO] [stdout]     |
[INFO] [stdout] 486 |     pub fn drain<R>(&mut self, range: R) -> Drain<'_, T>
[INFO] [stdout]     |                                                   +++
[INFO] [stdout] 
[INFO] [stdout] 
[INFO] [stdout] warning: hiding a lifetime that's elided elsewhere is confusing
[INFO] [stdout]    --> src/store/lookup_map/mod.rs:407:18
[INFO] [stdout]     |
[INFO] [stdout] 407 |     pub fn entry(&mut self, key: K) -> Entry<K, V>
[INFO] [stdout]     |                  ^^^^^^^^^             ^^^^^^^^^^^ the same lifetime is hidden here
[INFO] [stdout]     |                  |
[INFO] [stdout]     |                  the lifetime is elided here
[INFO] [stdout]     |
[INFO] [stdout]     = help: the same lifetime is referred to in inconsistent ways, making the signature confusing
[INFO] [stdout] help: use `'_` for type paths
[INFO] [stdout]     |
[INFO] [stdout] 407 |     pub fn entry(&mut self, key: K) -> Entry<'_, K, V>
[INFO] [stdout]     |                                              +++
[INFO] [stdout] 
[INFO] [stdout] 
[INFO] [stdout] warning: hiding a lifetime that's elided elsewhere is confusing
[INFO] [stdout]    --> src/store/iterable_map/mod.rs:259:17
[INFO] [stdout]     |
[INFO] [stdout] 259 |     pub fn iter(&self) -> Iter<K, V, H>
[INFO] [stdout]     |                 ^^^^^     ^^^^^^^^^^^^^ the same lifetime is hidden here
[INFO] [stdout]     |                 |
[INFO] [stdout]     |                 the lifetime is elided here
[INFO] [stdout]     |
[INFO] [stdout]     = help: the same lifetime is referred to in inconsistent ways, making the signature confusing
[INFO] [stdout] help: use `'_` for type paths
[INFO] [stdout]     |
[INFO] [stdout] 259 |     pub fn iter(&self) -> Iter<'_, K, V, H>
[INFO] [stdout]     |                                +++
[INFO] [stdout] 
[INFO] [stdout] 
[INFO] [stdout] warning: hiding a lifetime that's elided elsewhere is confusing
[INFO] [stdout]    --> src/store/iterable_map/mod.rs:289:21
[INFO] [stdout]     |
[INFO] [stdout] 289 |     pub fn iter_mut(&mut self) -> IterMut<K, V, H>
[INFO] [stdout]     |                     ^^^^^^^^^     ^^^^^^^^^^^^^^^^ the same lifetime is hidden here
[INFO] [stdout]     |                     |
[INFO] [stdout]     |                     the lifetime is elided here
[INFO] [stdout]     |
[INFO] [stdout]     = help: the same lifetime is referred to in inconsistent ways, making the signature confusing
[INFO] [stdout] help: use `'_` for type paths
[INFO] [stdout]     |
[INFO] [stdout] 289 |     pub fn iter_mut(&mut self) -> IterMut<'_, K, V, H>
[INFO] [stdout]     |                                           +++
[INFO] [stdout] 
[INFO] [stdout] 
[INFO] [stdout] warning: hiding a lifetime that's elided elsewhere is confusing
[INFO] [stdout]    --> src/store/iterable_map/mod.rs:313:17
[INFO] [stdout]     |
[INFO] [stdout] 313 |     pub fn keys(&self) -> Keys<K>
[INFO] [stdout]     |                 ^^^^^     ^^^^^^^ the same lifetime is hidden here
[INFO] [stdout]     |                 |
[INFO] [stdout]     |                 the lifetime is elided here
[INFO] [stdout]     |
[INFO] [stdout]     = help: the same lifetime is referred to in inconsistent ways, making the signature confusing
[INFO] [stdout] help: use `'_` for type paths
[INFO] [stdout]     |
[INFO] [stdout] 313 |     pub fn keys(&self) -> Keys<'_, K>
[INFO] [stdout]     |                                +++
[INFO] [stdout] 
[INFO] [stdout] 
[INFO] [stdout] warning: hiding a lifetime that's elided elsewhere is confusing
[INFO] [stdout]    --> src/store/iterable_map/mod.rs:337:19
[INFO] [stdout]     |
[INFO] [stdout] 337 |     pub fn values(&self) -> Values<K, V, H>
[INFO] [stdout]     |                   ^^^^^     ^^^^^^^^^^^^^^^ the same lifetime is hidden here
[INFO] [stdout]     |                   |
[INFO] [stdout]     |                   the lifetime is elided here
[INFO] [stdout]     |
[INFO] [stdout]     = help: the same lifetime is referred to in inconsistent ways, making the signature confusing
[INFO] [stdout] help: use `'_` for type paths
[INFO] [stdout]     |
[INFO] [stdout] 337 |     pub fn values(&self) -> Values<'_, K, V, H>
[INFO] [stdout]     |                                    +++
[INFO] [stdout] 
[INFO] [stdout] 
[INFO] [stdout] warning: hiding a lifetime that's elided elsewhere is confusing
[INFO] [stdout]    --> src/store/iterable_map/mod.rs:365:23
[INFO] [stdout]     |
[INFO] [stdout] 365 |     pub fn values_mut(&mut self) -> ValuesMut<K, V, H>
[INFO] [stdout]     |                       ^^^^^^^^^     ^^^^^^^^^^^^^^^^^^ the same lifetime is hidden here
[INFO] [stdout]     |                       |
[INFO] [stdout]     |                       the lifetime is elided here
[INFO] [stdout]     |
[INFO] [stdout]     = help: the same lifetime is referred to in inconsistent ways, making the signature confusing
[INFO] [stdout] help: use `'_` for type paths
[INFO] [stdout]     |
[INFO] [stdout] 365 |     pub fn values_mut(&mut self) -> ValuesMut<'_, K, V, H>
[INFO] [stdout]     |                                               +++
[INFO] [stdout] 
[INFO] [stdout] 
[INFO] [stdout] warning: hiding a lifetime that's elided elsewhere is confusing
[INFO] [stdout]    --> src/store/iterable_map/mod.rs:392:18
[INFO] [stdout]     |
[INFO] [stdout] 392 |     pub fn drain(&mut self) -> Drain<K, V, H>
[INFO] [stdout]     |                  ^^^^^^^^^     ^^^^^^^^^^^^^^ the same lifetime is hidden here
[INFO] [stdout]     |                  |
[INFO] [stdout]     |                  the lifetime is elided here
[INFO] [stdout]     |
[INFO] [stdout]     = help: the same lifetime is referred to in inconsistent ways, making the signature confusing
[INFO] [stdout] help: use `'_` for type paths
[INFO] [stdout]     |
[INFO] [stdout] 392 |     pub fn drain(&mut self) -> Drain<'_, K, V, H>
[INFO] [stdout]     |                                      +++
[INFO] [stdout] 
[INFO] [stdout] 
[INFO] [stdout] warning: hiding a lifetime that's elided elsewhere is confusing
[INFO] [stdout]    --> src/store/iterable_map/mod.rs:634:18
[INFO] [stdout]     |
[INFO] [stdout] 634 |     pub fn entry(&mut self, key: K) -> Entry<K, V, H>
[INFO] [stdout]     |                  ^^^^^^^^^             ^^^^^^^^^^^^^^ the same lifetime is hidden here
[INFO] [stdout]     |                  |
[INFO] [stdout]     |                  the lifetime is elided here
[INFO] [stdout]     |
[INFO] [stdout]     = help: the same lifetime is referred to in inconsistent ways, making the signature confusing
[INFO] [stdout] help: use `'_` for type paths
[INFO] [stdout]     |
[INFO] [stdout] 634 |     pub fn entry(&mut self, key: K) -> Entry<'_, K, V, H>
[INFO] [stdout]     |                                              +++
[INFO] [stdout] 
[INFO] [stdout] 
[INFO] [stdout] warning: hiding a lifetime that's elided elsewhere is confusing
[INFO] [stdout]    --> src/store/iterable_set/mod.rs:424:17
[INFO] [stdout]     |
[INFO] [stdout] 424 |     pub fn iter(&self) -> Iter<T>
[INFO] [stdout]     |                 ^^^^^     ^^^^^^^ the same lifetime is hidden here
[INFO] [stdout]     |                 |
[INFO] [stdout]     |                 the lifetime is elided here
[INFO] [stdout]     |
[INFO] [stdout]     = help: the same lifetime is referred to in inconsistent ways, making the signature confusing
[INFO] [stdout] help: use `'_` for type paths
[INFO] [stdout]     |
[INFO] [stdout] 424 |     pub fn iter(&self) -> Iter<'_, T>
[INFO] [stdout]     |                                +++
[INFO] [stdout] 
[INFO] [stdout] 
[INFO] [stdout] warning: hiding a lifetime that's elided elsewhere is confusing
[INFO] [stdout]    --> src/store/iterable_set/mod.rs:448:18
[INFO] [stdout]     |
[INFO] [stdout] 448 |     pub fn drain(&mut self) -> Drain<T, H>
[INFO] [stdout]     |                  ^^^^^^^^^     ^^^^^^^^^^^ the same lifetime is hidden here
[INFO] [stdout]     |                  |
[INFO] [stdout]     |                  the lifetime is elided here
[INFO] [stdout]     |
[INFO] [stdout]     = help: the same lifetime is referred to in inconsistent ways, making the signature confusing
[INFO] [stdout] help: use `'_` for type paths
[INFO] [stdout]     |
[INFO] [stdout] 448 |     pub fn drain(&mut self) -> Drain<'_, T, H>
[INFO] [stdout]     |                                      +++
[INFO] [stdout] 
[INFO] [stdout] 
[INFO] [stdout] warning: hiding a lifetime that's elided elsewhere is confusing
[INFO] [stdout]    --> src/store/unordered_map/mod.rs:263:17
[INFO] [stdout]     |
[INFO] [stdout] 263 |     pub fn iter(&self) -> Iter<K, V, H>
[INFO] [stdout]     |                 ^^^^^     ^^^^^^^^^^^^^ the same lifetime is hidden here
[INFO] [stdout]     |                 |
[INFO] [stdout]     |                 the lifetime is elided here
[INFO] [stdout]     |
[INFO] [stdout]     = help: the same lifetime is referred to in inconsistent ways, making the signature confusing
[INFO] [stdout] help: use `'_` for type paths
[INFO] [stdout]     |
[INFO] [stdout] 263 |     pub fn iter(&self) -> Iter<'_, K, V, H>
[INFO] [stdout]     |                                +++
[INFO] [stdout] 
[INFO] [stdout] 
[INFO] [stdout] warning: hiding a lifetime that's elided elsewhere is confusing
[INFO] [stdout]    --> src/store/unordered_map/mod.rs:293:21
[INFO] [stdout]     |
[INFO] [stdout] 293 |     pub fn iter_mut(&mut self) -> IterMut<K, V, H>
[INFO] [stdout]     |                     ^^^^^^^^^     ^^^^^^^^^^^^^^^^ the same lifetime is hidden here
[INFO] [stdout]     |                     |
[INFO] [stdout]     |                     the lifetime is elided here
[INFO] [stdout]     |
[INFO] [stdout]     = help: the same lifetime is referred to in inconsistent ways, making the signature confusing
[INFO] [stdout] help: use `'_` for type paths
[INFO] [stdout]     |
[INFO] [stdout] 293 |     pub fn iter_mut(&mut self) -> IterMut<'_, K, V, H>
[INFO] [stdout]     |                                           +++
[INFO] [stdout] 
[INFO] [stdout] 
[INFO] [stdout] warning: hiding a lifetime that's elided elsewhere is confusing
[INFO] [stdout]    --> src/store/unordered_map/mod.rs:317:17
[INFO] [stdout]     |
[INFO] [stdout] 317 |     pub fn keys(&self) -> Keys<K>
[INFO] [stdout]     |                 ^^^^^     ^^^^^^^ the same lifetime is hidden here
[INFO] [stdout]     |                 |
[INFO] [stdout]     |                 the lifetime is elided here
[INFO] [stdout]     |
[INFO] [stdout]     = help: the same lifetime is referred to in inconsistent ways, making the signature confusing
[INFO] [stdout] help: use `'_` for type paths
[INFO] [stdout]     |
[INFO] [stdout] 317 |     pub fn keys(&self) -> Keys<'_, K>
[INFO] [stdout]     |                                +++
[INFO] [stdout] 
[INFO] [stdout] 
[INFO] [stdout] warning: hiding a lifetime that's elided elsewhere is confusing
[INFO] [stdout]    --> src/store/unordered_map/mod.rs:341:19
[INFO] [stdout]     |
[INFO] [stdout] 341 |     pub fn values(&self) -> Values<K, V, H>
[INFO] [stdout]     |                   ^^^^^     ^^^^^^^^^^^^^^^ the same lifetime is hidden here
[INFO] [stdout]     |                   |
[INFO] [stdout]     |                   the lifetime is elided here
[INFO] [stdout]     |
[INFO] [stdout]     = help: the same lifetime is referred to in inconsistent ways, making the signature confusing
[INFO] [stdout] help: use `'_` for type paths
[INFO] [stdout]     |
[INFO] [stdout] 341 |     pub fn values(&self) -> Values<'_, K, V, H>
[INFO] [stdout]     |                                    +++
[INFO] [stdout] 
[INFO] [stdout] 
[INFO] [stdout] warning: hiding a lifetime that's elided elsewhere is confusing
[INFO] [stdout]    --> src/store/unordered_map/mod.rs:369:23
[INFO] [stdout]     |
[INFO] [stdout] 369 |     pub fn values_mut(&mut self) -> ValuesMut<K, V, H>
[INFO] [stdout]     |                       ^^^^^^^^^     ^^^^^^^^^^^^^^^^^^ the same lifetime is hidden here
[INFO] [stdout]     |                       |
[INFO] [stdout]     |                       the lifetime is elided here
[INFO] [stdout]     |
[INFO] [stdout]     = help: the same lifetime is referred to in inconsistent ways, making the signature confusing
[INFO] [stdout] help: use `'_` for type paths
[INFO] [stdout]     |
[INFO] [stdout] 369 |     pub fn values_mut(&mut self) -> ValuesMut<'_, K, V, H>
[INFO] [stdout]     |                                               +++
[INFO] [stdout] 
[INFO] [stdout] 
[INFO] [stdout] warning: hiding a lifetime that's elided elsewhere is confusing
[INFO] [stdout]    --> src/store/unordered_map/mod.rs:396:18
[INFO] [stdout]     |
[INFO] [stdout] 396 |     pub fn drain(&mut self) -> Drain<K, V, H>
[INFO] [stdout]     |                  ^^^^^^^^^     ^^^^^^^^^^^^^^ the same lifetime is hidden here
[INFO] [stdout]     |                  |
[INFO] [stdout]     |                  the lifetime is elided here
[INFO] [stdout]     |
[INFO] [stdout]     = help: the same lifetime is referred to in inconsistent ways, making the signature confusing
[INFO] [stdout] help: use `'_` for type paths
[INFO] [stdout]     |
[INFO] [stdout] 396 |     pub fn drain(&mut self) -> Drain<'_, K, V, H>
[INFO] [stdout]     |                                      +++
[INFO] [stdout] 
[INFO] [stdout] 
[INFO] [stdout] warning: hiding a lifetime that's elided elsewhere is confusing
[INFO] [stdout]    --> src/store/unordered_map/mod.rs:618:18
[INFO] [stdout]     |
[INFO] [stdout] 618 |     pub fn entry(&mut self, key: K) -> Entry<K, V>
[INFO] [stdout]     |                  ^^^^^^^^^             ^^^^^^^^^^^ the same lifetime is hidden here
[INFO] [stdout]     |                  |
[INFO] [stdout]     |                  the lifetime is elided here
[INFO] [stdout]     |
[INFO] [stdout]     = help: the same lifetime is referred to in inconsistent ways, making the signature confusing
[INFO] [stdout] help: use `'_` for type paths
[INFO] [stdout]     |
[INFO] [stdout] 618 |     pub fn entry(&mut self, key: K) -> Entry<'_, K, V>
[INFO] [stdout]     |                                              +++
[INFO] [stdout] 
[INFO] [stdout] 
[INFO] [stdout] warning: hiding a lifetime that's elided elsewhere is confusing
[INFO] [stdout]    --> src/store/unordered_set/mod.rs:432:17
[INFO] [stdout]     |
[INFO] [stdout] 432 |     pub fn iter(&self) -> Iter<T>
[INFO] [stdout]     |                 ^^^^^     ^^^^^^^ the same lifetime is hidden here
[INFO] [stdout]     |                 |
[INFO] [stdout]     |                 the lifetime is elided here
[INFO] [stdout]     |
[INFO] [stdout]     = help: the same lifetime is referred to in inconsistent ways, making the signature confusing
[INFO] [stdout] help: use `'_` for type paths
[INFO] [stdout]     |
[INFO] [stdout] 432 |     pub fn iter(&self) -> Iter<'_, T>
[INFO] [stdout]     |                                +++
[INFO] [stdout] 
[INFO] [stdout] 
[INFO] [stdout] warning: hiding a lifetime that's elided elsewhere is confusing
[INFO] [stdout]    --> src/store/unordered_set/mod.rs:456:18
[INFO] [stdout]     |
[INFO] [stdout] 456 |     pub fn drain(&mut self) -> Drain<T, H>
[INFO] [stdout]     |                  ^^^^^^^^^     ^^^^^^^^^^^ the same lifetime is hidden here
[INFO] [stdout]     |                  |
[INFO] [stdout]     |                  the lifetime is elided here
[INFO] [stdout]     |
[INFO] [stdout]     = help: the same lifetime is referred to in inconsistent ways, making the signature confusing
[INFO] [stdout] help: use `'_` for type paths
[INFO] [stdout]     |
[INFO] [stdout] 456 |     pub fn drain(&mut self) -> Drain<'_, T, H>
[INFO] [stdout]     |                                      +++
[INFO] [stdout] 
[INFO] [stdout] 
[INFO] [stdout] warning: hiding a lifetime that's elided elsewhere is confusing
[INFO] [stdout]    --> src/store/free_list/mod.rs:189:17
[INFO] [stdout]     |
[INFO] [stdout] 189 |     pub fn iter(&self) -> Iter<T> {
[INFO] [stdout]     |                 ^^^^^     ^^^^^^^ the same lifetime is hidden here
[INFO] [stdout]     |                 |
[INFO] [stdout]     |                 the lifetime is elided here
[INFO] [stdout]     |
[INFO] [stdout]     = help: the same lifetime is referred to in inconsistent ways, making the signature confusing
[INFO] [stdout] help: use `'_` for type paths
[INFO] [stdout]     |
[INFO] [stdout] 189 |     pub fn iter(&self) -> Iter<'_, T> {
[INFO] [stdout]     |                                +++
[INFO] [stdout] 
[INFO] [stdout] 
[INFO] [stdout] warning: hiding a lifetime that's elided elsewhere is confusing
[INFO] [stdout]    --> src/store/free_list/mod.rs:194:21
[INFO] [stdout]     |
[INFO] [stdout] 194 |     pub fn iter_mut(&mut self) -> IterMut<T> {
[INFO] [stdout]     |                     ^^^^^^^^^     ^^^^^^^^^^ the same lifetime is hidden here
[INFO] [stdout]     |                     |
[INFO] [stdout]     |                     the lifetime is elided here
[INFO] [stdout]     |
[INFO] [stdout]     = help: the same lifetime is referred to in inconsistent ways, making the signature confusing
[INFO] [stdout] help: use `'_` for type paths
[INFO] [stdout]     |
[INFO] [stdout] 194 |     pub fn iter_mut(&mut self) -> IterMut<'_, T> {
[INFO] [stdout]     |                                           +++
[INFO] [stdout] 
[INFO] [stdout] 
[INFO] [stdout] warning: hiding a lifetime that's elided elsewhere is confusing
[INFO] [stdout]    --> src/store/free_list/mod.rs:205:18
[INFO] [stdout]     |
[INFO] [stdout] 205 |     pub fn drain(&mut self) -> Drain<T> {
[INFO] [stdout]     |                  ^^^^^^^^^     ^^^^^^^^ the same lifetime is hidden here
[INFO] [stdout]     |                  |
[INFO] [stdout]     |                  the lifetime is elided here
[INFO] [stdout]     |
[INFO] [stdout]     = help: the same lifetime is referred to in inconsistent ways, making the signature confusing
[INFO] [stdout] help: use `'_` for type paths
[INFO] [stdout]     |
[INFO] [stdout] 205 |     pub fn drain(&mut self) -> Drain<'_, T> {
[INFO] [stdout]     |                                      +++
[INFO] [stdout] 
[INFO] [stdout] 
[INFO] [stderr]     Finished `release` profile [optimized] target(s) in 21.07s
[INFO] running `Command { std: "docker" "inspect" "a98d46bf945f660d91cbd498c347945cfbd7459f929ad5a5168eaca79a20e252", kill_on_drop: false }`
[INFO] running `Command { std: "docker" "exec" "-e" "SOURCE_DIR=/opt/rustwide/workdir" "-e" "CARGO_HOME=/opt/rustwide/cargo-home" "-e" "RUSTUP_HOME=/opt/rustwide/rustup-home" "-e" "CARGO_TARGET_DIR=/opt/rustwide/target" "-e" "CARGO_INCREMENTAL=0" "-e" "RUST_BACKTRACE=full" "-e" "RUSTFLAGS=--cap-lints=warn" "-e" "RUSTDOCFLAGS=--cap-lints=warn" "-w" "/opt/rustwide/workdir" "--user" "0:0" "a98d46bf945f660d91cbd498c347945cfbd7459f929ad5a5168eaca79a20e252" "/opt/rustwide/cargo-home/bin/cargo" "+1.99.0-beta.8" "test" "--frozen" "--no-run" "--message-format=json" "--release", kill_on_drop: false }`
[INFO] [stderr]    Compiling syn v3.0.9
[INFO] [stderr]    Compiling libc v0.2.191
[INFO] [stderr]    Compiling find-msvc-tools v0.1.14
[INFO] [stderr]    Compiling borsh v1.8.1
[INFO] [stderr]    Compiling equivalent v1.0.3
[INFO] [stderr]    Compiling crc32fast v1.5.2
[INFO] [stderr]    Compiling uuid v1.28.0
[INFO] [stderr]    Compiling simd-adler32 v0.3.10
[INFO] [stderr]    Compiling thiserror v2.0.21
[INFO] [stderr]    Compiling serde_json v1.0.154
[INFO] [stderr]    Compiling stable_deref_trait v1.2.1
[INFO] [stderr]    Compiling regex v1.13.1
[INFO] [stderr]    Compiling getrandom v0.2.17
[INFO] [stderr]    Compiling getrandom v0.4.3
[INFO] [stderr]    Compiling zlib-rs v0.6.8
[INFO] [stderr]    Compiling zstd-safe v7.3.0
[INFO] [stderr]    Compiling indexmap v2.14.2
[INFO] [stderr]    Compiling siphasher v1.0.4
[INFO] [stderr]    Compiling memmap2 v0.9.11
[INFO] [stderr]    Compiling serde_derive_internals v0.29.1
[INFO] [stderr]    Compiling scroll_derive v0.12.1
[INFO] [stderr]    Compiling miniz_oxide v0.9.1
[INFO] [stderr]    Compiling rand_core v0.6.4
[INFO] [stderr]    Compiling phf_shared v0.11.3
[INFO] [stderr]    Compiling inplace-vec-builder v0.1.1
[INFO] [stderr]    Compiling thiserror-impl v1.0.69
[INFO] [stderr]    Compiling precomputed-hash v0.1.1
[INFO] [stderr]    Compiling target-tuple v1.0.2
[INFO] [stderr]    Compiling winnow v1.0.4
[INFO] [stderr]    Compiling schemars v0.8.22
[INFO] [stderr]    Compiling fallible-iterator v0.2.0
[INFO] [stderr]    Compiling binary-merge v0.1.2
[INFO] [stderr]    Compiling scroll v0.11.0
[INFO] [stderr]    Compiling bumpalo v3.20.3
[INFO] [stderr]    Compiling semver v1.0.28
[INFO] [stderr]    Compiling wasmparser v0.243.0
[INFO] [stderr]    Compiling new_debug_unreachable v1.0.6
[INFO] [stderr]    Compiling leb128 v0.2.7
[INFO] [stderr]    Compiling nom v7.1.3
[INFO] [stderr]    Compiling scroll v0.12.0
[INFO] [stderr]    Compiling toml_parser v1.1.5+spec-1.1.0
[INFO] [stderr]    Compiling zopfli v0.8.4
[INFO] [stderr]    Compiling env_filter v2.0.0
[INFO] [stderr]    Compiling jobserver v0.1.35
[INFO] [stderr]    Compiling pdb v0.8.0
[INFO] [stderr]    Compiling range-collections v0.2.4
[INFO] [stderr]    Compiling thiserror v1.0.69
[INFO] [stderr]    Compiling cc v1.8.0
[INFO] [stderr]    Compiling schemars_derive v0.8.22
[INFO] [stderr]    Compiling brownstone v3.0.0
[INFO] [stderr]    Compiling elsa v1.11.2
[INFO] [stderr]    Compiling toml_datetime v1.1.2+spec-1.1.0
[INFO] [stderr]    Compiling serde_spanned v1.1.2
[INFO] [stderr]    Compiling maybe-owned v0.3.4
[INFO] [stderr]    Compiling joinery v2.1.0
[INFO] [stderr]    Compiling toml_writer v1.1.3+spec-1.1.0
[INFO] [stderr]    Compiling indent_write v2.2.0
[INFO] [stderr]    Compiling fallible-iterator v0.3.0
[INFO] [stderr]    Compiling bitflags v2.13.2
[INFO] [stderr]    Compiling plain v0.2.3
[INFO] [stderr]    Compiling typed-path v0.12.3
[INFO] [stderr]    Compiling goblin v0.8.2
[INFO] [stderr]    Compiling toml v1.1.8+spec-1.1.0
[INFO] [stderr]    Compiling gimli v0.32.3
[INFO] [stderr]    Compiling rand v0.10.3
[INFO] [stderr]    Compiling rand_chacha v0.3.1
[INFO] [stderr]    Compiling env_logger v0.11.11
[INFO] [stderr]    Compiling glob v0.3.4
[INFO] [stderr]    Compiling flate2 v1.1.10
[INFO] [stderr]    Compiling rand_xorshift v0.3.0
[INFO] [stderr]    Compiling quickcheck v1.1.0
[INFO] [stderr]    Compiling pdb-addr2line v0.10.4
[INFO] [stderr]    Compiling rand v0.8.8
[INFO] [stderr]    Compiling unc-rng v0.1.0
[INFO] [stderr]    Compiling nom-supreme v0.8.0
[INFO] [stderr]    Compiling zip v7.4.0
[INFO] [stderr]    Compiling zstd-sys v2.1.2+zstd.1.5.7
[INFO] [stderr]    Compiling serde_derive v1.0.229
[INFO] [stderr]    Compiling borsh-derive v1.8.1
[INFO] [stderr]    Compiling thiserror-impl v2.0.21
[INFO] [stderr]    Compiling derive_arbitrary v1.5.0
[INFO] [stderr]    Compiling arbitrary v1.5.0
[INFO] [stderr]    Compiling srcsrv v0.2.3
[INFO] [stderr]    Compiling serde v1.0.229
[INFO] [stderr]    Compiling unc-sdk-macros v2.3.2
[INFO] [stderr]    Compiling hashbrown v0.15.5
[INFO] [stderr]    Compiling debugid v0.8.0
[INFO] [stderr]    Compiling string_cache v0.8.9
[INFO] [stderr]    Compiling symbolic-common v12.18.3
[INFO] [stderr]    Compiling elementtree v1.2.3
[INFO] [stderr]    Compiling unc-gas v0.10.0
[INFO] [stderr]    Compiling unc-account-id v0.7.2
[INFO] [stderr]    Compiling unc-token v0.10.2
[INFO] [stderr]    Compiling hex v0.4.3
[INFO] [stderr]    Compiling watto v0.2.0
[INFO] [stderr]    Compiling symbolic-ppdb v12.18.3
[INFO] [stderr]    Compiling trybuild v1.0.122
[INFO] [stderr]    Compiling unc-sdk v2.3.2 (/opt/rustwide/workdir)
[INFO] [stdout] warning: use of deprecated constant `std::u64::MAX`: replaced by the `MAX` associated constant on this type
[INFO] [stdout]   --> src/environment/env.rs:26:43
[INFO] [stdout]    |
[INFO] [stdout] 26 | const ATOMIC_OP_REGISTER: u64 = std::u64::MAX - 2;
[INFO] [stdout]    |                                           ^^^
[INFO] [stdout]    |
[INFO] [stdout]    = note: `#[warn(deprecated)]` on by default
[INFO] [stdout] 
[INFO] [stdout] 
[INFO] [stdout] warning: use of deprecated constant `std::u64::MAX`: replaced by the `MAX` associated constant on this type
[INFO] [stdout]   --> src/environment/env.rs:28:41
[INFO] [stdout]    |
[INFO] [stdout] 28 | const EVICTED_REGISTER: u64 = std::u64::MAX - 1;
[INFO] [stdout]    |                                         ^^^
[INFO] [stdout] 
[INFO] [stdout] 
[INFO] [stdout] warning: use of deprecated type alias `std::panic::PanicInfo`: use `PanicHookInfo` instead
[INFO] [stdout]    --> src/environment/env.rs:108:38
[INFO] [stdout]     |
[INFO] [stdout] 108 | fn panic_hook_impl(info: &std_panic::PanicInfo) {
[INFO] [stdout]     |                                      ^^^^^^^^^
[INFO] [stdout] 
[INFO] [stdout] 
[INFO] [stdout] warning: use of deprecated constant `std::u64::MAX`: replaced by the `MAX` associated constant on this type
[INFO] [stdout]    --> src/environment/env.rs:142:25
[INFO] [stdout]     |
[INFO] [stdout] 142 |     if len == std::u64::MAX {
[INFO] [stdout]     |                         ^^^
[INFO] [stdout] 
[INFO] [stdout] 
[INFO] [stdout] warning: hiding a lifetime that's elided elsewhere is confusing
[INFO] [stdout]    --> src/store/vec/mod.rs:435:17
[INFO] [stdout]     |
[INFO] [stdout] 435 |     pub fn iter(&self) -> Iter<T> {
[INFO] [stdout]     |                 ^^^^^     ^^^^^^^ the same lifetime is hidden here
[INFO] [stdout]     |                 |
[INFO] [stdout]     |                 the lifetime is elided here
[INFO] [stdout]     |
[INFO] [stdout]     = help: the same lifetime is referred to in inconsistent ways, making the signature confusing
[INFO] [stdout]     = note: `#[warn(mismatched_lifetime_syntaxes)]` on by default
[INFO] [stdout] help: use `'_` for type paths
[INFO] [stdout]     |
[INFO] [stdout] 435 |     pub fn iter(&self) -> Iter<'_, T> {
[INFO] [stdout]     |                                +++
[INFO] [stdout] 
[INFO] [stdout] 
[INFO] [stdout] warning: hiding a lifetime that's elided elsewhere is confusing
[INFO] [stdout]    --> src/store/vec/mod.rs:455:21
[INFO] [stdout]     |
[INFO] [stdout] 455 |     pub fn iter_mut(&mut self) -> IterMut<T> {
[INFO] [stdout]     |                     ^^^^^^^^^     ^^^^^^^^^^ the same lifetime is hidden here
[INFO] [stdout]     |                     |
[INFO] [stdout]     |                     the lifetime is elided here
[INFO] [stdout]     |
[INFO] [stdout]     = help: the same lifetime is referred to in inconsistent ways, making the signature confusing
[INFO] [stdout] help: use `'_` for type paths
[INFO] [stdout]     |
[INFO] [stdout] 455 |     pub fn iter_mut(&mut self) -> IterMut<'_, T> {
[INFO] [stdout]     |                                           +++
[INFO] [stdout] 
[INFO] [stdout] 
[INFO] [stdout] warning: hiding a lifetime that's elided elsewhere is confusing
[INFO] [stdout]    --> src/store/vec/mod.rs:486:21
[INFO] [stdout]     |
[INFO] [stdout] 486 |     pub fn drain<R>(&mut self, range: R) -> Drain<T>
[INFO] [stdout]     |                     ^^^^^^^^^               ^^^^^^^^ the same lifetime is hidden here
[INFO] [stdout]     |                     |
[INFO] [stdout]     |                     the lifetime is elided here
[INFO] [stdout]     |
[INFO] [stdout]     = help: the same lifetime is referred to in inconsistent ways, making the signature confusing
[INFO] [stdout] help: use `'_` for type paths
[INFO] [stdout]     |
[INFO] [stdout] 486 |     pub fn drain<R>(&mut self, range: R) -> Drain<'_, T>
[INFO] [stdout]     |                                                   +++
[INFO] [stdout] 
[INFO] [stdout] 
[INFO] [stdout] warning: hiding a lifetime that's elided elsewhere is confusing
[INFO] [stdout]    --> src/store/lookup_map/mod.rs:407:18
[INFO] [stdout]     |
[INFO] [stdout] 407 |     pub fn entry(&mut self, key: K) -> Entry<K, V>
[INFO] [stdout]     |                  ^^^^^^^^^             ^^^^^^^^^^^ the same lifetime is hidden here
[INFO] [stdout]     |                  |
[INFO] [stdout]     |                  the lifetime is elided here
[INFO] [stdout]     |
[INFO] [stdout]     = help: the same lifetime is referred to in inconsistent ways, making the signature confusing
[INFO] [stdout] help: use `'_` for type paths
[INFO] [stdout]     |
[INFO] [stdout] 407 |     pub fn entry(&mut self, key: K) -> Entry<'_, K, V>
[INFO] [stdout]     |                                              +++
[INFO] [stdout] 
[INFO] [stdout] 
[INFO] [stdout] warning: hiding a lifetime that's elided elsewhere is confusing
[INFO] [stdout]    --> src/store/iterable_map/mod.rs:259:17
[INFO] [stdout]     |
[INFO] [stdout] 259 |     pub fn iter(&self) -> Iter<K, V, H>
[INFO] [stdout]     |                 ^^^^^     ^^^^^^^^^^^^^ the same lifetime is hidden here
[INFO] [stdout]     |                 |
[INFO] [stdout]     |                 the lifetime is elided here
[INFO] [stdout]     |
[INFO] [stdout]     = help: the same lifetime is referred to in inconsistent ways, making the signature confusing
[INFO] [stdout] help: use `'_` for type paths
[INFO] [stdout]     |
[INFO] [stdout] 259 |     pub fn iter(&self) -> Iter<'_, K, V, H>
[INFO] [stdout]     |                                +++
[INFO] [stdout] 
[INFO] [stdout] 
[INFO] [stdout] warning: hiding a lifetime that's elided elsewhere is confusing
[INFO] [stdout]    --> src/store/iterable_map/mod.rs:289:21
[INFO] [stdout]     |
[INFO] [stdout] 289 |     pub fn iter_mut(&mut self) -> IterMut<K, V, H>
[INFO] [stdout]     |                     ^^^^^^^^^     ^^^^^^^^^^^^^^^^ the same lifetime is hidden here
[INFO] [stdout]     |                     |
[INFO] [stdout]     |                     the lifetime is elided here
[INFO] [stdout]     |
[INFO] [stdout]     = help: the same lifetime is referred to in inconsistent ways, making the signature confusing
[INFO] [stdout] help: use `'_` for type paths
[INFO] [stdout]     |
[INFO] [stdout] 289 |     pub fn iter_mut(&mut self) -> IterMut<'_, K, V, H>
[INFO] [stdout]     |                                           +++
[INFO] [stdout] 
[INFO] [stdout] 
[INFO] [stdout] warning: hiding a lifetime that's elided elsewhere is confusing
[INFO] [stdout]    --> src/store/iterable_map/mod.rs:313:17
[INFO] [stdout]     |
[INFO] [stdout] 313 |     pub fn keys(&self) -> Keys<K>
[INFO] [stdout]     |                 ^^^^^     ^^^^^^^ the same lifetime is hidden here
[INFO] [stdout]     |                 |
[INFO] [stdout]     |                 the lifetime is elided here
[INFO] [stdout]     |
[INFO] [stdout]     = help: the same lifetime is referred to in inconsistent ways, making the signature confusing
[INFO] [stdout] help: use `'_` for type paths
[INFO] [stdout]     |
[INFO] [stdout] 313 |     pub fn keys(&self) -> Keys<'_, K>
[INFO] [stdout]     |                                +++
[INFO] [stdout] 
[INFO] [stdout] 
[INFO] [stdout] warning: hiding a lifetime that's elided elsewhere is confusing
[INFO] [stdout]    --> src/store/iterable_map/mod.rs:337:19
[INFO] [stdout]     |
[INFO] [stdout] 337 |     pub fn values(&self) -> Values<K, V, H>
[INFO] [stdout]     |                   ^^^^^     ^^^^^^^^^^^^^^^ the same lifetime is hidden here
[INFO] [stdout]     |                   |
[INFO] [stdout]     |                   the lifetime is elided here
[INFO] [stdout]     |
[INFO] [stdout]     = help: the same lifetime is referred to in inconsistent ways, making the signature confusing
[INFO] [stdout] help: use `'_` for type paths
[INFO] [stdout]     |
[INFO] [stdout] 337 |     pub fn values(&self) -> Values<'_, K, V, H>
[INFO] [stdout]     |                                    +++
[INFO] [stdout] 
[INFO] [stdout] 
[INFO] [stdout] warning: hiding a lifetime that's elided elsewhere is confusing
[INFO] [stdout]    --> src/store/iterable_map/mod.rs:365:23
[INFO] [stdout]     |
[INFO] [stdout] 365 |     pub fn values_mut(&mut self) -> ValuesMut<K, V, H>
[INFO] [stdout]     |                       ^^^^^^^^^     ^^^^^^^^^^^^^^^^^^ the same lifetime is hidden here
[INFO] [stdout]     |                       |
[INFO] [stdout]     |                       the lifetime is elided here
[INFO] [stdout]     |
[INFO] [stdout]     = help: the same lifetime is referred to in inconsistent ways, making the signature confusing
[INFO] [stdout] help: use `'_` for type paths
[INFO] [stdout]     |
[INFO] [stdout] 365 |     pub fn values_mut(&mut self) -> ValuesMut<'_, K, V, H>
[INFO] [stdout]     |                                               +++
[INFO] [stdout] 
[INFO] [stdout] 
[INFO] [stdout] warning: hiding a lifetime that's elided elsewhere is confusing
[INFO] [stdout]    --> src/store/iterable_map/mod.rs:392:18
[INFO] [stdout]     |
[INFO] [stdout] 392 |     pub fn drain(&mut self) -> Drain<K, V, H>
[INFO] [stdout]     |                  ^^^^^^^^^     ^^^^^^^^^^^^^^ the same lifetime is hidden here
[INFO] [stdout]     |                  |
[INFO] [stdout]     |                  the lifetime is elided here
[INFO] [stdout]     |
[INFO] [stdout]     = help: the same lifetime is referred to in inconsistent ways, making the signature confusing
[INFO] [stdout] help: use `'_` for type paths
[INFO] [stdout]     |
[INFO] [stdout] 392 |     pub fn drain(&mut self) -> Drain<'_, K, V, H>
[INFO] [stdout]     |                                      +++
[INFO] [stdout] 
[INFO] [stdout] 
[INFO] [stdout] warning: hiding a lifetime that's elided elsewhere is confusing
[INFO] [stdout]    --> src/store/iterable_map/mod.rs:634:18
[INFO] [stdout]     |
[INFO] [stdout] 634 |     pub fn entry(&mut self, key: K) -> Entry<K, V, H>
[INFO] [stdout]     |                  ^^^^^^^^^             ^^^^^^^^^^^^^^ the same lifetime is hidden here
[INFO] [stdout]     |                  |
[INFO] [stdout]     |                  the lifetime is elided here
[INFO] [stdout]     |
[INFO] [stdout]     = help: the same lifetime is referred to in inconsistent ways, making the signature confusing
[INFO] [stdout] help: use `'_` for type paths
[INFO] [stdout]     |
[INFO] [stdout] 634 |     pub fn entry(&mut self, key: K) -> Entry<'_, K, V, H>
[INFO] [stdout]     |                                              +++
[INFO] [stdout] 
[INFO] [stdout] 
[INFO] [stdout] warning: hiding a lifetime that's elided elsewhere is confusing
[INFO] [stdout]    --> src/store/iterable_set/mod.rs:424:17
[INFO] [stdout]     |
[INFO] [stdout] 424 |     pub fn iter(&self) -> Iter<T>
[INFO] [stdout]     |                 ^^^^^     ^^^^^^^ the same lifetime is hidden here
[INFO] [stdout]     |                 |
[INFO] [stdout]     |                 the lifetime is elided here
[INFO] [stdout]     |
[INFO] [stdout]     = help: the same lifetime is referred to in inconsistent ways, making the signature confusing
[INFO] [stdout] help: use `'_` for type paths
[INFO] [stdout]     |
[INFO] [stdout] 424 |     pub fn iter(&self) -> Iter<'_, T>
[INFO] [stdout]     |                                +++
[INFO] [stdout] 
[INFO] [stdout] 
[INFO] [stdout] warning: hiding a lifetime that's elided elsewhere is confusing
[INFO] [stdout]    --> src/store/iterable_set/mod.rs:448:18
[INFO] [stdout]     |
[INFO] [stdout] 448 |     pub fn drain(&mut self) -> Drain<T, H>
[INFO] [stdout]     |                  ^^^^^^^^^     ^^^^^^^^^^^ the same lifetime is hidden here
[INFO] [stdout]     |                  |
[INFO] [stdout]     |                  the lifetime is elided here
[INFO] [stdout]     |
[INFO] [stdout]     = help: the same lifetime is referred to in inconsistent ways, making the signature confusing
[INFO] [stdout] help: use `'_` for type paths
[INFO] [stdout]     |
[INFO] [stdout] 448 |     pub fn drain(&mut self) -> Drain<'_, T, H>
[INFO] [stdout]     |                                      +++
[INFO] [stdout] 
[INFO] [stdout] 
[INFO] [stdout] warning: hiding a lifetime that's elided elsewhere is confusing
[INFO] [stdout]    --> src/store/unordered_map/mod.rs:263:17
[INFO] [stdout]     |
[INFO] [stdout] 263 |     pub fn iter(&self) -> Iter<K, V, H>
[INFO] [stdout]     |                 ^^^^^     ^^^^^^^^^^^^^ the same lifetime is hidden here
[INFO] [stdout]     |                 |
[INFO] [stdout]     |                 the lifetime is elided here
[INFO] [stdout]     |
[INFO] [stdout]     = help: the same lifetime is referred to in inconsistent ways, making the signature confusing
[INFO] [stdout] help: use `'_` for type paths
[INFO] [stdout]     |
[INFO] [stdout] 263 |     pub fn iter(&self) -> Iter<'_, K, V, H>
[INFO] [stdout]     |                                +++
[INFO] [stdout] 
[INFO] [stdout] 
[INFO] [stdout] warning: hiding a lifetime that's elided elsewhere is confusing
[INFO] [stdout]    --> src/store/unordered_map/mod.rs:293:21
[INFO] [stdout]     |
[INFO] [stdout] 293 |     pub fn iter_mut(&mut self) -> IterMut<K, V, H>
[INFO] [stdout]     |                     ^^^^^^^^^     ^^^^^^^^^^^^^^^^ the same lifetime is hidden here
[INFO] [stdout]     |                     |
[INFO] [stdout]     |                     the lifetime is elided here
[INFO] [stdout]     |
[INFO] [stdout]     = help: the same lifetime is referred to in inconsistent ways, making the signature confusing
[INFO] [stdout] help: use `'_` for type paths
[INFO] [stdout]     |
[INFO] [stdout] 293 |     pub fn iter_mut(&mut self) -> IterMut<'_, K, V, H>
[INFO] [stdout]     |                                           +++
[INFO] [stdout] 
[INFO] [stdout] 
[INFO] [stdout] warning: hiding a lifetime that's elided elsewhere is confusing
[INFO] [stdout]    --> src/store/unordered_map/mod.rs:317:17
[INFO] [stdout]     |
[INFO] [stdout] 317 |     pub fn keys(&self) -> Keys<K>
[INFO] [stdout]     |                 ^^^^^     ^^^^^^^ the same lifetime is hidden here
[INFO] [stdout]     |                 |
[INFO] [stdout]     |                 the lifetime is elided here
[INFO] [stdout]     |
[INFO] [stdout]     = help: the same lifetime is referred to in inconsistent ways, making the signature confusing
[INFO] [stdout] help: use `'_` for type paths
[INFO] [stdout]     |
[INFO] [stdout] 317 |     pub fn keys(&self) -> Keys<'_, K>
[INFO] [stdout]     |                                +++
[INFO] [stdout] 
[INFO] [stdout] 
[INFO] [stdout] warning: hiding a lifetime that's elided elsewhere is confusing
[INFO] [stdout]    --> src/store/unordered_map/mod.rs:341:19
[INFO] [stdout]     |
[INFO] [stdout] 341 |     pub fn values(&self) -> Values<K, V, H>
[INFO] [stdout]     |                   ^^^^^     ^^^^^^^^^^^^^^^ the same lifetime is hidden here
[INFO] [stdout]     |                   |
[INFO] [stdout]     |                   the lifetime is elided here
[INFO] [stdout]     |
[INFO] [stdout]     = help: the same lifetime is referred to in inconsistent ways, making the signature confusing
[INFO] [stdout] help: use `'_` for type paths
[INFO] [stdout]     |
[INFO] [stdout] 341 |     pub fn values(&self) -> Values<'_, K, V, H>
[INFO] [stdout]     |                                    +++
[INFO] [stdout] 
[INFO] [stdout] 
[INFO] [stdout] warning: hiding a lifetime that's elided elsewhere is confusing
[INFO] [stdout]    --> src/store/unordered_map/mod.rs:369:23
[INFO] [stdout]     |
[INFO] [stdout] 369 |     pub fn values_mut(&mut self) -> ValuesMut<K, V, H>
[INFO] [stdout]     |                       ^^^^^^^^^     ^^^^^^^^^^^^^^^^^^ the same lifetime is hidden here
[INFO] [stdout]     |                       |
[INFO] [stdout]     |                       the lifetime is elided here
[INFO] [stdout]     |
[INFO] [stdout]     = help: the same lifetime is referred to in inconsistent ways, making the signature confusing
[INFO] [stdout] help: use `'_` for type paths
[INFO] [stdout]     |
[INFO] [stdout] 369 |     pub fn values_mut(&mut self) -> ValuesMut<'_, K, V, H>
[INFO] [stdout]     |                                               +++
[INFO] [stdout] 
[INFO] [stdout] 
[INFO] [stdout] warning: hiding a lifetime that's elided elsewhere is confusing
[INFO] [stdout]    --> src/store/unordered_map/mod.rs:396:18
[INFO] [stdout]     |
[INFO] [stdout] 396 |     pub fn drain(&mut self) -> Drain<K, V, H>
[INFO] [stdout]     |                  ^^^^^^^^^     ^^^^^^^^^^^^^^ the same lifetime is hidden here
[INFO] [stdout]     |                  |
[INFO] [stdout]     |                  the lifetime is elided here
[INFO] [stdout]     |
[INFO] [stdout]     = help: the same lifetime is referred to in inconsistent ways, making the signature confusing
[INFO] [stdout] help: use `'_` for type paths
[INFO] [stdout]     |
[INFO] [stdout] 396 |     pub fn drain(&mut self) -> Drain<'_, K, V, H>
[INFO] [stdout]     |                                      +++
[INFO] [stdout] 
[INFO] [stdout] 
[INFO] [stdout] warning: hiding a lifetime that's elided elsewhere is confusing
[INFO] [stdout]    --> src/store/unordered_map/mod.rs:618:18
[INFO] [stdout]     |
[INFO] [stdout] 618 |     pub fn entry(&mut self, key: K) -> Entry<K, V>
[INFO] [stdout]     |                  ^^^^^^^^^             ^^^^^^^^^^^ the same lifetime is hidden here
[INFO] [stdout]     |                  |
[INFO] [stdout]     |                  the lifetime is elided here
[INFO] [stdout]     |
[INFO] [stdout]     = help: the same lifetime is referred to in inconsistent ways, making the signature confusing
[INFO] [stdout] help: use `'_` for type paths
[INFO] [stdout]     |
[INFO] [stdout] 618 |     pub fn entry(&mut self, key: K) -> Entry<'_, K, V>
[INFO] [stdout]     |                                              +++
[INFO] [stdout] 
[INFO] [stdout] 
[INFO] [stdout] warning: hiding a lifetime that's elided elsewhere is confusing
[INFO] [stdout]    --> src/store/unordered_set/mod.rs:432:17
[INFO] [stdout]     |
[INFO] [stdout] 432 |     pub fn iter(&self) -> Iter<T>
[INFO] [stdout]     |                 ^^^^^     ^^^^^^^ the same lifetime is hidden here
[INFO] [stdout]     |                 |
[INFO] [stdout]     |                 the lifetime is elided here
[INFO] [stdout]     |
[INFO] [stdout]     = help: the same lifetime is referred to in inconsistent ways, making the signature confusing
[INFO] [stdout] help: use `'_` for type paths
[INFO] [stdout]     |
[INFO] [stdout] 432 |     pub fn iter(&self) -> Iter<'_, T>
[INFO] [stdout]     |                                +++
[INFO] [stdout] 
[INFO] [stdout] 
[INFO] [stdout] warning: hiding a lifetime that's elided elsewhere is confusing
[INFO] [stdout]    --> src/store/unordered_set/mod.rs:456:18
[INFO] [stdout]     |
[INFO] [stdout] 456 |     pub fn drain(&mut self) -> Drain<T, H>
[INFO] [stdout]     |                  ^^^^^^^^^     ^^^^^^^^^^^ the same lifetime is hidden here
[INFO] [stdout]     |                  |
[INFO] [stdout]     |                  the lifetime is elided here
[INFO] [stdout]     |
[INFO] [stdout]     = help: the same lifetime is referred to in inconsistent ways, making the signature confusing
[INFO] [stdout] help: use `'_` for type paths
[INFO] [stdout]     |
[INFO] [stdout] 456 |     pub fn drain(&mut self) -> Drain<'_, T, H>
[INFO] [stdout]     |                                      +++
[INFO] [stdout] 
[INFO] [stdout] 
[INFO] [stdout] warning: hiding a lifetime that's elided elsewhere is confusing
[INFO] [stdout]    --> src/store/free_list/mod.rs:189:17
[INFO] [stdout]     |
[INFO] [stdout] 189 |     pub fn iter(&self) -> Iter<T> {
[INFO] [stdout]     |                 ^^^^^     ^^^^^^^ the same lifetime is hidden here
[INFO] [stdout]     |                 |
[INFO] [stdout]     |                 the lifetime is elided here
[INFO] [stdout]     |
[INFO] [stdout]     = help: the same lifetime is referred to in inconsistent ways, making the signature confusing
[INFO] [stdout] help: use `'_` for type paths
[INFO] [stdout]     |
[INFO] [stdout] 189 |     pub fn iter(&self) -> Iter<'_, T> {
[INFO] [stdout]     |                                +++
[INFO] [stdout] 
[INFO] [stdout] 
[INFO] [stdout] warning: hiding a lifetime that's elided elsewhere is confusing
[INFO] [stdout]    --> src/store/free_list/mod.rs:194:21
[INFO] [stdout]     |
[INFO] [stdout] 194 |     pub fn iter_mut(&mut self) -> IterMut<T> {
[INFO] [stdout]     |                     ^^^^^^^^^     ^^^^^^^^^^ the same lifetime is hidden here
[INFO] [stdout]     |                     |
[INFO] [stdout]     |                     the lifetime is elided here
[INFO] [stdout]     |
[INFO] [stdout]     = help: the same lifetime is referred to in inconsistent ways, making the signature confusing
[INFO] [stdout] help: use `'_` for type paths
[INFO] [stdout]     |
[INFO] [stdout] 194 |     pub fn iter_mut(&mut self) -> IterMut<'_, T> {
[INFO] [stdout]     |                                           +++
[INFO] [stdout] 
[INFO] [stdout] 
[INFO] [stdout] warning: hiding a lifetime that's elided elsewhere is confusing
[INFO] [stdout]    --> src/store/free_list/mod.rs:205:18
[INFO] [stdout]     |
[INFO] [stdout] 205 |     pub fn drain(&mut self) -> Drain<T> {
[INFO] [stdout]     |                  ^^^^^^^^^     ^^^^^^^^ the same lifetime is hidden here
[INFO] [stdout]     |                  |
[INFO] [stdout]     |                  the lifetime is elided here
[INFO] [stdout]     |
[INFO] [stdout]     = help: the same lifetime is referred to in inconsistent ways, making the signature confusing
[INFO] [stdout] help: use `'_` for type paths
[INFO] [stdout]     |
[INFO] [stdout] 205 |     pub fn drain(&mut self) -> Drain<'_, T> {
[INFO] [stdout]     |                                      +++
[INFO] [stdout] 
[INFO] [stdout] 
[INFO] [stderr]    Compiling unc-abi v0.10.3
[INFO] [stderr]    Compiling zstd v0.13.3
[INFO] [stderr]    Compiling symbolic-debuginfo v12.18.3
[INFO] [stdout] warning: unused return value of `array::<impl [T; N]>::map` that must be used
[INFO] [stdout]   --> tests/abi_tests.rs:43:5
[INFO] [stdout]    |
[INFO] [stdout] 43 | /     PREPENDED_METHODS.map(|method| {
[INFO] [stdout] 44 | |         assert!(
[INFO] [stdout] 45 | |             unc_abi_symbols.contains(format!("__unc_abi_{}", method).as_str()),
[INFO] [stdout] 46 | |             "ABI should contain prepended method {}",
[INFO] [stdout] 47 | |             method
[INFO] [stdout] 48 | |         );
[INFO] [stdout] 49 | |     });
[INFO] [stdout]    | |______^
[INFO] [stdout]    |
[INFO] [stdout]    = note: `#[warn(unused_must_use)]` (part of `#[warn(unused)]`) on by default
[INFO] [stdout] help: use `let _ = ...` to ignore the resulting value
[INFO] [stdout]    |
[INFO] [stdout] 43 |     let _ = PREPENDED_METHODS.map(|method| {
[INFO] [stdout]    |     +++++++
[INFO] [stdout] 
[INFO] [stdout] 
[INFO] [stdout] error[E0432]: unresolved import `unc_sdk::test_utils`
[INFO] [stdout]   --> tests/event_tests.rs:1:14
[INFO] [stdout]    |
[INFO] [stdout]  1 | use unc_sdk::test_utils::get_logs;
[INFO] [stdout]    |              ^^^^^^^^^^ could not find `test_utils` in `unc_sdk`
[INFO] [stdout]    |
[INFO] [stdout] note: found an item that was configured out
[INFO] [stdout]   --> src/lib.rs:54:9
[INFO] [stdout]    |
[INFO] [stdout] 53 | #[cfg(all(feature = "unit-testing", not(target_arch = "wasm32")))]
[INFO] [stdout]    |           ------------------------ the item is gated behind the `unit-testing` feature
[INFO] [stdout] 54 | pub mod test_utils;
[INFO] [stdout]    |         ^^^^^^^^^^
[INFO] [stdout] 
[INFO] [stdout] 
[INFO] [stdout] For more information about this error, try `rustc --explain E0432`.
[INFO] [stdout] 
[INFO] [stderr] error: could not compile `unc-sdk` (test "event_tests") due to 1 previous error
[INFO] [stderr] warning: build failed, waiting for other jobs to finish...
[INFO] [stdout] error[E0433]: cannot find `test_utils` in the crate root
[INFO] [stdout]    --> src/store/vec/mod.rs:538:34
[INFO] [stdout]     |
[INFO] [stdout] 538 |     use crate::{store::IndexMap, test_utils::test_env::setup_free};
[INFO] [stdout]     |                                  ^^^^^^^^^^ could not find `test_utils` in the crate root
[INFO] [stdout]     |
[INFO] [stdout] note: found an item that was configured out
[INFO] [stdout]    --> src/lib.rs:54:9
[INFO] [stdout]     |
[INFO] [stdout]  53 | #[cfg(all(feature = "unit-testing", not(target_arch = "wasm32")))]
[INFO] [stdout]     |           ------------------------ the item is gated behind the `unit-testing` feature
[INFO] [stdout]  54 | pub mod test_utils;
[INFO] [stdout]     |         ^^^^^^^^^^
[INFO] [stdout] 
[INFO] [stdout] 
[INFO] [stdout] error[E0433]: cannot find `test_utils` in the crate root
[INFO] [stdout]    --> src/store/lookup_map/mod.rs:469:16
[INFO] [stdout]     |
[INFO] [stdout] 469 |     use crate::test_utils::test_env::setup_free;
[INFO] [stdout]     |                ^^^^^^^^^^ could not find `test_utils` in the crate root
[INFO] [stdout]     |
[INFO] [stdout] note: found an item that was configured out
[INFO] [stdout]    --> src/lib.rs:54:9
[INFO] [stdout]     |
[INFO] [stdout]  53 | #[cfg(all(feature = "unit-testing", not(target_arch = "wasm32")))]
[INFO] [stdout]     |           ------------------------ the item is gated behind the `unit-testing` feature
[INFO] [stdout]  54 | pub mod test_utils;
[INFO] [stdout]     |         ^^^^^^^^^^
[INFO] [stdout] 
[INFO] [stdout] 
[INFO] [stdout] error[E0433]: cannot find `test_utils` in the crate root
[INFO] [stdout]    --> src/store/lookup_set/mod.rs:150:16
[INFO] [stdout]     |
[INFO] [stdout] 150 |     use crate::test_utils::test_env::setup_free;
[INFO] [stdout]     |                ^^^^^^^^^^ could not find `test_utils` in the crate root
[INFO] [stdout]     |
[INFO] [stdout] note: found an item that was configured out
[INFO] [stdout]    --> src/lib.rs:54:9
[INFO] [stdout]     |
[INFO] [stdout]  53 | #[cfg(all(feature = "unit-testing", not(target_arch = "wasm32")))]
[INFO] [stdout]     |           ------------------------ the item is gated behind the `unit-testing` feature
[INFO] [stdout]  54 | pub mod test_utils;
[INFO] [stdout]     |         ^^^^^^^^^^
[INFO] [stdout] 
[INFO] [stdout] 
[INFO] [stdout] error[E0433]: cannot find `test_utils` in the crate root
[INFO] [stdout]    --> src/store/iterable_map/mod.rs:661:16
[INFO] [stdout]     |
[INFO] [stdout] 661 |     use crate::test_utils::test_env::setup_free;
[INFO] [stdout]     |                ^^^^^^^^^^ could not find `test_utils` in the crate root
[INFO] [stdout]     |
[INFO] [stdout] note: found an item that was configured out
[INFO] [stdout]    --> src/lib.rs:54:9
[INFO] [stdout]     |
[INFO] [stdout]  53 | #[cfg(all(feature = "unit-testing", not(target_arch = "wasm32")))]
[INFO] [stdout]     |           ------------------------ the item is gated behind the `unit-testing` feature
[INFO] [stdout]  54 | pub mod test_utils;
[INFO] [stdout]     |         ^^^^^^^^^^
[INFO] [stdout] 
[INFO] [stdout] 
[INFO] [stdout] error[E0433]: cannot find `test_utils` in the crate root
[INFO] [stdout]    --> src/store/iterable_set/mod.rs:541:16
[INFO] [stdout]     |
[INFO] [stdout] 541 |     use crate::test_utils::test_env::setup_free;
[INFO] [stdout]     |                ^^^^^^^^^^ could not find `test_utils` in the crate root
[INFO] [stdout]     |
[INFO] [stdout] note: found an item that was configured out
[INFO] [stdout]    --> src/lib.rs:54:9
[INFO] [stdout]     |
[INFO] [stdout]  53 | #[cfg(all(feature = "unit-testing", not(target_arch = "wasm32")))]
[INFO] [stdout]     |           ------------------------ the item is gated behind the `unit-testing` feature
[INFO] [stdout]  54 | pub mod test_utils;
[INFO] [stdout]     |         ^^^^^^^^^^
[INFO] [stdout] 
[INFO] [stdout] 
[INFO] [stdout] error[E0433]: cannot find `test_utils` in the crate root
[INFO] [stdout]    --> src/store/unordered_map/mod.rs:689:16
[INFO] [stdout]     |
[INFO] [stdout] 689 |     use crate::test_utils::test_env::setup_free;
[INFO] [stdout]     |                ^^^^^^^^^^ could not find `test_utils` in the crate root
[INFO] [stdout]     |
[INFO] [stdout] note: found an item that was configured out
[INFO] [stdout]    --> src/lib.rs:54:9
[INFO] [stdout]     |
[INFO] [stdout]  53 | #[cfg(all(feature = "unit-testing", not(target_arch = "wasm32")))]
[INFO] [stdout]     |           ------------------------ the item is gated behind the `unit-testing` feature
[INFO] [stdout]  54 | pub mod test_utils;
[INFO] [stdout]     |         ^^^^^^^^^^
[INFO] [stdout] 
[INFO] [stdout] 
[INFO] [stdout] error[E0433]: cannot find `test_utils` in the crate root
[INFO] [stdout]    --> src/store/unordered_set/mod.rs:579:16
[INFO] [stdout]     |
[INFO] [stdout] 579 |     use crate::test_utils::test_env::setup_free;
[INFO] [stdout]     |                ^^^^^^^^^^ could not find `test_utils` in the crate root
[INFO] [stdout]     |
[INFO] [stdout] note: found an item that was configured out
[INFO] [stdout]    --> src/lib.rs:54:9
[INFO] [stdout]     |
[INFO] [stdout]  53 | #[cfg(all(feature = "unit-testing", not(target_arch = "wasm32")))]
[INFO] [stdout]     |           ------------------------ the item is gated behind the `unit-testing` feature
[INFO] [stdout]  54 | pub mod test_utils;
[INFO] [stdout]     |         ^^^^^^^^^^
[INFO] [stdout] 
[INFO] [stdout] 
[INFO] [stdout] error[E0433]: cannot find `test_utils` in the crate root
[INFO] [stdout]    --> src/store/index_map.rs:170:16
[INFO] [stdout]     |
[INFO] [stdout] 170 |     use crate::test_utils::test_env::setup_free;
[INFO] [stdout]     |                ^^^^^^^^^^ could not find `test_utils` in the crate root
[INFO] [stdout]     |
[INFO] [stdout] note: found an item that was configured out
[INFO] [stdout]    --> src/lib.rs:54:9
[INFO] [stdout]     |
[INFO] [stdout]  53 | #[cfg(all(feature = "unit-testing", not(target_arch = "wasm32")))]
[INFO] [stdout]     |           ------------------------ the item is gated behind the `unit-testing` feature
[INFO] [stdout]  54 | pub mod test_utils;
[INFO] [stdout]     |         ^^^^^^^^^^
[INFO] [stdout] 
[INFO] [stdout] 
[INFO] [stdout] error[E0433]: cannot find `test_utils` in the crate root
[INFO] [stdout]    --> src/store/free_list/mod.rs:305:16
[INFO] [stdout]     |
[INFO] [stdout] 305 |     use crate::test_utils::test_env::setup_free;
[INFO] [stdout]     |                ^^^^^^^^^^ could not find `test_utils` in the crate root
[INFO] [stdout]     |
[INFO] [stdout] note: found an item that was configured out
[INFO] [stdout]    --> src/lib.rs:54:9
[INFO] [stdout]     |
[INFO] [stdout]  53 | #[cfg(all(feature = "unit-testing", not(target_arch = "wasm32")))]
[INFO] [stdout]     |           ------------------------ the item is gated behind the `unit-testing` feature
[INFO] [stdout]  54 | pub mod test_utils;
[INFO] [stdout]     |         ^^^^^^^^^^
[INFO] [stdout] 
[INFO] [stdout] 
[INFO] [stdout] error[E0432]: unresolved import `rand::rngs::SmallRng`
[INFO] [stdout]    --> src/store/iterable_map/mod.rs:792:16
[INFO] [stdout]     |
[INFO] [stdout] 792 |     use rand::{rngs::SmallRng, Rng, SeedableRng};
[INFO] [stdout]     |                ^^^^^^--------
[INFO] [stdout]     |                      |
[INFO] [stdout]     |                      no `SmallRng` in `rngs`
[INFO] [stdout]     |
[INFO] [stdout] note: found an item that was configured out
[INFO] [stdout]    --> /opt/rustwide/cargo-home/registry/src/index.crates.io-1949cf8c6b5b557f/rand-0.8.8/src/rngs/mod.rs:114:52
[INFO] [stdout]     |
[INFO] [stdout] 114 | #[cfg(feature = "small_rng")] pub use self::small::SmallRng;
[INFO] [stdout]     |       ---------------------                        ^^^^^^^^
[INFO] [stdout]     |       |
[INFO] [stdout]     |       the item is gated behind the `small_rng` feature
[INFO] [stdout] 
[INFO] [stdout] 
[INFO] [stdout] error[E0432]: unresolved import `crate::mock`
[INFO] [stdout]    --> src/promise.rs:620:16
[INFO] [stdout]     |
[INFO] [stdout] 620 |     use crate::mock::MockAction;
[INFO] [stdout]     |                ^^^^ could not find `mock` in the crate root
[INFO] [stdout]     |
[INFO] [stdout] note: found an item that was configured out
[INFO] [stdout]    --> src/lib.rs:40:22
[INFO] [stdout]     |
[INFO] [stdout]  39 | #[cfg(all(feature = "unit-testing", not(target_arch = "wasm32")))]
[INFO] [stdout]     |           ------------------------ the item is gated behind the `unit-testing` feature
[INFO] [stdout]  40 | pub use environment::mock;
[INFO] [stdout]     |                      ^^^^
[INFO] [stdout] 
[INFO] [stdout] 
[INFO] [stdout] error[E0433]: cannot find `test_utils` in the crate root
[INFO] [stdout]    --> src/promise.rs:622:16
[INFO] [stdout]     |
[INFO] [stdout] 622 |     use crate::test_utils::test_env::{alice, bob};
[INFO] [stdout]     |                ^^^^^^^^^^ could not find `test_utils` in the crate root
[INFO] [stdout]     |
[INFO] [stdout] note: found an item that was configured out
[INFO] [stdout]    --> src/lib.rs:54:9
[INFO] [stdout]     |
[INFO] [stdout]  53 | #[cfg(all(feature = "unit-testing", not(target_arch = "wasm32")))]
[INFO] [stdout]     |           ------------------------ the item is gated behind the `unit-testing` feature
[INFO] [stdout]  54 | pub mod test_utils;
[INFO] [stdout]     |         ^^^^^^^^^^
[INFO] [stdout] 
[INFO] [stdout] 
[INFO] [stdout] error[E0432]: unresolved import `crate::test_utils`
[INFO] [stdout]    --> src/promise.rs:621:16
[INFO] [stdout]     |
[INFO] [stdout] 621 |     use crate::test_utils::get_created_receipts;
[INFO] [stdout]     |                ^^^^^^^^^^ could not find `test_utils` in the crate root
[INFO] [stdout]     |
[INFO] [stdout] note: found an item that was configured out
[INFO] [stdout]    --> src/lib.rs:54:9
[INFO] [stdout]     |
[INFO] [stdout]  53 | #[cfg(all(feature = "unit-testing", not(target_arch = "wasm32")))]
[INFO] [stdout]     |           ------------------------ the item is gated behind the `unit-testing` feature
[INFO] [stdout]  54 | pub mod test_utils;
[INFO] [stdout]     |         ^^^^^^^^^^
[INFO] [stdout] 
[INFO] [stdout] 
[INFO] [stdout] error[E0432]: unresolved imports `crate::test_utils`, `crate::testing_env`
[INFO] [stdout]    --> src/promise.rs:624:9
[INFO] [stdout]     |
[INFO] [stdout] 624 |         test_utils::VMContextBuilder, testing_env, AccountId, Allowance, Promise, PublicKey,
[INFO] [stdout]     |         ^^^^^^^^^^                    ^^^^^^^^^^^ no `testing_env` in the root
[INFO] [stdout]     |         |
[INFO] [stdout]     |         could not find `test_utils` in the crate root
[INFO] [stdout]     |
[INFO] [stdout] note: found an item that was configured out
[INFO] [stdout]    --> src/lib.rs:54:9
[INFO] [stdout]     |
[INFO] [stdout]  53 | #[cfg(all(feature = "unit-testing", not(target_arch = "wasm32")))]
[INFO] [stdout]     |           ------------------------ the item is gated behind the `unit-testing` feature
[INFO] [stdout]  54 | pub mod test_utils;
[INFO] [stdout]     |         ^^^^^^^^^^
[INFO] [stdout] 
[INFO] [stdout] 
[INFO] [stdout] error[E0432]: unresolved import `crate::test_utils`
[INFO] [stdout]    --> src/utils/mod.rs:125:16
[INFO] [stdout]     |
[INFO] [stdout] 125 |     use crate::test_utils::get_logs;
[INFO] [stdout]     |                ^^^^^^^^^^ could not find `test_utils` in the crate root
[INFO] [stdout]     |
[INFO] [stdout] note: found an item that was configured out
[INFO] [stdout]    --> src/lib.rs:54:9
[INFO] [stdout]     |
[INFO] [stdout]  53 | #[cfg(all(feature = "unit-testing", not(target_arch = "wasm32")))]
[INFO] [stdout]     |           ------------------------ the item is gated behind the `unit-testing` feature
[INFO] [stdout]  54 | pub mod test_utils;
[INFO] [stdout]     |         ^^^^^^^^^^
[INFO] [stdout] 
[INFO] [stdout] 
[INFO] [stdout] error[E0432]: unresolved import `crate::collections`
[INFO] [stdout]    --> src/store/vec/mod.rs:134:16
[INFO] [stdout]     |
[INFO] [stdout] 134 |     use crate::collections::Vector as Vec1;
[INFO] [stdout]     |                ^^^^^^^^^^^ unresolved import
[INFO] [stdout]     |
[INFO] [stdout] note: found an item that was configured out
[INFO] [stdout]    --> src/lib.rs:19:9
[INFO] [stdout]     |
[INFO] [stdout]  18 | #[cfg(feature = "legacy")]
[INFO] [stdout]     |       ------------------ the item is gated behind the `legacy` feature
[INFO] [stdout]  19 | pub mod collections;
[INFO] [stdout]     |         ^^^^^^^^^^^
[INFO] [stdout] help: a similar path exists
[INFO] [stdout]     |
[INFO] [stdout] 134 |     use crate::std::collections::Vector as Vec1;
[INFO] [stdout]     |                +++++
[INFO] [stdout] 
[INFO] [stdout] 
[INFO] [stdout] error[E0432]: unresolved import `crate::collections`
[INFO] [stdout]    --> src/store/lookup_map/mod.rs:598:20
[INFO] [stdout]     |
[INFO] [stdout] 598 |         use crate::collections::LookupMap as LM1;
[INFO] [stdout]     |                    ^^^^^^^^^^^ unresolved import
[INFO] [stdout]     |
[INFO] [stdout] note: found an item that was configured out
[INFO] [stdout]    --> src/lib.rs:19:9
[INFO] [stdout]     |
[INFO] [stdout]  18 | #[cfg(feature = "legacy")]
[INFO] [stdout]     |       ------------------ the item is gated behind the `legacy` feature
[INFO] [stdout]  19 | pub mod collections;
[INFO] [stdout]     |         ^^^^^^^^^^^
[INFO] [stdout] help: a similar path exists
[INFO] [stdout]     |
[INFO] [stdout] 598 |         use crate::std::collections::LookupMap as LM1;
[INFO] [stdout]     |                    +++++
[INFO] [stdout] 
[INFO] [stdout] 
[INFO] [stdout] error[E0432]: unresolved import `crate::collections`
[INFO] [stdout]    --> src/store/lookup_set/mod.rs:208:20
[INFO] [stdout]     |
[INFO] [stdout] 208 |         use crate::collections::LookupSet as LS1;
[INFO] [stdout]     |                    ^^^^^^^^^^^ unresolved import
[INFO] [stdout]     |
[INFO] [stdout] note: found an item that was configured out
[INFO] [stdout]    --> src/lib.rs:19:9
[INFO] [stdout]     |
[INFO] [stdout]  18 | #[cfg(feature = "legacy")]
[INFO] [stdout]     |       ------------------ the item is gated behind the `legacy` feature
[INFO] [stdout]  19 | pub mod collections;
[INFO] [stdout]     |         ^^^^^^^^^^^
[INFO] [stdout] help: a similar path exists
[INFO] [stdout]     |
[INFO] [stdout] 208 |         use crate::std::collections::LookupSet as LS1;
[INFO] [stdout]     |                    +++++
[INFO] [stdout] 
[INFO] [stdout] 
[INFO] [stdout] error[E0433]: cannot find `testing_env` in the crate root
[INFO] [stdout]     --> src/environment/env.rs:1204:16
[INFO] [stdout]      |
[INFO] [stdout] 1204 |         crate::testing_env!(crate::test_utils::VMContextBuilder::new()
[INFO] [stdout]      |                ^^^^^^^^^^^ could not find `testing_env` in the crate root
[INFO] [stdout] 
[INFO] [stdout] 
[INFO] [stdout] error[E0433]: cannot find `testing_env` in the crate root
[INFO] [stdout]     --> src/environment/env.rs:1149:16
[INFO] [stdout]      |
[INFO] [stdout] 1149 |         crate::testing_env!(crate::test_utils::VMContextBuilder::new()
[INFO] [stdout]      |                ^^^^^^^^^^^ could not find `testing_env` in the crate root
[INFO] [stdout] 
[INFO] [stdout] 
[INFO] [stdout] error[E0433]: cannot find `mock` in the crate root
[INFO] [stdout]    --> src/store/vec/mod.rs:850:16
[INFO] [stdout]     |
[INFO] [stdout] 850 |         crate::mock::with_mocked_blockchain(|m| assert!(m.take_storage().is_empty()));
[INFO] [stdout]     |                ^^^^ could not find `mock` in the crate root
[INFO] [stdout]     |
[INFO] [stdout] note: found an item that was configured out
[INFO] [stdout]    --> src/lib.rs:40:22
[INFO] [stdout]     |
[INFO] [stdout]  39 | #[cfg(all(feature = "unit-testing", not(target_arch = "wasm32")))]
[INFO] [stdout]     |           ------------------------ the item is gated behind the `unit-testing` feature
[INFO] [stdout]  40 | pub use environment::mock;
[INFO] [stdout]     |                      ^^^^
[INFO] [stdout] 
[INFO] [stdout] 
[INFO] [stdout] error[E0433]: cannot find `mock` in the crate root
[INFO] [stdout]    --> src/store/vec/mod.rs:918:20
[INFO] [stdout]     |
[INFO] [stdout] 918 |             crate::mock::with_mocked_blockchain(|b| b.take_storage());
[INFO] [stdout]     |                    ^^^^ could not find `mock` in the crate root
[INFO] [stdout]     |
[INFO] [stdout] note: found an item that was configured out
[INFO] [stdout]    --> src/lib.rs:40:22
[INFO] [stdout]     |
[INFO] [stdout]  39 | #[cfg(all(feature = "unit-testing", not(target_arch = "wasm32")))]
[INFO] [stdout]     |           ------------------------ the item is gated behind the `unit-testing` feature
[INFO] [stdout]  40 | pub use environment::mock;
[INFO] [stdout]     |                      ^^^^
[INFO] [stdout] 
[INFO] [stdout] 
[INFO] [stdout] error[E0433]: cannot find `mock` in the crate root
[INFO] [stdout]    --> src/store/lookup_map/mod.rs:681:20
[INFO] [stdout]     |
[INFO] [stdout] 681 |             crate::mock::with_mocked_blockchain(|b| b.take_storage());
[INFO] [stdout]     |                    ^^^^ could not find `mock` in the crate root
[INFO] [stdout]     |
[INFO] [stdout] note: found an item that was configured out
[INFO] [stdout]    --> src/lib.rs:40:22
[INFO] [stdout]     |
[INFO] [stdout]  39 | #[cfg(all(feature = "unit-testing", not(target_arch = "wasm32")))]
[INFO] [stdout]     |           ------------------------ the item is gated behind the `unit-testing` feature
[INFO] [stdout]  40 | pub use environment::mock;
[INFO] [stdout]     |                      ^^^^
[INFO] [stdout] 
[INFO] [stdout] 
[INFO] [stdout] error[E0433]: cannot find `mock` in the crate root
[INFO] [stdout]    --> src/store/lookup_set/mod.rs:393:20
[INFO] [stdout]     |
[INFO] [stdout] 393 |             crate::mock::with_mocked_blockchain(|b| b.take_storage());
[INFO] [stdout]     |                    ^^^^ could not find `mock` in the crate root
[INFO] [stdout]     |
[INFO] [stdout] note: found an item that was configured out
[INFO] [stdout]    --> src/lib.rs:40:22
[INFO] [stdout]     |
[INFO] [stdout]  39 | #[cfg(all(feature = "unit-testing", not(target_arch = "wasm32")))]
[INFO] [stdout]     |           ------------------------ the item is gated behind the `unit-testing` feature
[INFO] [stdout]  40 | pub use environment::mock;
[INFO] [stdout]     |                      ^^^^
[INFO] [stdout] 
[INFO] [stdout] 
[INFO] [stdout] error[E0433]: cannot find `mock` in the crate root
[INFO] [stdout]    --> src/store/iterable_map/mod.rs:748:20
[INFO] [stdout]     |
[INFO] [stdout] 748 |             crate::mock::with_mocked_blockchain(|b| b.take_storage());
[INFO] [stdout]     |                    ^^^^ could not find `mock` in the crate root
[INFO] [stdout]     |
[INFO] [stdout] note: found an item that was configured out
[INFO] [stdout]    --> src/lib.rs:40:22
[INFO] [stdout]     |
[INFO] [stdout]  39 | #[cfg(all(feature = "unit-testing", not(target_arch = "wasm32")))]
[INFO] [stdout]     |           ------------------------ the item is gated behind the `unit-testing` feature
[INFO] [stdout]  40 | pub use environment::mock;
[INFO] [stdout]     |                      ^^^^
[INFO] [stdout] 
[INFO] [stdout] 
[INFO] [stdout] error[E0433]: cannot find `mock` in the crate root
[INFO] [stdout]    --> src/store/iterable_set/mod.rs:843:20
[INFO] [stdout]     |
[INFO] [stdout] 843 |             crate::mock::with_mocked_blockchain(|b| b.take_storage());
[INFO] [stdout]     |                    ^^^^ could not find `mock` in the crate root
[INFO] [stdout]     |
[INFO] [stdout] note: found an item that was configured out
[INFO] [stdout]    --> src/lib.rs:40:22
[INFO] [stdout]     |
[INFO] [stdout]  39 | #[cfg(all(feature = "unit-testing", not(target_arch = "wasm32")))]
[INFO] [stdout]     |           ------------------------ the item is gated behind the `unit-testing` feature
[INFO] [stdout]  40 | pub use environment::mock;
[INFO] [stdout]     |                      ^^^^
[INFO] [stdout] 
[INFO] [stdout] 
[INFO] [stdout] error[E0433]: cannot find `mock` in the crate root
[INFO] [stdout]    --> src/store/unordered_map/mod.rs:775:20
[INFO] [stdout]     |
[INFO] [stdout] 775 |             crate::mock::with_mocked_blockchain(|b| b.take_storage());
[INFO] [stdout]     |                    ^^^^ could not find `mock` in the crate root
[INFO] [stdout]     |
[INFO] [stdout] note: found an item that was configured out
[INFO] [stdout]    --> src/lib.rs:40:22
[INFO] [stdout]     |
[INFO] [stdout]  39 | #[cfg(all(feature = "unit-testing", not(target_arch = "wasm32")))]
[INFO] [stdout]     |           ------------------------ the item is gated behind the `unit-testing` feature
[INFO] [stdout]  40 | pub use environment::mock;
[INFO] [stdout]     |                      ^^^^
[INFO] [stdout] 
[INFO] [stdout] 
[INFO] [stdout] error[E0433]: cannot find `mock` in the crate root
[INFO] [stdout]    --> src/store/unordered_set/mod.rs:881:20
[INFO] [stdout]     |
[INFO] [stdout] 881 |             crate::mock::with_mocked_blockchain(|b| b.take_storage());
[INFO] [stdout]     |                    ^^^^ could not find `mock` in the crate root
[INFO] [stdout]     |
[INFO] [stdout] note: found an item that was configured out
[INFO] [stdout]    --> src/lib.rs:40:22
[INFO] [stdout]     |
[INFO] [stdout]  39 | #[cfg(all(feature = "unit-testing", not(target_arch = "wasm32")))]
[INFO] [stdout]     |           ------------------------ the item is gated behind the `unit-testing` feature
[INFO] [stdout]  40 | pub use environment::mock;
[INFO] [stdout]     |                      ^^^^
[INFO] [stdout] 
[INFO] [stdout] 
[INFO] [stdout] error[E0433]: cannot find `mock` in the crate root
[INFO] [stdout]    --> src/store/index_map.rs:212:20
[INFO] [stdout]     |
[INFO] [stdout] 212 |             crate::mock::with_mocked_blockchain(|b| b.take_storage());
[INFO] [stdout]     |                    ^^^^ could not find `mock` in the crate root
[INFO] [stdout]     |
[INFO] [stdout] note: found an item that was configured out
[INFO] [stdout]    --> src/lib.rs:40:22
[INFO] [stdout]     |
[INFO] [stdout]  39 | #[cfg(all(feature = "unit-testing", not(target_arch = "wasm32")))]
[INFO] [stdout]     |           ------------------------ the item is gated behind the `unit-testing` feature
[INFO] [stdout]  40 | pub use environment::mock;
[INFO] [stdout]     |                      ^^^^
[INFO] [stdout] 
[INFO] [stdout] 
[INFO] [stdout] error[E0433]: cannot find `mock` in the crate root
[INFO] [stdout]    --> src/store/free_list/mod.rs:462:16
[INFO] [stdout]     |
[INFO] [stdout] 462 |         crate::mock::with_mocked_blockchain(|m| assert!(m.take_storage().is_empty()));
[INFO] [stdout]     |                ^^^^ could not find `mock` in the crate root
[INFO] [stdout]     |
[INFO] [stdout] note: found an item that was configured out
[INFO] [stdout]    --> src/lib.rs:40:22
[INFO] [stdout]     |
[INFO] [stdout]  39 | #[cfg(all(feature = "unit-testing", not(target_arch = "wasm32")))]
[INFO] [stdout]     |           ------------------------ the item is gated behind the `unit-testing` feature
[INFO] [stdout]  40 | pub use environment::mock;
[INFO] [stdout]     |                      ^^^^
[INFO] [stdout] 
[INFO] [stdout] 
[INFO] [stdout] error[E0433]: cannot find `mock` in the crate root
[INFO] [stdout]    --> src/store/free_list/mod.rs:483:20
[INFO] [stdout]     |
[INFO] [stdout] 483 |             crate::mock::with_mocked_blockchain(|b| b.take_storage());
[INFO] [stdout]     |                    ^^^^ could not find `mock` in the crate root
[INFO] [stdout]     |
[INFO] [stdout] note: found an item that was configured out
[INFO] [stdout]    --> src/lib.rs:40:22
[INFO] [stdout]     |
[INFO] [stdout]  39 | #[cfg(all(feature = "unit-testing", not(target_arch = "wasm32")))]
[INFO] [stdout]     |           ------------------------ the item is gated behind the `unit-testing` feature
[INFO] [stdout]  40 | pub use environment::mock;
[INFO] [stdout]     |                      ^^^^
[INFO] [stdout] 
[INFO] [stdout] 
[INFO] [stdout] error[E0433]: cannot find module or crate `unc_crypto` in this scope
[INFO] [stdout]    --> src/promise.rs:639:26
[INFO] [stdout]     |
[INFO] [stdout] 639 |         let public_key = unc_crypto::PublicKey::try_from(public_key).unwrap();
[INFO] [stdout]     |                          ^^^^^^^^^^ use of unresolved module or unlinked crate `unc_crypto`
[INFO] [stdout]     |
[INFO] [stdout]     = help: if you wanted to use a crate named `unc_crypto`, use `cargo add unc_crypto` to add it to your `Cargo.toml`
[INFO] [stdout] help: consider importing this struct through its public re-export
[INFO] [stdout]     |
[INFO] [stdout] 620 +     use crate::PublicKey;
[INFO] [stdout]     |
[INFO] [stdout] help: if you import `PublicKey`, refer to it directly
[INFO] [stdout]     |
[INFO] [stdout] 639 -         let public_key = unc_crypto::PublicKey::try_from(public_key).unwrap();
[INFO] [stdout] 639 +         let public_key = PublicKey::try_from(public_key).unwrap();
[INFO] [stdout]     |
[INFO] [stdout] 
[INFO] [stdout] 
[INFO] [stdout] error[E0433]: cannot find module or crate `unc_crypto` in this scope
[INFO] [stdout]    --> src/promise.rs:657:26
[INFO] [stdout]     |
[INFO] [stdout] 657 |         let public_key = unc_crypto::PublicKey::try_from(public_key).unwrap();
[INFO] [stdout]     |                          ^^^^^^^^^^ use of unresolved module or unlinked crate `unc_crypto`
[INFO] [stdout]     |
[INFO] [stdout]     = help: if you wanted to use a crate named `unc_crypto`, use `cargo add unc_crypto` to add it to your `Cargo.toml`
[INFO] [stdout] help: consider importing this struct through its public re-export
[INFO] [stdout]     |
[INFO] [stdout] 620 +     use crate::PublicKey;
[INFO] [stdout]     |
[INFO] [stdout] help: if you import `PublicKey`, refer to it directly
[INFO] [stdout]     |
[INFO] [stdout] 657 -         let public_key = unc_crypto::PublicKey::try_from(public_key).unwrap();
[INFO] [stdout] 657 +         let public_key = PublicKey::try_from(public_key).unwrap();
[INFO] [stdout]     |
[INFO] [stdout] 
[INFO] [stdout] 
[INFO] [stdout] error[E0433]: cannot find module or crate `unc_crypto` in this scope
[INFO] [stdout]    --> src/promise.rs:835:26
[INFO] [stdout]     |
[INFO] [stdout] 835 |         let public_key = unc_crypto::PublicKey::try_from(public_key).unwrap();
[INFO] [stdout]     |                          ^^^^^^^^^^ use of unresolved module or unlinked crate `unc_crypto`
[INFO] [stdout]     |
[INFO] [stdout]     = help: if you wanted to use a crate named `unc_crypto`, use `cargo add unc_crypto` to add it to your `Cargo.toml`
[INFO] [stdout] help: consider importing this struct through its public re-export
[INFO] [stdout]     |
[INFO] [stdout] 620 +     use crate::PublicKey;
[INFO] [stdout]     |
[INFO] [stdout] help: if you import `PublicKey`, refer to it directly
[INFO] [stdout]     |
[INFO] [stdout] 835 -         let public_key = unc_crypto::PublicKey::try_from(public_key).unwrap();
[INFO] [stdout] 835 +         let public_key = PublicKey::try_from(public_key).unwrap();
[INFO] [stdout]     |
[INFO] [stdout] 
[INFO] [stdout] 
[INFO] [stdout] warning: unused import: `SeedableRng`
[INFO] [stdout]    --> src/store/iterable_map/mod.rs:792:37
[INFO] [stdout]     |
[INFO] [stdout] 792 |     use rand::{rngs::SmallRng, Rng, SeedableRng};
[INFO] [stdout]     |                                     ^^^^^^^^^^^
[INFO] [stdout]     |
[INFO] [stdout]     = note: `#[warn(unused_imports)]` (part of `#[warn(unused)]`) on by default
[INFO] [stdout] 
[INFO] [stdout] 
[INFO] [stdout] warning: use of deprecated module `std::usize`: all constants in this module replaced by associated constants on the type
[INFO] [stdout]    --> src/store/lookup_map/mod.rs:737:14
[INFO] [stdout]     |
[INFO] [stdout] 737 |     use std::usize;
[INFO] [stdout]     |              ^^^^^
[INFO] [stdout]     |
[INFO] [stdout]     = note: `#[warn(deprecated)]` on by default
[INFO] [stdout] 
[INFO] [stdout] 
[INFO] [stdout] warning: use of deprecated constant `std::u64::MAX`: replaced by the `MAX` associated constant on this type
[INFO] [stdout]   --> src/environment/env.rs:26:43
[INFO] [stdout]    |
[INFO] [stdout] 26 | const ATOMIC_OP_REGISTER: u64 = std::u64::MAX - 2;
[INFO] [stdout]    |                                           ^^^
[INFO] [stdout] 
[INFO] [stdout] 
[INFO] [stdout] warning: use of deprecated constant `std::u64::MAX`: replaced by the `MAX` associated constant on this type
[INFO] [stdout]   --> src/environment/env.rs:28:41
[INFO] [stdout]    |
[INFO] [stdout] 28 | const EVICTED_REGISTER: u64 = std::u64::MAX - 1;
[INFO] [stdout]    |                                         ^^^
[INFO] [stdout] 
[INFO] [stdout] 
[INFO] [stdout] warning: use of deprecated type alias `std::panic::PanicInfo`: use `PanicHookInfo` instead
[INFO] [stdout]    --> src/environment/env.rs:108:38
[INFO] [stdout]     |
[INFO] [stdout] 108 | fn panic_hook_impl(info: &std_panic::PanicInfo) {
[INFO] [stdout]     |                                      ^^^^^^^^^
[INFO] [stdout] 
[INFO] [stdout] 
[INFO] [stdout] warning: use of deprecated constant `std::u64::MAX`: replaced by the `MAX` associated constant on this type
[INFO] [stdout]    --> src/environment/env.rs:142:25
[INFO] [stdout]     |
[INFO] [stdout] 142 |     if len == std::u64::MAX {
[INFO] [stdout]     |                         ^^^
[INFO] [stdout] 
[INFO] [stdout] 
[INFO] [stdout] warning: use of deprecated associated function `core::num::<impl u128>::max_value`: replaced by the `MAX` associated constant on this type
[INFO] [stdout]   --> src/json_types/integers.rs:98:39
[INFO] [stdout]    |
[INFO] [stdout] 98 |         test_serde!(U128, u128, u128::max_value());
[INFO] [stdout]    |                                       ^^^^^^^^^
[INFO] [stdout] 
[INFO] [stdout] 
[INFO] [stdout] warning: use of deprecated associated function `core::num::<impl u128>::min_value`: replaced by the `MIN` associated constant on this type
[INFO] [stdout]   --> src/json_types/integers.rs:99:34
[INFO] [stdout]    |
[INFO] [stdout] 99 |         assert!(U128::from(u128::min_value()) < U128::from(u128::max_value()));
[INFO] [stdout]    |                                  ^^^^^^^^^
[INFO] [stdout] 
[INFO] [stdout] 
[INFO] [stdout] warning: use of deprecated associated function `core::num::<impl u128>::max_value`: replaced by the `MAX` associated constant on this type
[INFO] [stdout]   --> src/json_types/integers.rs:99:66
[INFO] [stdout]    |
[INFO] [stdout] 99 |         assert!(U128::from(u128::min_value()) < U128::from(u128::max_value()));
[INFO] [stdout]    |                                                                  ^^^^^^^^^
[INFO] [stdout] 
[INFO] [stdout] 
[INFO] [stdout] warning: use of deprecated associated function `core::num::<impl i128>::max_value`: replaced by the `MAX` associated constant on this type
[INFO] [stdout]    --> src/json_types/integers.rs:111:39
[INFO] [stdout]     |
[INFO] [stdout] 111 |         test_serde!(I128, i128, i128::max_value());
[INFO] [stdout]     |                                       ^^^^^^^^^
[INFO] [stdout] 
[INFO] [stdout] 
[INFO] [stdout] warning: use of deprecated associated function `core::num::<impl i128>::min_value`: replaced by the `MIN` associated constant on this type
[INFO] [stdout]    --> src/json_types/integers.rs:112:39
[INFO] [stdout]     |
[INFO] [stdout] 112 |         test_serde!(I128, i128, i128::min_value());
[INFO] [stdout]     |                                       ^^^^^^^^^
[INFO] [stdout] 
[INFO] [stdout] 
[INFO] [stdout] warning: use of deprecated associated function `core::num::<impl i128>::min_value`: replaced by the `MIN` associated constant on this type
[INFO] [stdout]    --> src/json_types/integers.rs:113:34
[INFO] [stdout]     |
[INFO] [stdout] 113 |         assert!(I128::from(i128::min_value()) < I128::from(i128::max_value()));
[INFO] [stdout]     |                                  ^^^^^^^^^
[INFO] [stdout] 
[INFO] [stdout] 
[INFO] [stdout] warning: use of deprecated associated function `core::num::<impl i128>::max_value`: replaced by the `MAX` associated constant on this type
[INFO] [stdout]    --> src/json_types/integers.rs:113:66
[INFO] [stdout]     |
[INFO] [stdout] 113 |         assert!(I128::from(i128::min_value()) < I128::from(i128::max_value()));
[INFO] [stdout]     |                                                                  ^^^^^^^^^
[INFO] [stdout] 
[INFO] [stdout] 
[INFO] [stdout] warning: use of deprecated associated function `core::num::<impl u64>::max_value`: replaced by the `MAX` associated constant on this type
[INFO] [stdout]    --> src/json_types/integers.rs:123:36
[INFO] [stdout]     |
[INFO] [stdout] 123 |         test_serde!(U64, u64, u64::max_value());
[INFO] [stdout]     |                                    ^^^^^^^^^
[INFO] [stdout] 
[INFO] [stdout] 
[INFO] [stdout] warning: use of deprecated associated function `core::num::<impl u64>::min_value`: replaced by the `MIN` associated constant on this type
[INFO] [stdout]    --> src/json_types/integers.rs:124:32
[INFO] [stdout]     |
[INFO] [stdout] 124 |         assert!(U64::from(u64::min_value()) < U64::from(u64::max_value()));
[INFO] [stdout]     |                                ^^^^^^^^^
[INFO] [stdout] 
[INFO] [stdout] 
[INFO] [stdout] warning: use of deprecated associated function `core::num::<impl u64>::max_value`: replaced by the `MAX` associated constant on this type
[INFO] [stdout]    --> src/json_types/integers.rs:124:62
[INFO] [stdout]     |
[INFO] [stdout] 124 |         assert!(U64::from(u64::min_value()) < U64::from(u64::max_value()));
[INFO] [stdout]     |                                                              ^^^^^^^^^
[INFO] [stdout] 
[INFO] [stdout] 
[INFO] [stdout] warning: use of deprecated associated function `core::num::<impl i64>::max_value`: replaced by the `MAX` associated constant on this type
[INFO] [stdout]    --> src/json_types/integers.rs:136:36
[INFO] [stdout]     |
[INFO] [stdout] 136 |         test_serde!(I64, i64, i64::max_value());
[INFO] [stdout]     |                                    ^^^^^^^^^
[INFO] [stdout] 
[INFO] [stdout] 
[INFO] [stdout] warning: use of deprecated associated function `core::num::<impl i64>::min_value`: replaced by the `MIN` associated constant on this type
[INFO] [stdout]    --> src/json_types/integers.rs:137:36
[INFO] [stdout]     |
[INFO] [stdout] 137 |         test_serde!(I64, i64, i64::min_value());
[INFO] [stdout]     |                                    ^^^^^^^^^
[INFO] [stdout] 
[INFO] [stdout] 
[INFO] [stdout] warning: use of deprecated associated function `core::num::<impl i64>::min_value`: replaced by the `MIN` associated constant on this type
[INFO] [stdout]    --> src/json_types/integers.rs:138:32
[INFO] [stdout]     |
[INFO] [stdout] 138 |         assert!(I64::from(i64::min_value()) < I64::from(i64::max_value()));
[INFO] [stdout]     |                                ^^^^^^^^^
[INFO] [stdout] 
[INFO] [stdout] 
[INFO] [stdout] warning: use of deprecated associated function `core::num::<impl i64>::max_value`: replaced by the `MAX` associated constant on this type
[INFO] [stdout]    --> src/json_types/integers.rs:138:62
[INFO] [stdout]     |
[INFO] [stdout] 138 |         assert!(I64::from(i64::min_value()) < I64::from(i64::max_value()));
[INFO] [stdout]     |                                                              ^^^^^^^^^
[INFO] [stdout] 
[INFO] [stdout] 
[INFO] [stdout] Some errors have detailed explanations: E0432, E0433.
[INFO] [stdout] 
[INFO] [stdout] For more information about an error, try `rustc --explain E0432`.
[INFO] [stdout] 
[INFO] [stderr] error: could not compile `unc-sdk` (lib test) due to 34 previous errors; 20 warnings emitted
[INFO] running `Command { std: "docker" "inspect" "a98d46bf945f660d91cbd498c347945cfbd7459f929ad5a5168eaca79a20e252", kill_on_drop: false }`
[INFO] running `Command { std: "docker" "rm" "-f" "a98d46bf945f660d91cbd498c347945cfbd7459f929ad5a5168eaca79a20e252", kill_on_drop: false }`
[INFO] [stdout] a98d46bf945f660d91cbd498c347945cfbd7459f929ad5a5168eaca79a20e252
