[INFO] fetching crate umi-memory 0.1.0...
[INFO] testing umi-memory-0.1.0 against 1.99.0-beta.8+cargoflags=--release for beta-release-1.100-2
[INFO] extracting crate umi-memory 0.1.0 into /workspace/builds/worker-1-tc1/source
[INFO] started tweaking crates.io crate umi-memory 0.1.0
[INFO] removed 0 missing examples
[INFO] removed 0 missing tests
[INFO] finished tweaking crates.io crate umi-memory 0.1.0
[INFO] tweaked toml for crates.io crate umi-memory 0.1.0 written to /workspace/builds/worker-1-tc1/source/Cargo.toml
[INFO] validating manifest of crates.io crate umi-memory 0.1.0 on toolchain 1.99.0-beta.8
[INFO] running `Command { std: CARGO_HOME="/workspace/cargo-home" RUSTUP_HOME="/workspace/rustup-home" "/workspace/cargo-home/bin/cargo" "+1.99.0-beta.8" "metadata" "--manifest-path" "Cargo.toml" "--no-deps", kill_on_drop: false }`
[INFO] crate crates.io crate umi-memory 0.1.0 already has a lockfile, it will not be regenerated
[INFO] running `Command { std: CARGO_HOME="/workspace/cargo-home" RUSTUP_HOME="/workspace/rustup-home" "/workspace/cargo-home/bin/cargo" "+1.99.0-beta.8" "fetch" "--manifest-path" "Cargo.toml", kill_on_drop: false }`
[INFO] [stderr]     Updating crates.io index
[INFO] [stderr]  Downloading crates ...
[INFO] [stderr]   Downloaded cc v1.2.52
[INFO] [stderr]   Downloaded zmij v1.0.13
[INFO] [stderr]   Downloaded find-msvc-tools v0.1.7
[INFO] [stderr]   Downloaded vectordb v0.4.10
[INFO] [stderr]   Downloaded object_store v0.9.1
[INFO] [stderr]   Downloaded tempfile v3.24.0
[INFO] [stderr]   Downloaded openssl-sys v0.9.111
[INFO] [stderr]   Downloaded openssl v0.10.75
[INFO] [stderr]   Downloaded ryu v1.0.22
[INFO] [stderr]   Downloaded rustls-native-certs v0.6.3
[INFO] [stderr]   Downloaded lance-testing v0.9.15
[INFO] [stderr]   Downloaded lance-arrow v0.9.15
[INFO] [stderr]   Downloaded quick-xml v0.31.0
[INFO] [stderr]   Downloaded arrow-select v50.0.0
[INFO] [stderr]   Downloaded chrono-tz-build v0.2.1
[INFO] [stderr]   Downloaded half v2.3.1
[INFO] [stderr]   Downloaded arrow-schema v50.0.0
[INFO] [stderr]   Downloaded arrow-data v50.0.0
[INFO] [stderr]   Downloaded arrow-buffer v50.0.0
[INFO] [stderr]   Downloaded lance-linalg v0.9.15
[INFO] [stderr]   Downloaded parse-zoneinfo v0.3.1
[INFO] [stderr]   Downloaded chrono v0.4.38
[INFO] [stderr]   Downloaded arrow-array v50.0.0
[INFO] [stderr]   Downloaded chrono-tz v0.8.6
[INFO] [stderr]   Downloaded skeptic v0.13.7
[INFO] [stderr]   Downloaded error-chain v0.12.4
[INFO] [stderr]   Downloaded mock_instant v0.3.2
[INFO] [stderr]   Downloaded sqlparser_derive v0.2.2
[INFO] [stderr]   Downloaded prost-derive v0.12.6
[INFO] [stderr]   Downloaded prost v0.12.6
[INFO] [stderr]   Downloaded lance-core v0.9.15
[INFO] [stderr]   Downloaded uuid v1.19.0
[INFO] [stderr]   Downloaded triomphe v0.1.15
[INFO] [stderr]   Downloaded cargo_metadata v0.14.2
[INFO] [stderr]   Downloaded quanta v0.11.1
[INFO] [stderr]   Downloaded lz4_flex v0.11.5
[INFO] [stderr]   Downloaded aws-sigv4 v0.56.1
[INFO] [stderr]   Downloaded ordered-float v3.9.2
[INFO] [stderr]   Downloaded lru_time_cache v0.11.11
[INFO] [stderr]   Downloaded roaring v0.10.12
[INFO] [stderr]   Downloaded pulldown-cmark v0.9.6
[INFO] [stderr]   Downloaded raw-cpuid v10.7.0
[INFO] [stderr]   Downloaded datafusion-sql v35.0.0
[INFO] [stderr]   Downloaded flate2 v1.1.8
[INFO] [stderr]   Downloaded comfy-table v7.2.1
[INFO] [stderr]   Downloaded lance-datagen v0.9.15
[INFO] [stderr]   Downloaded sqlformat v0.2.6
[INFO] [stderr]   Downloaded sqlx-macros v0.7.4
[INFO] [stderr]   Downloaded datafusion-common v35.0.0
[INFO] [stderr]   Downloaded arrow-csv v50.0.0
[INFO] [stderr]   Downloaded libredox v0.1.12
[INFO] [stderr]   Downloaded arrow-arith v50.0.0
[INFO] [stderr]   Downloaded home v0.5.9
[INFO] [stderr]   Downloaded datafusion-substrait v35.0.0
[INFO] [stderr]   Downloaded lance-io v0.9.15
[INFO] [stderr]   Downloaded bytes-utils v0.1.4
[INFO] [stderr]   Downloaded aws-http v0.56.1
[INFO] [stderr]   Downloaded lance-file v0.9.15
[INFO] [stderr]   Downloaded typify v0.0.15
[INFO] [stderr]   Downloaded hashlink v0.8.4
[INFO] [stderr]   Downloaded datafusion-expr v35.0.0
[INFO] [stderr]   Downloaded lexical-parse-integer v0.8.6
[INFO] [stderr]   Downloaded serde_tokenstream v0.2.2
[INFO] [stderr]   Downloaded generator v0.8.8
[INFO] [stderr]   Downloaded sqlx-sqlite v0.7.4
[INFO] [stderr]   Downloaded arrow-string v50.0.0
[INFO] [stderr]   Downloaded arrow-json v50.0.0
[INFO] [stderr]   Downloaded shellexpand v3.1.1
[INFO] [stderr]   Downloaded aws-smithy-client v0.56.1
[INFO] [stderr]   Downloaded aws-smithy-xml v0.56.1
[INFO] [stderr]   Downloaded lance-datafusion v0.9.15
[INFO] [stderr]   Downloaded substrait v0.22.1
[INFO] [stderr]   Downloaded datafusion-execution v35.0.0
[INFO] [stderr]   Downloaded moka v0.11.3
[INFO] [stderr]   Downloaded sqlparser v0.41.0
[INFO] [stderr]   Downloaded brotli-decompressor v2.5.1
[INFO] [stderr]   Downloaded arrow-ipc v50.0.0
[INFO] [stderr]   Downloaded base64-simd v0.8.0
[INFO] [stderr]   Downloaded typify-macro v0.0.15
[INFO] [stderr]   Downloaded sqlx-macros-core v0.7.4
[INFO] [stderr]   Downloaded sqlx-core v0.7.4
[INFO] [stderr]   Downloaded aws-smithy-query v0.56.1
[INFO] [stderr]   Downloaded aws-config v0.56.1
[INFO] [stderr]   Downloaded xmlparser v0.13.6
[INFO] [stderr]   Downloaded aws-types v0.56.1
[INFO] [stderr]   Downloaded clap v4.5.54
[INFO] [stderr]   Downloaded aws-smithy-http-tower v0.56.1
[INFO] [stderr]   Downloaded prost-build v0.12.6
[INFO] [stderr]   Downloaded prost-types v0.12.6
[INFO] [stderr]   Downloaded flatbuffers v23.5.26
[INFO] [stderr]   Downloaded sqlx v0.7.4
[INFO] [stderr]   Downloaded aws-credential-types v0.56.1
[INFO] [stderr]   Downloaded arrow-ord v50.0.0
[INFO] [stderr]   Downloaded redox_syscall v0.7.0
[INFO] [stderr]   Downloaded aws-smithy-async v0.56.1
[INFO] [stderr]   Downloaded arrow-row v50.0.0
[INFO] [stderr]   Downloaded lexical-core v0.8.5
[INFO] [stderr]   Downloaded lance-table v0.9.15
[INFO] [stderr]   Downloaded aws-smithy-json v0.56.1
[INFO] [stderr]   Downloaded aws-smithy-runtime v0.56.1
[INFO] [stderr]   Downloaded aws-runtime v0.56.1
[INFO] [stderr]   Downloaded aws-smithy-runtime-api v0.56.1
[INFO] [stderr]   Downloaded lance-index v0.9.15
[INFO] [stderr]   Downloaded lexical-write-integer v0.8.5
[INFO] [stderr]   Downloaded aws-smithy-http v0.56.1
[INFO] [stderr]   Downloaded bzip2 v0.5.2
[INFO] [stderr]   Downloaded clap_builder v4.5.54
[INFO] [stderr]   Downloaded aws-smithy-types v0.56.1
[INFO] [stderr]   Downloaded aws-sdk-sso v0.30.0
[INFO] [stderr]   Downloaded git2 v0.18.3
[INFO] [stderr]   Downloaded sqlx-mysql v0.7.4
[INFO] [stderr]   Downloaded arrow-cast v50.0.0
[INFO] [stderr]   Downloaded lexical-util v0.8.5
[INFO] [stderr]   Downloaded lexical-write-float v0.8.5
[INFO] [stderr]   Downloaded arrow v50.0.0
[INFO] [stderr]   Downloaded async-compression v0.4.19
[INFO] [stderr]   Downloaded sqlx-postgres v0.7.4
[INFO] [stderr]   Downloaded lexical-parse-float v0.8.5
[INFO] [stderr]   Downloaded datafusion-optimizer v35.0.0
[INFO] [stderr]   Downloaded parquet v50.0.0
[INFO] [stderr]   Downloaded aws-sdk-sts v0.30.0
[INFO] [stderr]   Downloaded datafusion v35.0.0
[INFO] [stderr]   Downloaded lance v0.9.15
[INFO] [stderr]   Downloaded regress v0.7.1
[INFO] [stderr]   Downloaded datafusion-physical-plan v35.0.0
[INFO] [stderr]   Downloaded datafusion-physical-expr v35.0.0
[INFO] [stderr]   Downloaded typify-impl v0.0.15
[INFO] [stderr]   Downloaded aws-sdk-dynamodb v0.34.0
[INFO] [stderr]   Downloaded libz-sys v1.1.23
[INFO] [stderr]   Downloaded brotli v3.5.0
[INFO] [stderr]   Downloaded libgit2-sys v0.16.2+1.7.2
[INFO] [stderr]   Downloaded libsqlite3-sys v0.27.0
[INFO] running `Command { std: "docker" "create" "-v" "/var/lib/crater-agent-workspace/builds/worker-1-tc1/source:/opt/rustwide/workdir:ro,Z" "-v" "/var/lib/crater-agent-workspace/builds/worker-1-tc1/target:/opt/rustwide/target:rw,Z" "-v" "/var/lib/crater-agent-workspace/cargo-home:/opt/rustwide/cargo-home:ro,Z" "-v" "/var/lib/crater-agent-workspace/rustup-home:/opt/rustwide/rustup-home:ro,Z" "-m" "1610612736" "--network" "none" "ghcr.io/rust-lang/crates-build-env/linux@sha256:77db811e55d90add9212f6832c23229e3de5f1c1f9905e8cb07319ea15df73ac" "sleep" "infinity", kill_on_drop: false }`
[INFO] [stdout] b840e85e1ce939952bdc1992e1b1ea9d3e7ff27047406d26b6534d57999a8690
[INFO] running `Command { std: "docker" "start" "b840e85e1ce939952bdc1992e1b1ea9d3e7ff27047406d26b6534d57999a8690", kill_on_drop: false }`
[INFO] running `Command { std: "docker" "inspect" "b840e85e1ce939952bdc1992e1b1ea9d3e7ff27047406d26b6534d57999a8690", kill_on_drop: false }`
[INFO] running `Command { std: "docker" "exec" "-e" "SOURCE_DIR=/opt/rustwide/workdir" "-e" "CARGO_HOME=/opt/rustwide/cargo-home" "-e" "RUSTUP_HOME=/opt/rustwide/rustup-home" "-e" "CARGO_TARGET_DIR=/opt/rustwide/target" "-w" "/opt/rustwide/workdir" "--user" "0:0" "b840e85e1ce939952bdc1992e1b1ea9d3e7ff27047406d26b6534d57999a8690" "/opt/rustwide/cargo-home/bin/cargo" "+1.99.0-beta.8" "metadata" "--no-deps" "--format-version=1", kill_on_drop: false }`
[INFO] running `Command { std: "docker" "inspect" "b840e85e1ce939952bdc1992e1b1ea9d3e7ff27047406d26b6534d57999a8690", kill_on_drop: false }`
[INFO] running `Command { std: "docker" "exec" "-e" "SOURCE_DIR=/opt/rustwide/workdir" "-e" "CARGO_HOME=/opt/rustwide/cargo-home" "-e" "RUSTUP_HOME=/opt/rustwide/rustup-home" "-e" "CARGO_TARGET_DIR=/opt/rustwide/target" "-e" "CARGO_INCREMENTAL=0" "-e" "RUST_BACKTRACE=full" "-e" "RUSTFLAGS=--cap-lints=warn" "-e" "RUSTDOCFLAGS=--cap-lints=warn" "-w" "/opt/rustwide/workdir" "--user" "0:0" "b840e85e1ce939952bdc1992e1b1ea9d3e7ff27047406d26b6534d57999a8690" "/opt/rustwide/cargo-home/bin/cargo" "+1.99.0-beta.8" "build" "--frozen" "--message-format=json" "--release", kill_on_drop: false }`
[INFO] [stderr]    Compiling libc v0.2.180
[INFO] [stderr]    Compiling zmij v1.0.13
[INFO] [stderr]    Compiling getrandom v0.3.4
[INFO] [stderr]    Compiling anyhow v1.0.100
[INFO] [stderr]    Compiling tracing-core v0.1.36
[INFO] [stderr]    Compiling iana-time-zone v0.1.64
[INFO] [stderr]    Compiling bytes v1.11.0
[INFO] [stderr]    Compiling syn v2.0.114
[INFO] [stderr]    Compiling serde_json v1.0.149
[INFO] [stderr]    Compiling getrandom v0.2.17
[INFO] [stderr]    Compiling parking_lot_core v0.9.12
[INFO] [stderr]    Compiling errno v0.3.14
[INFO] [stderr]    Compiling socket2 v0.6.1
[INFO] [stderr]    Compiling mio v1.1.1
[INFO] [stderr]    Compiling rand_core v0.6.4
[INFO] [stderr]    Compiling signal-hook-registry v1.4.8
[INFO] [stderr]    Compiling rand_chacha v0.3.1
[INFO] [stderr]    Compiling uuid v1.19.0
[INFO] [stderr]    Compiling parking_lot v0.12.5
[INFO] [stderr]    Compiling rand v0.8.5
[INFO] [stderr]    Compiling serde_derive v1.0.228
[INFO] [stderr]    Compiling thiserror-impl v1.0.69
[INFO] [stderr]    Compiling tracing-attributes v0.1.31
[INFO] [stderr]    Compiling tokio-macros v2.6.0
[INFO] [stderr]    Compiling async-trait v0.1.89
[INFO] [stderr]    Compiling tokio v1.49.0
[INFO] [stderr]    Compiling thiserror v1.0.69
[INFO] [stderr]    Compiling tracing v0.1.44
[INFO] [stderr]    Compiling serde v1.0.228
[INFO] [stderr]    Compiling chrono v0.4.38
[INFO] [stderr]    Compiling umi-memory v0.1.0 (/opt/rustwide/workdir)
[INFO] [stderr]     Finished `release` profile [optimized] target(s) in 30.71s
[INFO] running `Command { std: "docker" "inspect" "b840e85e1ce939952bdc1992e1b1ea9d3e7ff27047406d26b6534d57999a8690", kill_on_drop: false }`
[INFO] running `Command { std: "docker" "exec" "-e" "SOURCE_DIR=/opt/rustwide/workdir" "-e" "CARGO_HOME=/opt/rustwide/cargo-home" "-e" "RUSTUP_HOME=/opt/rustwide/rustup-home" "-e" "CARGO_TARGET_DIR=/opt/rustwide/target" "-e" "CARGO_INCREMENTAL=0" "-e" "RUST_BACKTRACE=full" "-e" "RUSTFLAGS=--cap-lints=warn" "-e" "RUSTDOCFLAGS=--cap-lints=warn" "-w" "/opt/rustwide/workdir" "--user" "0:0" "b840e85e1ce939952bdc1992e1b1ea9d3e7ff27047406d26b6534d57999a8690" "/opt/rustwide/cargo-home/bin/cargo" "+1.99.0-beta.8" "test" "--frozen" "--no-run" "--message-format=json" "--release", kill_on_drop: false }`
[INFO] [stderr]    Compiling serde_core v1.0.228
[INFO] [stderr]    Compiling futures-core v0.3.31
[INFO] [stderr]    Compiling serde v1.0.228
[INFO] [stderr]    Compiling either v1.15.0
[INFO] [stderr]    Compiling futures-sink v0.3.31
[INFO] [stderr]    Compiling half v2.3.1
[INFO] [stderr]    Compiling futures-task v0.3.31
[INFO] [stderr]    Compiling ciborium-io v0.2.2
[INFO] [stderr]    Compiling clap_lex v0.7.6
[INFO] [stderr]    Compiling plotters-backend v0.3.7
[INFO] [stderr]    Compiling anstyle v1.0.13
[INFO] [stderr]    Compiling regex-syntax v0.8.8
[INFO] [stderr]    Compiling rustix v1.1.3
[INFO] [stderr]    Compiling tokio v1.49.0
[INFO] [stderr]    Compiling linux-raw-sys v0.11.0
[INFO] [stderr]    Compiling cast v0.3.0
[INFO] [stderr]    Compiling bitflags v2.10.0
[INFO] [stderr]    Compiling futures-channel v0.3.31
[INFO] [stderr]    Compiling futures-io v0.3.31
[INFO] [stderr]    Compiling same-file v1.0.6
[INFO] [stderr]    Compiling itertools v0.10.5
[INFO] [stderr]    Compiling rayon v1.11.0
[INFO] [stderr]    Compiling is-terminal v0.4.17
[INFO] [stderr]    Compiling futures-util v0.3.31
[INFO] [stderr]    Compiling walkdir v2.5.0
[INFO] [stderr]    Compiling oorandom v11.1.5
[INFO] [stderr]    Compiling anes v0.1.6
[INFO] [stderr]    Compiling fastrand v2.3.0
[INFO] [stderr]    Compiling clap_builder v4.5.54
[INFO] [stderr]    Compiling ciborium-ll v0.2.2
[INFO] [stderr]    Compiling plotters-svg v0.3.7
[INFO] [stderr]    Compiling plotters v0.3.7
[INFO] [stderr]    Compiling regex-automata v0.4.13
[INFO] [stderr]    Compiling criterion-plot v0.5.0
[INFO] [stderr]    Compiling tempfile v3.24.0
[INFO] [stderr]    Compiling futures v0.3.31
[INFO] [stderr]    Compiling clap v4.5.54
[INFO] [stderr]    Compiling serde_json v1.0.149
[INFO] [stderr]    Compiling uuid v1.19.0
[INFO] [stderr]    Compiling ciborium v0.2.2
[INFO] [stderr]    Compiling chrono v0.4.38
[INFO] [stderr]    Compiling regex v1.12.2
[INFO] [stderr]    Compiling tinytemplate v1.2.1
[INFO] [stderr]    Compiling tokio-stream v0.1.18
[INFO] [stderr]    Compiling criterion v0.5.1
[INFO] [stderr]    Compiling umi-memory v0.1.0 (/opt/rustwide/workdir)
[INFO] [stderr]    Compiling tokio-test v0.4.5
[INFO] [stdout] error[E0432]: unresolved import `umi_memory::llm::AnthropicProvider`
[INFO] [stdout]   --> examples/test_anthropic.rs:15:5
[INFO] [stdout]    |
[INFO] [stdout] 15 | use umi_memory::llm::AnthropicProvider;
[INFO] [stdout]    |     ^^^^^^^^^^^^^^^^^-----------------
[INFO] [stdout]    |                      |
[INFO] [stdout]    |                      no `AnthropicProvider` in `llm`
[INFO] [stdout]    |
[INFO] [stdout] note: found an item that was configured out
[INFO] [stdout]   --> src/llm/mod.rs:43:20
[INFO] [stdout]    |
[INFO] [stdout] 42 | #[cfg(feature = "anthropic")]
[INFO] [stdout]    |       --------------------- the item is gated behind the `anthropic` feature
[INFO] [stdout] 43 | pub use anthropic::AnthropicProvider;
[INFO] [stdout]    |                    ^^^^^^^^^^^^^^^^^
[INFO] [stdout] 
[INFO] [stdout] 
[INFO] [stdout] error[E0432]: unresolved import `umi_memory::storage::LanceVectorBackend`
[INFO] [stdout]   --> tests/dst_lance_vector.rs:16:27
[INFO] [stdout]    |
[INFO] [stdout] 16 | use umi_memory::storage::{LanceVectorBackend, SimVectorBackend, VectorBackend};
[INFO] [stdout]    |                           ^^^^^^^^^^^^^^^^^^ no `LanceVectorBackend` in `storage`
[INFO] [stdout]    |
[INFO] [stdout] note: found an item that was configured out
[INFO] [stdout]   --> src/storage/mod.rs:60:23
[INFO] [stdout]    |
[INFO] [stdout] 59 | #[cfg(feature = "lance")]
[INFO] [stdout]    |       ----------------- the item is gated behind the `lance` feature
[INFO] [stdout] 60 | pub use lance_vector::LanceVectorBackend;
[INFO] [stdout]    |                       ^^^^^^^^^^^^^^^^^^
[INFO] [stdout] help: a similar name exists in the module
[INFO] [stdout]    |
[INFO] [stdout] 16 - use umi_memory::storage::{LanceVectorBackend, SimVectorBackend, VectorBackend};
[INFO] [stdout] 16 + use umi_memory::storage::{SimVectorBackend, SimVectorBackend, VectorBackend};
[INFO] [stdout]    |
[INFO] [stdout] 
[INFO] [stdout] 
[INFO] [stdout] For more information about this error, try `rustc --explain E0432`.
[INFO] [stdout] 
[INFO] [stderr] error: could not compile `umi-memory` (example "test_anthropic") due to 1 previous error
[INFO] [stderr] warning: build failed, waiting for other jobs to finish...
[INFO] [stdout] error[E0432]: unresolved import `umi_memory::storage::PostgresVectorBackend`
[INFO] [stdout]   --> tests/dst_postgres_vector.rs:19:27
[INFO] [stdout]    |
[INFO] [stdout] 19 | use umi_memory::storage::{PostgresVectorBackend, SimVectorBackend, VectorBackend};
[INFO] [stdout]    |                           ^^^^^^^^^^^^^^^^^^^^^ no `PostgresVectorBackend` in `storage`
[INFO] [stdout]    |
[INFO] [stdout] note: found an item that was configured out
[INFO] [stdout]   --> src/storage/mod.rs:54:26
[INFO] [stdout]    |
[INFO] [stdout] 53 | #[cfg(feature = "postgres")]
[INFO] [stdout]    |       -------------------- the item is gated behind the `postgres` feature
[INFO] [stdout] 54 | pub use postgres_vector::PostgresVectorBackend;
[INFO] [stdout]    |                          ^^^^^^^^^^^^^^^^^^^^^
[INFO] [stdout] 
[INFO] [stdout] 
[INFO] [stdout] error[E0432]: unresolved import `umi_memory::llm::OpenAIProvider`
[INFO] [stdout]   --> examples/test_openai.rs:15:5
[INFO] [stdout]    |
[INFO] [stdout] 15 | use umi_memory::llm::OpenAIProvider;
[INFO] [stdout]    |     ^^^^^^^^^^^^^^^^^--------------
[INFO] [stdout]    |                      |
[INFO] [stdout]    |                      no `OpenAIProvider` in `llm`
[INFO] [stdout]    |
[INFO] [stdout] note: found an item that was configured out
[INFO] [stdout]   --> src/llm/mod.rs:46:17
[INFO] [stdout]    |
[INFO] [stdout] 45 | #[cfg(feature = "openai")]
[INFO] [stdout]    |       ------------------ the item is gated behind the `openai` feature
[INFO] [stdout] 46 | pub use openai::OpenAIProvider;
[INFO] [stdout]    |                 ^^^^^^^^^^^^^^
[INFO] [stdout] 
[INFO] [stdout] 
[INFO] [stdout] error[E0432]: unresolved import `umi_memory::embedding::OpenAIEmbeddingProvider`
[INFO] [stdout]   --> examples/test_openai.rs:16:48
[INFO] [stdout]    |
[INFO] [stdout] 16 | use umi_memory::embedding::{EmbeddingProvider, OpenAIEmbeddingProvider, SimEmbeddingProvider};
[INFO] [stdout]    |                                                ^^^^^^^^^^^^^^^^^^^^^^^ no `OpenAIEmbeddingProvider` in `embedding`
[INFO] [stdout]    |
[INFO] [stdout] note: found an item that was configured out
[INFO] [stdout]   --> src/embedding/mod.rs:38:17
[INFO] [stdout]    |
[INFO] [stdout] 37 | #[cfg(feature = "embedding-openai")]
[INFO] [stdout]    |       ---------------------------- the item is gated behind the `embedding-openai` feature
[INFO] [stdout] 38 | pub use openai::OpenAIEmbeddingProvider;
[INFO] [stdout]    |                 ^^^^^^^^^^^^^^^^^^^^^^^
[INFO] [stdout] help: a similar name exists in the module
[INFO] [stdout]    |
[INFO] [stdout] 16 - use umi_memory::embedding::{EmbeddingProvider, OpenAIEmbeddingProvider, SimEmbeddingProvider};
[INFO] [stdout] 16 + use umi_memory::embedding::{EmbeddingProvider, EmbeddingProvider, SimEmbeddingProvider};
[INFO] [stdout]    |
[INFO] [stdout] 
[INFO] [stdout] 
[INFO] [stdout] warning: unused import: `tempfile::TempDir`
[INFO] [stdout]   --> tests/dst_postgres_vector.rs:16:5
[INFO] [stdout]    |
[INFO] [stdout] 16 | use tempfile::TempDir;
[INFO] [stdout]    |     ^^^^^^^^^^^^^^^^^
[INFO] [stdout]    |
[INFO] [stdout]    = note: `#[warn(unused_imports)]` (part of `#[warn(unused)]`) on by default
[INFO] [stdout] 
[INFO] [stdout] 
[INFO] [stdout] warning: method call on a diverging inference variable
[INFO] [stdout]    --> examples/test_openai.rs:173:58
[INFO] [stdout]     |
[INFO] [stdout] 173 |     println!("  Embedding dimensions: {}", embeddings[0].len());
[INFO] [stdout]     |                                                          ^^^
[INFO] [stdout]     |
[INFO] [stdout]     = help: consider providing a type annotation
[INFO] [stdout]     = warning: this was previously accepted by the compiler but is being phased out; it will become a hard error in a future release!
[INFO] [stdout]     = note: for more information, see issue #156047 <https://github.com/rust-lang/rust/issues/156047>
[INFO] [stdout]     = note: `#[warn(method_call_on_diverging_infer_var)]` (part of `#[warn(future_incompatible)]`) on by default
[INFO] [stdout] 
[INFO] [stdout] 
[INFO] [stdout] error[E0308]: mismatched types
[INFO] [stdout]    --> examples/test_openai.rs:168:25
[INFO] [stdout]     |
[INFO] [stdout] 168 |         embeddings.push(embedding);
[INFO] [stdout]     |                         ^^^^^^^^^ expected `&_`, found `!`
[INFO] [stdout]     |
[INFO] [stdout]     = note: expected reference `&_`
[INFO] [stdout]                     found type `!`
[INFO] [stdout] 
[INFO] [stdout] 
[INFO] [stdout] Some errors have detailed explanations: E0308, E0432.
[INFO] [stdout] 
[INFO] [stdout] For more information about an error, try `rustc --explain E0308`.
[INFO] [stdout] 
[INFO] [stderr] error: could not compile `umi-memory` (example "test_openai") due to 3 previous errors; 2 warnings emitted
[INFO] [stdout] For more information about this error, try `rustc --explain E0432`.
[INFO] [stdout] 
[INFO] [stderr] error: could not compile `umi-memory` (test "dst_lance_vector") due to 1 previous error
[INFO] [stdout] For more information about this error, try `rustc --explain E0432`.
[INFO] [stdout] 
[INFO] [stderr] error: could not compile `umi-memory` (test "dst_postgres_vector") due to 1 previous error; 1 warning emitted
[INFO] running `Command { std: "docker" "inspect" "b840e85e1ce939952bdc1992e1b1ea9d3e7ff27047406d26b6534d57999a8690", kill_on_drop: false }`
[INFO] running `Command { std: "docker" "rm" "-f" "b840e85e1ce939952bdc1992e1b1ea9d3e7ff27047406d26b6534d57999a8690", kill_on_drop: false }`
[INFO] [stdout] b840e85e1ce939952bdc1992e1b1ea9d3e7ff27047406d26b6534d57999a8690
