[INFO] fetching crate uint-crate 0.9.1...
[INFO] testing uint-crate-0.9.1 against 1.99.0-beta.8+cargoflags=--release for beta-release-1.100-2
[INFO] extracting crate uint-crate 0.9.1 into /workspace/builds/worker-5-tc1/source
[INFO] started tweaking crates.io crate uint-crate 0.9.1
[INFO] removed 0 missing examples
[INFO] removed 0 missing tests
[INFO] finished tweaking crates.io crate uint-crate 0.9.1
[INFO] tweaked toml for crates.io crate uint-crate 0.9.1 written to /workspace/builds/worker-5-tc1/source/Cargo.toml
[INFO] validating manifest of crates.io crate uint-crate 0.9.1 on toolchain 1.99.0-beta.8
[INFO] running `Command { std: CARGO_HOME="/workspace/cargo-home" RUSTUP_HOME="/workspace/rustup-home" "/workspace/cargo-home/bin/cargo" "+1.99.0-beta.8" "metadata" "--manifest-path" "Cargo.toml" "--no-deps", kill_on_drop: false }`
[INFO] crate crates.io crate uint-crate 0.9.1 already has a lockfile, it will not be regenerated
[INFO] running `Command { std: CARGO_HOME="/workspace/cargo-home" RUSTUP_HOME="/workspace/rustup-home" "/workspace/cargo-home/bin/cargo" "+1.99.0-beta.8" "fetch" "--manifest-path" "Cargo.toml", kill_on_drop: false }`
[INFO] [stderr]     Blocking waiting for file lock on package cache
[INFO] [stderr]     Updating crates.io index
[INFO] [stderr]     Blocking waiting for file lock on package cache
[INFO] [stderr]  Downloading crates ...
[INFO] [stderr]   Downloaded az v1.1.1
[INFO] [stderr]   Downloaded rand v0.7.3
[INFO] [stderr]   Downloaded rand_hc v0.2.0
[INFO] [stderr]   Downloaded hex v0.4.3
[INFO] [stderr]   Downloaded cfg-if v1.0.0
[INFO] [stderr]   Downloaded rand_chacha v0.2.2
[INFO] [stderr]   Downloaded quickcheck v0.9.2
[INFO] [stderr]   Downloaded num-integer v0.1.44
[INFO] [stderr]   Downloaded winapi-util v0.1.5
[INFO] [stderr]   Downloaded same-file v1.0.6
[INFO] [stderr]   Downloaded rand_core v0.5.1
[INFO] [stderr]   Downloaded crunchy v0.2.2
[INFO] [stderr]   Downloaded memoffset v0.6.4
[INFO] [stderr]   Downloaded either v1.6.1
[INFO] [stderr]   Downloaded wasm-bindgen-shared v0.2.74
[INFO] [stderr]   Downloaded getrandom v0.1.16
[INFO] [stderr]   Downloaded tinytemplate v1.2.1
[INFO] [stderr]   Downloaded scopeguard v1.1.0
[INFO] [stderr]   Downloaded plotters-backend v0.3.0
[INFO] [stderr]   Downloaded autocfg v1.0.1
[INFO] [stderr]   Downloaded oorandom v11.1.3
[INFO] [stderr]   Downloaded wasi v0.9.0+wasi-snapshot-preview1
[INFO] [stderr]   Downloaded plotters-svg v0.3.0
[INFO] [stderr]   Downloaded cast v0.2.6
[INFO] [stderr]   Downloaded unicode-xid v0.2.2
[INFO] [stderr]   Downloaded log v0.4.14
[INFO] [stderr]   Downloaded env_logger v0.7.1
[INFO] [stderr]   Downloaded num-traits v0.2.14
[INFO] [stderr]   Downloaded rustc_version v0.3.3
[INFO] [stderr]   Downloaded byteorder v1.4.3
[INFO] [stderr]   Downloaded lazy_static v1.4.0
[INFO] [stderr]   Downloaded wasm-bindgen-macro v0.2.74
[INFO] [stderr]   Downloaded hermit-abi v0.1.18
[INFO] [stderr]   Downloaded itoa v0.4.7
[INFO] [stderr]   Downloaded ppv-lite86 v0.2.10
[INFO] [stderr]   Downloaded wasm-bindgen-backend v0.2.74
[INFO] [stderr]   Downloaded semver v0.11.0
[INFO] [stderr]   Downloaded bitflags v1.2.1
[INFO] [stderr]   Downloaded arbitrary v0.4.7
[INFO] [stderr]   Downloaded walkdir v2.3.2
[INFO] [stderr]   Downloaded quote v1.0.9
[INFO] [stderr]   Downloaded num_cpus v1.13.0
[INFO] [stderr]   Downloaded crossbeam-utils v0.8.5
[INFO] [stderr]   Downloaded wasm-bindgen-macro-support v0.2.74
[INFO] [stderr]   Downloaded semver-parser v0.10.2
[INFO] [stderr]   Downloaded unicode-width v0.1.8
[INFO] [stderr]   Downloaded textwrap v0.11.0
[INFO] [stderr]   Downloaded atty v0.2.14
[INFO] [stderr]   Downloaded csv-core v0.1.10
[INFO] [stderr]   Downloaded criterion-plot v0.4.3
[INFO] [stderr]   Downloaded crossbeam-deque v0.8.0
[INFO] [stderr]   Downloaded ucd-trie v0.1.3
[INFO] [stderr]   Downloaded serde_cbor v0.11.1
[INFO] [stderr]   Downloaded half v1.7.1
[INFO] [stderr]   Downloaded crossbeam-epoch v0.9.5
[INFO] [stderr]   Downloaded ryu v1.0.5
[INFO] [stderr]   Downloaded serde_derive v1.0.126
[INFO] [stderr]   Downloaded proc-macro2 v1.0.27
[INFO] [stderr]   Downloaded rayon-core v1.9.1
[INFO] [stderr]   Downloaded memchr v2.4.0
[INFO] [stderr]   Downloaded serde v1.0.126
[INFO] [stderr]   Downloaded js-sys v0.3.51
[INFO] [stderr]   Downloaded pest v2.1.3
[INFO] [stderr]   Downloaded criterion v0.3.4
[INFO] [stderr]   Downloaded crossbeam-channel v0.5.1
[INFO] [stderr]   Downloaded itertools v0.9.0
[INFO] [stderr]   Downloaded num-bigint v0.3.2
[INFO] [stderr]   Downloaded itertools v0.10.0
[INFO] [stderr]   Downloaded aho-corasick v0.7.18
[INFO] [stderr]   Downloaded regex-automata v0.1.10
[INFO] [stderr]   Downloaded serde_json v1.0.64
[INFO] [stderr]   Downloaded rug v1.12.0
[INFO] [stderr]   Downloaded bumpalo v3.7.0
[INFO] [stderr]   Downloaded rayon v1.5.1
[INFO] [stderr]   Downloaded wasm-bindgen v0.2.74
[INFO] [stderr]   Downloaded clap v2.33.3
[INFO] [stderr]   Downloaded regex v1.5.4
[INFO] [stderr]   Downloaded syn v1.0.72
[INFO] [stderr]   Downloaded regex-syntax v0.6.25
[INFO] [stderr]   Downloaded bstr v0.2.16
[INFO] [stderr]   Downloaded libc v0.2.95
[INFO] [stderr]   Downloaded web-sys v0.3.51
[INFO] [stderr]   Downloaded csv v1.1.6
[INFO] [stderr]   Downloaded gmp-mpfr-sys v1.4.5
[INFO] [stderr]   Downloaded plotters v0.3.1
[INFO] running `Command { std: "docker" "create" "-v" "/var/lib/crater-agent-workspace/builds/worker-5-tc1/source:/opt/rustwide/workdir:ro,Z" "-v" "/var/lib/crater-agent-workspace/builds/worker-5-tc1/target:/opt/rustwide/target:rw,Z" "-v" "/var/lib/crater-agent-workspace/cargo-home:/opt/rustwide/cargo-home:ro,Z" "-v" "/var/lib/crater-agent-workspace/rustup-home:/opt/rustwide/rustup-home:ro,Z" "-m" "1610612736" "--network" "none" "ghcr.io/rust-lang/crates-build-env/linux@sha256:77db811e55d90add9212f6832c23229e3de5f1c1f9905e8cb07319ea15df73ac" "sleep" "infinity", kill_on_drop: false }`
[INFO] [stdout] f3b33f7e9c04a6f601d8300ff6648379072c5d1b0ef36c3c5316f8d1d788bfc3
[INFO] running `Command { std: "docker" "start" "f3b33f7e9c04a6f601d8300ff6648379072c5d1b0ef36c3c5316f8d1d788bfc3", kill_on_drop: false }`
[INFO] running `Command { std: "docker" "inspect" "f3b33f7e9c04a6f601d8300ff6648379072c5d1b0ef36c3c5316f8d1d788bfc3", kill_on_drop: false }`
[INFO] running `Command { std: "docker" "exec" "-e" "SOURCE_DIR=/opt/rustwide/workdir" "-e" "CARGO_HOME=/opt/rustwide/cargo-home" "-e" "RUSTUP_HOME=/opt/rustwide/rustup-home" "-e" "CARGO_TARGET_DIR=/opt/rustwide/target" "-w" "/opt/rustwide/workdir" "--user" "0:0" "f3b33f7e9c04a6f601d8300ff6648379072c5d1b0ef36c3c5316f8d1d788bfc3" "/opt/rustwide/cargo-home/bin/cargo" "+1.99.0-beta.8" "metadata" "--no-deps" "--format-version=1", kill_on_drop: false }`
[INFO] running `Command { std: "docker" "inspect" "f3b33f7e9c04a6f601d8300ff6648379072c5d1b0ef36c3c5316f8d1d788bfc3", kill_on_drop: false }`
[INFO] running `Command { std: "docker" "exec" "-e" "SOURCE_DIR=/opt/rustwide/workdir" "-e" "CARGO_HOME=/opt/rustwide/cargo-home" "-e" "RUSTUP_HOME=/opt/rustwide/rustup-home" "-e" "CARGO_TARGET_DIR=/opt/rustwide/target" "-e" "CARGO_INCREMENTAL=0" "-e" "RUST_BACKTRACE=full" "-e" "RUSTFLAGS=--cap-lints=warn" "-e" "RUSTDOCFLAGS=--cap-lints=warn" "-w" "/opt/rustwide/workdir" "--user" "0:0" "f3b33f7e9c04a6f601d8300ff6648379072c5d1b0ef36c3c5316f8d1d788bfc3" "/opt/rustwide/cargo-home/bin/cargo" "+1.99.0-beta.8" "build" "--frozen" "--message-format=json" "--release", kill_on_drop: false }`
[INFO] [stderr]    Compiling crunchy v0.2.2
[INFO] [stderr]    Compiling byteorder v1.4.3
[INFO] [stderr]    Compiling static_assertions v1.1.0
[INFO] [stderr]    Compiling hex v0.4.3
[INFO] [stderr]    Compiling uint-crate v0.9.1 (/opt/rustwide/workdir)
[INFO] [stderr]     Finished `release` profile [optimized] target(s) in 0.28s
[INFO] running `Command { std: "docker" "inspect" "f3b33f7e9c04a6f601d8300ff6648379072c5d1b0ef36c3c5316f8d1d788bfc3", kill_on_drop: false }`
[INFO] running `Command { std: "docker" "exec" "-e" "SOURCE_DIR=/opt/rustwide/workdir" "-e" "CARGO_HOME=/opt/rustwide/cargo-home" "-e" "RUSTUP_HOME=/opt/rustwide/rustup-home" "-e" "CARGO_TARGET_DIR=/opt/rustwide/target" "-e" "CARGO_INCREMENTAL=0" "-e" "RUST_BACKTRACE=full" "-e" "RUSTFLAGS=--cap-lints=warn" "-e" "RUSTDOCFLAGS=--cap-lints=warn" "-w" "/opt/rustwide/workdir" "--user" "0:0" "f3b33f7e9c04a6f601d8300ff6648379072c5d1b0ef36c3c5316f8d1d788bfc3" "/opt/rustwide/cargo-home/bin/cargo" "+1.99.0-beta.8" "test" "--frozen" "--no-run" "--message-format=json" "--release", kill_on_drop: false }`
[INFO] [stderr]    Compiling autocfg v1.0.1
[INFO] [stderr]    Compiling libc v0.2.95
[INFO] [stderr]    Compiling ucd-trie v0.1.3
[INFO] [stderr]    Compiling lazy_static v1.4.0
[INFO] [stderr]    Compiling crossbeam-utils v0.8.5
[INFO] [stderr]    Compiling serde v1.0.126
[INFO] [stderr]    Compiling cfg-if v1.0.0
[INFO] [stderr]    Compiling proc-macro2 v1.0.27
[INFO] [stderr]    Compiling crossbeam-epoch v0.9.5
[INFO] [stderr]    Compiling memchr v2.4.0
[INFO] [stderr]    Compiling ryu v1.0.5
[INFO] [stderr]    Compiling either v1.6.1
[INFO] [stderr]    Compiling rayon-core v1.9.1
[INFO] [stderr]    Compiling scopeguard v1.1.0
[INFO] [stderr]    Compiling unicode-xid v0.2.2
[INFO] [stderr]    Compiling serde_json v1.0.64
[INFO] [stderr]    Compiling gmp-mpfr-sys v1.4.5
[INFO] [stderr]    Compiling bitflags v1.2.1
[INFO] [stderr]    Compiling syn v1.0.72
[INFO] [stderr]    Compiling pest v2.1.3
[INFO] [stderr]    Compiling itoa v0.4.7
[INFO] [stderr]    Compiling unicode-width v0.1.8
[INFO] [stderr]    Compiling regex-automata v0.1.10
[INFO] [stderr]    Compiling serde_derive v1.0.126
[INFO] [stderr]    Compiling az v1.1.1
[INFO] [stderr]    Compiling plotters-backend v0.3.0
[INFO] [stderr]    Compiling textwrap v0.11.0
[INFO] [stderr]    Compiling memoffset v0.6.4
[INFO] [stderr]    Compiling num-traits v0.2.14
[INFO] [stderr]    Compiling num-integer v0.1.44
[INFO] [stderr]    Compiling rayon v1.5.1
[INFO] [stderr]    Compiling plotters-svg v0.3.0
[INFO] [stderr]    Compiling crossbeam-channel v0.5.1
[INFO] [stderr]    Compiling num-bigint v0.3.2
[INFO] [stderr]    Compiling itertools v0.9.0
[INFO] [stderr]    Compiling same-file v1.0.6
[INFO] [stderr]    Compiling rug v1.12.0
[INFO] [stderr]    Compiling regex-syntax v0.6.25
[INFO] [stderr]    Compiling half v1.7.1
[INFO] [stderr]    Compiling num_cpus v1.13.0
[INFO] [stderr]    Compiling csv-core v0.1.10
[INFO] [stderr]    Compiling atty v0.2.14
[INFO] [stderr]    Compiling walkdir v2.3.2
[INFO] [stderr]    Compiling semver-parser v0.10.2
[INFO] [stderr]    Compiling crossbeam-deque v0.8.0
[INFO] [stderr]    Compiling quote v1.0.9
[INFO] [stderr]    Compiling clap v2.33.3
[INFO] [stderr]    Compiling semver v0.11.0
[INFO] [stderr]    Compiling itertools v0.10.0
[INFO] [stderr]    Compiling rustc_version v0.3.3
[INFO] [stderr]    Compiling oorandom v11.1.3
[INFO] [stderr]    Compiling plotters v0.3.1
[INFO] [stderr]    Compiling cast v0.2.6
[INFO] [stderr]    Compiling criterion-plot v0.4.3
[INFO] [stderr]    Compiling regex v1.5.4
[INFO] [stdout] error[E0308]: mismatched types
[INFO] [stdout]   --> /opt/rustwide/cargo-home/registry/src/index.crates.io-1949cf8c6b5b557f/num-bigint-0.3.2/src/biguint/convert.rs:70:19
[INFO] [stdout]    |
[INFO] [stdout] 70 |         .div_ceil(&big_digit::BITS.into())
[INFO] [stdout]    |          -------- ^^^^^^^^^^^^^^^^^^^^^^^ expected `u64`, found `&_`
[INFO] [stdout]    |          |
[INFO] [stdout]    |          arguments to this method are incorrect
[INFO] [stdout]    |
[INFO] [stdout]    = note:   expected type `u64`
[INFO] [stdout]            found reference `&_`
[INFO] [stdout] note: method defined here
[INFO] [stdout]   --> /rustc/dfb0accb7f508ae8be965d8629557221c889dd98/library/core/src/num/uint_macros.rs:3787:21
[INFO] [stdout]   --> /rustc/dfb0accb7f508ae8be965d8629557221c889dd98/library/core/src/num/mod.rs:1322:4
[INFO] [stdout]   ::: /rustc/dfb0accb7f508ae8be965d8629557221c889dd98/library/core/src/num/mod.rs:1346:5
[INFO] [stdout]    |
[INFO] [stdout]    = note: in this macro invocation
[INFO] [stdout]    = note: this error originates in the macro `uint_impl` (in Nightly builds, run with -Z macro-backtrace for more info)
[INFO] [stdout] help: consider removing the borrow
[INFO] [stdout]    |
[INFO] [stdout] 70 -         .div_ceil(&big_digit::BITS.into())
[INFO] [stdout] 70 +         .div_ceil(big_digit::BITS.into())
[INFO] [stdout]    |
[INFO] [stdout] 
[INFO] [stdout] 
[INFO] [stdout] error[E0308]: mismatched types
[INFO] [stdout]    --> /opt/rustwide/cargo-home/registry/src/index.crates.io-1949cf8c6b5b557f/num-bigint-0.3.2/src/biguint/convert.rs:585:19
[INFO] [stdout]     |
[INFO] [stdout] 585 |         .div_ceil(&u64::from(bits))
[INFO] [stdout]     |          -------- ^^^^^^^^^^^^^^^^ expected `u64`, found `&u64`
[INFO] [stdout]     |          |
[INFO] [stdout]     |          arguments to this method are incorrect
[INFO] [stdout]     |
[INFO] [stdout] note: method defined here
[INFO] [stdout]    --> /rustc/dfb0accb7f508ae8be965d8629557221c889dd98/library/core/src/num/uint_macros.rs:3787:21
[INFO] [stdout]    --> /rustc/dfb0accb7f508ae8be965d8629557221c889dd98/library/core/src/num/mod.rs:1322:4
[INFO] [stdout]    ::: /rustc/dfb0accb7f508ae8be965d8629557221c889dd98/library/core/src/num/mod.rs:1346:5
[INFO] [stdout]     |
[INFO] [stdout]     = note: in this macro invocation
[INFO] [stdout]     = note: this error originates in the macro `uint_impl` (in Nightly builds, run with -Z macro-backtrace for more info)
[INFO] [stdout] help: consider removing the borrow
[INFO] [stdout]     |
[INFO] [stdout] 585 -         .div_ceil(&u64::from(bits))
[INFO] [stdout] 585 +         .div_ceil(u64::from(bits))
[INFO] [stdout]     |
[INFO] [stdout] 
[INFO] [stdout] 
[INFO] [stdout] error[E0308]: mismatched types
[INFO] [stdout]    --> /opt/rustwide/cargo-home/registry/src/index.crates.io-1949cf8c6b5b557f/num-bigint-0.3.2/src/biguint/convert.rs:613:19
[INFO] [stdout]     |
[INFO] [stdout] 613 |         .div_ceil(&u64::from(bits))
[INFO] [stdout]     |          -------- ^^^^^^^^^^^^^^^^ expected `u64`, found `&u64`
[INFO] [stdout]     |          |
[INFO] [stdout]     |          arguments to this method are incorrect
[INFO] [stdout]     |
[INFO] [stdout] note: method defined here
[INFO] [stdout]    --> /rustc/dfb0accb7f508ae8be965d8629557221c889dd98/library/core/src/num/uint_macros.rs:3787:21
[INFO] [stdout]    --> /rustc/dfb0accb7f508ae8be965d8629557221c889dd98/library/core/src/num/mod.rs:1322:4
[INFO] [stdout]    ::: /rustc/dfb0accb7f508ae8be965d8629557221c889dd98/library/core/src/num/mod.rs:1346:5
[INFO] [stdout]     |
[INFO] [stdout]     = note: in this macro invocation
[INFO] [stdout]     = note: this error originates in the macro `uint_impl` (in Nightly builds, run with -Z macro-backtrace for more info)
[INFO] [stdout] help: consider removing the borrow
[INFO] [stdout]     |
[INFO] [stdout] 613 -         .div_ceil(&u64::from(bits))
[INFO] [stdout] 613 +         .div_ceil(u64::from(bits))
[INFO] [stdout]     |
[INFO] [stdout] 
[INFO] [stdout] 
[INFO] [stdout] error[E0308]: mismatched types
[INFO] [stdout]    --> /opt/rustwide/cargo-home/registry/src/index.crates.io-1949cf8c6b5b557f/num-bigint-0.3.2/src/biguint.rs:393:54
[INFO] [stdout]     |
[INFO] [stdout] 393 |                 let root_scale = extra_bits.div_ceil(&n64);
[INFO] [stdout]     |                                             -------- ^^^^ expected `u64`, found `&u64`
[INFO] [stdout]     |                                             |
[INFO] [stdout]     |                                             arguments to this method are incorrect
[INFO] [stdout]     |
[INFO] [stdout] note: method defined here
[INFO] [stdout]    --> /rustc/dfb0accb7f508ae8be965d8629557221c889dd98/library/core/src/num/uint_macros.rs:3787:21
[INFO] [stdout]    --> /rustc/dfb0accb7f508ae8be965d8629557221c889dd98/library/core/src/num/mod.rs:1322:4
[INFO] [stdout]    ::: /rustc/dfb0accb7f508ae8be965d8629557221c889dd98/library/core/src/num/mod.rs:1346:5
[INFO] [stdout]     |
[INFO] [stdout]     = note: in this macro invocation
[INFO] [stdout]     = note: this error originates in the macro `uint_impl` (in Nightly builds, run with -Z macro-backtrace for more info)
[INFO] [stdout] help: consider removing the borrow
[INFO] [stdout]     |
[INFO] [stdout] 393 -                 let root_scale = extra_bits.div_ceil(&n64);
[INFO] [stdout] 393 +                 let root_scale = extra_bits.div_ceil(n64);
[INFO] [stdout]     |
[INFO] [stdout] 
[INFO] [stdout] 
[INFO] [stdout] For more information about this error, try `rustc --explain E0308`.
[INFO] [stdout] 
[INFO] [stderr] error: could not compile `num-bigint` (lib) due to 4 previous errors
[INFO] [stderr] warning: build failed, waiting for other jobs to finish...
[INFO] [stderr] error: failed to run custom build command for `gmp-mpfr-sys v1.4.5`
[INFO] [stderr] note: To improve backtraces for build dependencies, set the CARGO_PROFILE_RELEASE_BUILD_OVERRIDE_DEBUG=true environment variable to enable debug information generation.
[INFO] [stderr] 
[INFO] [stderr] Caused by:
[INFO] [stderr]   process didn't exit successfully: `/opt/rustwide/target/release/build/gmp-mpfr-sys-41a26620704c01c1/build-script-build` (exit status: 101)
[INFO] [stderr]   --- stdout
[INFO] [stderr]   cargo:rerun-if-env-changed=GMP_MPFR_SYS_CACHE
[INFO] [stderr]   $ mkdir -p "/opt/rustwide/target/release/build/gmp-mpfr-sys-62c53f6e321eab80/out/try_extended_key_value_attributes"
[INFO] [stderr]   $ cd "/opt/rustwide/target/release/build/gmp-mpfr-sys-62c53f6e321eab80/out/try_extended_key_value_attributes"
[INFO] [stderr]   $ printf '%s' "// try_ext"... > "/opt/rustwide/target/release/build/gmp-mpfr-sys-62c53f6e321eab80/out/try_extended_key_value_attributes/try_extended_key_value_attributes.rs"
[INFO] [stderr]   $ cd "/opt/rustwide/target/release/build/gmp-mpfr-sys-62c53f6e321eab80/out/try_extended_key_value_attributes" && "/opt/rustwide/rustup-home/toolchains/1.99.0-beta.8-x86_64-unknown-linux-gnu/bin/rustc" "try_extended_key_value_attributes.rs" "--emit=dep-info,metadata" >& /dev/null
[INFO] [stderr]   cargo:rustc-cfg=extended_key_value_attributes
[INFO] [stderr]   $ rm -r "/opt/rustwide/target/release/build/gmp-mpfr-sys-62c53f6e321eab80/out/try_extended_key_value_attributes"
[INFO] [stderr]   $ mkdir -p "/opt/rustwide/target/release/build/gmp-mpfr-sys-62c53f6e321eab80/out/try_unsafe_in_unsafe"
[INFO] [stderr]   $ cd "/opt/rustwide/target/release/build/gmp-mpfr-sys-62c53f6e321eab80/out/try_unsafe_in_unsafe"
[INFO] [stderr]   $ printf '%s' "// try_uns"... > "/opt/rustwide/target/release/build/gmp-mpfr-sys-62c53f6e321eab80/out/try_unsafe_in_unsafe/try_unsafe_in_unsafe.rs"
[INFO] [stderr]   $ cd "/opt/rustwide/target/release/build/gmp-mpfr-sys-62c53f6e321eab80/out/try_unsafe_in_unsafe" && "/opt/rustwide/rustup-home/toolchains/1.99.0-beta.8-x86_64-unknown-linux-gnu/bin/rustc" "try_unsafe_in_unsafe.rs" "--emit=dep-info,metadata" >& /dev/null
[INFO] [stderr]   cargo:rustc-cfg=unsafe_in_unsafe
[INFO] [stderr]   $ rm -r "/opt/rustwide/target/release/build/gmp-mpfr-sys-62c53f6e321eab80/out/try_unsafe_in_unsafe"
[INFO] [stderr]   $ mkdir -p "/opt/rustwide/target/release/build/gmp-mpfr-sys-62c53f6e321eab80/out/lib"
[INFO] [stderr]   $ mkdir -p "/opt/rustwide/target/release/build/gmp-mpfr-sys-62c53f6e321eab80/out/include"
[INFO] [stderr]   $ mkdir -p "/opt/rustwide/target/release/build/gmp-mpfr-sys-62c53f6e321eab80/out/build"
[INFO] [stderr]   $ ln -s "/opt/rustwide/cargo-home/registry/src/index.crates.io-1949cf8c6b5b557f/gmp-mpfr-sys-1.4.5/gmp-6.2.1-c" "/opt/rustwide/target/release/build/gmp-mpfr-sys-62c53f6e321eab80/out/build/gmp-src"
[INFO] [stderr]   $ mkdir -p "/opt/rustwide/target/release/build/gmp-mpfr-sys-62c53f6e321eab80/out/build/gmp-build"
[INFO] [stderr]   $ cd "/opt/rustwide/target/release/build/gmp-mpfr-sys-62c53f6e321eab80/out/build/gmp-build"
[INFO] [stderr]   $ cd "/opt/rustwide/target/release/build/gmp-mpfr-sys-62c53f6e321eab80/out/build/gmp-build" && "sh" "-c" "../gmp-src/configure --enable-fat --disable-shared --with-pic"
[INFO] [stderr]   checking build system type... zen3-pc-linux-gnu
[INFO] [stderr]   checking host system type... zen3-pc-linux-gnu
[INFO] [stderr]   checking for a BSD-compatible install... /usr/bin/install -c
[INFO] [stderr]   checking whether build environment is sane... yes
[INFO] [stderr]   checking for a thread-safe mkdir -p... ../gmp-src/install-sh -c -d
[INFO] [stderr]   checking for gawk... no
[INFO] [stderr]   checking for mawk... mawk
[INFO] [stderr]   checking whether make sets $(MAKE)... yes
[INFO] [stderr]   checking whether make supports nested variables... yes
[INFO] [stderr]   checking whether to enable maintainer-specific portions of Makefiles... no
[INFO] [stderr]   checking ABI=64
[INFO] [stderr]   checking compiler gcc -O2 -pedantic -fomit-frame-pointer -m64 ... no, long long reliability test 1
[INFO] [stderr]   checking whether cc is gcc... yes
[INFO] [stderr]   checking compiler cc -O2 -pedantic -fomit-frame-pointer -m64 ... no, long long reliability test 1
[INFO] [stderr]   checking ABI=x32
[INFO] [stderr]   checking compiler gcc -O2 -pedantic -fomit-frame-pointer -mx32 ... no, program does not run
[INFO] [stderr]   checking whether cc is gcc... yes
[INFO] [stderr]   checking compiler cc -O2 -pedantic -fomit-frame-pointer -mx32 ... no, program does not run
[INFO] [stderr]   checking ABI=32
[INFO] [stderr]   checking compiler gcc -m32 -O2 -pedantic -fomit-frame-pointer ... no, long long reliability test 1
[INFO] [stderr]   checking compiler gcc -O2 -pedantic -fomit-frame-pointer ... no, long long reliability test 1
[INFO] [stderr]   checking compiler icc -no-gcc ... no
[INFO] [stderr]   checking whether cc is gcc... yes
[INFO] [stderr]   checking compiler cc -m32 -O2 -pedantic -fomit-frame-pointer ... no, long long reliability test 1
[INFO] [stderr]   checking compiler cc -O2 -pedantic -fomit-frame-pointer ... no, long long reliability test 1
[INFO] [stderr] 
[INFO] [stderr]   --- stderr
[INFO] [stderr]   configure: error: could not find a working compiler, see config.log for details
[INFO] [stderr] 
[INFO] [stderr]   thread 'main' (933) panicked at /opt/rustwide/cargo-home/registry/src/index.crates.io-1949cf8c6b5b557f/gmp-mpfr-sys-1.4.5/build.rs:1270:13:
[INFO] [stderr]   Program failed with code 1: cd "/opt/rustwide/target/release/build/gmp-mpfr-sys-62c53f6e321eab80/out/build/gmp-build" && "sh" "-c" "../gmp-src/configure --enable-fat --disable-shared --with-pic"
[INFO] [stderr]   stack backtrace:
[INFO] [stderr]      0:     0x56b57b6b4c81 - <<std[70759c8f55707aa4]::sys::backtrace::BacktraceLock>::print::DisplayBacktrace as core[df12db4294e9bfd3]::fmt::Display>::fmt
[INFO] [stderr]      1:     0x56b57b6c7b6a - core[df12db4294e9bfd3]::fmt::write
[INFO] [stderr]      2:     0x56b57b6ba0ac - <std[70759c8f55707aa4]::sys::stdio::unix::Stderr as core[df12db4294e9bfd3]::io::write::Write>::write_fmt
[INFO] [stderr]      3:     0x56b57b6959b6 - std[70759c8f55707aa4]::panicking::default_hook::{closure#0}
[INFO] [stderr]      4:     0x56b57b6af481 - std[70759c8f55707aa4]::panicking::default_hook
[INFO] [stderr]      5:     0x56b57b6af63b - std[70759c8f55707aa4]::panicking::panic_with_hook
[INFO] [stderr]      6:     0x56b57b695a62 - std[70759c8f55707aa4]::panicking::panic_handler::{closure#0}
[INFO] [stderr]      7:     0x56b57b68e719 - std[70759c8f55707aa4]::sys::backtrace::__rust_end_short_backtrace::<std[70759c8f55707aa4]::panicking::panic_handler::{closure#0}, !>
[INFO] [stderr]      8:     0x56b57b69634d - __rustc[8fa7c3cbc660c2b3]::rust_begin_unwind
[INFO] [stderr]      9:     0x56b57b6c82dc - core[df12db4294e9bfd3]::panicking::panic_fmt
[INFO] [stderr]     10:     0x56b57b66faf7 - build_script_build[7ae1a88ad2d8855f]::execute
[INFO] [stderr]     11:     0x56b57b670d68 - build_script_build[7ae1a88ad2d8855f]::configure
[INFO] [stderr]     12:     0x56b57b66ff2a - build_script_build[7ae1a88ad2d8855f]::build_gmp
[INFO] [stderr]     13:     0x56b57b6650a9 - build_script_build[7ae1a88ad2d8855f]::compile_libs
[INFO] [stderr]     14:     0x56b57b66f6e6 - build_script_build[7ae1a88ad2d8855f]::main
[INFO] [stderr]     15:     0x56b57b682fd3 - <fn() as core[df12db4294e9bfd3]::ops::function::FnOnce<()>>::call_once
[INFO] [stderr]     16:     0x56b57b6777ae - std[70759c8f55707aa4]::sys::backtrace::__rust_begin_short_backtrace::<fn(), ()>
[INFO] [stderr]     17:     0x56b57b673269 - std[70759c8f55707aa4]::rt::lang_start::<()>::{closure#0}
[INFO] [stderr]     18:     0x56b57b6ae8b9 - std[70759c8f55707aa4]::rt::lang_start_internal
[INFO] [stderr]     19:     0x56b57b672ae1 - std[70759c8f55707aa4]::rt::lang_start::<()>
[INFO] [stderr]     20:     0x56b57b671885 - main
[INFO] [stderr]     21:     0x7ca52418e601 - <unknown>
[INFO] [stderr]     22:     0x7ca52418e718 - __libc_start_main
[INFO] [stderr]     23:     0x56b57b660725 - _start
[INFO] [stderr]     24:                0x0 - <unknown>
[INFO] running `Command { std: "docker" "inspect" "f3b33f7e9c04a6f601d8300ff6648379072c5d1b0ef36c3c5316f8d1d788bfc3", kill_on_drop: false }`
[INFO] running `Command { std: "docker" "rm" "-f" "f3b33f7e9c04a6f601d8300ff6648379072c5d1b0ef36c3c5316f8d1d788bfc3", kill_on_drop: false }`
[INFO] [stdout] f3b33f7e9c04a6f601d8300ff6648379072c5d1b0ef36c3c5316f8d1d788bfc3
