[INFO] fetching crate ui-automata 0.1.0...
[INFO] testing ui-automata-0.1.0 against 1.99.0-beta.8+cargoflags=--release for beta-release-1.100-2
[INFO] extracting crate ui-automata 0.1.0 into /workspace/builds/worker-3-tc1/source
[INFO] started tweaking crates.io crate ui-automata 0.1.0
[INFO] removed 0 missing tests
[INFO] finished tweaking crates.io crate ui-automata 0.1.0
[INFO] tweaked toml for crates.io crate ui-automata 0.1.0 written to /workspace/builds/worker-3-tc1/source/Cargo.toml
[INFO] validating manifest of crates.io crate ui-automata 0.1.0 on toolchain 1.99.0-beta.8
[INFO] running `Command { std: CARGO_HOME="/workspace/cargo-home" RUSTUP_HOME="/workspace/rustup-home" "/workspace/cargo-home/bin/cargo" "+1.99.0-beta.8" "metadata" "--manifest-path" "Cargo.toml" "--no-deps", kill_on_drop: false }`
[INFO] crate crates.io crate ui-automata 0.1.0 already has a lockfile, it will not be regenerated
[INFO] running `Command { std: CARGO_HOME="/workspace/cargo-home" RUSTUP_HOME="/workspace/rustup-home" "/workspace/cargo-home/bin/cargo" "+1.99.0-beta.8" "fetch" "--manifest-path" "Cargo.toml", kill_on_drop: false }`
[INFO] [stderr]     Updating crates.io index
[INFO] [stderr]     Blocking waiting for file lock on package cache
[INFO] [stderr]  Downloading crates ...
[INFO] [stderr]   Downloaded arraydeque v0.5.1
[INFO] [stderr]   Downloaded saphyr-parser v0.0.6
[INFO] [stderr]   Downloaded saphyr v0.0.6
[INFO] [stderr]   Downloaded ordered-float v5.3.0
[INFO] running `Command { std: "docker" "create" "-v" "/var/lib/crater-agent-workspace/builds/worker-3-tc1/source:/opt/rustwide/workdir:ro,Z" "-v" "/var/lib/crater-agent-workspace/builds/worker-3-tc1/target:/opt/rustwide/target:rw,Z" "-v" "/var/lib/crater-agent-workspace/cargo-home:/opt/rustwide/cargo-home:ro,Z" "-v" "/var/lib/crater-agent-workspace/rustup-home:/opt/rustwide/rustup-home:ro,Z" "-m" "1610612736" "--network" "none" "ghcr.io/rust-lang/crates-build-env/linux@sha256:77db811e55d90add9212f6832c23229e3de5f1c1f9905e8cb07319ea15df73ac" "sleep" "infinity", kill_on_drop: false }`
[INFO] [stdout] 3cce76d73d1fa04cef294bea72db2c55899948137a67192b12ddf3366f83e889
[INFO] running `Command { std: "docker" "start" "3cce76d73d1fa04cef294bea72db2c55899948137a67192b12ddf3366f83e889", kill_on_drop: false }`
[INFO] running `Command { std: "docker" "inspect" "3cce76d73d1fa04cef294bea72db2c55899948137a67192b12ddf3366f83e889", kill_on_drop: false }`
[INFO] running `Command { std: "docker" "exec" "-e" "SOURCE_DIR=/opt/rustwide/workdir" "-e" "CARGO_HOME=/opt/rustwide/cargo-home" "-e" "RUSTUP_HOME=/opt/rustwide/rustup-home" "-e" "CARGO_TARGET_DIR=/opt/rustwide/target" "-w" "/opt/rustwide/workdir" "--user" "0:0" "3cce76d73d1fa04cef294bea72db2c55899948137a67192b12ddf3366f83e889" "/opt/rustwide/cargo-home/bin/cargo" "+1.99.0-beta.8" "metadata" "--no-deps" "--format-version=1", kill_on_drop: false }`
[INFO] running `Command { std: "docker" "inspect" "3cce76d73d1fa04cef294bea72db2c55899948137a67192b12ddf3366f83e889", kill_on_drop: false }`
[INFO] running `Command { std: "docker" "exec" "-e" "SOURCE_DIR=/opt/rustwide/workdir" "-e" "CARGO_HOME=/opt/rustwide/cargo-home" "-e" "RUSTUP_HOME=/opt/rustwide/rustup-home" "-e" "CARGO_TARGET_DIR=/opt/rustwide/target" "-e" "CARGO_INCREMENTAL=0" "-e" "RUST_BACKTRACE=full" "-e" "RUSTFLAGS=--cap-lints=warn" "-e" "RUSTDOCFLAGS=--cap-lints=warn" "-w" "/opt/rustwide/workdir" "--user" "0:0" "3cce76d73d1fa04cef294bea72db2c55899948137a67192b12ddf3366f83e889" "/opt/rustwide/cargo-home/bin/cargo" "+1.99.0-beta.8" "build" "--frozen" "--message-format=json" "--release", kill_on_drop: false }`
[INFO] [stderr]    Compiling serde_core v1.0.228
[INFO] [stderr]    Compiling memchr v2.8.0
[INFO] [stderr]    Compiling libc v0.2.184
[INFO] [stderr]    Compiling serde v1.0.228
[INFO] [stderr]    Compiling serde_json v1.0.149
[INFO] [stderr]    Compiling ref-cast v1.0.25
[INFO] [stderr]    Compiling bit-vec v0.8.0
[INFO] [stderr]    Compiling regex-syntax v0.8.10
[INFO] [stderr]    Compiling arraydeque v0.5.1
[INFO] [stderr]    Compiling hashbrown v0.15.5
[INFO] [stderr]    Compiling syn v2.0.117
[INFO] [stderr]    Compiling indexmap v2.13.1
[INFO] [stderr]    Compiling encoding_rs v0.8.35
[INFO] [stderr]    Compiling ordered-float v5.3.0
[INFO] [stderr]    Compiling dyn-clone v1.0.20
[INFO] [stderr]    Compiling bit-set v0.8.0
[INFO] [stderr]    Compiling aho-corasick v1.1.4
[INFO] [stderr]    Compiling hashlink v0.10.0
[INFO] [stderr]    Compiling dirs-sys v0.4.1
[INFO] [stderr]    Compiling dirs v5.0.1
[INFO] [stderr]    Compiling saphyr-parser v0.0.6
[INFO] [stderr]    Compiling regex-automata v0.4.14
[INFO] [stderr]    Compiling saphyr v0.0.6
[INFO] [stderr]    Compiling serde_derive_internals v0.29.1
[INFO] [stderr]    Compiling serde_derive v1.0.228
[INFO] [stderr]    Compiling ref-cast-impl v1.0.25
[INFO] [stderr]    Compiling thiserror-impl v2.0.18
[INFO] [stderr]    Compiling schemars_derive v1.2.1
[INFO] [stderr]    Compiling thiserror v2.0.18
[INFO] [stderr]    Compiling serde_path_to_error v0.1.20
[INFO] [stderr]    Compiling serde_yaml v0.9.34+deprecated
[INFO] [stderr]    Compiling schemars v1.2.1
[INFO] [stderr]    Compiling fancy-regex v0.17.0
[INFO] [stderr]    Compiling ui-automata v0.1.0 (/opt/rustwide/workdir)
[INFO] [stderr]     Finished `release` profile [optimized] target(s) in 57.52s
[INFO] running `Command { std: "docker" "inspect" "3cce76d73d1fa04cef294bea72db2c55899948137a67192b12ddf3366f83e889", kill_on_drop: false }`
[INFO] running `Command { std: "docker" "exec" "-e" "SOURCE_DIR=/opt/rustwide/workdir" "-e" "CARGO_HOME=/opt/rustwide/cargo-home" "-e" "RUSTUP_HOME=/opt/rustwide/rustup-home" "-e" "CARGO_TARGET_DIR=/opt/rustwide/target" "-e" "CARGO_INCREMENTAL=0" "-e" "RUST_BACKTRACE=full" "-e" "RUSTFLAGS=--cap-lints=warn" "-e" "RUSTDOCFLAGS=--cap-lints=warn" "-w" "/opt/rustwide/workdir" "--user" "0:0" "3cce76d73d1fa04cef294bea72db2c55899948137a67192b12ddf3366f83e889" "/opt/rustwide/cargo-home/bin/cargo" "+1.99.0-beta.8" "test" "--frozen" "--no-run" "--message-format=json" "--release", kill_on_drop: false }`
[INFO] [stderr]    Compiling ui-automata v0.1.0 (/opt/rustwide/workdir)
[INFO] [stdout] error[E0432]: unresolved import `ui_automata::mock`
[INFO] [stdout]   --> tests/common/mod.rs:4:18
[INFO] [stdout]    |
[INFO] [stdout]  4 | use ui_automata::mock::{MockDesktop, MockElement};
[INFO] [stdout]    |                  ^^^^ could not find `mock` in `ui_automata`
[INFO] [stdout]    |
[INFO] [stdout] note: found an item that was configured out
[INFO] [stdout]   --> src/lib.rs:25:9
[INFO] [stdout]    |
[INFO] [stdout] 24 | #[cfg(any(test, feature = "mock"))]
[INFO] [stdout]    |          ------------------------ the item is gated here
[INFO] [stdout] 25 | pub mod mock;
[INFO] [stdout]    |         ^^^^
[INFO] [stdout] 
[INFO] [stdout] 
[INFO] [stdout] error[E0432]: unresolved import `ui_automata::mock`
[INFO] [stdout]   --> tests/common/mod.rs:4:18
[INFO] [stdout]    |
[INFO] [stdout]  4 | use ui_automata::mock::{MockDesktop, MockElement};
[INFO] [stdout]    |                  ^^^^ could not find `mock` in `ui_automata`
[INFO] [stdout]    |
[INFO] [stdout] note: found an item that was configured out
[INFO] [stdout]   --> src/lib.rs:25:9
[INFO] [stdout]    |
[INFO] [stdout] 24 | #[cfg(any(test, feature = "mock"))]
[INFO] [stdout]    |          ------------------------ the item is gated here
[INFO] [stdout] 25 | pub mod mock;
[INFO] [stdout]    |         ^^^^
[INFO] [stdout] 
[INFO] [stdout] 
[INFO] [stdout] error[E0432]: unresolved import `ui_automata::mock`
[INFO] [stdout]   --> tests/snapshot.rs:1:18
[INFO] [stdout]    |
[INFO] [stdout]  1 | use ui_automata::mock::{MockDesktop, MockElement};
[INFO] [stdout]    |                  ^^^^ could not find `mock` in `ui_automata`
[INFO] [stdout]    |
[INFO] [stdout] note: found an item that was configured out
[INFO] [stdout]   --> src/lib.rs:25:9
[INFO] [stdout]    |
[INFO] [stdout] 24 | #[cfg(any(test, feature = "mock"))]
[INFO] [stdout]    |          ------------------------ the item is gated here
[INFO] [stdout] 25 | pub mod mock;
[INFO] [stdout]    |         ^^^^
[INFO] [stdout] 
[INFO] [stdout] 
[INFO] [stdout] error[E0432]: unresolved import `ui_automata::mock`
[INFO] [stdout]   --> tests/common/mod.rs:4:18
[INFO] [stdout]    |
[INFO] [stdout]  4 | use ui_automata::mock::{MockDesktop, MockElement};
[INFO] [stdout]    |                  ^^^^ could not find `mock` in `ui_automata`
[INFO] [stdout]    |
[INFO] [stdout] note: found an item that was configured out
[INFO] [stdout]   --> src/lib.rs:25:9
[INFO] [stdout]    |
[INFO] [stdout] 24 | #[cfg(any(test, feature = "mock"))]
[INFO] [stdout]    |          ------------------------ the item is gated here
[INFO] [stdout] 25 | pub mod mock;
[INFO] [stdout]    |         ^^^^
[INFO] [stdout] 
[INFO] [stdout] 
[INFO] [stdout] error[E0432]: unresolved import `ui_automata::mock`
[INFO] [stdout]   --> tests/extract.rs:3:18
[INFO] [stdout]    |
[INFO] [stdout]  3 | use ui_automata::mock::mock_desktop_from_yaml;
[INFO] [stdout]    |                  ^^^^ could not find `mock` in `ui_automata`
[INFO] [stdout]    |
[INFO] [stdout] note: found an item that was configured out
[INFO] [stdout]   --> src/lib.rs:25:9
[INFO] [stdout]    |
[INFO] [stdout] 24 | #[cfg(any(test, feature = "mock"))]
[INFO] [stdout]    |          ------------------------ the item is gated here
[INFO] [stdout] 25 | pub mod mock;
[INFO] [stdout]    |         ^^^^
[INFO] [stdout] 
[INFO] [stdout] 
[INFO] [stdout] error[E0432]: unresolved import `ui_automata::mock`
[INFO] [stdout]   --> tests/common/mod.rs:4:18
[INFO] [stdout]    |
[INFO] [stdout]  4 | use ui_automata::mock::{MockDesktop, MockElement};
[INFO] [stdout]    |                  ^^^^ could not find `mock` in `ui_automata`
[INFO] [stdout]    |
[INFO] [stdout] note: found an item that was configured out
[INFO] [stdout]   --> src/lib.rs:25:9
[INFO] [stdout]    |
[INFO] [stdout] 24 | #[cfg(any(test, feature = "mock"))]
[INFO] [stdout]    |          ------------------------ the item is gated here
[INFO] [stdout] 25 | pub mod mock;
[INFO] [stdout]    |         ^^^^
[INFO] [stdout] 
[INFO] [stdout] 
[INFO] [stdout] error[E0432]: unresolved import `ui_automata::mock`
[INFO] [stdout]    --> tests/step_flow.rs:515:22
[INFO] [stdout]     |
[INFO] [stdout] 515 |     use ui_automata::mock::MockElement;
[INFO] [stdout]     |                      ^^^^ could not find `mock` in `ui_automata`
[INFO] [stdout]     |
[INFO] [stdout] note: found an item that was configured out
[INFO] [stdout]    --> src/lib.rs:25:9
[INFO] [stdout]     |
[INFO] [stdout]  24 | #[cfg(any(test, feature = "mock"))]
[INFO] [stdout]     |          ------------------------ the item is gated here
[INFO] [stdout]  25 | pub mod mock;
[INFO] [stdout]     |         ^^^^
[INFO] [stdout] 
[INFO] [stdout] 
[INFO] [stdout] error[E0432]: unresolved import `ui_automata::mock`
[INFO] [stdout]    --> tests/step_flow.rs:784:22
[INFO] [stdout]     |
[INFO] [stdout] 784 |     use ui_automata::mock::MockElement;
[INFO] [stdout]     |                      ^^^^ could not find `mock` in `ui_automata`
[INFO] [stdout]     |
[INFO] [stdout] note: found an item that was configured out
[INFO] [stdout]    --> src/lib.rs:25:9
[INFO] [stdout]     |
[INFO] [stdout]  24 | #[cfg(any(test, feature = "mock"))]
[INFO] [stdout]     |          ------------------------ the item is gated here
[INFO] [stdout]  25 | pub mod mock;
[INFO] [stdout]     |         ^^^^
[INFO] [stdout] 
[INFO] [stdout] 
[INFO] [stdout] error[E0432]: unresolved import `ui_automata::mock`
[INFO] [stdout]   --> tests/common/mod.rs:4:18
[INFO] [stdout]    |
[INFO] [stdout]  4 | use ui_automata::mock::{MockDesktop, MockElement};
[INFO] [stdout]    |                  ^^^^ could not find `mock` in `ui_automata`
[INFO] [stdout]    |
[INFO] [stdout] note: found an item that was configured out
[INFO] [stdout]   --> src/lib.rs:25:9
[INFO] [stdout]    |
[INFO] [stdout] 24 | #[cfg(any(test, feature = "mock"))]
[INFO] [stdout]    |          ------------------------ the item is gated here
[INFO] [stdout] 25 | pub mod mock;
[INFO] [stdout]    |         ^^^^
[INFO] [stdout] 
[INFO] [stdout] 
[INFO] [stdout] error[E0432]: unresolved import `ui_automata::mock`
[INFO] [stdout]   --> tests/expression.rs:5:18
[INFO] [stdout]    |
[INFO] [stdout]  5 | use ui_automata::mock::{MockDesktop, MockElement, mock_desktop_from_yaml};
[INFO] [stdout]    |                  ^^^^ could not find `mock` in `ui_automata`
[INFO] [stdout]    |
[INFO] [stdout] note: found an item that was configured out
[INFO] [stdout]   --> src/lib.rs:25:9
[INFO] [stdout]    |
[INFO] [stdout] 24 | #[cfg(any(test, feature = "mock"))]
[INFO] [stdout]    |          ------------------------ the item is gated here
[INFO] [stdout] 25 | pub mod mock;
[INFO] [stdout]    |         ^^^^
[INFO] [stdout] 
[INFO] [stdout] 
[INFO] [stdout] error[E0433]: cannot find `mock` in `ui_automata`
[INFO] [stdout]    --> tests/finally.rs:138:32
[INFO] [stdout]     |
[INFO] [stdout] 138 |     let desktop = ui_automata::mock::mock_desktop_from_yaml(
[INFO] [stdout]     |                                ^^^^ could not find `mock` in `ui_automata`
[INFO] [stdout]     |
[INFO] [stdout] note: found an item that was configured out
[INFO] [stdout]    --> src/lib.rs:25:9
[INFO] [stdout]     |
[INFO] [stdout]  24 | #[cfg(any(test, feature = "mock"))]
[INFO] [stdout]     |          ------------------------ the item is gated here
[INFO] [stdout]  25 | pub mod mock;
[INFO] [stdout]     |         ^^^^
[INFO] [stdout] 
[INFO] [stdout] 
[INFO] [stderr] error: could not compile `ui-automata` (test "precondition") due to 1 previous error
[INFO] [stdout] For more information about this error, try `rustc --explain E0432`.
[INFO] [stdout] 
[INFO] [stderr] warning: build failed, waiting for other jobs to finish...
[INFO] [stdout] error[E0432]: unresolved import `ui_automata::mock`
[INFO] [stdout]   --> tests/sub_flow.rs:7:18
[INFO] [stdout]    |
[INFO] [stdout]  7 | use ui_automata::mock::{MockDesktop, MockElement};
[INFO] [stdout]    |                  ^^^^ could not find `mock` in `ui_automata`
[INFO] [stdout]    |
[INFO] [stdout] note: found an item that was configured out
[INFO] [stdout]   --> src/lib.rs:25:9
[INFO] [stdout]    |
[INFO] [stdout] 24 | #[cfg(any(test, feature = "mock"))]
[INFO] [stdout]    |          ------------------------ the item is gated here
[INFO] [stdout] 25 | pub mod mock;
[INFO] [stdout]    |         ^^^^
[INFO] [stdout] 
[INFO] [stdout] 
[INFO] [stdout] error[E0432]: unresolved import `ui_automata::mock`
[INFO] [stdout]   --> tests/common/mod.rs:4:18
[INFO] [stdout]    |
[INFO] [stdout]  4 | use ui_automata::mock::{MockDesktop, MockElement};
[INFO] [stdout]    |                  ^^^^ could not find `mock` in `ui_automata`
[INFO] [stdout]    |
[INFO] [stdout] note: found an item that was configured out
[INFO] [stdout]   --> src/lib.rs:25:9
[INFO] [stdout]    |
[INFO] [stdout] 24 | #[cfg(any(test, feature = "mock"))]
[INFO] [stdout]    |          ------------------------ the item is gated here
[INFO] [stdout] 25 | pub mod mock;
[INFO] [stdout]    |         ^^^^
[INFO] [stdout] 
[INFO] [stdout] 
[INFO] [stdout] error[E0432]: unresolved import `ui_automata::mock`
[INFO] [stdout]   --> tests/selector.rs:1:18
[INFO] [stdout]    |
[INFO] [stdout]  1 | use ui_automata::mock::MockElement;
[INFO] [stdout]    |                  ^^^^ could not find `mock` in `ui_automata`
[INFO] [stdout]    |
[INFO] [stdout] note: found an item that was configured out
[INFO] [stdout]   --> src/lib.rs:25:9
[INFO] [stdout]    |
[INFO] [stdout] 24 | #[cfg(any(test, feature = "mock"))]
[INFO] [stdout]    |          ------------------------ the item is gated here
[INFO] [stdout] 25 | pub mod mock;
[INFO] [stdout]    |         ^^^^
[INFO] [stdout] 
[INFO] [stdout] 
[INFO] [stdout] For more information about this error, try `rustc --explain E0432`.
[INFO] [stdout] 
[INFO] [stderr] error: could not compile `ui-automata` (test "snapshot") due to 1 previous error
[INFO] [stdout] error[E0433]: cannot find `mock` in `ui_automata`
[INFO] [stdout]   --> tests/step_flow.rs:40:32
[INFO] [stdout]    |
[INFO] [stdout] 40 |     let desktop = ui_automata::mock::mock_desktop_from_yaml(
[INFO] [stdout]    |                                ^^^^ could not find `mock` in `ui_automata`
[INFO] [stdout]    |
[INFO] [stdout] note: found an item that was configured out
[INFO] [stdout]   --> src/lib.rs:25:9
[INFO] [stdout]    |
[INFO] [stdout] 24 | #[cfg(any(test, feature = "mock"))]
[INFO] [stdout]    |          ------------------------ the item is gated here
[INFO] [stdout] 25 | pub mod mock;
[INFO] [stdout]    |         ^^^^
[INFO] [stdout] 
[INFO] [stdout] 
[INFO] [stdout] error[E0432]: unresolved import `ui_automata::mock`
[INFO] [stdout]   --> tests/capture.rs:3:18
[INFO] [stdout]    |
[INFO] [stdout]  3 | use ui_automata::mock::mock_desktop_from_yaml;
[INFO] [stdout]    |                  ^^^^ could not find `mock` in `ui_automata`
[INFO] [stdout]    |
[INFO] [stdout] note: found an item that was configured out
[INFO] [stdout]   --> src/lib.rs:25:9
[INFO] [stdout]    |
[INFO] [stdout] 24 | #[cfg(any(test, feature = "mock"))]
[INFO] [stdout]    |          ------------------------ the item is gated here
[INFO] [stdout] 25 | pub mod mock;
[INFO] [stdout]    |         ^^^^
[INFO] [stdout] 
[INFO] [stdout] 
[INFO] [stdout] error[E0432]: unresolved import `ui_automata::mock`
[INFO] [stdout]   --> tests/registry.rs:1:18
[INFO] [stdout]    |
[INFO] [stdout]  1 | use ui_automata::mock::{MockDesktop, MockElement};
[INFO] [stdout]    |                  ^^^^ could not find `mock` in `ui_automata`
[INFO] [stdout]    |
[INFO] [stdout] note: found an item that was configured out
[INFO] [stdout]   --> src/lib.rs:25:9
[INFO] [stdout]    |
[INFO] [stdout] 24 | #[cfg(any(test, feature = "mock"))]
[INFO] [stdout]    |          ------------------------ the item is gated here
[INFO] [stdout] 25 | pub mod mock;
[INFO] [stdout]    |         ^^^^
[INFO] [stdout] 
[INFO] [stdout] 
[INFO] [stdout] error[E0433]: cannot find `mock` in `ui_automata`
[INFO] [stdout]   --> tests/step_flow.rs:94:32
[INFO] [stdout]    |
[INFO] [stdout] 94 |     let desktop = ui_automata::mock::mock_desktop_from_yaml(
[INFO] [stdout]    |                                ^^^^ could not find `mock` in `ui_automata`
[INFO] [stdout]    |
[INFO] [stdout] note: found an item that was configured out
[INFO] [stdout]   --> src/lib.rs:25:9
[INFO] [stdout]    |
[INFO] [stdout] 24 | #[cfg(any(test, feature = "mock"))]
[INFO] [stdout]    |          ------------------------ the item is gated here
[INFO] [stdout] 25 | pub mod mock;
[INFO] [stdout]    |         ^^^^
[INFO] [stdout] 
[INFO] [stdout] 
[INFO] [stdout] error[E0433]: cannot find `mock` in `ui_automata`
[INFO] [stdout]    --> tests/step_flow.rs:130:32
[INFO] [stdout]     |
[INFO] [stdout] 130 |     let desktop = ui_automata::mock::mock_desktop_from_yaml(
[INFO] [stdout]     |                                ^^^^ could not find `mock` in `ui_automata`
[INFO] [stdout]     |
[INFO] [stdout] note: found an item that was configured out
[INFO] [stdout]    --> src/lib.rs:25:9
[INFO] [stdout]     |
[INFO] [stdout]  24 | #[cfg(any(test, feature = "mock"))]
[INFO] [stdout]     |          ------------------------ the item is gated here
[INFO] [stdout]  25 | pub mod mock;
[INFO] [stdout]     |         ^^^^
[INFO] [stdout] 
[INFO] [stdout] 
[INFO] [stdout] For more information about this error, try `rustc --explain E0432`.
[INFO] [stdout] 
[INFO] [stdout] Some errors have detailed explanations: E0432, E0433.
[INFO] [stdout] 
[INFO] [stderr] error: could not compile `ui-automata` (test "finally") due to 2 previous errors
[INFO] [stdout] For more information about an error, try `rustc --explain E0432`.
[INFO] [stdout] 
[INFO] [stdout] For more information about this error, try `rustc --explain E0432`.
[INFO] [stdout] 
[INFO] [stderr] error: could not compile `ui-automata` (test "expression") due to 2 previous errors
[INFO] [stderr] error: could not compile `ui-automata` (test "registry") due to 1 previous error
[INFO] [stdout] error[E0433]: cannot find `mock` in `ui_automata`
[INFO] [stdout]    --> tests/step_flow.rs:178:32
[INFO] [stdout]     |
[INFO] [stdout] 178 |     let desktop = ui_automata::mock::mock_desktop_from_yaml(
[INFO] [stdout]     |                                ^^^^ could not find `mock` in `ui_automata`
[INFO] [stdout]     |
[INFO] [stdout] note: found an item that was configured out
[INFO] [stdout]    --> src/lib.rs:25:9
[INFO] [stdout]     |
[INFO] [stdout]  24 | #[cfg(any(test, feature = "mock"))]
[INFO] [stdout]     |          ------------------------ the item is gated here
[INFO] [stdout]  25 | pub mod mock;
[INFO] [stdout]     |         ^^^^
[INFO] [stdout] 
[INFO] [stdout] 
[INFO] [stdout] error[E0433]: cannot find `mock` in `ui_automata`
[INFO] [stdout]   --> tests/capture.rs:11:27
[INFO] [stdout]    |
[INFO] [stdout] 11 |     desktop: ui_automata::mock::MockDesktop,
[INFO] [stdout]    |                           ^^^^ could not find `mock` in `ui_automata`
[INFO] [stdout]    |
[INFO] [stdout] note: found an item that was configured out
[INFO] [stdout]   --> src/lib.rs:25:9
[INFO] [stdout]    |
[INFO] [stdout] 24 | #[cfg(any(test, feature = "mock"))]
[INFO] [stdout]    |          ------------------------ the item is gated here
[INFO] [stdout] 25 | pub mod mock;
[INFO] [stdout]    |         ^^^^
[INFO] [stdout] 
[INFO] [stdout] 
[INFO] [stdout] error[E0433]: cannot find `mock` in `ui_automata`
[INFO] [stdout]    --> tests/step_flow.rs:216:32
[INFO] [stdout]     |
[INFO] [stdout] 216 |     let desktop = ui_automata::mock::mock_desktop_from_yaml(
[INFO] [stdout]     |                                ^^^^ could not find `mock` in `ui_automata`
[INFO] [stdout]     |
[INFO] [stdout] note: found an item that was configured out
[INFO] [stdout]    --> src/lib.rs:25:9
[INFO] [stdout]     |
[INFO] [stdout]  24 | #[cfg(any(test, feature = "mock"))]
[INFO] [stdout]     |          ------------------------ the item is gated here
[INFO] [stdout]  25 | pub mod mock;
[INFO] [stdout]     |         ^^^^
[INFO] [stdout] 
[INFO] [stdout] 
[INFO] [stdout] For more information about this error, try `rustc --explain E0432`.
[INFO] [stdout] 
[INFO] [stdout] error[E0433]: cannot find `mock` in `ui_automata`
[INFO] [stdout]    --> tests/step_flow.rs:265:32
[INFO] [stdout]     |
[INFO] [stdout] 265 |     let desktop = ui_automata::mock::mock_desktop_from_yaml(
[INFO] [stdout]     |                                ^^^^ could not find `mock` in `ui_automata`
[INFO] [stdout]     |
[INFO] [stdout] note: found an item that was configured out
[INFO] [stdout]    --> src/lib.rs:25:9
[INFO] [stdout]     |
[INFO] [stdout]  24 | #[cfg(any(test, feature = "mock"))]
[INFO] [stdout]     |          ------------------------ the item is gated here
[INFO] [stdout]  25 | pub mod mock;
[INFO] [stdout]     |         ^^^^
[INFO] [stdout] 
[INFO] [stdout] 
[INFO] [stderr] error: could not compile `ui-automata` (test "sub_flow") due to 2 previous errors
[INFO] [stdout] For more information about this error, try `rustc --explain E0432`.
[INFO] [stdout] 
[INFO] [stdout] error[E0433]: cannot find `mock` in `ui_automata`
[INFO] [stdout]    --> tests/step_flow.rs:304:32
[INFO] [stdout]     |
[INFO] [stdout] 304 |     let desktop = ui_automata::mock::mock_desktop_from_yaml(
[INFO] [stdout]     |                                ^^^^ could not find `mock` in `ui_automata`
[INFO] [stdout]     |
[INFO] [stdout] note: found an item that was configured out
[INFO] [stdout]    --> src/lib.rs:25:9
[INFO] [stdout]     |
[INFO] [stdout]  24 | #[cfg(any(test, feature = "mock"))]
[INFO] [stdout]     |          ------------------------ the item is gated here
[INFO] [stdout]  25 | pub mod mock;
[INFO] [stdout]     |         ^^^^
[INFO] [stdout] 
[INFO] [stdout] 
[INFO] [stderr] error: could not compile `ui-automata` (test "extract") due to 2 previous errors
[INFO] [stdout] Some errors have detailed explanations: E0432, E0433.
[INFO] [stdout] 
[INFO] [stdout] For more information about an error, try `rustc --explain E0432`.
[INFO] [stdout] 
[INFO] [stdout] error[E0433]: cannot find `mock` in `ui_automata`
[INFO] [stdout]    --> tests/step_flow.rs:386:32
[INFO] [stdout]     |
[INFO] [stdout] 386 |     let desktop = ui_automata::mock::mock_desktop_from_yaml(
[INFO] [stdout]     |                                ^^^^ could not find `mock` in `ui_automata`
[INFO] [stdout]     |
[INFO] [stdout] note: found an item that was configured out
[INFO] [stdout]    --> src/lib.rs:25:9
[INFO] [stdout]     |
[INFO] [stdout]  24 | #[cfg(any(test, feature = "mock"))]
[INFO] [stdout]     |          ------------------------ the item is gated here
[INFO] [stdout]  25 | pub mod mock;
[INFO] [stdout]     |         ^^^^
[INFO] [stdout] 
[INFO] [stdout] 
[INFO] [stdout] error[E0433]: cannot find `mock` in `ui_automata`
[INFO] [stdout]    --> tests/step_flow.rs:520:32
[INFO] [stdout]     |
[INFO] [stdout] 520 |     let desktop = ui_automata::mock::MockDesktop::new(vec![MockElement::parent(
[INFO] [stdout]     |                                ^^^^ could not find `mock` in `ui_automata`
[INFO] [stdout]     |
[INFO] [stdout] note: found an item that was configured out
[INFO] [stdout]    --> src/lib.rs:25:9
[INFO] [stdout]     |
[INFO] [stdout]  24 | #[cfg(any(test, feature = "mock"))]
[INFO] [stdout]     |          ------------------------ the item is gated here
[INFO] [stdout]  25 | pub mod mock;
[INFO] [stdout]     |         ^^^^
[INFO] [stdout] 
[INFO] [stdout] 
[INFO] [stderr] error: could not compile `ui-automata` (test "capture") due to 2 previous errors
[INFO] [stdout] error[E0433]: cannot find `mock` in `ui_automata`
[INFO] [stdout]    --> tests/step_flow.rs:789:32
[INFO] [stdout]     |
[INFO] [stdout] 789 |     let desktop = ui_automata::mock::MockDesktop::new(vec![MockElement::parent(
[INFO] [stdout]     |                                ^^^^ could not find `mock` in `ui_automata`
[INFO] [stdout]     |
[INFO] [stdout] note: found an item that was configured out
[INFO] [stdout]    --> src/lib.rs:25:9
[INFO] [stdout]     |
[INFO] [stdout]  24 | #[cfg(any(test, feature = "mock"))]
[INFO] [stdout]     |          ------------------------ the item is gated here
[INFO] [stdout]  25 | pub mod mock;
[INFO] [stdout]     |         ^^^^
[INFO] [stdout] 
[INFO] [stdout] 
[INFO] [stdout] Some errors have detailed explanations: E0432, E0433.
[INFO] [stdout] 
[INFO] [stdout] For more information about an error, try `rustc --explain E0432`.
[INFO] [stdout] 
[INFO] [stderr] error: could not compile `ui-automata` (test "step_flow") due to 13 previous errors
[INFO] [stdout] For more information about this error, try `rustc --explain E0432`.
[INFO] [stdout] 
[INFO] [stderr] error: could not compile `ui-automata` (test "selector") due to 1 previous error
[INFO] running `Command { std: "docker" "inspect" "3cce76d73d1fa04cef294bea72db2c55899948137a67192b12ddf3366f83e889", kill_on_drop: false }`
[INFO] running `Command { std: "docker" "rm" "-f" "3cce76d73d1fa04cef294bea72db2c55899948137a67192b12ddf3366f83e889", kill_on_drop: false }`
[INFO] [stdout] 3cce76d73d1fa04cef294bea72db2c55899948137a67192b12ddf3366f83e889
