[INFO] fetching crate uf_ulog_macro 0.1.1...
[INFO] testing uf_ulog_macro-0.1.1 against 1.99.0-beta.8+cargoflags=--release for beta-release-1.100-2
[INFO] extracting crate uf_ulog_macro 0.1.1 into /workspace/builds/worker-1-tc1/source
[INFO] started tweaking crates.io crate uf_ulog_macro 0.1.1
[INFO] removed 0 missing tests
[INFO] finished tweaking crates.io crate uf_ulog_macro 0.1.1
[INFO] tweaked toml for crates.io crate uf_ulog_macro 0.1.1 written to /workspace/builds/worker-1-tc1/source/Cargo.toml
[INFO] validating manifest of crates.io crate uf_ulog_macro 0.1.1 on toolchain 1.99.0-beta.8
[INFO] running `Command { std: CARGO_HOME="/workspace/cargo-home" RUSTUP_HOME="/workspace/rustup-home" "/workspace/cargo-home/bin/cargo" "+1.99.0-beta.8" "metadata" "--manifest-path" "Cargo.toml" "--no-deps", kill_on_drop: false }`
[INFO] crate crates.io crate uf_ulog_macro 0.1.1 already has a lockfile, it will not be regenerated
[INFO] running `Command { std: CARGO_HOME="/workspace/cargo-home" RUSTUP_HOME="/workspace/rustup-home" "/workspace/cargo-home/bin/cargo" "+1.99.0-beta.8" "fetch" "--manifest-path" "Cargo.toml", kill_on_drop: false }`
[INFO] [stderr]  Downloading crates ...
[INFO] [stderr]   Downloaded toml v1.0.1+spec-1.1.0
[INFO] [stderr]   Downloaded toml_parser v1.0.8+spec-1.1.0
[INFO] [stderr]   Downloaded toml_datetime v1.0.0+spec-1.1.0
[INFO] running `Command { std: "docker" "create" "-v" "/var/lib/crater-agent-workspace/builds/worker-1-tc1/source:/opt/rustwide/workdir:ro,Z" "-v" "/var/lib/crater-agent-workspace/builds/worker-1-tc1/target:/opt/rustwide/target:rw,Z" "-v" "/var/lib/crater-agent-workspace/cargo-home:/opt/rustwide/cargo-home:ro,Z" "-v" "/var/lib/crater-agent-workspace/rustup-home:/opt/rustwide/rustup-home:ro,Z" "-m" "1610612736" "--network" "none" "ghcr.io/rust-lang/crates-build-env/linux@sha256:77db811e55d90add9212f6832c23229e3de5f1c1f9905e8cb07319ea15df73ac" "sleep" "infinity", kill_on_drop: false }`
[INFO] [stdout] 2d3e73de17bac98089132cb1c7b26e3b3547b1a4c733b74c4ccf55ca7d5a4f44
[INFO] running `Command { std: "docker" "start" "2d3e73de17bac98089132cb1c7b26e3b3547b1a4c733b74c4ccf55ca7d5a4f44", kill_on_drop: false }`
[INFO] running `Command { std: "docker" "inspect" "2d3e73de17bac98089132cb1c7b26e3b3547b1a4c733b74c4ccf55ca7d5a4f44", kill_on_drop: false }`
[INFO] running `Command { std: "docker" "exec" "-e" "SOURCE_DIR=/opt/rustwide/workdir" "-e" "CARGO_HOME=/opt/rustwide/cargo-home" "-e" "RUSTUP_HOME=/opt/rustwide/rustup-home" "-e" "CARGO_TARGET_DIR=/opt/rustwide/target" "-w" "/opt/rustwide/workdir" "--user" "0:0" "2d3e73de17bac98089132cb1c7b26e3b3547b1a4c733b74c4ccf55ca7d5a4f44" "/opt/rustwide/cargo-home/bin/cargo" "+1.99.0-beta.8" "metadata" "--no-deps" "--format-version=1", kill_on_drop: false }`
[INFO] running `Command { std: "docker" "inspect" "2d3e73de17bac98089132cb1c7b26e3b3547b1a4c733b74c4ccf55ca7d5a4f44", kill_on_drop: false }`
[INFO] running `Command { std: "docker" "exec" "-e" "SOURCE_DIR=/opt/rustwide/workdir" "-e" "CARGO_HOME=/opt/rustwide/cargo-home" "-e" "RUSTUP_HOME=/opt/rustwide/rustup-home" "-e" "CARGO_TARGET_DIR=/opt/rustwide/target" "-e" "CARGO_INCREMENTAL=0" "-e" "RUST_BACKTRACE=full" "-e" "RUSTFLAGS=--cap-lints=warn" "-e" "RUSTDOCFLAGS=--cap-lints=warn" "-w" "/opt/rustwide/workdir" "--user" "0:0" "2d3e73de17bac98089132cb1c7b26e3b3547b1a4c733b74c4ccf55ca7d5a4f44" "/opt/rustwide/cargo-home/bin/cargo" "+1.99.0-beta.8" "build" "--frozen" "--message-format=json" "--release", kill_on_drop: false }`
[INFO] [stderr]    Compiling unicode-ident v1.0.23
[INFO] [stderr]    Compiling proc-macro2 v1.0.106
[INFO] [stderr]    Compiling quote v1.0.44
[INFO] [stderr]    Compiling syn v2.0.115
[INFO] [stderr]    Compiling uf_ulog_macro v0.1.1 (/opt/rustwide/workdir)
[INFO] [stderr]     Finished `release` profile [optimized] target(s) in 4.66s
[INFO] running `Command { std: "docker" "inspect" "2d3e73de17bac98089132cb1c7b26e3b3547b1a4c733b74c4ccf55ca7d5a4f44", kill_on_drop: false }`
[INFO] running `Command { std: "docker" "exec" "-e" "SOURCE_DIR=/opt/rustwide/workdir" "-e" "CARGO_HOME=/opt/rustwide/cargo-home" "-e" "RUSTUP_HOME=/opt/rustwide/rustup-home" "-e" "CARGO_TARGET_DIR=/opt/rustwide/target" "-e" "CARGO_INCREMENTAL=0" "-e" "RUST_BACKTRACE=full" "-e" "RUSTFLAGS=--cap-lints=warn" "-e" "RUSTDOCFLAGS=--cap-lints=warn" "-w" "/opt/rustwide/workdir" "--user" "0:0" "2d3e73de17bac98089132cb1c7b26e3b3547b1a4c733b74c4ccf55ca7d5a4f44" "/opt/rustwide/cargo-home/bin/cargo" "+1.99.0-beta.8" "test" "--frozen" "--no-run" "--message-format=json" "--release", kill_on_drop: false }`
[INFO] [stderr]    Compiling target-triple v1.0.0
[INFO] [stderr]    Compiling unicode-ident v1.0.23
[INFO] [stderr]    Compiling winnow v0.7.14
[INFO] [stderr]    Compiling toml_writer v1.0.6+spec-1.1.0
[INFO] [stderr]    Compiling serde v1.0.228
[INFO] [stderr]    Compiling quote v1.0.44
[INFO] [stderr]    Compiling serde_json v1.0.149
[INFO] [stderr]    Compiling serde_spanned v1.0.4
[INFO] [stderr]    Compiling toml_datetime v1.0.0+spec-1.1.0
[INFO] [stderr]    Compiling itoa v1.0.17
[INFO] [stderr]    Compiling serde_derive v1.0.228
[INFO] [stderr]    Compiling uf_ulog_macro v0.1.1 (/opt/rustwide/workdir)
[INFO] [stderr]    Compiling proc-macro2 v1.0.106
[INFO] [stderr]    Compiling termcolor v1.4.1
[INFO] [stderr]    Compiling glob v0.3.3
[INFO] [stderr]    Compiling syn v2.0.115
[INFO] [stderr]    Compiling toml_parser v1.0.8+spec-1.1.0
[INFO] [stderr]    Compiling toml v1.0.1+spec-1.1.0
[INFO] [stderr]    Compiling trybuild v1.0.116
[INFO] [stdout] error[E0432]: unresolved import `uf_ulog`
[INFO] [stdout]  --> tests/runtime_encode.rs:1:5
[INFO] [stdout]   |
[INFO] [stdout] 1 | use uf_ulog::{EncodeError, ULogData};
[INFO] [stdout]   |     ^^^^^^^ use of unresolved module or unlinked crate `uf_ulog`
[INFO] [stdout]   |
[INFO] [stdout]   = help: if you wanted to use a crate named `uf_ulog`, use `cargo add uf_ulog` to add it to your `Cargo.toml`
[INFO] [stdout] 
[INFO] [stdout] 
[INFO] [stdout] error[E0433]: cannot find `uf_ulog` in the list of imported crates
[INFO] [stdout]  --> tests/runtime_encode.rs:3:10
[INFO] [stdout]   |
[INFO] [stdout] 3 | #[derive(uf_ulog_macro::ULogData)]
[INFO] [stdout]   |          ^^^^^^^^^^^^^^^^^^^^^^^ could not find `uf_ulog` in the list of imported crates
[INFO] [stdout]   |
[INFO] [stdout]   = note: this error originates in the derive macro `uf_ulog_macro::ULogData` (in Nightly builds, run with -Z macro-backtrace for more info)
[INFO] [stdout] 
[INFO] [stdout] 
[INFO] [stdout] error[E0433]: cannot find `uf_ulog` in the list of imported crates
[INFO] [stdout]   --> tests/runtime_encode.rs:11:10
[INFO] [stdout]    |
[INFO] [stdout] 11 | #[derive(uf_ulog_macro::ULogData)]
[INFO] [stdout]    |          ^^^^^^^^^^^^^^^^^^^^^^^ could not find `uf_ulog` in the list of imported crates
[INFO] [stdout]    |
[INFO] [stdout]    = note: this error originates in the derive macro `uf_ulog_macro::ULogData` (in Nightly builds, run with -Z macro-backtrace for more info)
[INFO] [stdout] 
[INFO] [stdout] 
[INFO] [stdout] Some errors have detailed explanations: E0432, E0433.
[INFO] [stdout] 
[INFO] [stdout] For more information about an error, try `rustc --explain E0432`.
[INFO] [stdout] 
[INFO] [stderr] error: could not compile `uf_ulog_macro` (test "runtime_encode") due to 3 previous errors
[INFO] [stderr] warning: build failed, waiting for other jobs to finish...
[INFO] running `Command { std: "docker" "inspect" "2d3e73de17bac98089132cb1c7b26e3b3547b1a4c733b74c4ccf55ca7d5a4f44", kill_on_drop: false }`
[INFO] running `Command { std: "docker" "rm" "-f" "2d3e73de17bac98089132cb1c7b26e3b3547b1a4c733b74c4ccf55ca7d5a4f44", kill_on_drop: false }`
[INFO] [stdout] 2d3e73de17bac98089132cb1c7b26e3b3547b1a4c733b74c4ccf55ca7d5a4f44
