[INFO] fetching crate ua-job-parser 0.2.0...
[INFO] testing ua-job-parser-0.2.0 against 1.100.0-beta.1+cargoflags=--release for beta-release-1.100-2
[INFO] extracting crate ua-job-parser 0.2.0 into /workspace/builds/worker-4-tc2/source
[INFO] started tweaking crates.io crate ua-job-parser 0.2.0
[INFO] finished tweaking crates.io crate ua-job-parser 0.2.0
[INFO] tweaked toml for crates.io crate ua-job-parser 0.2.0 written to /workspace/builds/worker-4-tc2/source/Cargo.toml
[INFO] validating manifest of crates.io crate ua-job-parser 0.2.0 on toolchain 1.100.0-beta.1
[INFO] running `Command { std: CARGO_HOME="/workspace/cargo-home" RUSTUP_HOME="/workspace/rustup-home" "/workspace/cargo-home/bin/cargo" "+1.100.0-beta.1" "metadata" "--manifest-path" "Cargo.toml" "--no-deps", kill_on_drop: false }`
[INFO] running `Command { std: CARGO_HOME="/workspace/cargo-home" RUSTUP_HOME="/workspace/rustup-home" "/workspace/cargo-home/bin/cargo" "+1.100.0-beta.1" "generate-lockfile" "--manifest-path" "Cargo.toml", kill_on_drop: false }`
[INFO] [stderr]     Blocking waiting for file lock on package cache
[INFO] [stderr]     Updating crates.io index
[INFO] [stderr]     Blocking waiting for file lock on package cache
[INFO] [stderr]      Locking 236 packages to highest compatible versions
[INFO] [stderr]       Adding env_logger v0.10.2 (available: v0.11.11)
[INFO] [stderr]       Adding reqwest v0.11.27 (available: v0.13.5)
[INFO] [stderr]       Adding scraper v0.15.0 (available: v0.27.0)
[INFO] running `Command { std: CARGO_HOME="/workspace/cargo-home" RUSTUP_HOME="/workspace/rustup-home" "/workspace/cargo-home/bin/cargo" "+1.100.0-beta.1" "fetch" "--manifest-path" "Cargo.toml", kill_on_drop: false }`
[INFO] [stderr]     Blocking waiting for file lock on package cache
[INFO] running `Command { std: "docker" "create" "-v" "/var/lib/crater-agent-workspace/builds/worker-4-tc2/source:/opt/rustwide/workdir:ro,Z" "-v" "/var/lib/crater-agent-workspace/builds/worker-4-tc2/target:/opt/rustwide/target:rw,Z" "-v" "/var/lib/crater-agent-workspace/cargo-home:/opt/rustwide/cargo-home:ro,Z" "-v" "/var/lib/crater-agent-workspace/rustup-home:/opt/rustwide/rustup-home:ro,Z" "-m" "1610612736" "--network" "none" "ghcr.io/rust-lang/crates-build-env/linux@sha256:77db811e55d90add9212f6832c23229e3de5f1c1f9905e8cb07319ea15df73ac" "sleep" "infinity", kill_on_drop: false }`
[INFO] [stdout] cb2fb77523fa83dd325513735e49fa834a6c2eb0245992d5193624e9b851c05d
[INFO] running `Command { std: "docker" "start" "cb2fb77523fa83dd325513735e49fa834a6c2eb0245992d5193624e9b851c05d", kill_on_drop: false }`
[INFO] running `Command { std: "docker" "inspect" "cb2fb77523fa83dd325513735e49fa834a6c2eb0245992d5193624e9b851c05d", kill_on_drop: false }`
[INFO] running `Command { std: "docker" "exec" "-e" "SOURCE_DIR=/opt/rustwide/workdir" "-e" "CARGO_HOME=/opt/rustwide/cargo-home" "-e" "RUSTUP_HOME=/opt/rustwide/rustup-home" "-e" "CARGO_TARGET_DIR=/opt/rustwide/target" "-w" "/opt/rustwide/workdir" "--user" "0:0" "cb2fb77523fa83dd325513735e49fa834a6c2eb0245992d5193624e9b851c05d" "/opt/rustwide/cargo-home/bin/cargo" "+1.100.0-beta.1" "metadata" "--no-deps" "--format-version=1", kill_on_drop: false }`
[INFO] running `Command { std: "docker" "inspect" "cb2fb77523fa83dd325513735e49fa834a6c2eb0245992d5193624e9b851c05d", kill_on_drop: false }`
[INFO] running `Command { std: "docker" "exec" "-e" "SOURCE_DIR=/opt/rustwide/workdir" "-e" "CARGO_HOME=/opt/rustwide/cargo-home" "-e" "RUSTUP_HOME=/opt/rustwide/rustup-home" "-e" "CARGO_TARGET_DIR=/opt/rustwide/target" "-e" "CARGO_INCREMENTAL=0" "-e" "RUST_BACKTRACE=full" "-e" "RUSTFLAGS=--cap-lints=warn" "-e" "RUSTDOCFLAGS=--cap-lints=warn" "-w" "/opt/rustwide/workdir" "--user" "0:0" "cb2fb77523fa83dd325513735e49fa834a6c2eb0245992d5193624e9b851c05d" "/opt/rustwide/cargo-home/bin/cargo" "+1.100.0-beta.1" "build" "--frozen" "--message-format=json" "--release", kill_on_drop: false }`
[INFO] [stderr]    Compiling smallvec v1.16.3
[INFO] [stderr]    Compiling syn v1.0.109
[INFO] [stderr]    Compiling getrandom v0.1.16
[INFO] [stderr]    Compiling syn v2.0.119
[INFO] [stderr]    Compiling proc-macro-hack v0.5.20+deprecated
[INFO] [stderr]    Compiling phf_shared v0.8.0
[INFO] [stderr]    Compiling cookie v0.17.0
[INFO] [stderr]    Compiling futures-util v0.3.34
[INFO] [stderr]    Compiling markup5ever v0.11.0
[INFO] [stderr]    Compiling rand_core v0.5.1
[INFO] [stderr]    Compiling tinyvec v1.13.3
[INFO] [stderr]    Compiling rand_chacha v0.2.2
[INFO] [stderr]    Compiling parking_lot_core v0.9.12
[INFO] [stderr]    Compiling parking_lot v0.12.5
[INFO] [stderr]    Compiling rand_pcg v0.2.1
[INFO] [stderr]    Compiling icu_normalizer v2.3.0
[INFO] [stderr]    Compiling rand v0.7.3
[INFO] [stderr]    Compiling tokio v1.53.3
[INFO] [stderr]    Compiling unicode-normalization v0.1.26
[INFO] [stderr]    Compiling idna_adapter v1.2.2
[INFO] [stderr]    Compiling string_cache v0.8.9
[INFO] [stderr]    Compiling phf_generator v0.8.0
[INFO] [stderr]    Compiling idna v1.1.0
[INFO] [stderr]    Compiling phf_codegen v0.8.0
[INFO] [stderr]    Compiling selectors v0.24.0
[INFO] [stderr]    Compiling convert_case v0.4.0
[INFO] [stderr]    Compiling psl-types v2.0.11
[INFO] [stderr]    Compiling nodrop v0.1.14
[INFO] [stderr]    Compiling matches v0.1.10
[INFO] [stderr]    Compiling servo_arc v0.2.0
[INFO] [stderr]    Compiling publicsuffix v2.3.0
[INFO] [stderr]    Compiling phf v0.8.0
[INFO] [stderr]    Compiling idna v0.3.0
[INFO] [stderr]    Compiling regex-automata v0.4.18
[INFO] [stderr]    Compiling url v2.5.8
[INFO] [stderr]    Compiling serde_derive v1.0.229
[INFO] [stderr]    Compiling base64 v0.21.7
[INFO] [stderr]    Compiling rustls-pemfile v1.0.4
[INFO] [stderr]    Compiling humantime v2.4.0
[INFO] [stderr]    Compiling openssl-macros v0.1.1
[INFO] [stderr]    Compiling cssparser-macros v0.6.1
[INFO] [stderr]    Compiling derive_more v0.99.20
[INFO] [stderr]    Compiling openssl v0.10.81
[INFO] [stderr]    Compiling phf_macros v0.10.0
[INFO] [stderr]    Compiling cssparser v0.29.6
[INFO] [stderr]    Compiling html5ever v0.26.0
[INFO] [stderr]    Compiling phf v0.10.1
[INFO] [stderr]    Compiling regex v1.13.1
[INFO] [stderr]    Compiling tokio-util v0.7.20
[INFO] [stderr]    Compiling h2 v0.3.27
[INFO] [stderr]    Compiling cookie_store v0.20.0
[INFO] [stderr]    Compiling env_logger v0.10.2
[INFO] [stderr]    Compiling native-tls v0.2.18
[INFO] [stderr]    Compiling scraper v0.15.0
[INFO] [stderr]    Compiling tokio-native-tls v0.3.1
[INFO] [stderr]    Compiling hyper v0.14.32
[INFO] [stderr]    Compiling hyper-tls v0.5.0
[INFO] [stderr]    Compiling reqwest v0.11.27
[INFO] [stderr]    Compiling ua-job-parser v0.2.0 (/opt/rustwide/workdir)
[INFO] [stdout] error: cannot find derive macro `Deserialize` in this scope
[INFO] [stdout]    --> src/robota.rs:7:10
[INFO] [stdout]     |
[INFO] [stdout]   7 | #[derive(Deserialize, Serialize, Debug, Clone)]
[INFO] [stdout]     |          ^^^^^^^^^^^
[INFO] [stdout]     |
[INFO] [stdout] note: `Deserialize` is a trait, not a derive macro
[INFO] [stdout]    --> /opt/rustwide/cargo-home/registry/src/index.crates.io-1949cf8c6b5b557f/serde_core-1.0.229/src/de/mod.rs:554:1
[INFO] [stdout]     |
[INFO] [stdout] 554 | pub trait Deserialize<'de>: Sized {
[INFO] [stdout]     | ^^^^^^^^^^^^^^^^^^^^^^^^^^^^^^^^^
[INFO] [stdout]     = help: consider implementing `Deserialize` for your type manually
[INFO] [stdout] 
[INFO] [stdout] 
[INFO] [stdout] error: cannot find derive macro `Serialize` in this scope
[INFO] [stdout]    --> src/robota.rs:7:23
[INFO] [stdout]     |
[INFO] [stdout]   7 | #[derive(Deserialize, Serialize, Debug, Clone)]
[INFO] [stdout]     |                       ^^^^^^^^^
[INFO] [stdout]     |
[INFO] [stdout] note: `Serialize` is a trait, not a derive macro
[INFO] [stdout]    --> /opt/rustwide/cargo-home/registry/src/index.crates.io-1949cf8c6b5b557f/serde_core-1.0.229/src/ser/mod.rs:234:1
[INFO] [stdout]     |
[INFO] [stdout] 234 | pub trait Serialize {
[INFO] [stdout]     | ^^^^^^^^^^^^^^^^^^^
[INFO] [stdout]     = help: consider implementing `Serialize` for your type manually
[INFO] [stdout] 
[INFO] [stdout] 
[INFO] [stdout] error: cannot find derive macro `Deserialize` in this scope
[INFO] [stdout]    --> src/robota.rs:19:10
[INFO] [stdout]     |
[INFO] [stdout]  19 | #[derive(Deserialize, Serialize, Debug, Clone)]
[INFO] [stdout]     |          ^^^^^^^^^^^
[INFO] [stdout]     |
[INFO] [stdout] note: `Deserialize` is a trait, not a derive macro
[INFO] [stdout]    --> /opt/rustwide/cargo-home/registry/src/index.crates.io-1949cf8c6b5b557f/serde_core-1.0.229/src/de/mod.rs:554:1
[INFO] [stdout]     |
[INFO] [stdout] 554 | pub trait Deserialize<'de>: Sized {
[INFO] [stdout]     | ^^^^^^^^^^^^^^^^^^^^^^^^^^^^^^^^^
[INFO] [stdout]     = help: consider implementing `Deserialize` for your type manually
[INFO] [stdout] 
[INFO] [stdout] 
[INFO] [stdout] error: cannot find derive macro `Serialize` in this scope
[INFO] [stdout]    --> src/robota.rs:19:23
[INFO] [stdout]     |
[INFO] [stdout]  19 | #[derive(Deserialize, Serialize, Debug, Clone)]
[INFO] [stdout]     |                       ^^^^^^^^^
[INFO] [stdout]     |
[INFO] [stdout] note: `Serialize` is a trait, not a derive macro
[INFO] [stdout]    --> /opt/rustwide/cargo-home/registry/src/index.crates.io-1949cf8c6b5b557f/serde_core-1.0.229/src/ser/mod.rs:234:1
[INFO] [stdout]     |
[INFO] [stdout] 234 | pub trait Serialize {
[INFO] [stdout]     | ^^^^^^^^^^^^^^^^^^^
[INFO] [stdout]     = help: consider implementing `Serialize` for your type manually
[INFO] [stdout] 
[INFO] [stdout] 
[INFO] [stdout] error[E0277]: the trait bound `ApiResponse: serde::de::DeserializeOwned` is not satisfied
[INFO] [stdout]    --> src/robota.rs:38:17
[INFO] [stdout]     |
[INFO] [stdout]  38 |         .json::<ApiResponse>()
[INFO] [stdout]     |          ----   ^^^^^^^^^^^ unsatisfied trait bound
[INFO] [stdout]     |          |
[INFO] [stdout]     |          required by a bound introduced by this call
[INFO] [stdout]     |
[INFO] [stdout] help: the trait `for<'de> Deserialize<'de>` is not implemented for `ApiResponse`
[INFO] [stdout]    --> src/robota.rs:20:1
[INFO] [stdout]     |
[INFO] [stdout]  20 | struct ApiResponse {
[INFO] [stdout]     | ^^^^^^^^^^^^^^^^^^
[INFO] [stdout]     = help: the following other types implement trait `Deserialize<'de>`:
[INFO] [stdout]               `&'a Path` implements `Deserialize<'de>`
[INFO] [stdout]               `&'a [u8]` implements `Deserialize<'de>`
[INFO] [stdout]               `&'a str` implements `Deserialize<'de>`
[INFO] [stdout]               `()` implements `Deserialize<'de>`
[INFO] [stdout]               `(T,)` implements `Deserialize<'de>`
[INFO] [stdout]               `(T0, T1)` implements `Deserialize<'de>`
[INFO] [stdout]               `(T0, T1, T2)` implements `Deserialize<'de>`
[INFO] [stdout]               `(T0, T1, T2, T3)` implements `Deserialize<'de>`
[INFO] [stdout]             and 147 others
[INFO] [stdout]     = note: required for `ApiResponse` to implement `DeserializeOwned`
[INFO] [stdout] note: required by a bound in `Response::json`
[INFO] [stdout]    --> /opt/rustwide/cargo-home/registry/src/index.crates.io-1949cf8c6b5b557f/reqwest-0.11.27/src/async_impl/response.rs:237:26
[INFO] [stdout]     |
[INFO] [stdout]  32 | impl Response {
[INFO] [stdout] ...
[INFO] [stdout] 237 |     pub async fn json<T: DeserializeOwned>(self) -> crate::Result<T> {
[INFO] [stdout]     |                          ^^^^^^^^^^^^^^^^ required by this bound in `Response::json`
[INFO] [stdout] 
[INFO] [stdout] 
[INFO] [stdout] error[E0277]: the trait bound `ApiResponse: serde::Deserialize<'de>` is not satisfied
[INFO] [stdout]    --> src/robota.rs:35:34
[INFO] [stdout]     |
[INFO] [stdout]  35 |       let total_amount_vacancies = reqwest::get(&query_link)
[INFO] [stdout]     |  __________________________________^
[INFO] [stdout]  36 | |         .await
[INFO] [stdout]  37 | |         .unwrap()
[INFO] [stdout]  38 | |         .json::<ApiResponse>()
[INFO] [stdout]     | |______________________________^ unsatisfied trait bound
[INFO] [stdout]     |
[INFO] [stdout] help: the trait `for<'de> Deserialize<'de>` is not implemented for `ApiResponse`
[INFO] [stdout]    --> src/robota.rs:20:1
[INFO] [stdout]     |
[INFO] [stdout]  20 | struct ApiResponse {
[INFO] [stdout]     | ^^^^^^^^^^^^^^^^^^
[INFO] [stdout]     = note: for local types consider adding `#[derive(serde::Deserialize)]` to your `ApiResponse` type
[INFO] [stdout]     = note: for types from other crates check whether the crate offers a `serde` feature flag
[INFO] [stdout]     = help: the following other types implement trait `Deserialize<'de>`:
[INFO] [stdout]               `&'a Path` implements `Deserialize<'de>`
[INFO] [stdout]               `&'a [u8]` implements `Deserialize<'de>`
[INFO] [stdout]               `&'a str` implements `Deserialize<'de>`
[INFO] [stdout]               `()` implements `Deserialize<'de>`
[INFO] [stdout]               `(T,)` implements `Deserialize<'de>`
[INFO] [stdout]               `(T0, T1)` implements `Deserialize<'de>`
[INFO] [stdout]               `(T0, T1, T2)` implements `Deserialize<'de>`
[INFO] [stdout]               `(T0, T1, T2, T3)` implements `Deserialize<'de>`
[INFO] [stdout]             and 147 others
[INFO] [stdout]     = note: required for `ApiResponse` to implement `DeserializeOwned`
[INFO] [stdout] note: required by a bound in `Response::json`
[INFO] [stdout]    --> /opt/rustwide/cargo-home/registry/src/index.crates.io-1949cf8c6b5b557f/reqwest-0.11.27/src/async_impl/response.rs:237:26
[INFO] [stdout]     |
[INFO] [stdout]  32 | impl Response {
[INFO] [stdout] ...
[INFO] [stdout] 237 |     pub async fn json<T: DeserializeOwned>(self) -> crate::Result<T> {
[INFO] [stdout]     |                          ^^^^^^^^^^^^^^^^ required by this bound in `Response::json`
[INFO] [stdout] 
[INFO] [stdout] 
[INFO] [stdout] error[E0277]: the trait bound `ApiResponse: serde::Deserialize<'de>` is not satisfied
[INFO] [stdout]    --> src/robota.rs:39:10
[INFO] [stdout]     |
[INFO] [stdout]  39 |         .await
[INFO] [stdout]     |          ^^^^^ unsatisfied trait bound
[INFO] [stdout]     |
[INFO] [stdout] help: the trait `for<'de> Deserialize<'de>` is not implemented for `ApiResponse`
[INFO] [stdout]    --> src/robota.rs:20:1
[INFO] [stdout]     |
[INFO] [stdout]  20 | struct ApiResponse {
[INFO] [stdout]     | ^^^^^^^^^^^^^^^^^^
[INFO] [stdout]     = note: for local types consider adding `#[derive(serde::Deserialize)]` to your `ApiResponse` type
[INFO] [stdout]     = note: for types from other crates check whether the crate offers a `serde` feature flag
[INFO] [stdout]     = help: the following other types implement trait `Deserialize<'de>`:
[INFO] [stdout]               `&'a Path` implements `Deserialize<'de>`
[INFO] [stdout]               `&'a [u8]` implements `Deserialize<'de>`
[INFO] [stdout]               `&'a str` implements `Deserialize<'de>`
[INFO] [stdout]               `()` implements `Deserialize<'de>`
[INFO] [stdout]               `(T,)` implements `Deserialize<'de>`
[INFO] [stdout]               `(T0, T1)` implements `Deserialize<'de>`
[INFO] [stdout]               `(T0, T1, T2)` implements `Deserialize<'de>`
[INFO] [stdout]               `(T0, T1, T2, T3)` implements `Deserialize<'de>`
[INFO] [stdout]             and 147 others
[INFO] [stdout]     = note: required for `ApiResponse` to implement `DeserializeOwned`
[INFO] [stdout] note: required by a bound in `Response::json`
[INFO] [stdout]    --> /opt/rustwide/cargo-home/registry/src/index.crates.io-1949cf8c6b5b557f/reqwest-0.11.27/src/async_impl/response.rs:237:26
[INFO] [stdout]     |
[INFO] [stdout]  32 | impl Response {
[INFO] [stdout] ...
[INFO] [stdout] 237 |     pub async fn json<T: DeserializeOwned>(self) -> crate::Result<T> {
[INFO] [stdout]     |                          ^^^^^^^^^^^^^^^^ required by this bound in `Response::json`
[INFO] [stdout] 
[INFO] [stdout] 
[INFO] [stdout] error[E0277]: the trait bound `ApiResponse: serde::de::DeserializeOwned` is not satisfied
[INFO] [stdout]    --> src/robota.rs:55:21
[INFO] [stdout]     |
[INFO] [stdout]  55 |             .json::<ApiResponse>()
[INFO] [stdout]     |              ----   ^^^^^^^^^^^ unsatisfied trait bound
[INFO] [stdout]     |              |
[INFO] [stdout]     |              required by a bound introduced by this call
[INFO] [stdout]     |
[INFO] [stdout] help: the trait `for<'de> Deserialize<'de>` is not implemented for `ApiResponse`
[INFO] [stdout]    --> src/robota.rs:20:1
[INFO] [stdout]     |
[INFO] [stdout]  20 | struct ApiResponse {
[INFO] [stdout]     | ^^^^^^^^^^^^^^^^^^
[INFO] [stdout]     = help: the following other types implement trait `Deserialize<'de>`:
[INFO] [stdout]               `&'a Path` implements `Deserialize<'de>`
[INFO] [stdout]               `&'a [u8]` implements `Deserialize<'de>`
[INFO] [stdout]               `&'a str` implements `Deserialize<'de>`
[INFO] [stdout]               `()` implements `Deserialize<'de>`
[INFO] [stdout]               `(T,)` implements `Deserialize<'de>`
[INFO] [stdout]               `(T0, T1)` implements `Deserialize<'de>`
[INFO] [stdout]               `(T0, T1, T2)` implements `Deserialize<'de>`
[INFO] [stdout]               `(T0, T1, T2, T3)` implements `Deserialize<'de>`
[INFO] [stdout]             and 147 others
[INFO] [stdout]     = note: required for `ApiResponse` to implement `DeserializeOwned`
[INFO] [stdout] note: required by a bound in `Response::json`
[INFO] [stdout]    --> /opt/rustwide/cargo-home/registry/src/index.crates.io-1949cf8c6b5b557f/reqwest-0.11.27/src/async_impl/response.rs:237:26
[INFO] [stdout]     |
[INFO] [stdout]  32 | impl Response {
[INFO] [stdout] ...
[INFO] [stdout] 237 |     pub async fn json<T: DeserializeOwned>(self) -> crate::Result<T> {
[INFO] [stdout]     |                          ^^^^^^^^^^^^^^^^ required by this bound in `Response::json`
[INFO] [stdout] 
[INFO] [stdout] 
[INFO] [stdout] error[E0277]: the trait bound `ApiResponse: serde::Deserialize<'de>` is not satisfied
[INFO] [stdout]    --> src/robota.rs:52:30
[INFO] [stdout]     |
[INFO] [stdout]  52 |           let vacancies_json = reqwest::get(&query_link)
[INFO] [stdout]     |  ______________________________^
[INFO] [stdout]  53 | |             .await
[INFO] [stdout]  54 | |             .unwrap()
[INFO] [stdout]  55 | |             .json::<ApiResponse>()
[INFO] [stdout]     | |__________________________________^ unsatisfied trait bound
[INFO] [stdout]     |
[INFO] [stdout] help: the trait `for<'de> Deserialize<'de>` is not implemented for `ApiResponse`
[INFO] [stdout]    --> src/robota.rs:20:1
[INFO] [stdout]     |
[INFO] [stdout]  20 | struct ApiResponse {
[INFO] [stdout]     | ^^^^^^^^^^^^^^^^^^
[INFO] [stdout]     = note: for local types consider adding `#[derive(serde::Deserialize)]` to your `ApiResponse` type
[INFO] [stdout]     = note: for types from other crates check whether the crate offers a `serde` feature flag
[INFO] [stdout]     = help: the following other types implement trait `Deserialize<'de>`:
[INFO] [stdout]               `&'a Path` implements `Deserialize<'de>`
[INFO] [stdout]               `&'a [u8]` implements `Deserialize<'de>`
[INFO] [stdout]               `&'a str` implements `Deserialize<'de>`
[INFO] [stdout]               `()` implements `Deserialize<'de>`
[INFO] [stdout]               `(T,)` implements `Deserialize<'de>`
[INFO] [stdout]               `(T0, T1)` implements `Deserialize<'de>`
[INFO] [stdout]               `(T0, T1, T2)` implements `Deserialize<'de>`
[INFO] [stdout]               `(T0, T1, T2, T3)` implements `Deserialize<'de>`
[INFO] [stdout]             and 147 others
[INFO] [stdout]     = note: required for `ApiResponse` to implement `DeserializeOwned`
[INFO] [stdout] note: required by a bound in `Response::json`
[INFO] [stdout]    --> /opt/rustwide/cargo-home/registry/src/index.crates.io-1949cf8c6b5b557f/reqwest-0.11.27/src/async_impl/response.rs:237:26
[INFO] [stdout]     |
[INFO] [stdout]  32 | impl Response {
[INFO] [stdout] ...
[INFO] [stdout] 237 |     pub async fn json<T: DeserializeOwned>(self) -> crate::Result<T> {
[INFO] [stdout]     |                          ^^^^^^^^^^^^^^^^ required by this bound in `Response::json`
[INFO] [stdout] 
[INFO] [stdout] 
[INFO] [stdout] error[E0277]: the trait bound `ApiResponse: serde::Deserialize<'de>` is not satisfied
[INFO] [stdout]    --> src/robota.rs:56:14
[INFO] [stdout]     |
[INFO] [stdout]  56 |             .await
[INFO] [stdout]     |              ^^^^^ unsatisfied trait bound
[INFO] [stdout]     |
[INFO] [stdout] help: the trait `for<'de> Deserialize<'de>` is not implemented for `ApiResponse`
[INFO] [stdout]    --> src/robota.rs:20:1
[INFO] [stdout]     |
[INFO] [stdout]  20 | struct ApiResponse {
[INFO] [stdout]     | ^^^^^^^^^^^^^^^^^^
[INFO] [stdout]     = note: for local types consider adding `#[derive(serde::Deserialize)]` to your `ApiResponse` type
[INFO] [stdout]     = note: for types from other crates check whether the crate offers a `serde` feature flag
[INFO] [stdout]     = help: the following other types implement trait `Deserialize<'de>`:
[INFO] [stdout]               `&'a Path` implements `Deserialize<'de>`
[INFO] [stdout]               `&'a [u8]` implements `Deserialize<'de>`
[INFO] [stdout]               `&'a str` implements `Deserialize<'de>`
[INFO] [stdout]               `()` implements `Deserialize<'de>`
[INFO] [stdout]               `(T,)` implements `Deserialize<'de>`
[INFO] [stdout]               `(T0, T1)` implements `Deserialize<'de>`
[INFO] [stdout]               `(T0, T1, T2)` implements `Deserialize<'de>`
[INFO] [stdout]               `(T0, T1, T2, T3)` implements `Deserialize<'de>`
[INFO] [stdout]             and 147 others
[INFO] [stdout]     = note: required for `ApiResponse` to implement `DeserializeOwned`
[INFO] [stdout] note: required by a bound in `Response::json`
[INFO] [stdout]    --> /opt/rustwide/cargo-home/registry/src/index.crates.io-1949cf8c6b5b557f/reqwest-0.11.27/src/async_impl/response.rs:237:26
[INFO] [stdout]     |
[INFO] [stdout]  32 | impl Response {
[INFO] [stdout] ...
[INFO] [stdout] 237 |     pub async fn json<T: DeserializeOwned>(self) -> crate::Result<T> {
[INFO] [stdout]     |                          ^^^^^^^^^^^^^^^^ required by this bound in `Response::json`
[INFO] [stdout] 
[INFO] [stdout] 
[INFO] [stdout] For more information about this error, try `rustc --explain E0277`.
[INFO] [stdout] 
[INFO] [stderr] error: could not compile `ua-job-parser` (lib) due to 10 previous errors
[INFO] [stderr] warning: build failed, waiting for other jobs to finish...
[INFO] running `Command { std: "docker" "inspect" "cb2fb77523fa83dd325513735e49fa834a6c2eb0245992d5193624e9b851c05d", kill_on_drop: false }`
[INFO] running `Command { std: "docker" "rm" "-f" "cb2fb77523fa83dd325513735e49fa834a6c2eb0245992d5193624e9b851c05d", kill_on_drop: false }`
[INFO] [stdout] cb2fb77523fa83dd325513735e49fa834a6c2eb0245992d5193624e9b851c05d
