[INFO] fetching crate typex_derive 0.1.1...
[INFO] testing typex_derive-0.1.1 against 1.99.0-beta.8+cargoflags=--release for beta-release-1.100-2
[INFO] extracting crate typex_derive 0.1.1 into /workspace/builds/worker-2-tc1/source
[INFO] started tweaking crates.io crate typex_derive 0.1.1
[INFO] removed 0 missing tests
[INFO] finished tweaking crates.io crate typex_derive 0.1.1
[INFO] tweaked toml for crates.io crate typex_derive 0.1.1 written to /workspace/builds/worker-2-tc1/source/Cargo.toml
[INFO] validating manifest of crates.io crate typex_derive 0.1.1 on toolchain 1.99.0-beta.8
[INFO] running `Command { std: CARGO_HOME="/workspace/cargo-home" RUSTUP_HOME="/workspace/rustup-home" "/workspace/cargo-home/bin/cargo" "+1.99.0-beta.8" "metadata" "--manifest-path" "Cargo.toml" "--no-deps", kill_on_drop: false }`
[INFO] crate crates.io crate typex_derive 0.1.1 already has a lockfile, it will not be regenerated
[INFO] running `Command { std: CARGO_HOME="/workspace/cargo-home" RUSTUP_HOME="/workspace/rustup-home" "/workspace/cargo-home/bin/cargo" "+1.99.0-beta.8" "fetch" "--manifest-path" "Cargo.toml", kill_on_drop: false }`
[INFO] running `Command { std: "docker" "create" "-v" "/var/lib/crater-agent-workspace/builds/worker-2-tc1/source:/opt/rustwide/workdir:ro,Z" "-v" "/var/lib/crater-agent-workspace/builds/worker-2-tc1/target:/opt/rustwide/target:rw,Z" "-v" "/var/lib/crater-agent-workspace/cargo-home:/opt/rustwide/cargo-home:ro,Z" "-v" "/var/lib/crater-agent-workspace/rustup-home:/opt/rustwide/rustup-home:ro,Z" "-m" "1610612736" "--network" "none" "ghcr.io/rust-lang/crates-build-env/linux@sha256:77db811e55d90add9212f6832c23229e3de5f1c1f9905e8cb07319ea15df73ac" "sleep" "infinity", kill_on_drop: false }`
[INFO] [stdout] fb97b1443beb54ca696de2e5d361abe3852fee50fd1c9b7fda397f66f95f57bf
[INFO] running `Command { std: "docker" "start" "fb97b1443beb54ca696de2e5d361abe3852fee50fd1c9b7fda397f66f95f57bf", kill_on_drop: false }`
[INFO] running `Command { std: "docker" "inspect" "fb97b1443beb54ca696de2e5d361abe3852fee50fd1c9b7fda397f66f95f57bf", kill_on_drop: false }`
[INFO] running `Command { std: "docker" "exec" "-e" "SOURCE_DIR=/opt/rustwide/workdir" "-e" "CARGO_HOME=/opt/rustwide/cargo-home" "-e" "RUSTUP_HOME=/opt/rustwide/rustup-home" "-e" "CARGO_TARGET_DIR=/opt/rustwide/target" "-w" "/opt/rustwide/workdir" "--user" "0:0" "fb97b1443beb54ca696de2e5d361abe3852fee50fd1c9b7fda397f66f95f57bf" "/opt/rustwide/cargo-home/bin/cargo" "+1.99.0-beta.8" "metadata" "--no-deps" "--format-version=1", kill_on_drop: false }`
[INFO] running `Command { std: "docker" "inspect" "fb97b1443beb54ca696de2e5d361abe3852fee50fd1c9b7fda397f66f95f57bf", kill_on_drop: false }`
[INFO] running `Command { std: "docker" "exec" "-e" "SOURCE_DIR=/opt/rustwide/workdir" "-e" "CARGO_HOME=/opt/rustwide/cargo-home" "-e" "RUSTUP_HOME=/opt/rustwide/rustup-home" "-e" "CARGO_TARGET_DIR=/opt/rustwide/target" "-e" "CARGO_INCREMENTAL=0" "-e" "RUST_BACKTRACE=full" "-e" "RUSTFLAGS=--cap-lints=warn" "-e" "RUSTDOCFLAGS=--cap-lints=warn" "-w" "/opt/rustwide/workdir" "--user" "0:0" "fb97b1443beb54ca696de2e5d361abe3852fee50fd1c9b7fda397f66f95f57bf" "/opt/rustwide/cargo-home/bin/cargo" "+1.99.0-beta.8" "build" "--frozen" "--message-format=json" "--release", kill_on_drop: false }`
[INFO] [stderr]    Compiling syn v2.0.119
[INFO] [stderr]    Compiling typex_derive v0.1.1 (/opt/rustwide/workdir)
[INFO] [stderr]     Finished `release` profile [optimized] target(s) in 6.35s
[INFO] running `Command { std: "docker" "inspect" "fb97b1443beb54ca696de2e5d361abe3852fee50fd1c9b7fda397f66f95f57bf", kill_on_drop: false }`
[INFO] running `Command { std: "docker" "exec" "-e" "SOURCE_DIR=/opt/rustwide/workdir" "-e" "CARGO_HOME=/opt/rustwide/cargo-home" "-e" "RUSTUP_HOME=/opt/rustwide/rustup-home" "-e" "CARGO_TARGET_DIR=/opt/rustwide/target" "-e" "CARGO_INCREMENTAL=0" "-e" "RUST_BACKTRACE=full" "-e" "RUSTFLAGS=--cap-lints=warn" "-e" "RUSTDOCFLAGS=--cap-lints=warn" "-w" "/opt/rustwide/workdir" "--user" "0:0" "fb97b1443beb54ca696de2e5d361abe3852fee50fd1c9b7fda397f66f95f57bf" "/opt/rustwide/cargo-home/bin/cargo" "+1.99.0-beta.8" "test" "--frozen" "--no-run" "--message-format=json" "--release", kill_on_drop: false }`
[INFO] [stderr]    Compiling proc-macro2 v1.0.103
[INFO] [stderr]    Compiling unicode-ident v1.0.22
[INFO] [stderr]    Compiling quote v1.0.42
[INFO] [stderr]    Compiling typex_derive v0.1.1 (/opt/rustwide/workdir)
[INFO] [stderr]    Compiling syn v2.0.119
[INFO] [stdout] error[E0432]: unresolved import `typex`
[INFO] [stdout]  --> tests/derive.rs:5:5
[INFO] [stdout]   |
[INFO] [stdout] 5 | use typex::{
[INFO] [stdout]   |     ^^^^^ use of unresolved module or unlinked crate `typex`
[INFO] [stdout]   |
[INFO] [stdout]   = help: if you wanted to use a crate named `typex`, use `cargo add typex` to add it to your `Cargo.toml`
[INFO] [stdout] 
[INFO] [stdout] 
[INFO] [stdout] error[E0432]: unresolved import `typex`
[INFO] [stdout]     --> tests/derive.rs:1341:7
[INFO] [stdout]      |
[INFO] [stdout] 1341 |   use typex::{Meta, MetaMut};
[INFO] [stdout]      |       ^^^^^ use of unresolved module or unlinked crate `typex`
[INFO] [stdout]      |
[INFO] [stdout]      = help: if you wanted to use a crate named `typex`, use `cargo add typex` to add it to your `Cargo.toml`
[INFO] [stdout] 
[INFO] [stdout] 
[INFO] [stdout] error[E0432]: unresolved import `typex`
[INFO] [stdout]     --> tests/derive.rs:1377:7
[INFO] [stdout]      |
[INFO] [stdout] 1377 |   use typex::{Meta, MetaMut, ObjectRef, ObjectRefMut};
[INFO] [stdout]      |       ^^^^^ use of unresolved module or unlinked crate `typex`
[INFO] [stdout]      |
[INFO] [stdout]      = help: if you wanted to use a crate named `typex`, use `cargo add typex` to add it to your `Cargo.toml`
[INFO] [stdout] 
[INFO] [stdout] 
[INFO] [stdout] error: cannot find attribute `typex` in this scope
[INFO] [stdout]   --> tests/derive.rs:34:3
[INFO] [stdout]    |
[INFO] [stdout] 34 | #[typex(opaque)]
[INFO] [stdout]    |   ^^^^^
[INFO] [stdout]    |
[INFO] [stdout] help: `typex` is an attribute that can be used by the derive macros `Meta` and `MetaMut`, you might be missing a `derive` attribute
[INFO] [stdout]    |
[INFO] [stdout] 35 + #[derive(Meta, MetaMut)]
[INFO] [stdout] 36 | struct NonDebugValue(u8);
[INFO] [stdout]    |
[INFO] [stdout] 
[INFO] [stdout] 
[INFO] [stdout] error: cannot find attribute `typex` in this scope
[INFO] [stdout]    --> tests/derive.rs:114:3
[INFO] [stdout]     |
[INFO] [stdout] 114 | #[typex(opaque)]
[INFO] [stdout]     |   ^^^^^
[INFO] [stdout]     |
[INFO] [stdout] help: `typex` is an attribute that can be used by the derive macros `Meta` and `MetaMut`, you might be missing a `derive` attribute
[INFO] [stdout]     |
[INFO] [stdout] 115 + #[derive(Meta, MetaMut)]
[INFO] [stdout] 116 | struct OpaqueRecord<T>(T);
[INFO] [stdout]     |
[INFO] [stdout] 
[INFO] [stdout] 
[INFO] [stdout] error: cannot find attribute `typex` in this scope
[INFO] [stdout]    --> tests/derive.rs:118:3
[INFO] [stdout]     |
[INFO] [stdout] 118 | #[typex(opaque, partial_eq)]
[INFO] [stdout]     |   ^^^^^
[INFO] [stdout]     |
[INFO] [stdout] help: `typex` is an attribute that can be used by the derive macros `Meta` and `MetaMut`, you might be missing a `derive` attribute
[INFO] [stdout]     |
[INFO] [stdout] 119 + #[derive(Meta, MetaMut)]
[INFO] [stdout] 120 | struct OpaquePartialEqRecord(u8);
[INFO] [stdout]     |
[INFO] [stdout] 
[INFO] [stdout] 
[INFO] [stdout] error: cannot find attribute `typex` in this scope
[INFO] [stdout]    --> tests/derive.rs:122:3
[INFO] [stdout]     |
[INFO] [stdout] 122 | #[typex(partial_eq)]
[INFO] [stdout]     |   ^^^^^
[INFO] [stdout]     |
[INFO] [stdout] help: `typex` is an attribute that can be used by the derive macros `Meta` and `MetaMut`, you might be missing a `derive` attribute
[INFO] [stdout]     |
[INFO] [stdout] 123 + #[derive(Meta, MetaMut)]
[INFO] [stdout] 124 | struct StructuralPartialEqRecord {
[INFO] [stdout]     |
[INFO] [stdout] 
[INFO] [stdout] 
[INFO] [stdout] error: cannot find attribute `typex` in this scope
[INFO] [stdout]     --> tests/derive.rs:1110:3
[INFO] [stdout]      |
[INFO] [stdout] 1110 | #[typex(opaque)]
[INFO] [stdout]      |   ^^^^^
[INFO] [stdout]      |
[INFO] [stdout] help: `typex` is an attribute that can be used by the derive macros `Meta` and `MetaMut`, you might be missing a `derive` attribute
[INFO] [stdout]      |
[INFO] [stdout] 1111 + #[derive(Meta, MetaMut)]
[INFO] [stdout] 1112 | struct NonCloneOpaqueId(u32);
[INFO] [stdout]      |
[INFO] [stdout] 
[INFO] [stdout] 
[INFO] [stdout] error[E0433]: cannot find module or crate `typex` in this scope
[INFO] [stdout]    --> tests/derive.rs:147:46
[INFO] [stdout]     |
[INFO] [stdout] 147 |   assert_eq!(ObjectRef::new(&opaque).kind(), typex::ValueKind::Scalar);
[INFO] [stdout]     |                                              ^^^^^ use of unresolved module or unlinked crate `typex`
[INFO] [stdout]     |
[INFO] [stdout]     = help: if you wanted to use a crate named `typex`, use `cargo add typex` to add it to your `Cargo.toml`
[INFO] [stdout] 
[INFO] [stdout] 
[INFO] [stdout] error[E0433]: cannot find module or crate `typex` in this scope
[INFO] [stdout]    --> tests/derive.rs:237:45
[INFO] [stdout]     |
[INFO] [stdout] 237 |   assert_eq!(ObjectRef::new(&value).kind(), typex::ValueKind::Tuple);
[INFO] [stdout]     |                                             ^^^^^ use of unresolved module or unlinked crate `typex`
[INFO] [stdout]     |
[INFO] [stdout]     = help: if you wanted to use a crate named `typex`, use `cargo add typex` to add it to your `Cargo.toml`
[INFO] [stdout] 
[INFO] [stdout] 
[INFO] [stdout] error[E0433]: cannot find module or crate `typex` in this scope
[INFO] [stdout]    --> tests/derive.rs:771:9
[INFO] [stdout]     |
[INFO] [stdout] 771 |     Err(typex::ReflectiveError::PathNotFound)
[INFO] [stdout]     |         ^^^^^ use of unresolved module or unlinked crate `typex`
[INFO] [stdout]     |
[INFO] [stdout]     = help: if you wanted to use a crate named `typex`, use `cargo add typex` to add it to your `Cargo.toml`
[INFO] [stdout] 
[INFO] [stdout] 
[INFO] [stdout] error[E0433]: cannot find module or crate `typex` in this scope
[INFO] [stdout]    --> tests/derive.rs:777:9
[INFO] [stdout]     |
[INFO] [stdout] 777 |     Err(typex::ReflectiveError::MutationTypeMismatch)
[INFO] [stdout]     |         ^^^^^ use of unresolved module or unlinked crate `typex`
[INFO] [stdout]     |
[INFO] [stdout]     = help: if you wanted to use a crate named `typex`, use `cargo add typex` to add it to your `Cargo.toml`
[INFO] [stdout] 
[INFO] [stdout] 
[INFO] [stdout] Some errors have detailed explanations: E0432, E0433.
[INFO] [stdout] 
[INFO] [stdout] For more information about an error, try `rustc --explain E0432`.
[INFO] [stdout] 
[INFO] [stderr] error: could not compile `typex_derive` (test "derive") due to 12 previous errors
[INFO] running `Command { std: "docker" "inspect" "fb97b1443beb54ca696de2e5d361abe3852fee50fd1c9b7fda397f66f95f57bf", kill_on_drop: false }`
[INFO] running `Command { std: "docker" "rm" "-f" "fb97b1443beb54ca696de2e5d361abe3852fee50fd1c9b7fda397f66f95f57bf", kill_on_drop: false }`
[INFO] [stdout] fb97b1443beb54ca696de2e5d361abe3852fee50fd1c9b7fda397f66f95f57bf
