[INFO] fetching crate typekin 0.15.0...
[INFO] testing typekin-0.15.0 against 1.100.0-beta.1+cargoflags=--release for beta-release-1.100-2
[INFO] extracting crate typekin 0.15.0 into /workspace/builds/worker-7-tc2/source
[INFO] started tweaking crates.io crate typekin 0.15.0
[INFO] removed 0 missing examples
[INFO] removed 0 missing tests
[INFO] finished tweaking crates.io crate typekin 0.15.0
[INFO] tweaked toml for crates.io crate typekin 0.15.0 written to /workspace/builds/worker-7-tc2/source/Cargo.toml
[INFO] validating manifest of crates.io crate typekin 0.15.0 on toolchain 1.100.0-beta.1
[INFO] running `Command { std: CARGO_HOME="/workspace/cargo-home" RUSTUP_HOME="/workspace/rustup-home" "/workspace/cargo-home/bin/cargo" "+1.100.0-beta.1" "metadata" "--manifest-path" "Cargo.toml" "--no-deps", kill_on_drop: false }`
[INFO] crate crates.io crate typekin 0.15.0 already has a lockfile, it will not be regenerated
[INFO] running `Command { std: CARGO_HOME="/workspace/cargo-home" RUSTUP_HOME="/workspace/rustup-home" "/workspace/cargo-home/bin/cargo" "+1.100.0-beta.1" "fetch" "--manifest-path" "Cargo.toml", kill_on_drop: false }`
[INFO] running `Command { std: "docker" "create" "-v" "/var/lib/crater-agent-workspace/builds/worker-7-tc2/source:/opt/rustwide/workdir:ro,Z" "-v" "/var/lib/crater-agent-workspace/builds/worker-7-tc2/target:/opt/rustwide/target:rw,Z" "-v" "/var/lib/crater-agent-workspace/cargo-home:/opt/rustwide/cargo-home:ro,Z" "-v" "/var/lib/crater-agent-workspace/rustup-home:/opt/rustwide/rustup-home:ro,Z" "-m" "1610612736" "--network" "none" "ghcr.io/rust-lang/crates-build-env/linux@sha256:77db811e55d90add9212f6832c23229e3de5f1c1f9905e8cb07319ea15df73ac" "sleep" "infinity", kill_on_drop: false }`
[INFO] [stdout] d844192c15ea52396e10c40af0ef685c2b37fb0b6ff27849053747e6258eb7db
[INFO] running `Command { std: "docker" "start" "d844192c15ea52396e10c40af0ef685c2b37fb0b6ff27849053747e6258eb7db", kill_on_drop: false }`
[INFO] running `Command { std: "docker" "inspect" "d844192c15ea52396e10c40af0ef685c2b37fb0b6ff27849053747e6258eb7db", kill_on_drop: false }`
[INFO] running `Command { std: "docker" "exec" "-e" "SOURCE_DIR=/opt/rustwide/workdir" "-e" "CARGO_HOME=/opt/rustwide/cargo-home" "-e" "RUSTUP_HOME=/opt/rustwide/rustup-home" "-e" "CARGO_TARGET_DIR=/opt/rustwide/target" "-w" "/opt/rustwide/workdir" "--user" "0:0" "d844192c15ea52396e10c40af0ef685c2b37fb0b6ff27849053747e6258eb7db" "/opt/rustwide/cargo-home/bin/cargo" "+1.100.0-beta.1" "metadata" "--no-deps" "--format-version=1", kill_on_drop: false }`
[INFO] running `Command { std: "docker" "inspect" "d844192c15ea52396e10c40af0ef685c2b37fb0b6ff27849053747e6258eb7db", kill_on_drop: false }`
[INFO] running `Command { std: "docker" "exec" "-e" "SOURCE_DIR=/opt/rustwide/workdir" "-e" "CARGO_HOME=/opt/rustwide/cargo-home" "-e" "RUSTUP_HOME=/opt/rustwide/rustup-home" "-e" "CARGO_TARGET_DIR=/opt/rustwide/target" "-e" "CARGO_INCREMENTAL=0" "-e" "RUST_BACKTRACE=full" "-e" "RUSTFLAGS=--cap-lints=warn" "-e" "RUSTDOCFLAGS=--cap-lints=warn" "-w" "/opt/rustwide/workdir" "--user" "0:0" "d844192c15ea52396e10c40af0ef685c2b37fb0b6ff27849053747e6258eb7db" "/opt/rustwide/cargo-home/bin/cargo" "+1.100.0-beta.1" "build" "--frozen" "--message-format=json" "--release", kill_on_drop: false }`
[INFO] [stderr]    Compiling proc-macro2 v1.0.107
[INFO] [stderr]    Compiling quote v1.0.47
[INFO] [stderr]    Compiling syn v3.0.6
[INFO] [stderr]    Compiling typekin v0.15.0 (/opt/rustwide/workdir)
[INFO] [stderr]     Finished `release` profile [optimized] target(s) in 23.26s
[INFO] running `Command { std: "docker" "inspect" "d844192c15ea52396e10c40af0ef685c2b37fb0b6ff27849053747e6258eb7db", kill_on_drop: false }`
[INFO] running `Command { std: "docker" "exec" "-e" "SOURCE_DIR=/opt/rustwide/workdir" "-e" "CARGO_HOME=/opt/rustwide/cargo-home" "-e" "RUSTUP_HOME=/opt/rustwide/rustup-home" "-e" "CARGO_TARGET_DIR=/opt/rustwide/target" "-e" "CARGO_INCREMENTAL=0" "-e" "RUST_BACKTRACE=full" "-e" "RUSTFLAGS=--cap-lints=warn" "-e" "RUSTDOCFLAGS=--cap-lints=warn" "-w" "/opt/rustwide/workdir" "--user" "0:0" "d844192c15ea52396e10c40af0ef685c2b37fb0b6ff27849053747e6258eb7db" "/opt/rustwide/cargo-home/bin/cargo" "+1.100.0-beta.1" "test" "--frozen" "--no-run" "--message-format=json" "--release", kill_on_drop: false }`
[INFO] [stderr]    Compiling proc-macro2 v1.0.107
[INFO] [stderr]    Compiling unicode-ident v1.0.26
[INFO] [stderr]    Compiling quote v1.0.47
[INFO] [stderr]    Compiling typekin v0.15.0 (/opt/rustwide/workdir)
[INFO] [stderr]    Compiling syn v3.0.6
[INFO] [stdout] error[E0554]: `#![feature]` may not be used on the beta release channel
[INFO] [stdout]  --> examples/my_i128_exp.rs:2:1
[INFO] [stdout]   |
[INFO] [stdout] 2 | #![feature(const_cmp)]
[INFO] [stdout]   | ^^^^^^^^^^^^^^^^^^^^^^
[INFO] [stdout] 
[INFO] [stdout] 
[INFO] [stdout] error[E0554]: `#![feature]` may not be used on the beta release channel
[INFO] [stdout]  --> examples/my_i128.rs:2:1
[INFO] [stdout]   |
[INFO] [stdout] 2 | #![feature(const_cmp)]
[INFO] [stdout]   | ^^^^^^^^^^^^^^^^^^^^^^
[INFO] [stdout] 
[INFO] [stdout] 
[INFO] [stdout] error[E0554]: `#![feature]` may not be used on the beta release channel
[INFO] [stdout]  --> examples/my_friend_exp.rs:1:1
[INFO] [stdout]   |
[INFO] [stdout] 1 | #![feature(const_clone)]
[INFO] [stdout]   | ^^^^^^^^^^^^^^^^^^^^^^^^
[INFO] [stdout] 
[INFO] [stdout] 
[INFO] [stdout] error[E0554]: `#![feature]` may not be used on the beta release channel
[INFO] [stdout]  --> examples/my_plain_exp.rs:2:1
[INFO] [stdout]   |
[INFO] [stdout] 2 | #![feature(const_clone)]
[INFO] [stdout]   | ^^^^^^^^^^^^^^^^^^^^^^^^
[INFO] [stdout] 
[INFO] [stdout] 
[INFO] [stdout] error[E0554]: `#![feature]` may not be used on the beta release channel
[INFO] [stdout]  --> examples/my_plain.rs:2:1
[INFO] [stdout]   |
[INFO] [stdout] 2 | #![feature(const_clone)]
[INFO] [stdout]   | ^^^^^^^^^^^^^^^^^^^^^^^^
[INFO] [stdout] 
[INFO] [stdout] 
[INFO] [stdout] error[E0554]: `#![feature]` may not be used on the beta release channel
[INFO] [stdout]  --> examples/my_flag_exp.rs:2:1
[INFO] [stdout]   |
[INFO] [stdout] 2 | #![feature(const_clone)]
[INFO] [stdout]   | ^^^^^^^^^^^^^^^^^^^^^^^^
[INFO] [stdout] 
[INFO] [stdout] 
[INFO] [stdout] error[E0658]: use of unstable library feature `funnel_shifts`
[INFO] [stdout]    --> examples/my_flag_exp.rs:827:33
[INFO] [stdout]     |
[INFO] [stdout] 827 |                 Self::raw(self).funnel_shl(Self::raw(right), n),
[INFO] [stdout]     |                                 ^^^^^^^^^^
[INFO] [stdout]     |
[INFO] [stdout]     = note: see issue #145686 <https://github.com/rust-lang/rust/issues/145686> for more information
[INFO] [stdout] 
[INFO] [stdout] 
[INFO] [stdout] error[E0658]: use of unstable library feature `funnel_shifts`
[INFO] [stdout]    --> examples/my_flag_exp.rs:837:33
[INFO] [stdout]     |
[INFO] [stdout] 837 |                 Self::raw(self).funnel_shr(Self::raw(right), n),
[INFO] [stdout]     |                                 ^^^^^^^^^^
[INFO] [stdout]     |
[INFO] [stdout]     = note: see issue #145686 <https://github.com/rust-lang/rust/issues/145686> for more information
[INFO] [stdout] 
[INFO] [stdout] 
[INFO] [stdout] For more information about this error, try `rustc --explain E0554`.
[INFO] [stdout] 
[INFO] [stderr] error: could not compile `typekin` (example "my_plain_exp") due to 1 previous error
[INFO] [stdout] For more information about this error, try `rustc --explain E0554`.
[INFO] [stdout] 
[INFO] [stderr] warning: build failed, waiting for other jobs to finish...
[INFO] [stdout] error[E0658]: use of unstable library feature `funnel_shifts`
[INFO] [stdout]    --> examples/my_friend_exp.rs:811:33
[INFO] [stdout]     |
[INFO] [stdout] 811 |                 Self::raw(self).funnel_shl(Self::raw(right), n),
[INFO] [stdout]     |                                 ^^^^^^^^^^
[INFO] [stdout]     |
[INFO] [stdout]     = note: see issue #145686 <https://github.com/rust-lang/rust/issues/145686> for more information
[INFO] [stdout] 
[INFO] [stdout] 
[INFO] [stdout] error[E0658]: use of unstable library feature `funnel_shifts`
[INFO] [stdout]    --> examples/my_friend_exp.rs:821:33
[INFO] [stdout]     |
[INFO] [stdout] 821 |                 Self::raw(self).funnel_shr(Self::raw(right), n),
[INFO] [stdout]     |                                 ^^^^^^^^^^
[INFO] [stdout]     |
[INFO] [stdout]     = note: see issue #145686 <https://github.com/rust-lang/rust/issues/145686> for more information
[INFO] [stdout] 
[INFO] [stdout] 
[INFO] [stderr] error: could not compile `typekin` (example "my_i128_exp") due to 1 previous error
[INFO] [stdout] For more information about this error, try `rustc --explain E0554`.
[INFO] [stdout] 
[INFO] [stderr] error: could not compile `typekin` (example "my_i128") due to 1 previous error
[INFO] [stdout] error: `core::num::<impl u32>::funnel_shl` is not yet stable as a const fn
[INFO] [stdout]    --> examples/my_friend_exp.rs:811:17
[INFO] [stdout]     |
[INFO] [stdout] 811 |                 Self::raw(self).funnel_shl(Self::raw(right), n),
[INFO] [stdout]     |                 ^^^^^^^^^^^^^^^^^^^^^^^^^^^^^^^^^^^^^^^^^^^^^^^
[INFO] [stdout] 
[INFO] [stdout] 
[INFO] [stdout] error: `core::num::<impl u32>::funnel_shr` is not yet stable as a const fn
[INFO] [stdout]    --> examples/my_friend_exp.rs:821:17
[INFO] [stdout]     |
[INFO] [stdout] 821 |                 Self::raw(self).funnel_shr(Self::raw(right), n),
[INFO] [stdout]     |                 ^^^^^^^^^^^^^^^^^^^^^^^^^^^^^^^^^^^^^^^^^^^^^^^
[INFO] [stdout] 
[INFO] [stdout] 
[INFO] [stdout] error: `core::num::<impl u128>::funnel_shl` is not yet stable as a const fn
[INFO] [stdout]    --> examples/my_flag_exp.rs:827:17
[INFO] [stdout]     |
[INFO] [stdout] 827 |                 Self::raw(self).funnel_shl(Self::raw(right), n),
[INFO] [stdout]     |                 ^^^^^^^^^^^^^^^^^^^^^^^^^^^^^^^^^^^^^^^^^^^^^^^
[INFO] [stdout] 
[INFO] [stdout] 
[INFO] [stdout] error: `core::num::<impl u128>::funnel_shr` is not yet stable as a const fn
[INFO] [stdout]    --> examples/my_flag_exp.rs:837:17
[INFO] [stdout]     |
[INFO] [stdout] 837 |                 Self::raw(self).funnel_shr(Self::raw(right), n),
[INFO] [stdout]     |                 ^^^^^^^^^^^^^^^^^^^^^^^^^^^^^^^^^^^^^^^^^^^^^^^
[INFO] [stdout] 
[INFO] [stdout] 
[INFO] [stdout] For more information about this error, try `rustc --explain E0554`.
[INFO] [stdout] 
[INFO] [stdout] Some errors have detailed explanations: E0554, E0658.
[INFO] [stdout] 
[INFO] [stdout] For more information about an error, try `rustc --explain E0554`.
[INFO] [stdout] 
[INFO] [stderr] error: could not compile `typekin` (example "my_plain") due to 1 previous error
[INFO] [stderr] error: could not compile `typekin` (example "my_friend_exp") due to 5 previous errors
[INFO] [stdout] Some errors have detailed explanations: E0554, E0658.
[INFO] [stdout] 
[INFO] [stdout] For more information about an error, try `rustc --explain E0554`.
[INFO] [stdout] 
[INFO] [stdout] error[E0554]: `#![feature]` may not be used on the beta release channel
[INFO] [stdout]  --> tests/bitflag.rs:1:1
[INFO] [stdout]   |
[INFO] [stdout] 1 | #![feature(const_clone)]
[INFO] [stdout]   | ^^^^^^^^^^^^^^^^^^^^^^^^
[INFO] [stdout] 
[INFO] [stdout] 
[INFO] [stderr] error: could not compile `typekin` (example "flag_exp") due to 5 previous errors
[INFO] [stdout] error[E0554]: `#![feature]` may not be used on the beta release channel
[INFO] [stdout]  --> tests/integral.rs:2:1
[INFO] [stdout]   |
[INFO] [stdout] 2 | #![feature(const_cmp)]
[INFO] [stdout]   | ^^^^^^^^^^^^^^^^^^^^^^
[INFO] [stdout] 
[INFO] [stdout] 
[INFO] [stdout] error[E0658]: use of unstable library feature `funnel_shifts`
[INFO] [stdout]   --> tests/bitflag.rs:14:5
[INFO] [stdout]    |
[INFO] [stdout] 14 | /     #[typekin::bitflag(
[INFO] [stdout] 15 | |         konst = false,
[INFO] [stdout] 16 | |         with = [display],
[INFO] [stdout] 17 | |         friends = self(u8) -> Bit,
[INFO] [stdout] ...  |
[INFO] [stdout] 20 | |         ],
[INFO] [stdout] 21 | |     )]
[INFO] [stdout]    | |______^
[INFO] [stdout]    |
[INFO] [stdout]    = note: see issue #145686 <https://github.com/rust-lang/rust/issues/145686> for more information
[INFO] [stdout]    = note: this error originates in the attribute macro `typekin::bitflag` (in Nightly builds, run with -Z macro-backtrace for more info)
[INFO] [stdout] 
[INFO] [stdout] 
[INFO] [stdout] error[E0658]: use of unstable library feature `funnel_shifts`
[INFO] [stdout]    --> tests/bitflag.rs:276:5
[INFO] [stdout]     |
[INFO] [stdout] 276 | /     #[typekin::bitflag(
[INFO] [stdout] 277 | |         suffix = "Holder",
[INFO] [stdout] 278 | |         konst = false,
[INFO] [stdout] 279 | |         integral = [in = 0..=7],
[INFO] [stdout] 280 | |     )]
[INFO] [stdout]     | |______^
[INFO] [stdout]     |
[INFO] [stdout]     = note: see issue #145686 <https://github.com/rust-lang/rust/issues/145686> for more information
[INFO] [stdout]     = note: this error originates in the attribute macro `typekin::bitflag` (in Nightly builds, run with -Z macro-backtrace for more info)
[INFO] [stdout] 
[INFO] [stdout] 
[INFO] [stdout] error[E0658]: use of unstable library feature `funnel_shifts`
[INFO] [stdout]   --> tests/integral.rs:12:5
[INFO] [stdout]    |
[INFO] [stdout] 12 |     #[typekin::integral(konst = true)]
[INFO] [stdout]    |     ^^^^^^^^^^^^^^^^^^^^^^^^^^^^^^^^^^
[INFO] [stdout]    |
[INFO] [stdout]    = note: see issue #145686 <https://github.com/rust-lang/rust/issues/145686> for more information
[INFO] [stdout]    = note: this error originates in the attribute macro `typekin::integral` (in Nightly builds, run with -Z macro-backtrace for more info)
[INFO] [stdout] 
[INFO] [stdout] 
[INFO] [stdout] error[E0658]: use of unstable library feature `funnel_shifts`
[INFO] [stdout]   --> tests/integral.rs:17:5
[INFO] [stdout]    |
[INFO] [stdout] 17 |     #[typekin::integral(konst = true)]
[INFO] [stdout]    |     ^^^^^^^^^^^^^^^^^^^^^^^^^^^^^^^^^^
[INFO] [stdout]    |
[INFO] [stdout]    = note: see issue #145686 <https://github.com/rust-lang/rust/issues/145686> for more information
[INFO] [stdout]    = note: this error originates in the attribute macro `typekin::integral` (in Nightly builds, run with -Z macro-backtrace for more info)
[INFO] [stdout] 
[INFO] [stdout] 
[INFO] [stdout] error[E0658]: use of unstable library feature `funnel_shifts`
[INFO] [stdout]    --> tests/bitflag.rs:304:5
[INFO] [stdout]     |
[INFO] [stdout] 304 |     #[typekin::bitflag(value_name = "Thingies2", suffix = "", konst = false)]
[INFO] [stdout]     |     ^^^^^^^^^^^^^^^^^^^^^^^^^^^^^^^^^^^^^^^^^^^^^^^^^^^^^^^^^^^^^^^^^^^^^^^^^
[INFO] [stdout]     |
[INFO] [stdout]     = note: see issue #145686 <https://github.com/rust-lang/rust/issues/145686> for more information
[INFO] [stdout]     = note: this error originates in the attribute macro `typekin::bitflag` (in Nightly builds, run with -Z macro-backtrace for more info)
[INFO] [stdout] 
[INFO] [stdout] 
[INFO] [stdout] error[E0658]: use of unstable library feature `funnel_shifts`
[INFO] [stdout]   --> tests/integral.rs:60:5
[INFO] [stdout]    |
[INFO] [stdout] 60 | /     #[typekin::integral(
[INFO] [stdout] 61 | |         konst = true,
[INFO] [stdout] 62 | |         friends = self(u8) -> [Math, Rel],
[INFO] [stdout] 63 | |         valid = [is_even, is_not_fifty],
[INFO] [stdout] 64 | |         in = 2..=100,
[INFO] [stdout] 65 | |     )]
[INFO] [stdout]    | |______^
[INFO] [stdout]    |
[INFO] [stdout]    = note: see issue #145686 <https://github.com/rust-lang/rust/issues/145686> for more information
[INFO] [stdout]    = note: this error originates in the attribute macro `typekin::integral` (in Nightly builds, run with -Z macro-backtrace for more info)
[INFO] [stdout] 
[INFO] [stdout] 
[INFO] [stdout] error[E0658]: use of unstable library feature `funnel_shifts`
[INFO] [stdout]    --> tests/bitflag.rs:323:9
[INFO] [stdout]     |
[INFO] [stdout] 323 |         #[typekin::bitflag(konst = true)]
[INFO] [stdout]     |         ^^^^^^^^^^^^^^^^^^^^^^^^^^^^^^^^^
[INFO] [stdout]     |
[INFO] [stdout]     = note: see issue #145686 <https://github.com/rust-lang/rust/issues/145686> for more information
[INFO] [stdout]     = note: this error originates in the attribute macro `typekin::bitflag` (in Nightly builds, run with -Z macro-backtrace for more info)
[INFO] [stdout] 
[INFO] [stdout] 
[INFO] [stdout] error[E0658]: use of unstable library feature `funnel_shifts`
[INFO] [stdout]   --> tests/integral.rs:70:5
[INFO] [stdout]    |
[INFO] [stdout] 70 | /     #[typekin::integral(
[INFO] [stdout] 71 | |         konst = true,
[INFO] [stdout] 72 | |         friends = [self(u8) -> [Math, Rel]],
[INFO] [stdout] 73 | |         in = [2..=4, 8..10],
[INFO] [stdout] 74 | |         valid = accepts_ranged,
[INFO] [stdout] 75 | |     )]
[INFO] [stdout]    | |______^
[INFO] [stdout]    |
[INFO] [stdout]    = note: see issue #145686 <https://github.com/rust-lang/rust/issues/145686> for more information
[INFO] [stdout]    = note: this error originates in the attribute macro `typekin::integral` (in Nightly builds, run with -Z macro-backtrace for more info)
[INFO] [stdout] 
[INFO] [stdout] 
[INFO] [stdout] error[E0658]: use of unstable library feature `funnel_shifts`
[INFO] [stdout]   --> tests/integral.rs:80:5
[INFO] [stdout]    |
[INFO] [stdout] 80 |     #[typekin::integral(konst = true, in = ..)]
[INFO] [stdout]    |     ^^^^^^^^^^^^^^^^^^^^^^^^^^^^^^^^^^^^^^^^^^^
[INFO] [stdout]    |
[INFO] [stdout]    = note: see issue #145686 <https://github.com/rust-lang/rust/issues/145686> for more information
[INFO] [stdout]    = note: this error originates in the attribute macro `typekin::integral` (in Nightly builds, run with -Z macro-backtrace for more info)
[INFO] [stdout] 
[INFO] [stdout] 
[INFO] [stdout] error[E0658]: use of unstable library feature `funnel_shifts`
[INFO] [stdout]   --> tests/integral.rs:85:5
[INFO] [stdout]    |
[INFO] [stdout] 85 |     #[typekin::integral(konst = true, in = ..5)]
[INFO] [stdout]    |     ^^^^^^^^^^^^^^^^^^^^^^^^^^^^^^^^^^^^^^^^^^^^
[INFO] [stdout]    |
[INFO] [stdout]    = note: see issue #145686 <https://github.com/rust-lang/rust/issues/145686> for more information
[INFO] [stdout]    = note: this error originates in the attribute macro `typekin::integral` (in Nightly builds, run with -Z macro-backtrace for more info)
[INFO] [stdout] 
[INFO] [stdout] 
[INFO] [stdout] error[E0658]: use of unstable library feature `funnel_shifts`
[INFO] [stdout]   --> tests/integral.rs:90:5
[INFO] [stdout]    |
[INFO] [stdout] 90 |     #[typekin::integral(konst = true, in = ..=5)]
[INFO] [stdout]    |     ^^^^^^^^^^^^^^^^^^^^^^^^^^^^^^^^^^^^^^^^^^^^^
[INFO] [stdout]    |
[INFO] [stdout]    = note: see issue #145686 <https://github.com/rust-lang/rust/issues/145686> for more information
[INFO] [stdout]    = note: this error originates in the attribute macro `typekin::integral` (in Nightly builds, run with -Z macro-backtrace for more info)
[INFO] [stdout] 
[INFO] [stdout] 
[INFO] [stdout] error[E0658]: use of unstable library feature `funnel_shifts`
[INFO] [stdout]    --> tests/integral.rs:113:5
[INFO] [stdout]     |
[INFO] [stdout] 113 | /     #[typekin::integral(
[INFO] [stdout] 114 | |         konst = true,
[INFO] [stdout] 115 | |         valid = is_even,
[INFO] [stdout] 116 | |         without = [fn_make_unchecked_try],
[INFO] [stdout] 117 | |     )]
[INFO] [stdout]     | |______^
[INFO] [stdout]     |
[INFO] [stdout]     = note: see issue #145686 <https://github.com/rust-lang/rust/issues/145686> for more information
[INFO] [stdout]     = note: this error originates in the attribute macro `typekin::integral` (in Nightly builds, run with -Z macro-backtrace for more info)
[INFO] [stdout] 
[INFO] [stdout] 
[INFO] [stdout] error[E0658]: use of unstable library feature `funnel_shifts`
[INFO] [stdout]    --> tests/bitflag.rs:398:9
[INFO] [stdout]     |
[INFO] [stdout] 398 | /         #[typekin::bitflag(
[INFO] [stdout] 399 | |             konst = false,
[INFO] [stdout] 400 | |             friends = [
[INFO] [stdout] 401 | |                 trusted_bits(TrustBits) -> [Make, Bit, Trust],
[INFO] [stdout] ...   |
[INFO] [stdout] 414 | |             ],
[INFO] [stdout] 415 | |         )]
[INFO] [stdout]     | |__________^
[INFO] [stdout]     |
[INFO] [stdout]     = note: see issue #145686 <https://github.com/rust-lang/rust/issues/145686> for more information
[INFO] [stdout]     = note: this error originates in the attribute macro `typekin::bitflag` (in Nightly builds, run with -Z macro-backtrace for more info)
[INFO] [stdout] 
[INFO] [stdout] 
[INFO] [stdout] error[E0658]: use of unstable library feature `funnel_shifts`
[INFO] [stdout]    --> tests/integral.rs:135:5
[INFO] [stdout]     |
[INFO] [stdout] 135 | /     #[typekin::integral(
[INFO] [stdout] 136 | |         konst = true,
[INFO] [stdout] 137 | |         friends = [self(u16) -> [Math, Rel]],
[INFO] [stdout] 138 | |         get_raw = Self::value
[INFO] [stdout] 139 | |     )]
[INFO] [stdout]     | |______^
[INFO] [stdout]     |
[INFO] [stdout]     = note: see issue #145686 <https://github.com/rust-lang/rust/issues/145686> for more information
[INFO] [stdout]     = note: this error originates in the attribute macro `typekin::integral` (in Nightly builds, run with -Z macro-backtrace for more info)
[INFO] [stdout] 
[INFO] [stdout] 
[INFO] [stdout] error[E0658]: use of unstable library feature `funnel_shifts`
[INFO] [stdout]    --> tests/integral.rs:144:5
[INFO] [stdout]     |
[INFO] [stdout] 144 |     #[typekin::integral(konst = true)]
[INFO] [stdout]     |     ^^^^^^^^^^^^^^^^^^^^^^^^^^^^^^^^^^
[INFO] [stdout]     |
[INFO] [stdout]     = note: see issue #145686 <https://github.com/rust-lang/rust/issues/145686> for more information
[INFO] [stdout]     = note: this error originates in the attribute macro `typekin::integral` (in Nightly builds, run with -Z macro-backtrace for more info)
[INFO] [stdout] 
[INFO] [stdout] 
[INFO] [stdout] error[E0658]: use of unstable library feature `funnel_shifts`
[INFO] [stdout]    --> tests/integral.rs:149:5
[INFO] [stdout]     |
[INFO] [stdout] 149 | /     #[typekin::integral(
[INFO] [stdout] 150 | |         konst = true,
[INFO] [stdout] 151 | |         friends = self(u8) -> [Math, Trust],
[INFO] [stdout] 152 | |         valid = is_even,
[INFO] [stdout] 153 | |         in = 2..=10,
[INFO] [stdout] 154 | |     )]
[INFO] [stdout]     | |______^
[INFO] [stdout]     |
[INFO] [stdout]     = note: see issue #145686 <https://github.com/rust-lang/rust/issues/145686> for more information
[INFO] [stdout]     = note: this error originates in the attribute macro `typekin::integral` (in Nightly builds, run with -Z macro-backtrace for more info)
[INFO] [stdout] 
[INFO] [stdout] 
[INFO] [stdout] error[E0658]: use of unstable library feature `funnel_shifts`
[INFO] [stdout]    --> tests/bitflag.rs:517:9
[INFO] [stdout]     |
[INFO] [stdout] 517 | /         #[typekin::bitflag(
[INFO] [stdout] 518 | |             konst = false,
[INFO] [stdout] 519 | |             with = [display],
[INFO] [stdout] 520 | |             integral = [without = [display]],
[INFO] [stdout] 521 | |         )]
[INFO] [stdout]     | |__________^
[INFO] [stdout]     |
[INFO] [stdout]     = note: see issue #145686 <https://github.com/rust-lang/rust/issues/145686> for more information
[INFO] [stdout]     = note: this error originates in the attribute macro `typekin::bitflag` (in Nightly builds, run with -Z macro-backtrace for more info)
[INFO] [stdout] 
[INFO] [stdout] 
[INFO] [stdout] error[E0658]: use of unstable library feature `funnel_shifts`
[INFO] [stdout]    --> tests/bitflag.rs:529:9
[INFO] [stdout]     |
[INFO] [stdout] 529 | /         #[typekin::bitflag(
[INFO] [stdout] 530 | |             konst = false,
[INFO] [stdout] 531 | |             integral = [without = [display]],
[INFO] [stdout] 532 | |             with = [display],
[INFO] [stdout] 533 | |         )]
[INFO] [stdout]     | |__________^
[INFO] [stdout]     |
[INFO] [stdout]     = note: see issue #145686 <https://github.com/rust-lang/rust/issues/145686> for more information
[INFO] [stdout]     = note: this error originates in the attribute macro `typekin::bitflag` (in Nightly builds, run with -Z macro-backtrace for more info)
[INFO] [stdout] 
[INFO] [stdout] 
[INFO] [stdout] error[E0658]: use of unstable library feature `funnel_shifts`
[INFO] [stdout]    --> tests/bitflag.rs:541:9
[INFO] [stdout]     |
[INFO] [stdout] 541 |         #[typekin::bitflag(konst = false, integral = [with = [display]])]
[INFO] [stdout]     |         ^^^^^^^^^^^^^^^^^^^^^^^^^^^^^^^^^^^^^^^^^^^^^^^^^^^^^^^^^^^^^^^^^
[INFO] [stdout]     |
[INFO] [stdout]     = note: see issue #145686 <https://github.com/rust-lang/rust/issues/145686> for more information
[INFO] [stdout]     = note: this error originates in the attribute macro `typekin::bitflag` (in Nightly builds, run with -Z macro-backtrace for more info)
[INFO] [stdout] 
[INFO] [stdout] 
[INFO] [stdout] error[E0658]: use of unstable library feature `funnel_shifts`
[INFO] [stdout]    --> tests/bitflag.rs:549:9
[INFO] [stdout]     |
[INFO] [stdout] 549 | /         #[typekin::bitflag(
[INFO] [stdout] 550 | |             konst = false,
[INFO] [stdout] 551 | |             without = [display],
[INFO] [stdout] 552 | |             integral = [with = [display]],
[INFO] [stdout] 553 | |         )]
[INFO] [stdout]     | |__________^
[INFO] [stdout]     |
[INFO] [stdout]     = note: see issue #145686 <https://github.com/rust-lang/rust/issues/145686> for more information
[INFO] [stdout]     = note: this error originates in the attribute macro `typekin::bitflag` (in Nightly builds, run with -Z macro-backtrace for more info)
[INFO] [stdout] 
[INFO] [stdout] 
[INFO] [stdout] error[E0658]: use of unstable library feature `funnel_shifts`
[INFO] [stdout]    --> tests/bitflag.rs:561:9
[INFO] [stdout]     |
[INFO] [stdout] 561 | /         #[typekin::bitflag(
[INFO] [stdout] 562 | |             konst = false,
[INFO] [stdout] 563 | |             integral = [with = [display]],
[INFO] [stdout] 564 | |             without = [display],
[INFO] [stdout] 565 | |         )]
[INFO] [stdout]     | |__________^
[INFO] [stdout]     |
[INFO] [stdout]     = note: see issue #145686 <https://github.com/rust-lang/rust/issues/145686> for more information
[INFO] [stdout]     = note: this error originates in the attribute macro `typekin::bitflag` (in Nightly builds, run with -Z macro-backtrace for more info)
[INFO] [stdout] 
[INFO] [stdout] 
[INFO] [stdout] error[E0658]: use of unstable library feature `funnel_shifts`
[INFO] [stdout]    --> tests/bitflag.rs:648:9
[INFO] [stdout]     |
[INFO] [stdout] 648 |         #[typekin::bitflag(konst = false, with = [display])]
[INFO] [stdout]     |         ^^^^^^^^^^^^^^^^^^^^^^^^^^^^^^^^^^^^^^^^^^^^^^^^^^^^
[INFO] [stdout]     |
[INFO] [stdout]     = note: see issue #145686 <https://github.com/rust-lang/rust/issues/145686> for more information
[INFO] [stdout]     = note: this error originates in the attribute macro `typekin::bitflag` (in Nightly builds, run with -Z macro-backtrace for more info)
[INFO] [stdout] 
[INFO] [stdout] 
[INFO] [stdout] error[E0658]: use of unstable library feature `funnel_shifts`
[INFO] [stdout]    --> tests/integral.rs:951:9
[INFO] [stdout]     |
[INFO] [stdout] 951 | /         #[typekin::integral(
[INFO] [stdout] 952 | |             konst = false,
[INFO] [stdout] 953 | |             friends = [
[INFO] [stdout] 954 | |                 default_raw(DefaultSource) -> Make,
[INFO] [stdout] ...   |
[INFO] [stdout] 962 | |             in = 2..=10,
[INFO] [stdout] 963 | |         )]
[INFO] [stdout]     | |__________^
[INFO] [stdout]     |
[INFO] [stdout]     = note: see issue #145686 <https://github.com/rust-lang/rust/issues/145686> for more information
[INFO] [stdout]     = note: this error originates in the attribute macro `typekin::integral` (in Nightly builds, run with -Z macro-backtrace for more info)
[INFO] [stdout] 
[INFO] [stdout] 
[INFO] [stdout] error[E0658]: use of unstable library feature `funnel_shifts`
[INFO] [stdout]    --> tests/integral.rs:968:9
[INFO] [stdout]     |
[INFO] [stdout] 968 | /         #[typekin::integral(
[INFO] [stdout] 969 | |             konst = false,
[INFO] [stdout] 970 | |             friends = [
[INFO] [stdout] 971 | |                 self(TrustSelfNumber) -> [Make, Trust],
[INFO] [stdout] ...   |
[INFO] [stdout] 975 | |             in = 2..=10,
[INFO] [stdout] 976 | |         )]
[INFO] [stdout]     | |__________^
[INFO] [stdout]     |
[INFO] [stdout]     = note: see issue #145686 <https://github.com/rust-lang/rust/issues/145686> for more information
[INFO] [stdout]     = note: this error originates in the attribute macro `typekin::integral` (in Nightly builds, run with -Z macro-backtrace for more info)
[INFO] [stdout] 
[INFO] [stdout] 
[INFO] [stdout] error: `core::num::<impl u32>::funnel_shl` is not yet stable as a const fn
[INFO] [stdout]   --> tests/integral.rs:12:5
[INFO] [stdout]    |
[INFO] [stdout] 12 |     #[typekin::integral(konst = true)]
[INFO] [stdout]    |     ^^^^^^^^^^^^^^^^^^^^^^^^^^^^^^^^^^
[INFO] [stdout]    |
[INFO] [stdout]    = note: this error originates in the attribute macro `typekin::integral` (in Nightly builds, run with -Z macro-backtrace for more info)
[INFO] [stdout] 
[INFO] [stdout] 
[INFO] [stdout] error: `core::num::<impl u32>::funnel_shr` is not yet stable as a const fn
[INFO] [stdout]   --> tests/integral.rs:12:5
[INFO] [stdout]    |
[INFO] [stdout] 12 |     #[typekin::integral(konst = true)]
[INFO] [stdout]    |     ^^^^^^^^^^^^^^^^^^^^^^^^^^^^^^^^^^
[INFO] [stdout]    |
[INFO] [stdout]    = note: this error originates in the attribute macro `typekin::integral` (in Nightly builds, run with -Z macro-backtrace for more info)
[INFO] [stdout] 
[INFO] [stdout] 
[INFO] [stdout] error: `core::num::<impl u64>::funnel_shl` is not yet stable as a const fn
[INFO] [stdout]   --> tests/integral.rs:17:5
[INFO] [stdout]    |
[INFO] [stdout] 17 |     #[typekin::integral(konst = true)]
[INFO] [stdout]    |     ^^^^^^^^^^^^^^^^^^^^^^^^^^^^^^^^^^
[INFO] [stdout]    |
[INFO] [stdout]    = note: this error originates in the attribute macro `typekin::integral` (in Nightly builds, run with -Z macro-backtrace for more info)
[INFO] [stdout] 
[INFO] [stdout] 
[INFO] [stdout] error: `core::num::<impl u64>::funnel_shr` is not yet stable as a const fn
[INFO] [stdout]   --> tests/integral.rs:17:5
[INFO] [stdout]    |
[INFO] [stdout] 17 |     #[typekin::integral(konst = true)]
[INFO] [stdout]    |     ^^^^^^^^^^^^^^^^^^^^^^^^^^^^^^^^^^
[INFO] [stdout]    |
[INFO] [stdout]    = note: this error originates in the attribute macro `typekin::integral` (in Nightly builds, run with -Z macro-backtrace for more info)
[INFO] [stdout] 
[INFO] [stdout] 
[INFO] [stdout] error: `core::num::<impl u8>::funnel_shl` is not yet stable as a const fn
[INFO] [stdout]    --> tests/bitflag.rs:323:9
[INFO] [stdout]     |
[INFO] [stdout] 323 |         #[typekin::bitflag(konst = true)]
[INFO] [stdout]     |         ^^^^^^^^^^^^^^^^^^^^^^^^^^^^^^^^^
[INFO] [stdout]     |
[INFO] [stdout]     = note: this error originates in the attribute macro `typekin::bitflag` (in Nightly builds, run with -Z macro-backtrace for more info)
[INFO] [stdout] 
[INFO] [stdout] 
[INFO] [stdout] error: `core::num::<impl u8>::funnel_shr` is not yet stable as a const fn
[INFO] [stdout]    --> tests/bitflag.rs:323:9
[INFO] [stdout]     |
[INFO] [stdout] 323 |         #[typekin::bitflag(konst = true)]
[INFO] [stdout]     |         ^^^^^^^^^^^^^^^^^^^^^^^^^^^^^^^^^
[INFO] [stdout]     |
[INFO] [stdout]     = note: this error originates in the attribute macro `typekin::bitflag` (in Nightly builds, run with -Z macro-backtrace for more info)
[INFO] [stdout] 
[INFO] [stdout] 
[INFO] [stdout] error: `core::num::<impl u8>::funnel_shl` is not yet stable as a const fn
[INFO] [stdout]   --> tests/integral.rs:60:5
[INFO] [stdout]    |
[INFO] [stdout] 60 | /     #[typekin::integral(
[INFO] [stdout] 61 | |         konst = true,
[INFO] [stdout] 62 | |         friends = self(u8) -> [Math, Rel],
[INFO] [stdout] 63 | |         valid = [is_even, is_not_fifty],
[INFO] [stdout] 64 | |         in = 2..=100,
[INFO] [stdout] 65 | |     )]
[INFO] [stdout]    | |______^
[INFO] [stdout]    |
[INFO] [stdout]    = note: this error originates in the attribute macro `typekin::integral` (in Nightly builds, run with -Z macro-backtrace for more info)
[INFO] [stdout] 
[INFO] [stdout] 
[INFO] [stdout] error: `core::num::<impl u8>::funnel_shr` is not yet stable as a const fn
[INFO] [stdout]   --> tests/integral.rs:60:5
[INFO] [stdout]    |
[INFO] [stdout] 60 | /     #[typekin::integral(
[INFO] [stdout] 61 | |         konst = true,
[INFO] [stdout] 62 | |         friends = self(u8) -> [Math, Rel],
[INFO] [stdout] 63 | |         valid = [is_even, is_not_fifty],
[INFO] [stdout] 64 | |         in = 2..=100,
[INFO] [stdout] 65 | |     )]
[INFO] [stdout]    | |______^
[INFO] [stdout]    |
[INFO] [stdout]    = note: this error originates in the attribute macro `typekin::integral` (in Nightly builds, run with -Z macro-backtrace for more info)
[INFO] [stdout] 
[INFO] [stdout] 
[INFO] [stdout] error: `core::num::<impl u8>::funnel_shl` is not yet stable as a const fn
[INFO] [stdout]   --> tests/integral.rs:70:5
[INFO] [stdout]    |
[INFO] [stdout] 70 | /     #[typekin::integral(
[INFO] [stdout] 71 | |         konst = true,
[INFO] [stdout] 72 | |         friends = [self(u8) -> [Math, Rel]],
[INFO] [stdout] 73 | |         in = [2..=4, 8..10],
[INFO] [stdout] 74 | |         valid = accepts_ranged,
[INFO] [stdout] 75 | |     )]
[INFO] [stdout]    | |______^
[INFO] [stdout]    |
[INFO] [stdout]    = note: this error originates in the attribute macro `typekin::integral` (in Nightly builds, run with -Z macro-backtrace for more info)
[INFO] [stdout] 
[INFO] [stdout] 
[INFO] [stdout] error: `core::num::<impl u8>::funnel_shr` is not yet stable as a const fn
[INFO] [stdout]   --> tests/integral.rs:70:5
[INFO] [stdout]    |
[INFO] [stdout] 70 | /     #[typekin::integral(
[INFO] [stdout] 71 | |         konst = true,
[INFO] [stdout] 72 | |         friends = [self(u8) -> [Math, Rel]],
[INFO] [stdout] 73 | |         in = [2..=4, 8..10],
[INFO] [stdout] 74 | |         valid = accepts_ranged,
[INFO] [stdout] 75 | |     )]
[INFO] [stdout]    | |______^
[INFO] [stdout]    |
[INFO] [stdout]    = note: this error originates in the attribute macro `typekin::integral` (in Nightly builds, run with -Z macro-backtrace for more info)
[INFO] [stdout] 
[INFO] [stdout] 
[INFO] [stdout] error: `core::num::<impl u8>::funnel_shl` is not yet stable as a const fn
[INFO] [stdout]   --> tests/integral.rs:80:5
[INFO] [stdout]    |
[INFO] [stdout] 80 |     #[typekin::integral(konst = true, in = ..)]
[INFO] [stdout]    |     ^^^^^^^^^^^^^^^^^^^^^^^^^^^^^^^^^^^^^^^^^^^
[INFO] [stdout]    |
[INFO] [stdout]    = note: this error originates in the attribute macro `typekin::integral` (in Nightly builds, run with -Z macro-backtrace for more info)
[INFO] [stdout] 
[INFO] [stdout] 
[INFO] [stdout] error: `core::num::<impl u8>::funnel_shr` is not yet stable as a const fn
[INFO] [stdout]   --> tests/integral.rs:80:5
[INFO] [stdout]    |
[INFO] [stdout] 80 |     #[typekin::integral(konst = true, in = ..)]
[INFO] [stdout]    |     ^^^^^^^^^^^^^^^^^^^^^^^^^^^^^^^^^^^^^^^^^^^
[INFO] [stdout]    |
[INFO] [stdout]    = note: this error originates in the attribute macro `typekin::integral` (in Nightly builds, run with -Z macro-backtrace for more info)
[INFO] [stdout] 
[INFO] [stdout] 
[INFO] [stdout] error: `core::num::<impl u8>::funnel_shl` is not yet stable as a const fn
[INFO] [stdout]   --> tests/integral.rs:85:5
[INFO] [stdout]    |
[INFO] [stdout] 85 |     #[typekin::integral(konst = true, in = ..5)]
[INFO] [stdout]    |     ^^^^^^^^^^^^^^^^^^^^^^^^^^^^^^^^^^^^^^^^^^^^
[INFO] [stdout]    |
[INFO] [stdout]    = note: this error originates in the attribute macro `typekin::integral` (in Nightly builds, run with -Z macro-backtrace for more info)
[INFO] [stdout] 
[INFO] [stdout] 
[INFO] [stdout] error: `core::num::<impl u8>::funnel_shr` is not yet stable as a const fn
[INFO] [stdout]   --> tests/integral.rs:85:5
[INFO] [stdout]    |
[INFO] [stdout] 85 |     #[typekin::integral(konst = true, in = ..5)]
[INFO] [stdout]    |     ^^^^^^^^^^^^^^^^^^^^^^^^^^^^^^^^^^^^^^^^^^^^
[INFO] [stdout]    |
[INFO] [stdout]    = note: this error originates in the attribute macro `typekin::integral` (in Nightly builds, run with -Z macro-backtrace for more info)
[INFO] [stdout] 
[INFO] [stdout] 
[INFO] [stdout] error: `core::num::<impl u8>::funnel_shl` is not yet stable as a const fn
[INFO] [stdout]   --> tests/integral.rs:90:5
[INFO] [stdout]    |
[INFO] [stdout] 90 |     #[typekin::integral(konst = true, in = ..=5)]
[INFO] [stdout]    |     ^^^^^^^^^^^^^^^^^^^^^^^^^^^^^^^^^^^^^^^^^^^^^
[INFO] [stdout]    |
[INFO] [stdout]    = note: this error originates in the attribute macro `typekin::integral` (in Nightly builds, run with -Z macro-backtrace for more info)
[INFO] [stdout] 
[INFO] [stdout] 
[INFO] [stdout] error: `core::num::<impl u8>::funnel_shr` is not yet stable as a const fn
[INFO] [stdout]   --> tests/integral.rs:90:5
[INFO] [stdout]    |
[INFO] [stdout] 90 |     #[typekin::integral(konst = true, in = ..=5)]
[INFO] [stdout]    |     ^^^^^^^^^^^^^^^^^^^^^^^^^^^^^^^^^^^^^^^^^^^^^
[INFO] [stdout]    |
[INFO] [stdout]    = note: this error originates in the attribute macro `typekin::integral` (in Nightly builds, run with -Z macro-backtrace for more info)
[INFO] [stdout] 
[INFO] [stdout] 
[INFO] [stdout] error: `core::num::<impl u8>::funnel_shl` is not yet stable as a const fn
[INFO] [stdout]    --> tests/integral.rs:113:5
[INFO] [stdout]     |
[INFO] [stdout] 113 | /     #[typekin::integral(
[INFO] [stdout] 114 | |         konst = true,
[INFO] [stdout] 115 | |         valid = is_even,
[INFO] [stdout] 116 | |         without = [fn_make_unchecked_try],
[INFO] [stdout] 117 | |     )]
[INFO] [stdout]     | |______^
[INFO] [stdout]     |
[INFO] [stdout]     = note: this error originates in the attribute macro `typekin::integral` (in Nightly builds, run with -Z macro-backtrace for more info)
[INFO] [stdout] 
[INFO] [stdout] 
[INFO] [stdout] error: `core::num::<impl u8>::funnel_shr` is not yet stable as a const fn
[INFO] [stdout]    --> tests/integral.rs:113:5
[INFO] [stdout]     |
[INFO] [stdout] 113 | /     #[typekin::integral(
[INFO] [stdout] 114 | |         konst = true,
[INFO] [stdout] 115 | |         valid = is_even,
[INFO] [stdout] 116 | |         without = [fn_make_unchecked_try],
[INFO] [stdout] 117 | |     )]
[INFO] [stdout]     | |______^
[INFO] [stdout]     |
[INFO] [stdout]     = note: this error originates in the attribute macro `typekin::integral` (in Nightly builds, run with -Z macro-backtrace for more info)
[INFO] [stdout] 
[INFO] [stdout] 
[INFO] [stdout] error: `core::num::<impl u16>::funnel_shl` is not yet stable as a const fn
[INFO] [stdout]    --> tests/integral.rs:135:5
[INFO] [stdout]     |
[INFO] [stdout] 135 | /     #[typekin::integral(
[INFO] [stdout] 136 | |         konst = true,
[INFO] [stdout] 137 | |         friends = [self(u16) -> [Math, Rel]],
[INFO] [stdout] 138 | |         get_raw = Self::value
[INFO] [stdout] 139 | |     )]
[INFO] [stdout]     | |______^
[INFO] [stdout]     |
[INFO] [stdout]     = note: this error originates in the attribute macro `typekin::integral` (in Nightly builds, run with -Z macro-backtrace for more info)
[INFO] [stdout] 
[INFO] [stdout] 
[INFO] [stdout] error: `core::num::<impl u16>::funnel_shr` is not yet stable as a const fn
[INFO] [stdout]    --> tests/integral.rs:135:5
[INFO] [stdout]     |
[INFO] [stdout] 135 | /     #[typekin::integral(
[INFO] [stdout] 136 | |         konst = true,
[INFO] [stdout] 137 | |         friends = [self(u16) -> [Math, Rel]],
[INFO] [stdout] 138 | |         get_raw = Self::value
[INFO] [stdout] 139 | |     )]
[INFO] [stdout]     | |______^
[INFO] [stdout]     |
[INFO] [stdout]     = note: this error originates in the attribute macro `typekin::integral` (in Nightly builds, run with -Z macro-backtrace for more info)
[INFO] [stdout] 
[INFO] [stdout] 
[INFO] [stdout] error: `core::num::<impl u128>::funnel_shl` is not yet stable as a const fn
[INFO] [stdout]    --> tests/integral.rs:144:5
[INFO] [stdout]     |
[INFO] [stdout] 144 |     #[typekin::integral(konst = true)]
[INFO] [stdout]     |     ^^^^^^^^^^^^^^^^^^^^^^^^^^^^^^^^^^
[INFO] [stdout]     |
[INFO] [stdout]     = note: this error originates in the attribute macro `typekin::integral` (in Nightly builds, run with -Z macro-backtrace for more info)
[INFO] [stdout] 
[INFO] [stdout] 
[INFO] [stdout] error: `core::num::<impl u128>::funnel_shr` is not yet stable as a const fn
[INFO] [stdout]    --> tests/integral.rs:144:5
[INFO] [stdout]     |
[INFO] [stdout] 144 |     #[typekin::integral(konst = true)]
[INFO] [stdout]     |     ^^^^^^^^^^^^^^^^^^^^^^^^^^^^^^^^^^
[INFO] [stdout]     |
[INFO] [stdout]     = note: this error originates in the attribute macro `typekin::integral` (in Nightly builds, run with -Z macro-backtrace for more info)
[INFO] [stdout] 
[INFO] [stdout] 
[INFO] [stdout] error: `core::num::<impl u8>::funnel_shl` is not yet stable as a const fn
[INFO] [stdout]    --> tests/integral.rs:149:5
[INFO] [stdout]     |
[INFO] [stdout] 149 | /     #[typekin::integral(
[INFO] [stdout] 150 | |         konst = true,
[INFO] [stdout] 151 | |         friends = self(u8) -> [Math, Trust],
[INFO] [stdout] 152 | |         valid = is_even,
[INFO] [stdout] 153 | |         in = 2..=10,
[INFO] [stdout] 154 | |     )]
[INFO] [stdout]     | |______^
[INFO] [stdout]     |
[INFO] [stdout]     = note: this error originates in the attribute macro `typekin::integral` (in Nightly builds, run with -Z macro-backtrace for more info)
[INFO] [stdout] 
[INFO] [stdout] 
[INFO] [stdout] error: `core::num::<impl u8>::funnel_shr` is not yet stable as a const fn
[INFO] [stdout]    --> tests/integral.rs:149:5
[INFO] [stdout]     |
[INFO] [stdout] 149 | /     #[typekin::integral(
[INFO] [stdout] 150 | |         konst = true,
[INFO] [stdout] 151 | |         friends = self(u8) -> [Math, Trust],
[INFO] [stdout] 152 | |         valid = is_even,
[INFO] [stdout] 153 | |         in = 2..=10,
[INFO] [stdout] 154 | |     )]
[INFO] [stdout]     | |______^
[INFO] [stdout]     |
[INFO] [stdout]     = note: this error originates in the attribute macro `typekin::integral` (in Nightly builds, run with -Z macro-backtrace for more info)
[INFO] [stdout] 
[INFO] [stdout] 
[INFO] [stdout] Some errors have detailed explanations: E0554, E0658.
[INFO] [stdout] 
[INFO] [stdout] For more information about an error, try `rustc --explain E0554`.
[INFO] [stdout] 
[INFO] [stderr] error: could not compile `typekin` (test "bitflag") due to 14 previous errors
[INFO] [stdout] Some errors have detailed explanations: E0554, E0658.
[INFO] [stdout] 
[INFO] [stdout] For more information about an error, try `rustc --explain E0554`.
[INFO] [stdout] 
[INFO] [stderr] error: could not compile `typekin` (test "integral") due to 36 previous errors
[INFO] running `Command { std: "docker" "inspect" "d844192c15ea52396e10c40af0ef685c2b37fb0b6ff27849053747e6258eb7db", kill_on_drop: false }`
[INFO] running `Command { std: "docker" "rm" "-f" "d844192c15ea52396e10c40af0ef685c2b37fb0b6ff27849053747e6258eb7db", kill_on_drop: false }`
[INFO] [stdout] d844192c15ea52396e10c40af0ef685c2b37fb0b6ff27849053747e6258eb7db
