[INFO] fetching crate typedb-driver 3.13.6...
[INFO] testing typedb-driver-3.13.6 against 1.100.0-beta.1+cargoflags=--release for beta-release-1.100-2
[INFO] extracting crate typedb-driver 3.13.6 into /workspace/builds/worker-6-tc2/source
[INFO] started tweaking crates.io crate typedb-driver 3.13.6
[INFO] finished tweaking crates.io crate typedb-driver 3.13.6
[INFO] tweaked toml for crates.io crate typedb-driver 3.13.6 written to /workspace/builds/worker-6-tc2/source/Cargo.toml
[INFO] validating manifest of crates.io crate typedb-driver 3.13.6 on toolchain 1.100.0-beta.1
[INFO] running `Command { std: CARGO_HOME="/workspace/cargo-home" RUSTUP_HOME="/workspace/rustup-home" "/workspace/cargo-home/bin/cargo" "+1.100.0-beta.1" "metadata" "--manifest-path" "Cargo.toml" "--no-deps", kill_on_drop: false }`
[INFO] running `Command { std: CARGO_HOME="/workspace/cargo-home" RUSTUP_HOME="/workspace/rustup-home" "/workspace/cargo-home/bin/cargo" "+1.100.0-beta.1" "generate-lockfile" "--manifest-path" "Cargo.toml", kill_on_drop: false }`
[INFO] [stderr]     Updating crates.io index
[INFO] [stderr]     Blocking waiting for file lock on package cache
[INFO] [stderr]      Locking 176 packages to highest Rust 1.100.0-beta.1 compatible versions
[INFO] [stderr]       Adding chrono-tz v0.9.0 (available: v0.10.4)
[INFO] [stderr]       Adding itertools v0.14.0 (available: v0.15.0)
[INFO] [stderr]       Adding prost v0.13.5 (available: v0.14.4)
[INFO] [stderr]       Adding tonic v0.12.3 (available: v0.14.6)
[INFO] [stderr]       Adding tonic-types v0.12.3 (available: v0.14.6)
[INFO] running `Command { std: CARGO_HOME="/workspace/cargo-home" RUSTUP_HOME="/workspace/rustup-home" "/workspace/cargo-home/bin/cargo" "+1.100.0-beta.1" "fetch" "--manifest-path" "Cargo.toml", kill_on_drop: false }`
[INFO] [stderr] warning: Cargo.toml: unused manifest key: package.licenseFile
[INFO] [stderr] warning: `package.homepage` is redundant with `package.repository`
[INFO] [stderr]   --> Cargo.toml:70:12
[INFO] [stderr]    |
[INFO] [stderr] 70 | homepage = "https://github.com/typedb/typedb-driver"
[INFO] [stderr]    |            ^^^^^^^^^^^^^^^^^^^^^^^^^^^^^^^^^^^^^^^^^
[INFO] [stderr] ...
[INFO] [stderr] 75 | repository = "https://github.com/typedb/typedb-driver"
[INFO] [stderr]    |              -----------------------------------------
[INFO] [stderr]    |
[INFO] [stderr]    = note: `cargo::redundant_homepage` is set to `warn` by default
[INFO] [stderr] help: consider removing `package.homepage`
[INFO] [stderr] warning: `typedb-driver` (manifest) generated 2 warnings
[INFO] [stderr]     Blocking waiting for file lock on package cache
[INFO] [stderr]     Blocking waiting for file lock on package cache
[INFO] running `Command { std: "docker" "create" "-v" "/var/lib/crater-agent-workspace/builds/worker-6-tc2/source:/opt/rustwide/workdir:ro,Z" "-v" "/var/lib/crater-agent-workspace/builds/worker-6-tc2/target:/opt/rustwide/target:rw,Z" "-v" "/var/lib/crater-agent-workspace/cargo-home:/opt/rustwide/cargo-home:ro,Z" "-v" "/var/lib/crater-agent-workspace/rustup-home:/opt/rustwide/rustup-home:ro,Z" "-m" "1610612736" "--network" "none" "ghcr.io/rust-lang/crates-build-env/linux@sha256:77db811e55d90add9212f6832c23229e3de5f1c1f9905e8cb07319ea15df73ac" "sleep" "infinity", kill_on_drop: false }`
[INFO] [stderr] Error response from daemon: failed to create prepare snapshot dir: failed to create temp dir: mkdir /var/lib/containerd/io.containerd.snapshotter.v1.overlayfs/snapshots/new-116709864: no space left on device
[INFO] testing typedb-driver-3.13.6 against 1.100.0-beta.1+cargoflags=--release for beta-release-1.100-2
[INFO] extracting crate typedb-driver 3.13.6 into /workspace/builds/worker-6-tc2/source
[INFO] started tweaking crates.io crate typedb-driver 3.13.6
[INFO] finished tweaking crates.io crate typedb-driver 3.13.6
[INFO] tweaked toml for crates.io crate typedb-driver 3.13.6 written to /workspace/builds/worker-6-tc2/source/Cargo.toml
[INFO] validating manifest of crates.io crate typedb-driver 3.13.6 on toolchain 1.100.0-beta.1
[INFO] running `Command { std: CARGO_HOME="/workspace/cargo-home" RUSTUP_HOME="/workspace/rustup-home" "/workspace/cargo-home/bin/cargo" "+1.100.0-beta.1" "metadata" "--manifest-path" "Cargo.toml" "--no-deps", kill_on_drop: false }`
[INFO] running `Command { std: CARGO_HOME="/workspace/cargo-home" RUSTUP_HOME="/workspace/rustup-home" "/workspace/cargo-home/bin/cargo" "+1.100.0-beta.1" "generate-lockfile" "--manifest-path" "Cargo.toml", kill_on_drop: false }`
[INFO] [stderr]     Blocking waiting for file lock on package cache
[INFO] [stderr]     Updating crates.io index
[INFO] [stderr]     Blocking waiting for file lock on package cache
[INFO] [stderr]      Locking 176 packages to highest Rust 1.100.0-beta.1 compatible versions
[INFO] [stderr]       Adding chrono-tz v0.9.0 (available: v0.10.4)
[INFO] [stderr]       Adding itertools v0.14.0 (available: v0.15.0)
[INFO] [stderr]       Adding prost v0.13.5 (available: v0.14.4)
[INFO] [stderr]       Adding tonic v0.12.3 (available: v0.14.6)
[INFO] [stderr]       Adding tonic-types v0.12.3 (available: v0.14.6)
[INFO] running `Command { std: CARGO_HOME="/workspace/cargo-home" RUSTUP_HOME="/workspace/rustup-home" "/workspace/cargo-home/bin/cargo" "+1.100.0-beta.1" "fetch" "--manifest-path" "Cargo.toml", kill_on_drop: false }`
[INFO] [stderr] warning: Cargo.toml: unused manifest key: package.licenseFile
[INFO] [stderr] warning: `package.homepage` is redundant with `package.repository`
[INFO] [stderr]   --> Cargo.toml:70:12
[INFO] [stderr]    |
[INFO] [stderr] 70 | homepage = "https://github.com/typedb/typedb-driver"
[INFO] [stderr]    |            ^^^^^^^^^^^^^^^^^^^^^^^^^^^^^^^^^^^^^^^^^
[INFO] [stderr] ...
[INFO] [stderr] 75 | repository = "https://github.com/typedb/typedb-driver"
[INFO] [stderr]    |              -----------------------------------------
[INFO] [stderr]    |
[INFO] [stderr]    = note: `cargo::redundant_homepage` is set to `warn` by default
[INFO] [stderr] help: consider removing `package.homepage`
[INFO] [stderr] warning: `typedb-driver` (manifest) generated 2 warnings
[INFO] [stderr]     Blocking waiting for file lock on package cache
[INFO] [stderr]     Blocking waiting for file lock on package cache
[INFO] running `Command { std: "docker" "create" "-v" "/var/lib/crater-agent-workspace/builds/worker-6-tc2/source:/opt/rustwide/workdir:ro,Z" "-v" "/var/lib/crater-agent-workspace/builds/worker-6-tc2/target:/opt/rustwide/target:rw,Z" "-v" "/var/lib/crater-agent-workspace/cargo-home:/opt/rustwide/cargo-home:ro,Z" "-v" "/var/lib/crater-agent-workspace/rustup-home:/opt/rustwide/rustup-home:ro,Z" "-m" "1610612736" "--network" "none" "ghcr.io/rust-lang/crates-build-env/linux@sha256:77db811e55d90add9212f6832c23229e3de5f1c1f9905e8cb07319ea15df73ac" "sleep" "infinity", kill_on_drop: false }`
[INFO] [stdout] 3be0fcdffd8cb63a921de6a3ac11c0e8ce6a6810d5bb76f90b524fe6e120bc5a
[INFO] running `Command { std: "docker" "start" "3be0fcdffd8cb63a921de6a3ac11c0e8ce6a6810d5bb76f90b524fe6e120bc5a", kill_on_drop: false }`
[INFO] running `Command { std: "docker" "inspect" "3be0fcdffd8cb63a921de6a3ac11c0e8ce6a6810d5bb76f90b524fe6e120bc5a", kill_on_drop: false }`
[INFO] running `Command { std: "docker" "exec" "-e" "SOURCE_DIR=/opt/rustwide/workdir" "-e" "CARGO_HOME=/opt/rustwide/cargo-home" "-e" "RUSTUP_HOME=/opt/rustwide/rustup-home" "-e" "CARGO_TARGET_DIR=/opt/rustwide/target" "-w" "/opt/rustwide/workdir" "--user" "0:0" "3be0fcdffd8cb63a921de6a3ac11c0e8ce6a6810d5bb76f90b524fe6e120bc5a" "/opt/rustwide/cargo-home/bin/cargo" "+1.100.0-beta.1" "metadata" "--no-deps" "--format-version=1", kill_on_drop: false }`
[INFO] running `Command { std: "docker" "inspect" "3be0fcdffd8cb63a921de6a3ac11c0e8ce6a6810d5bb76f90b524fe6e120bc5a", kill_on_drop: false }`
[INFO] running `Command { std: "docker" "exec" "-e" "SOURCE_DIR=/opt/rustwide/workdir" "-e" "CARGO_HOME=/opt/rustwide/cargo-home" "-e" "RUSTUP_HOME=/opt/rustwide/rustup-home" "-e" "CARGO_TARGET_DIR=/opt/rustwide/target" "-e" "CARGO_INCREMENTAL=0" "-e" "RUST_BACKTRACE=full" "-e" "RUSTFLAGS=--cap-lints=warn" "-e" "RUSTDOCFLAGS=--cap-lints=warn" "-w" "/opt/rustwide/workdir" "--user" "0:0" "3be0fcdffd8cb63a921de6a3ac11c0e8ce6a6810d5bb76f90b524fe6e120bc5a" "/opt/rustwide/cargo-home/bin/cargo" "+1.100.0-beta.1" "build" "--frozen" "--message-format=json" "--release", kill_on_drop: false }`
[INFO] [stderr] warning: Cargo.toml: unused manifest key: package.licenseFile
[INFO] [stderr] warning: `package.homepage` is redundant with `package.repository`
[INFO] [stderr]   --> Cargo.toml:70:12
[INFO] [stderr]    |
[INFO] [stderr] 70 | homepage = "https://github.com/typedb/typedb-driver"
[INFO] [stderr]    |            ^^^^^^^^^^^^^^^^^^^^^^^^^^^^^^^^^^^^^^^^^
[INFO] [stderr] ...
[INFO] [stderr] 75 | repository = "https://github.com/typedb/typedb-driver"
[INFO] [stderr]    |              -----------------------------------------
[INFO] [stderr]    |
[INFO] [stderr]    = note: `cargo::redundant_homepage` is set to `warn` by default
[INFO] [stderr] help: consider removing `package.homepage`
[INFO] [stderr] warning: `typedb-driver` (manifest) generated 2 warnings
[INFO] [stderr]    Compiling libc v0.2.191
[INFO] [stderr]    Compiling futures-core v0.3.34
[INFO] [stderr]    Compiling futures-sink v0.3.34
[INFO] [stderr]    Compiling futures-io v0.3.34
[INFO] [stderr]    Compiling uncased v0.9.10
[INFO] [stderr]    Compiling futures-task v0.3.34
[INFO] [stderr]    Compiling http v1.5.0
[INFO] [stderr]    Compiling find-msvc-tools v0.1.14
[INFO] [stderr]    Compiling zeroize v1.9.1
[INFO] [stderr]    Compiling equivalent v1.0.3
[INFO] [stderr]    Compiling zerocopy v0.8.63
[INFO] [stderr]    Compiling syn v3.0.9
[INFO] [stderr]    Compiling syn v2.0.119
[INFO] [stderr]    Compiling anyhow v1.0.104
[INFO] [stderr]    Compiling log v0.4.34
[INFO] [stderr]    Compiling serde_core v1.0.229
[INFO] [stderr]    Compiling indexmap v2.14.2
[INFO] [stderr]    Compiling either v1.19.0
[INFO] [stderr]    Compiling futures-channel v0.3.34
[INFO] [stderr]    Compiling regex-syntax v0.8.11
[INFO] [stderr]    Compiling rustls-pki-types v1.15.1
[INFO] [stderr]    Compiling cc v1.8.0
[INFO] [stderr]    Compiling rand_core v0.6.4
[INFO] [stderr]    Compiling smallvec v1.16.3
[INFO] [stderr]    Compiling want v0.3.2
[INFO] [stderr]    Compiling itertools v0.14.0
[INFO] [stderr]    Compiling phf_shared v0.11.3
[INFO] [stderr]    Compiling rand v0.8.8
[INFO] [stderr]    Compiling indexmap v1.9.3
[INFO] [stderr]    Compiling serde v1.0.229
[INFO] [stderr]    Compiling rustls v0.23.46
[INFO] [stderr]    Compiling hashbrown v0.12.3
[INFO] [stderr]    Compiling phf v0.11.3
[INFO] [stderr]    Compiling num-traits v0.2.19
[INFO] [stderr]    Compiling getrandom v0.4.3
[INFO] [stderr]    Compiling rand_core v0.10.1
[INFO] [stderr]    Compiling matchit v0.7.3
[INFO] [stderr]    Compiling rustls-pemfile v2.2.0
[INFO] [stderr]    Compiling rustls-native-certs v0.8.5
[INFO] [stderr]    Compiling phf_generator v0.11.3
[INFO] [stderr]    Compiling cpufeatures v0.3.1
[INFO] [stderr]    Compiling phf_codegen v0.11.3
[INFO] [stderr]    Compiling regex-automata v0.4.18
[INFO] [stderr]    Compiling chacha20 v0.10.2
[INFO] [stderr]    Compiling sharded-slab v0.1.7
[INFO] [stderr]    Compiling crossbeam-queue v0.3.14
[INFO] [stderr]    Compiling tracing-log v0.2.0
[INFO] [stderr]    Compiling thread_local v1.1.10
[INFO] [stderr]    Compiling http-body v1.1.0
[INFO] [stderr]    Compiling crossbeam v0.8.5
[INFO] [stderr]    Compiling errno v0.3.14
[INFO] [stderr]    Compiling socket2 v0.6.5
[INFO] [stderr]    Compiling signal-hook-registry v1.4.8
[INFO] [stderr]    Compiling mio v1.2.4
[INFO] [stderr]    Compiling getrandom v0.2.17
[INFO] [stderr]    Compiling ring v0.17.14
[INFO] [stderr]    Compiling http-body-util v0.1.5
[INFO] [stderr]    Compiling socket2 v0.5.10
[INFO] [stderr]    Compiling chrono v0.4.45
[INFO] [stderr]    Compiling rand v0.10.3
[INFO] [stderr]    Compiling uuid v1.28.0
[INFO] [stderr]    Compiling regex v1.13.1
[INFO] [stderr]    Compiling tokio-macros v2.7.2
[INFO] [stderr]    Compiling futures-macro v0.3.34
[INFO] [stderr]    Compiling async-trait v0.1.92
[INFO] [stderr]    Compiling tokio v1.53.3
[INFO] [stderr]    Compiling parse-zoneinfo v0.3.1
[INFO] [stderr]    Compiling matchers v0.2.0
[INFO] [stderr]    Compiling futures-util v0.3.34
[INFO] [stderr]    Compiling chrono-tz-build v0.3.0
[INFO] [stderr]    Compiling chrono-tz v0.9.0
[INFO] [stderr]    Compiling tracing-attributes v0.1.31
[INFO] [stderr]    Compiling pin-project-internal v1.1.13
[INFO] [stderr]    Compiling prost-derive v0.13.5
[INFO] [stderr]    Compiling async-stream-impl v0.3.6
[INFO] [stderr]    Compiling maybe-async v0.2.11
[INFO] [stderr]    Compiling ppv-lite86 v0.2.21
[INFO] [stderr]    Compiling async-stream v0.3.6
[INFO] [stderr]    Compiling rand_chacha v0.3.1
[INFO] [stderr]    Compiling tracing v0.1.44
[INFO] [stderr]    Compiling pin-project v1.1.13
[INFO] [stderr]    Compiling tracing-subscriber v0.3.23
[INFO] [stderr]    Compiling prost v0.13.5
[INFO] [stderr]    Compiling prost-types v0.13.5
[INFO] [stderr]    Compiling tower v0.5.3
[INFO] [stderr]    Compiling axum-core v0.4.5
[INFO] [stderr]    Compiling futures-executor v0.3.34
[INFO] [stderr]    Compiling futures v0.3.34
[INFO] [stderr]    Compiling tokio-util v0.7.20
[INFO] [stderr]    Compiling tokio-stream v0.1.19
[INFO] [stderr]    Compiling axum v0.7.9
[INFO] [stderr]    Compiling h2 v0.4.20
[INFO] [stderr]    Compiling tower v0.4.13
[INFO] [stderr]    Compiling hyper v1.12.0
[INFO] [stderr]    Compiling rustls-webpki v0.103.15
[INFO] [stderr]    Compiling hyper-util v0.1.21
[INFO] [stderr]    Compiling hyper-timeout v0.5.2
[INFO] [stderr]    Compiling tokio-rustls v0.26.6
[INFO] [stderr]    Compiling tonic v0.12.3
[INFO] [stderr]    Compiling typedb-protocol v3.13.4
[INFO] [stderr]    Compiling tonic-types v0.12.3
[INFO] [stderr]    Compiling typedb-driver v3.13.6 (/opt/rustwide/workdir)
[INFO] [stdout] warning: unused import: `num::ParseIntError`
[INFO] [stdout]   --> src/common/error.rs:20:42
[INFO] [stdout]    |
[INFO] [stdout] 20 | use std::{error::Error as StdError, fmt, num::ParseIntError, time::Duration};
[INFO] [stdout]    |                                          ^^^^^^^^^^^^^^^^^^
[INFO] [stdout]    |
[INFO] [stdout]    = note: `#[warn(unused_imports)]` (part of `#[warn(unused)]`) on by default
[INFO] [stdout] 
[INFO] [stdout] 
[INFO] [stdout] warning: unused import: `Date`
[INFO] [stdout]   --> src/connection/network/proto/concept.rs:22:14
[INFO] [stdout]    |
[INFO] [stdout] 22 | use chrono::{Date, DateTime, Datelike, FixedOffset, NaiveDate, NaiveDateTime, TimeZone as ChronoTimeZone, Timelike};
[INFO] [stdout]    |              ^^^^
[INFO] [stdout] 
[INFO] [stdout] 
[INFO] [stdout] warning: unused import: `value`
[INFO] [stdout]   --> src/connection/network/proto/concept.rs:44:9
[INFO] [stdout]    |
[INFO] [stdout] 44 |         value,
[INFO] [stdout]    |         ^^^^^
[INFO] [stdout] 
[INFO] [stdout] 
[INFO] [stdout] warning: unused import: `GivenRow`
[INFO] [stdout]   --> src/connection/network/proto/message.rs:41:13
[INFO] [stdout]    |
[INFO] [stdout] 41 |     given::{GivenRow, GivenRowEntry, GivenRows},
[INFO] [stdout]    |             ^^^^^^^^
[INFO] [stdout] 
[INFO] [stdout] 
[INFO] [stdout] warning: use of deprecated struct `chrono::Date`: Use `NaiveDate` or `DateTime<Tz>` instead
[INFO] [stdout]   --> src/connection/network/proto/concept.rs:22:14
[INFO] [stdout]    |
[INFO] [stdout] 22 | use chrono::{Date, DateTime, Datelike, FixedOffset, NaiveDate, NaiveDateTime, TimeZone as ChronoTimeZone, Timelike};
[INFO] [stdout]    |              ^^^^
[INFO] [stdout]    |
[INFO] [stdout]    = note: `#[warn(deprecated)]` on by default
[INFO] [stdout] 
[INFO] [stdout] 
[INFO] [stdout] warning: unused import: `futures::TryStreamExt`
[INFO] [stdout]   --> src/connection/network/transmitter/transaction.rs:32:5
[INFO] [stdout]    |
[INFO] [stdout] 32 | use futures::TryStreamExt;
[INFO] [stdout]    |     ^^^^^^^^^^^^^^^^^^^^^
[INFO] [stdout] 
[INFO] [stdout] 
[INFO] [stdout] warning: method `exclude_addresses` is never used
[INFO] [stdout]    --> src/common/address/addresses.rs:175:19
[INFO] [stdout]     |
[INFO] [stdout]  37 | impl Addresses {
[INFO] [stdout]     | -------------- method in this implementation
[INFO] [stdout] ...
[INFO] [stdout] 175 |     pub(crate) fn exclude_addresses(&mut self, excluded_addresses: &Addresses) {
[INFO] [stdout]     |                   ^^^^^^^^^^^^^^^^^
[INFO] [stdout]     |
[INFO] [stdout]     = note: `#[warn(dead_code)]` (part of `#[warn(unused)]`) on by default
[INFO] [stdout] 
[INFO] [stdout] 
[INFO] [stdout] warning: variant `ServersGet` is never constructed
[INFO] [stdout]   --> src/connection/message.rs:48:5
[INFO] [stdout]    |
[INFO] [stdout] 44 | pub(super) enum Request {
[INFO] [stdout]    |                 ------- variant in this enum
[INFO] [stdout] ...
[INFO] [stdout] 48 |     ServersGet,
[INFO] [stdout]    |     ^^^^^^^^^^
[INFO] [stdout]    |
[INFO] [stdout]    = note: `Request` has a derived impl for the trait `Debug`, but this is intentionally ignored during dead code analysis
[INFO] [stdout] 
[INFO] [stdout] 
[INFO] [stdout] warning: field `server` is never read
[INFO] [stdout]   --> src/connection/message.rs:84:9
[INFO] [stdout]    |
[INFO] [stdout] 83 |     ServersGet {
[INFO] [stdout]    |     ---------- field in this variant
[INFO] [stdout] 84 |         server: Server,
[INFO] [stdout]    |         ^^^^^^
[INFO] [stdout]    |
[INFO] [stdout]    = note: `Response` has a derived impl for the trait `Debug`, but this is intentionally ignored during dead code analysis
[INFO] [stdout] 
[INFO] [stdout] 
[INFO] [stdout] warning: field `database` is never read
[INFO] [stdout]   --> src/connection/message.rs:94:9
[INFO] [stdout]    |
[INFO] [stdout] 93 |     DatabaseCreate {
[INFO] [stdout]    |     -------------- field in this variant
[INFO] [stdout] 94 |         database: DatabaseInfo,
[INFO] [stdout]    |         ^^^^^^^^
[INFO] [stdout]    |
[INFO] [stdout]    = note: `Response` has a derived impl for the trait `Debug`, but this is intentionally ignored during dead code analysis
[INFO] [stdout] 
[INFO] [stdout] 
[INFO] [stdout] warning: field `open_request_id` is never read
[INFO] [stdout]    --> src/connection/message.rs:119:9
[INFO] [stdout]     |
[INFO] [stdout] 118 |     TransactionStream {
[INFO] [stdout]     |     ----------------- field in this variant
[INFO] [stdout] 119 |         open_request_id: RequestID,
[INFO] [stdout]     |         ^^^^^^^^^^^^^^^
[INFO] [stdout]     |
[INFO] [stdout]     = note: `Response` has a derived impl for the trait `Debug`, but this is intentionally ignored during dead code analysis
[INFO] [stdout] 
[INFO] [stdout] 
[INFO] [stdout] warning: function `oneshot_blocking` is never used
[INFO] [stdout]   --> src/connection/network/transmitter/mod.rs:36:4
[INFO] [stdout]    |
[INFO] [stdout] 36 | fn oneshot_blocking<T>() -> (SyncSender<T>, SyncReceiver<T>) {
[INFO] [stdout]    |    ^^^^^^^^^^^^^^^^
[INFO] [stdout] 
[INFO] [stdout] 
[INFO] [stdout] warning: variant `BlockingOneShot` is never constructed
[INFO] [stdout]   --> src/connection/network/transmitter/response_sink.rs:38:5
[INFO] [stdout]    |
[INFO] [stdout] 35 | pub(super) enum ResponseSink<T> {
[INFO] [stdout]    |                 ------------ variant in this enum
[INFO] [stdout] ...
[INFO] [stdout] 38 |     BlockingOneShot(SyncOneshotSender<Result<T>>),
[INFO] [stdout]    |     ^^^^^^^^^^^^^^^
[INFO] [stdout]    |
[INFO] [stdout]    = note: `ResponseSink` has a derived impl for the trait `Debug`, but this is intentionally ignored during dead code analysis
[INFO] [stdout] 
[INFO] [stdout] 
[INFO] [stdout] warning: method `request_blocking` is never used
[INFO] [stdout]   --> src/connection/network/transmitter/rpc.rs:86:34
[INFO] [stdout]    |
[INFO] [stdout] 50 | impl RPCTransmitter {
[INFO] [stdout]    | ------------------- method in this implementation
[INFO] [stdout] ...
[INFO] [stdout] 86 |     pub(in crate::connection) fn request_blocking(&self, request: Request) -> Result<Response> {
[INFO] [stdout]    |                                  ^^^^^^^^^^^^^^^^
[INFO] [stdout] 
[INFO] [stdout] 
[INFO] [stdout] warning: method `translated` is never used
[INFO] [stdout]    --> src/connection/server/mod.rs:127:19
[INFO] [stdout]     |
[INFO] [stdout] 116 | impl AvailableServer {
[INFO] [stdout]     | -------------------- method in this implementation
[INFO] [stdout] ...
[INFO] [stdout] 127 |     pub(crate) fn translated(mut self, address_translation: &AddressTranslation) -> Self {
[INFO] [stdout]     |                   ^^^^^^^^^^
[INFO] [stdout] 
[INFO] [stdout] 
[INFO] [stdout] warning: methods `servers_get` and `request_blocking` are never used
[INFO] [stdout]    --> src/connection/server/server_connection.rs:137:25
[INFO] [stdout]     |
[INFO] [stdout]  60 | impl ServerConnection {
[INFO] [stdout]     | --------------------- methods in this implementation
[INFO] [stdout] ...
[INFO] [stdout] 137 |     pub(crate) async fn servers_get(&self) -> Result<Server> {
[INFO] [stdout]     |                         ^^^^^^^^^^^
[INFO] [stdout] ...
[INFO] [stdout] 342 |     fn request_blocking(&self, request: Request) -> Result<Response> {
[INFO] [stdout]     |        ^^^^^^^^^^^^^^^^
[INFO] [stdout] 
[INFO] [stdout] 
[INFO] [stdout] warning: method `refresh_replicas` is never used
[INFO] [stdout]    --> src/connection/server/server_manager.rs:480:14
[INFO] [stdout]     |
[INFO] [stdout]  70 | impl ServerManager {
[INFO] [stdout]     | ------------------ method in this implementation
[INFO] [stdout] ...
[INFO] [stdout] 480 |     async fn refresh_replicas(&self) -> Result {
[INFO] [stdout]     |              ^^^^^^^^^^^^^^^^
[INFO] [stdout] 
[INFO] [stdout] 
[INFO] [stdout] warning: associated function `get` is never used
[INFO] [stdout]   --> src/database/database.rs:49:25
[INFO] [stdout]    |
[INFO] [stdout] 43 | impl Database {
[INFO] [stdout]    | ------------- associated function in this implementation
[INFO] [stdout] ...
[INFO] [stdout] 49 |     pub(super) async fn get(name: String, server_manager: Arc<ServerManager>) -> Result<Self> {
[INFO] [stdout]    |                         ^^^
[INFO] [stdout] 
[INFO] [stdout] 
[INFO] [stderr] warning: unused dependency `maybe-async`
[INFO] [stderr]   --> Cargo.toml:21:15
[INFO] [stderr]    |
[INFO] [stderr] 21 | [dependencies.maybe-async]
[INFO] [stderr]    |               ^^^^^^^^^^^^
[INFO] [stderr]    |
[INFO] [stderr]    = note: `cargo::unused_dependencies` is set to `warn` by default
[INFO] [stderr] help: consider removing the dependency on `maybe-async`
[INFO] [stderr] warning: unused dependency `tracing-subscriber`
[INFO] [stderr]   --> Cargo.toml:48:15
[INFO] [stderr]    |
[INFO] [stderr] 48 | [dependencies.tracing-subscriber]
[INFO] [stderr]    |               ^^^^^^^^^^^^^^^^^^^
[INFO] [stderr]    |
[INFO] [stderr] help: consider removing the dependency on `tracing-subscriber`
[INFO] [stderr] warning: `typedb-driver` (manifest) generated 2 warnings
[INFO] [stderr]     Finished `release` profile [optimized] target(s) in 2m 02s
[INFO] running `Command { std: "docker" "inspect" "3be0fcdffd8cb63a921de6a3ac11c0e8ce6a6810d5bb76f90b524fe6e120bc5a", kill_on_drop: false }`
[INFO] running `Command { std: "docker" "exec" "-e" "SOURCE_DIR=/opt/rustwide/workdir" "-e" "CARGO_HOME=/opt/rustwide/cargo-home" "-e" "RUSTUP_HOME=/opt/rustwide/rustup-home" "-e" "CARGO_TARGET_DIR=/opt/rustwide/target" "-e" "CARGO_INCREMENTAL=0" "-e" "RUST_BACKTRACE=full" "-e" "RUSTFLAGS=--cap-lints=warn" "-e" "RUSTDOCFLAGS=--cap-lints=warn" "-w" "/opt/rustwide/workdir" "--user" "0:0" "3be0fcdffd8cb63a921de6a3ac11c0e8ce6a6810d5bb76f90b524fe6e120bc5a" "/opt/rustwide/cargo-home/bin/cargo" "+1.100.0-beta.1" "test" "--frozen" "--no-run" "--message-format=json" "--release", kill_on_drop: false }`
[INFO] [stderr] warning: Cargo.toml: unused manifest key: package.licenseFile
[INFO] [stderr] warning: `package.homepage` is redundant with `package.repository`
[INFO] [stderr]   --> Cargo.toml:70:12
[INFO] [stderr]    |
[INFO] [stderr] 70 | homepage = "https://github.com/typedb/typedb-driver"
[INFO] [stderr]    |            ^^^^^^^^^^^^^^^^^^^^^^^^^^^^^^^^^^^^^^^^^
[INFO] [stderr] ...
[INFO] [stderr] 75 | repository = "https://github.com/typedb/typedb-driver"
[INFO] [stderr]    |              -----------------------------------------
[INFO] [stderr]    |
[INFO] [stderr]    = note: `cargo::redundant_homepage` is set to `warn` by default
[INFO] [stderr] help: consider removing `package.homepage`
[INFO] [stderr] warning: `typedb-driver` (manifest) generated 2 warnings
[INFO] [stdout] warning: unused import: `num::ParseIntError`
[INFO] [stdout]   --> src/common/error.rs:20:42
[INFO] [stdout]    |
[INFO] [stdout] 20 | use std::{error::Error as StdError, fmt, num::ParseIntError, time::Duration};
[INFO] [stdout]    |                                          ^^^^^^^^^^^^^^^^^^
[INFO] [stdout]    |
[INFO] [stdout]    = note: `#[warn(unused_imports)]` (part of `#[warn(unused)]`) on by default
[INFO] [stdout] 
[INFO] [stdout] 
[INFO] [stdout] warning: unused import: `Date`
[INFO] [stdout]   --> src/connection/network/proto/concept.rs:22:14
[INFO] [stdout]    |
[INFO] [stdout] 22 | use chrono::{Date, DateTime, Datelike, FixedOffset, NaiveDate, NaiveDateTime, TimeZone as ChronoTimeZone, Timelike};
[INFO] [stdout]    |              ^^^^
[INFO] [stdout] 
[INFO] [stdout] 
[INFO] [stdout] warning: unused import: `value`
[INFO] [stdout]   --> src/connection/network/proto/concept.rs:44:9
[INFO] [stdout]    |
[INFO] [stdout] 44 |         value,
[INFO] [stdout]    |         ^^^^^
[INFO] [stdout] 
[INFO] [stdout] 
[INFO] [stdout] warning: unused import: `GivenRow`
[INFO] [stdout]   --> src/connection/network/proto/message.rs:41:13
[INFO] [stdout]    |
[INFO] [stdout] 41 |     given::{GivenRow, GivenRowEntry, GivenRows},
[INFO] [stdout]    |             ^^^^^^^^
[INFO] [stdout] 
[INFO] [stdout] 
[INFO] [stdout] warning: use of deprecated struct `chrono::Date`: Use `NaiveDate` or `DateTime<Tz>` instead
[INFO] [stdout]   --> src/connection/network/proto/concept.rs:22:14
[INFO] [stdout]    |
[INFO] [stdout] 22 | use chrono::{Date, DateTime, Datelike, FixedOffset, NaiveDate, NaiveDateTime, TimeZone as ChronoTimeZone, Timelike};
[INFO] [stdout]    |              ^^^^
[INFO] [stdout]    |
[INFO] [stdout]    = note: `#[warn(deprecated)]` on by default
[INFO] [stdout] 
[INFO] [stdout] 
[INFO] [stdout] warning: unused import: `futures::TryStreamExt`
[INFO] [stdout]   --> src/connection/network/transmitter/transaction.rs:32:5
[INFO] [stdout]    |
[INFO] [stdout] 32 | use futures::TryStreamExt;
[INFO] [stdout]    |     ^^^^^^^^^^^^^^^^^^^^^
[INFO] [stdout] 
[INFO] [stdout] 
[INFO] [stdout] warning: method `exclude_addresses` is never used
[INFO] [stdout]    --> src/common/address/addresses.rs:175:19
[INFO] [stdout]     |
[INFO] [stdout]  37 | impl Addresses {
[INFO] [stdout]     | -------------- method in this implementation
[INFO] [stdout] ...
[INFO] [stdout] 175 |     pub(crate) fn exclude_addresses(&mut self, excluded_addresses: &Addresses) {
[INFO] [stdout]     |                   ^^^^^^^^^^^^^^^^^
[INFO] [stdout]     |
[INFO] [stdout]     = note: `#[warn(dead_code)]` (part of `#[warn(unused)]`) on by default
[INFO] [stdout] 
[INFO] [stdout] 
[INFO] [stdout] warning: variant `ServersGet` is never constructed
[INFO] [stdout]   --> src/connection/message.rs:48:5
[INFO] [stdout]    |
[INFO] [stdout] 44 | pub(super) enum Request {
[INFO] [stdout]    |                 ------- variant in this enum
[INFO] [stdout] ...
[INFO] [stdout] 48 |     ServersGet,
[INFO] [stdout]    |     ^^^^^^^^^^
[INFO] [stdout]    |
[INFO] [stdout]    = note: `Request` has a derived impl for the trait `Debug`, but this is intentionally ignored during dead code analysis
[INFO] [stdout] 
[INFO] [stdout] 
[INFO] [stdout] warning: field `server` is never read
[INFO] [stdout]   --> src/connection/message.rs:84:9
[INFO] [stdout]    |
[INFO] [stdout] 83 |     ServersGet {
[INFO] [stdout]    |     ---------- field in this variant
[INFO] [stdout] 84 |         server: Server,
[INFO] [stdout]    |         ^^^^^^
[INFO] [stdout]    |
[INFO] [stdout]    = note: `Response` has a derived impl for the trait `Debug`, but this is intentionally ignored during dead code analysis
[INFO] [stdout] 
[INFO] [stdout] 
[INFO] [stdout] warning: field `database` is never read
[INFO] [stdout]   --> src/connection/message.rs:94:9
[INFO] [stdout]    |
[INFO] [stdout] 93 |     DatabaseCreate {
[INFO] [stdout]    |     -------------- field in this variant
[INFO] [stdout] 94 |         database: DatabaseInfo,
[INFO] [stdout]    |         ^^^^^^^^
[INFO] [stdout]    |
[INFO] [stdout]    = note: `Response` has a derived impl for the trait `Debug`, but this is intentionally ignored during dead code analysis
[INFO] [stdout] 
[INFO] [stdout] 
[INFO] [stdout] warning: field `open_request_id` is never read
[INFO] [stdout]    --> src/connection/message.rs:119:9
[INFO] [stdout]     |
[INFO] [stdout] 118 |     TransactionStream {
[INFO] [stdout]     |     ----------------- field in this variant
[INFO] [stdout] 119 |         open_request_id: RequestID,
[INFO] [stdout]     |         ^^^^^^^^^^^^^^^
[INFO] [stdout]     |
[INFO] [stdout]     = note: `Response` has a derived impl for the trait `Debug`, but this is intentionally ignored during dead code analysis
[INFO] [stdout] 
[INFO] [stdout] 
[INFO] [stdout] warning: function `oneshot_blocking` is never used
[INFO] [stdout]   --> src/connection/network/transmitter/mod.rs:36:4
[INFO] [stdout]    |
[INFO] [stdout] 36 | fn oneshot_blocking<T>() -> (SyncSender<T>, SyncReceiver<T>) {
[INFO] [stdout]    |    ^^^^^^^^^^^^^^^^
[INFO] [stdout] 
[INFO] [stdout] 
[INFO] [stdout] warning: variant `BlockingOneShot` is never constructed
[INFO] [stdout]   --> src/connection/network/transmitter/response_sink.rs:38:5
[INFO] [stdout]    |
[INFO] [stdout] 35 | pub(super) enum ResponseSink<T> {
[INFO] [stdout]    |                 ------------ variant in this enum
[INFO] [stdout] ...
[INFO] [stdout] 38 |     BlockingOneShot(SyncOneshotSender<Result<T>>),
[INFO] [stdout]    |     ^^^^^^^^^^^^^^^
[INFO] [stdout]    |
[INFO] [stdout]    = note: `ResponseSink` has a derived impl for the trait `Debug`, but this is intentionally ignored during dead code analysis
[INFO] [stdout] 
[INFO] [stdout] 
[INFO] [stdout] warning: method `request_blocking` is never used
[INFO] [stdout]   --> src/connection/network/transmitter/rpc.rs:86:34
[INFO] [stdout]    |
[INFO] [stdout] 50 | impl RPCTransmitter {
[INFO] [stdout]    | ------------------- method in this implementation
[INFO] [stdout] ...
[INFO] [stdout] 86 |     pub(in crate::connection) fn request_blocking(&self, request: Request) -> Result<Response> {
[INFO] [stdout]    |                                  ^^^^^^^^^^^^^^^^
[INFO] [stdout] 
[INFO] [stdout] 
[INFO] [stdout] warning: method `translated` is never used
[INFO] [stdout]    --> src/connection/server/mod.rs:127:19
[INFO] [stdout]     |
[INFO] [stdout] 116 | impl AvailableServer {
[INFO] [stdout]     | -------------------- method in this implementation
[INFO] [stdout] ...
[INFO] [stdout] 127 |     pub(crate) fn translated(mut self, address_translation: &AddressTranslation) -> Self {
[INFO] [stdout]     |                   ^^^^^^^^^^
[INFO] [stdout] 
[INFO] [stdout] 
[INFO] [stdout] warning: methods `servers_get` and `request_blocking` are never used
[INFO] [stdout]    --> src/connection/server/server_connection.rs:137:25
[INFO] [stdout]     |
[INFO] [stdout]  60 | impl ServerConnection {
[INFO] [stdout]     | --------------------- methods in this implementation
[INFO] [stdout] ...
[INFO] [stdout] 137 |     pub(crate) async fn servers_get(&self) -> Result<Server> {
[INFO] [stdout]     |                         ^^^^^^^^^^^
[INFO] [stdout] ...
[INFO] [stdout] 342 |     fn request_blocking(&self, request: Request) -> Result<Response> {
[INFO] [stdout]     |        ^^^^^^^^^^^^^^^^
[INFO] [stdout] 
[INFO] [stdout] 
[INFO] [stdout] warning: method `refresh_replicas` is never used
[INFO] [stdout]    --> src/connection/server/server_manager.rs:480:14
[INFO] [stdout]     |
[INFO] [stdout]  70 | impl ServerManager {
[INFO] [stdout]     | ------------------ method in this implementation
[INFO] [stdout] ...
[INFO] [stdout] 480 |     async fn refresh_replicas(&self) -> Result {
[INFO] [stdout]     |              ^^^^^^^^^^^^^^^^
[INFO] [stdout] 
[INFO] [stdout] 
[INFO] [stdout] warning: associated function `get` is never used
[INFO] [stdout]   --> src/database/database.rs:49:25
[INFO] [stdout]    |
[INFO] [stdout] 43 | impl Database {
[INFO] [stdout]    | ------------- associated function in this implementation
[INFO] [stdout] ...
[INFO] [stdout] 49 |     pub(super) async fn get(name: String, server_manager: Arc<ServerManager>) -> Result<Self> {
[INFO] [stdout]    |                         ^^^
[INFO] [stdout] 
[INFO] [stdout] 
[INFO] [stderr]    Compiling typedb-driver v3.13.6 (/opt/rustwide/workdir)
[INFO] [stdout] error[E0433]: cannot find module or crate `rand` in this scope
[INFO] [stdout]    --> src/answer/json.rs:264:9
[INFO] [stdout]     |
[INFO] [stdout] 264 |     use rand::{
[INFO] [stdout]     |         ^^^^ use of unresolved module or unlinked crate `rand`
[INFO] [stdout]     |
[INFO] [stdout]     = help: if you wanted to use a crate named `rand`, use `cargo add rand` to add it to your `Cargo.toml`
[INFO] [stdout] 
[INFO] [stdout] 
[INFO] [stdout] error[E0432]: unresolved import `rand`
[INFO] [stdout]    --> src/answer/json.rs:264:9
[INFO] [stdout]     |
[INFO] [stdout] 264 |     use rand::{
[INFO] [stdout]     |         ^^^^ use of unresolved module or unlinked crate `rand`
[INFO] [stdout]     |
[INFO] [stdout]     = help: if you wanted to use a crate named `rand`, use `cargo add rand` to add it to your `Cargo.toml`
[INFO] [stdout] 
[INFO] [stdout] 
[INFO] [stdout] error[E0432]: unresolved import `serde_json`
[INFO] [stdout]    --> src/answer/json.rs:269:9
[INFO] [stdout]     |
[INFO] [stdout] 269 |     use serde_json::json;
[INFO] [stdout]     |         ^^^^^^^^^^ use of unresolved module or unlinked crate `serde_json`
[INFO] [stdout]     |
[INFO] [stdout]     = help: if you wanted to use a crate named `serde_json`, use `cargo add serde_json` to add it to your `Cargo.toml`
[INFO] [stdout] 
[INFO] [stdout] 
[INFO] [stdout] error[E0433]: cannot find module or crate `serde_json` in this scope
[INFO] [stdout]    --> src/answer/json.rs:277:32
[INFO] [stdout]     |
[INFO] [stdout] 277 |         let serde_json_value = serde_json::value::Value::String(string.clone());
[INFO] [stdout]     |                                ^^^^^^^^^^ use of unresolved module or unlinked crate `serde_json`
[INFO] [stdout]     |
[INFO] [stdout]     = help: if you wanted to use a crate named `serde_json`, use `cargo add serde_json` to add it to your `Cargo.toml`
[INFO] [stdout] help: consider importing this enum through its public re-export
[INFO] [stdout]     |
[INFO] [stdout] 262 +     use crate::concept::Value;
[INFO] [stdout]     |
[INFO] [stdout] help: if you import `Value`, refer to it directly
[INFO] [stdout]     |
[INFO] [stdout] 277 -         let serde_json_value = serde_json::value::Value::String(string.clone());
[INFO] [stdout] 277 +         let serde_json_value = Value::String(string.clone());
[INFO] [stdout]     |
[INFO] [stdout] 
[INFO] [stdout] 
[INFO] [stdout] warning: unused import: `num::ParseIntError`
[INFO] [stdout]   --> src/common/error.rs:20:42
[INFO] [stdout]    |
[INFO] [stdout] 20 | use std::{error::Error as StdError, fmt, num::ParseIntError, time::Duration};
[INFO] [stdout]    |                                          ^^^^^^^^^^^^^^^^^^
[INFO] [stdout]    |
[INFO] [stdout]    = note: `#[warn(unused_imports)]` (part of `#[warn(unused)]`) on by default
[INFO] [stdout] 
[INFO] [stdout] 
[INFO] [stdout] warning: unused import: `Date`
[INFO] [stdout]   --> src/connection/network/proto/concept.rs:22:14
[INFO] [stdout]    |
[INFO] [stdout] 22 | use chrono::{Date, DateTime, Datelike, FixedOffset, NaiveDate, NaiveDateTime, TimeZone as ChronoTimeZone, Timelike};
[INFO] [stdout]    |              ^^^^
[INFO] [stdout] 
[INFO] [stdout] 
[INFO] [stdout] warning: unused import: `value`
[INFO] [stdout]   --> src/connection/network/proto/concept.rs:44:9
[INFO] [stdout]    |
[INFO] [stdout] 44 |         value,
[INFO] [stdout]    |         ^^^^^
[INFO] [stdout] 
[INFO] [stdout] 
[INFO] [stdout] warning: unused import: `GivenRow`
[INFO] [stdout]   --> src/connection/network/proto/message.rs:41:13
[INFO] [stdout]    |
[INFO] [stdout] 41 |     given::{GivenRow, GivenRowEntry, GivenRows},
[INFO] [stdout]    |             ^^^^^^^^
[INFO] [stdout] 
[INFO] [stdout] 
[INFO] [stdout] warning: use of deprecated struct `chrono::Date`: Use `NaiveDate` or `DateTime<Tz>` instead
[INFO] [stdout]   --> src/connection/network/proto/concept.rs:22:14
[INFO] [stdout]    |
[INFO] [stdout] 22 | use chrono::{Date, DateTime, Datelike, FixedOffset, NaiveDate, NaiveDateTime, TimeZone as ChronoTimeZone, Timelike};
[INFO] [stdout]    |              ^^^^
[INFO] [stdout]    |
[INFO] [stdout]    = note: `#[warn(deprecated)]` on by default
[INFO] [stdout] 
[INFO] [stdout] 
[INFO] [stdout] error[E0433]: cannot find module or crate `serde_json` in this scope
[INFO] [stdout]    --> src/answer/json.rs:279:20
[INFO] [stdout]     |
[INFO] [stdout] 279 |         assert_eq!(serde_json::to_string(&serde_json_value).unwrap(), json_string.to_string());
[INFO] [stdout]     |                    ^^^^^^^^^^ use of unresolved module or unlinked crate `serde_json`
[INFO] [stdout]     |
[INFO] [stdout]     = help: if you wanted to use a crate named `serde_json`, use `cargo add serde_json` to add it to your `Cargo.toml`
[INFO] [stdout] 
[INFO] [stdout] 
[INFO] [stdout] error[E0433]: cannot find module or crate `serde_json` in this scope
[INFO] [stdout]    --> src/answer/json.rs:291:19
[INFO] [stdout]     |
[INFO] [stdout] 291 |         let ser = serde_json::to_value(sample_json()).unwrap();
[INFO] [stdout]     |                   ^^^^^^^^^^ use of unresolved module or unlinked crate `serde_json`
[INFO] [stdout]     |
[INFO] [stdout]     = help: if you wanted to use a crate named `serde_json`, use `cargo add serde_json` to add it to your `Cargo.toml`
[INFO] [stdout] 
[INFO] [stdout] 
[INFO] [stdout] error[E0433]: cannot find module or crate `serde_json` in this scope
[INFO] [stdout]    --> src/answer/json.rs:298:27
[INFO] [stdout]     |
[INFO] [stdout] 298 |         let deser: JSON = serde_json::from_str(r#"{ "array": [true, "string"], "number": 123.4 }"#).unwrap();
[INFO] [stdout]     |                           ^^^^^^^^^^ use of unresolved module or unlinked crate `serde_json`
[INFO] [stdout]     |
[INFO] [stdout]     = help: if you wanted to use a crate named `serde_json`, use `cargo add serde_json` to add it to your `Cargo.toml`
[INFO] [stdout] 
[INFO] [stdout] 
[INFO] [stdout] error[E0433]: cannot find module or crate `serde_json` in this scope
[INFO] [stdout]    --> src/answer/json.rs:335:25
[INFO] [stdout]     |
[INFO] [stdout] 335 |             let deser = serde_json::from_value(serde_json::to_value(&json).unwrap()).unwrap();
[INFO] [stdout]     |                         ^^^^^^^^^^ use of unresolved module or unlinked crate `serde_json`
[INFO] [stdout]     |
[INFO] [stdout]     = help: if you wanted to use a crate named `serde_json`, use `cargo add serde_json` to add it to your `Cargo.toml`
[INFO] [stdout] 
[INFO] [stdout] 
[INFO] [stdout] error[E0433]: cannot find module or crate `serde_json` in this scope
[INFO] [stdout]    --> src/answer/json.rs:335:48
[INFO] [stdout]     |
[INFO] [stdout] 335 |             let deser = serde_json::from_value(serde_json::to_value(&json).unwrap()).unwrap();
[INFO] [stdout]     |                                                ^^^^^^^^^^ use of unresolved module or unlinked crate `serde_json`
[INFO] [stdout]     |
[INFO] [stdout]     = help: if you wanted to use a crate named `serde_json`, use `cargo add serde_json` to add it to your `Cargo.toml`
[INFO] [stdout] 
[INFO] [stdout] 
[INFO] [stdout] Some errors have detailed explanations: E0432, E0433.
[INFO] [stdout] 
[INFO] [stdout] For more information about an error, try `rustc --explain E0432`.
[INFO] [stdout] 
[INFO] [stderr] error: could not compile `typedb-driver` (lib test) due to 9 previous errors; 5 warnings emitted
[INFO] [stderr] warning: unused dependency `maybe-async`
[INFO] [stderr]   --> Cargo.toml:21:15
[INFO] [stderr]    |
[INFO] [stderr] 21 | [dependencies.maybe-async]
[INFO] [stderr]    |               ^^^^^^^^^^^^
[INFO] [stderr]    |
[INFO] [stderr]    = note: `cargo::unused_dependencies` is set to `warn` by default
[INFO] [stderr] help: consider removing the dependency on `maybe-async`
[INFO] [stderr] warning: unused dependency `tracing-subscriber`
[INFO] [stderr]   --> Cargo.toml:48:15
[INFO] [stderr]    |
[INFO] [stderr] 48 | [dependencies.tracing-subscriber]
[INFO] [stderr]    |               ^^^^^^^^^^^^^^^^^^^
[INFO] [stderr]    |
[INFO] [stderr] help: consider removing the dependency on `tracing-subscriber`
[INFO] [stderr] warning: `typedb-driver` (manifest) generated 2 warnings
[INFO] running `Command { std: "docker" "inspect" "3be0fcdffd8cb63a921de6a3ac11c0e8ce6a6810d5bb76f90b524fe6e120bc5a", kill_on_drop: false }`
[INFO] running `Command { std: "docker" "rm" "-f" "3be0fcdffd8cb63a921de6a3ac11c0e8ce6a6810d5bb76f90b524fe6e120bc5a", kill_on_drop: false }`
[INFO] [stdout] 3be0fcdffd8cb63a921de6a3ac11c0e8ce6a6810d5bb76f90b524fe6e120bc5a
