[INFO] fetching crate typed_graph 0.4.0...
[INFO] testing typed_graph-0.4.0 against 1.99.0-beta.8+cargoflags=--release for beta-release-1.100-2
[INFO] extracting crate typed_graph 0.4.0 into /workspace/builds/worker-1-tc1/source
[INFO] started tweaking crates.io crate typed_graph 0.4.0
[INFO] removed 0 missing examples
[INFO] finished tweaking crates.io crate typed_graph 0.4.0
[INFO] tweaked toml for crates.io crate typed_graph 0.4.0 written to /workspace/builds/worker-1-tc1/source/Cargo.toml
[INFO] validating manifest of crates.io crate typed_graph 0.4.0 on toolchain 1.99.0-beta.8
[INFO] running `Command { std: CARGO_HOME="/workspace/cargo-home" RUSTUP_HOME="/workspace/rustup-home" "/workspace/cargo-home/bin/cargo" "+1.99.0-beta.8" "metadata" "--manifest-path" "Cargo.toml" "--no-deps", kill_on_drop: false }`
[INFO] crate crates.io crate typed_graph 0.4.0 already has a lockfile, it will not be regenerated
[INFO] running `Command { std: CARGO_HOME="/workspace/cargo-home" RUSTUP_HOME="/workspace/rustup-home" "/workspace/cargo-home/bin/cargo" "+1.99.0-beta.8" "fetch" "--manifest-path" "Cargo.toml", kill_on_drop: false }`
[INFO] [stderr]     Updating crates.io index
[INFO] [stderr]  Downloading crates ...
[INFO] [stderr]   Downloaded unindent v0.2.3
[INFO] [stderr]   Downloaded pyo3-macros-backend v0.21.2
[INFO] [stderr]   Downloaded pyo3-macros v0.21.2
[INFO] [stderr]   Downloaded winapi-util v0.1.8
[INFO] [stderr]   Downloaded plotters-svg v0.3.6
[INFO] [stderr]   Downloaded plotters-backend v0.3.6
[INFO] [stderr]   Downloaded is-terminal v0.4.12
[INFO] [stderr]   Downloaded oorandom v11.1.4
[INFO] [stderr]   Downloaded serde_json v1.0.121
[INFO] [stderr]   Downloaded dummy v0.7.0
[INFO] [stderr]   Downloaded target-lexicon v0.12.15
[INFO] [stderr]   Downloaded pyo3-build-config v0.21.2
[INFO] [stderr]   Downloaded pyo3-ffi v0.21.2
[INFO] [stderr]   Downloaded clap v4.5.11
[INFO] [stderr]   Downloaded fake v2.9.2
[INFO] [stderr]   Downloaded portable-atomic v1.7.0
[INFO] [stderr]   Downloaded plotters v0.3.6
[INFO] [stderr]   Downloaded clap_builder v4.5.11
[INFO] [stderr]   Downloaded deunicode v1.6.0
[INFO] [stderr]   Downloaded pyo3 v0.21.2
[INFO] [stderr]   Downloaded web-sys v0.3.69
[INFO] running `Command { std: "docker" "create" "-v" "/var/lib/crater-agent-workspace/builds/worker-1-tc1/source:/opt/rustwide/workdir:ro,Z" "-v" "/var/lib/crater-agent-workspace/builds/worker-1-tc1/target:/opt/rustwide/target:rw,Z" "-v" "/var/lib/crater-agent-workspace/cargo-home:/opt/rustwide/cargo-home:ro,Z" "-v" "/var/lib/crater-agent-workspace/rustup-home:/opt/rustwide/rustup-home:ro,Z" "-m" "1610612736" "--network" "none" "ghcr.io/rust-lang/crates-build-env/linux@sha256:77db811e55d90add9212f6832c23229e3de5f1c1f9905e8cb07319ea15df73ac" "sleep" "infinity", kill_on_drop: false }`
[INFO] [stdout] cd4e2c12adb34fabe168fc846bd12b387506672a1ab3cbacc03e90cf87463526
[INFO] running `Command { std: "docker" "start" "cd4e2c12adb34fabe168fc846bd12b387506672a1ab3cbacc03e90cf87463526", kill_on_drop: false }`
[INFO] running `Command { std: "docker" "inspect" "cd4e2c12adb34fabe168fc846bd12b387506672a1ab3cbacc03e90cf87463526", kill_on_drop: false }`
[INFO] running `Command { std: "docker" "exec" "-e" "SOURCE_DIR=/opt/rustwide/workdir" "-e" "CARGO_HOME=/opt/rustwide/cargo-home" "-e" "RUSTUP_HOME=/opt/rustwide/rustup-home" "-e" "CARGO_TARGET_DIR=/opt/rustwide/target" "-w" "/opt/rustwide/workdir" "--user" "0:0" "cd4e2c12adb34fabe168fc846bd12b387506672a1ab3cbacc03e90cf87463526" "/opt/rustwide/cargo-home/bin/cargo" "+1.99.0-beta.8" "metadata" "--no-deps" "--format-version=1", kill_on_drop: false }`
[INFO] running `Command { std: "docker" "inspect" "cd4e2c12adb34fabe168fc846bd12b387506672a1ab3cbacc03e90cf87463526", kill_on_drop: false }`
[INFO] running `Command { std: "docker" "exec" "-e" "SOURCE_DIR=/opt/rustwide/workdir" "-e" "CARGO_HOME=/opt/rustwide/cargo-home" "-e" "RUSTUP_HOME=/opt/rustwide/rustup-home" "-e" "CARGO_TARGET_DIR=/opt/rustwide/target" "-e" "CARGO_INCREMENTAL=0" "-e" "RUST_BACKTRACE=full" "-e" "RUSTFLAGS=--cap-lints=warn" "-e" "RUSTDOCFLAGS=--cap-lints=warn" "-w" "/opt/rustwide/workdir" "--user" "0:0" "cd4e2c12adb34fabe168fc846bd12b387506672a1ab3cbacc03e90cf87463526" "/opt/rustwide/cargo-home/bin/cargo" "+1.99.0-beta.8" "build" "--frozen" "--message-format=json" "--release", kill_on_drop: false }`
[INFO] [stderr]    Compiling proc-macro2 v1.0.93
[INFO] [stderr]    Compiling unicode-ident v1.0.12
[INFO] [stderr]    Compiling serde v1.0.204
[INFO] [stderr]    Compiling thiserror v1.0.63
[INFO] [stderr]    Compiling serde_json v1.0.121
[INFO] [stderr]    Compiling hashbrown v0.15.2
[INFO] [stderr]    Compiling equivalent v1.0.1
[INFO] [stderr]    Compiling ryu v1.0.18
[INFO] [stderr]    Compiling memchr v2.7.4
[INFO] [stderr]    Compiling itoa v1.0.11
[INFO] [stderr]    Compiling either v1.13.0
[INFO] [stderr]    Compiling slotmap v1.0.7
[INFO] [stderr]    Compiling quote v1.0.36
[INFO] [stderr]    Compiling syn v2.0.98
[INFO] [stderr]    Compiling serde_derive v1.0.204
[INFO] [stderr]    Compiling thiserror-impl v1.0.63
[INFO] [stderr]    Compiling indexmap v2.7.1
[INFO] [stderr]    Compiling typed_graph v0.4.0 (/opt/rustwide/workdir)
[INFO] [stderr]     Finished `release` profile [optimized] target(s) in 15.74s
[INFO] running `Command { std: "docker" "inspect" "cd4e2c12adb34fabe168fc846bd12b387506672a1ab3cbacc03e90cf87463526", kill_on_drop: false }`
[INFO] running `Command { std: "docker" "exec" "-e" "SOURCE_DIR=/opt/rustwide/workdir" "-e" "CARGO_HOME=/opt/rustwide/cargo-home" "-e" "RUSTUP_HOME=/opt/rustwide/rustup-home" "-e" "CARGO_TARGET_DIR=/opt/rustwide/target" "-e" "CARGO_INCREMENTAL=0" "-e" "RUST_BACKTRACE=full" "-e" "RUSTFLAGS=--cap-lints=warn" "-e" "RUSTDOCFLAGS=--cap-lints=warn" "-w" "/opt/rustwide/workdir" "--user" "0:0" "cd4e2c12adb34fabe168fc846bd12b387506672a1ab3cbacc03e90cf87463526" "/opt/rustwide/cargo-home/bin/cargo" "+1.99.0-beta.8" "test" "--frozen" "--no-run" "--message-format=json" "--release", kill_on_drop: false }`
[INFO] [stderr]    Compiling syn v2.0.98
[INFO] [stderr]    Compiling libc v0.2.172
[INFO] [stderr]    Compiling target-lexicon v0.12.15
[INFO] [stderr]    Compiling autocfg v1.3.0
[INFO] [stderr]    Compiling once_cell v1.19.0
[INFO] [stderr]    Compiling crossbeam-utils v0.8.20
[INFO] [stderr]    Compiling rayon-core v1.12.1
[INFO] [stderr]    Compiling half v2.4.1
[INFO] [stderr]    Compiling regex-syntax v0.8.4
[INFO] [stderr]    Compiling ppv-lite86 v0.2.17
[INFO] [stderr]    Compiling portable-atomic v1.7.0
[INFO] [stderr]    Compiling plotters-backend v0.3.6
[INFO] [stderr]    Compiling clap_lex v0.7.2
[INFO] [stderr]    Compiling ciborium-io v0.2.2
[INFO] [stderr]    Compiling anstyle v1.0.8
[INFO] [stderr]    Compiling itertools v0.10.5
[INFO] [stderr]    Compiling same-file v1.0.6
[INFO] [stderr]    Compiling cast v0.3.0
[INFO] [stderr]    Compiling oorandom v11.1.4
[INFO] [stderr]    Compiling ciborium-ll v0.2.2
[INFO] [stderr]    Compiling walkdir v2.5.0
[INFO] [stderr]    Compiling deunicode v1.6.0
[INFO] [stderr]    Compiling num-traits v0.2.19
[INFO] [stderr]    Compiling lock_api v0.4.12
[INFO] [stderr]    Compiling memoffset v0.9.1
[INFO] [stderr]    Compiling plotters-svg v0.3.6
[INFO] [stderr]    Compiling clap_builder v4.5.11
[INFO] [stderr]    Compiling anes v0.1.6
[INFO] [stderr]    Compiling unindent v0.2.3
[INFO] [stderr]    Compiling indoc v2.0.5
[INFO] [stderr]    Compiling pyo3-build-config v0.21.2
[INFO] [stderr]    Compiling crossbeam-epoch v0.9.18
[INFO] [stderr]    Compiling getrandom v0.2.15
[INFO] [stderr]    Compiling parking_lot_core v0.9.10
[INFO] [stderr]    Compiling is-terminal v0.4.12
[INFO] [stderr]    Compiling rand_core v0.6.4
[INFO] [stderr]    Compiling parking_lot v0.12.3
[INFO] [stderr]    Compiling crossbeam-deque v0.8.5
[INFO] [stderr]    Compiling plotters v0.3.6
[INFO] [stderr]    Compiling rand_chacha v0.3.1
[INFO] [stderr]    Compiling criterion-plot v0.5.0
[INFO] [stderr]    Compiling rand v0.8.5
[INFO] [stderr]    Compiling regex-automata v0.4.7
[INFO] [stderr]    Compiling pyo3-ffi v0.21.2
[INFO] [stderr]    Compiling pyo3 v0.21.2
[INFO] [stderr]    Compiling rayon v1.10.0
[INFO] [stderr]    Compiling clap v4.5.11
[INFO] [stderr]    Compiling darling_core v0.20.10
[INFO] [stderr]    Compiling pyo3-macros-backend v0.21.2
[INFO] [stderr]    Compiling serde_derive v1.0.204
[INFO] [stderr]    Compiling thiserror-impl v1.0.63
[INFO] [stderr]    Compiling regex v1.10.5
[INFO] [stderr]    Compiling thiserror v1.0.63
[INFO] [stderr]    Compiling darling_macro v0.20.10
[INFO] [stderr]    Compiling darling v0.20.10
[INFO] [stderr]    Compiling dummy v0.7.0
[INFO] [stderr]    Compiling pyo3-macros v0.21.2
[INFO] [stderr]    Compiling fake v2.9.2
[INFO] [stderr]    Compiling serde v1.0.204
[INFO] [stderr]    Compiling serde_json v1.0.121
[INFO] [stderr]    Compiling ciborium v0.2.2
[INFO] [stderr]    Compiling indexmap v2.7.1
[INFO] [stderr]    Compiling slotmap v1.0.7
[INFO] [stderr]    Compiling tinytemplate v1.2.1
[INFO] [stderr]    Compiling typed_graph v0.4.0 (/opt/rustwide/workdir)
[INFO] [stderr]    Compiling criterion v0.5.1
[INFO] [stdout] error: linking with `cc` failed: exit status: 1
[INFO] [stdout]   |
[INFO] [stdout]   = note:  "cc" "-m64" "/opt/rustwide/target/release/deps/rustcqJnyOm/symbols.o" "<12 object files omitted>" "-Wl,--as-needed" "-Wl,-Bstatic" "<sysroot>/lib/rustlib/x86_64-unknown-linux-gnu/lib/{libtest-*,libgetopts-*,librustc_std_workspace_std-*}.rlib" "/opt/rustwide/target/release/deps/{libthiserror-a4a6262853b8e839,libpyo3-62c29b461a018a1a,libmemoffset-ea5605d80ef6b99e,libportable_atomic-e466fe23dfa42d84,libparking_lot-4bcc4bae12546813,libparking_lot_core-826b1119dcfd4547,libsmallvec-522bbd0e8c7fe261,liblock_api-db21ac7d615f0708,libscopeguard-5f9373ec660020b4,libpyo3_ffi-e0fc4967ba9e9e22,libunindent-9849da7e7091f1b4,libfake-25f37b3e709b326e,libdeunicode-5573b8e7847e1e42,librand-8c1e4cbfff84aa1b,librand_chacha-e52f02f9d52747fe,libppv_lite86-2034385ac67de13d,librand_core-1edbb1d2b0c9b761,libgetrandom-bef9ae59b9c9f340,liblibc-497dc2e61057816d,libcfg_if-193575a6b29a3ab9,libslotmap-2aa2cd944202b085,libindexmap-7af68aa45502f1e4,libequivalent-189ca3e854a233ff,libhashbrown-866a6b85555eac9d,libeither-2ac436905787a528,libserde_json-c90bb196c3d51ef2,libmemchr-c37383c48e4ac4f1,libitoa-4bdee31416ae7e90,libryu-15a81a7eceacd5e8,libserde-f12859851a64b4cf}.rlib" "<sysroot>/lib/rustlib/x86_64-unknown-linux-gnu/lib/{libstd-*,libpanic_unwind-*,libobject-*,libmemchr-*,libaddr2line-*,libgimli-*,libcfg_if-*,librustc_demangle-*,libstd_detect-*,libhashbrown-*,librustc_std_workspace_alloc-*,libminiz_oxide-*,libadler2-*,libunwind-*,liblibc-*,librustc_std_workspace_core-*,liballoc-*,libcore-*,libcompiler_builtins-*}.rlib" "-Wl,-Bdynamic" "-lgcc_s" "-lutil" "-lrt" "-lpthread" "-lm" "-ldl" "-lc" "-L" "/opt/rustwide/target/release/deps/rustcqJnyOm/raw-dylibs" "-B<sysroot>/lib/rustlib/x86_64-unknown-linux-gnu/bin/gcc-ld" "-fuse-ld=lld" "-Wl,--eh-frame-hdr" "-Wl,-z,noexecstack" "-L" "<sysroot>/lib/rustlib/x86_64-unknown-linux-gnu/lib" "-o" "/opt/rustwide/target/release/deps/typed_graph-ace57538cafe76a0" "-Wl,--gc-sections" "-pie" "-Wl,-z,relro,-z,now" "-Wl,-O1" "-Wl,--strip-debug" "-nodefaultlibs"
[INFO] [stdout]   = note: some arguments are omitted. use `--verbose` to show all linker arguments
[INFO] [stdout]   = note: rust-lld: error: undefined symbol: _Py_Dealloc
[INFO] [stdout]           >>> referenced by typed_graph.6ae7e8af745c2d32-cgu.04
[INFO] [stdout]           >>>               /opt/rustwide/target/release/deps/typed_graph-ace57538cafe76a0.typed_graph.6ae7e8af745c2d32-cgu.04.rcgu.o:(typed_graph::test::test_py::test_typed_graph_py)
[INFO] [stdout]           >>> referenced by typed_graph.6ae7e8af745c2d32-cgu.04
[INFO] [stdout]           >>>               /opt/rustwide/target/release/deps/typed_graph-ace57538cafe76a0.typed_graph.6ae7e8af745c2d32-cgu.04.rcgu.o:(typed_graph::test::test_py::test_typed_graph_py)
[INFO] [stdout]           >>> referenced by typed_graph.6ae7e8af745c2d32-cgu.04
[INFO] [stdout]           >>>               /opt/rustwide/target/release/deps/typed_graph-ace57538cafe76a0.typed_graph.6ae7e8af745c2d32-cgu.04.rcgu.o:(typed_graph::test::test_py::test_typed_graph_py)
[INFO] [stdout]           >>> referenced 36 more times
[INFO] [stdout]           
[INFO] [stdout]           rust-lld: error: undefined symbol: PyTuple_New
[INFO] [stdout]           >>> referenced by typed_graph.6ae7e8af745c2d32-cgu.09
[INFO] [stdout]           >>>               /opt/rustwide/target/release/deps/typed_graph-ace57538cafe76a0.typed_graph.6ae7e8af745c2d32-cgu.09.rcgu.o:(<pyo3::instance::Bound<pyo3::types::any::PyAny> as pyo3::types::any::PyAnyMethods>::call_method::<&str, (alloc::string::String, alloc::string::String)>)
[INFO] [stdout]           
[INFO] [stdout]           rust-lld: error: undefined symbol: PyTuple_SetItem
[INFO] [stdout]           >>> referenced by typed_graph.6ae7e8af745c2d32-cgu.09
[INFO] [stdout]           >>>               /opt/rustwide/target/release/deps/typed_graph-ace57538cafe76a0.typed_graph.6ae7e8af745c2d32-cgu.09.rcgu.o:(<pyo3::instance::Bound<pyo3::types::any::PyAny> as pyo3::types::any::PyAnyMethods>::call_method::<&str, (alloc::string::String, alloc::string::String)>)
[INFO] [stdout]           
[INFO] [stdout]           rust-lld: error: undefined symbol: PyObject_Str
[INFO] [stdout]           >>> referenced by pyo3.26a58f558d090051-cgu.01
[INFO] [stdout]           >>>               pyo3-62c29b461a018a1a.pyo3.26a58f558d090051-cgu.01.rcgu.o:(<pyo3::err::PyErr>::_take::{closure#0}) in archive /opt/rustwide/target/release/deps/libpyo3-62c29b461a018a1a.rlib
[INFO] [stdout]           >>> referenced by pyo3.26a58f558d090051-cgu.03
[INFO] [stdout]           >>>               pyo3-62c29b461a018a1a.pyo3.26a58f558d090051-cgu.03.rcgu.o:(<pyo3::instance::Bound<pyo3::types::typeobject::PyType> as core::fmt::Display>::fmt) in archive /opt/rustwide/target/release/deps/libpyo3-62c29b461a018a1a.rlib
[INFO] [stdout]           
[INFO] [stdout]           rust-lld: error: undefined symbol: PyExc_TypeError
[INFO] [stdout]           >>> referenced by pyo3.26a58f558d090051-cgu.01
[INFO] [stdout]           >>>               pyo3-62c29b461a018a1a.pyo3.26a58f558d090051-cgu.01.rcgu.o:(<<pyo3::err::PyErr>::new<pyo3::exceptions::PyTypeError, pyo3::err::PyDowncastErrorArguments>::{closure#0} as core::ops::function::FnOnce<(pyo3::marker::Python,)>>::call_once::{shim:vtable#0} (.llvm.11935673966788858737)) in archive /opt/rustwide/target/release/deps/libpyo3-62c29b461a018a1a.rlib
[INFO] [stdout]           >>> referenced by pyo3.26a58f558d090051-cgu.10
[INFO] [stdout]           >>>               pyo3-62c29b461a018a1a.pyo3.26a58f558d090051-cgu.10.rcgu.o:(pyo3::err::err_state::lazy_into_normalized_ffi_tuple (.llvm.6523330531666390660)) in archive /opt/rustwide/target/release/deps/libpyo3-62c29b461a018a1a.rlib
[INFO] [stdout]           
[INFO] [stdout]           rust-lld: error: undefined symbol: PyExc_ValueError
[INFO] [stdout]           >>> referenced by pyo3.26a58f558d090051-cgu.01
[INFO] [stdout]           >>>               pyo3-62c29b461a018a1a.pyo3.26a58f558d090051-cgu.01.rcgu.o:(<<pyo3::err::PyErr>::new<pyo3::exceptions::PyValueError, alloc::ffi::c_str::NulError>::{closure#0} as core::ops::function::FnOnce<(pyo3::marker::Python,)>>::call_once::{shim:vtable#0} (.llvm.11935673966788858737)) in archive /opt/rustwide/target/release/deps/libpyo3-62c29b461a018a1a.rlib
[INFO] [stdout]           
[INFO] [stdout]           rust-lld: error: undefined symbol: PyExc_SystemError
[INFO] [stdout]           >>> referenced by pyo3.26a58f558d090051-cgu.01
[INFO] [stdout]           >>>               pyo3-62c29b461a018a1a.pyo3.26a58f558d090051-cgu.01.rcgu.o:(<<pyo3::err::PyErr>::new<pyo3::exceptions::PySystemError, &str>::{closure#0} as core::ops::function::FnOnce<(pyo3::marker::Python,)>>::call_once::{shim:vtable#0}) in archive /opt/rustwide/target/release/deps/libpyo3-62c29b461a018a1a.rlib
[INFO] [stdout]           >>> referenced by pyo3.26a58f558d090051-cgu.02
[INFO] [stdout]           >>>               pyo3-62c29b461a018a1a.pyo3.26a58f558d090051-cgu.02.rcgu.o:(<<pyo3::err::PyErr>::new<pyo3::exceptions::PySystemError, &str>::{closure#0} as core::ops::function::FnOnce<(pyo3::marker::Python,)>>::call_once::{shim:vtable#0} (.llvm.13568697889363381153)) in archive /opt/rustwide/target/release/deps/libpyo3-62c29b461a018a1a.rlib
[INFO] [stdout]           >>> referenced by pyo3.26a58f558d090051-cgu.03
[INFO] [stdout]           >>>               pyo3-62c29b461a018a1a.pyo3.26a58f558d090051-cgu.03.rcgu.o:(<<pyo3::err::PyErr>::new<pyo3::exceptions::PySystemError, &str>::{closure#0} as core::ops::function::FnOnce<(pyo3::marker::Python,)>>::call_once::{shim:vtable#0} (.llvm.18033292708534832782)) in archive /opt/rustwide/target/release/deps/libpyo3-62c29b461a018a1a.rlib
[INFO] [stdout]           >>> referenced 1 more times
[INFO] [stdout]           
[INFO] [stdout]           rust-lld: error: undefined symbol: PyUnicode_FromStringAndSize
[INFO] [stdout]           >>> referenced by pyo3.26a58f558d090051-cgu.01
[INFO] [stdout]           >>>               pyo3-62c29b461a018a1a.pyo3.26a58f558d090051-cgu.01.rcgu.o:(<<pyo3::err::PyErr>::new<pyo3::exceptions::PySystemError, &str>::{closure#0} as core::ops::function::FnOnce<(pyo3::marker::Python,)>>::call_once::{shim:vtable#0}) in archive /opt/rustwide/target/release/deps/libpyo3-62c29b461a018a1a.rlib
[INFO] [stdout]           >>> referenced by pyo3.26a58f558d090051-cgu.02
[INFO] [stdout]           >>>               pyo3-62c29b461a018a1a.pyo3.26a58f558d090051-cgu.02.rcgu.o:(<<pyo3::err::PyErr>::new<pyo3::exceptions::PySystemError, &str>::{closure#0} as core::ops::function::FnOnce<(pyo3::marker::Python,)>>::call_once::{shim:vtable#0} (.llvm.13568697889363381153)) in archive /opt/rustwide/target/release/deps/libpyo3-62c29b461a018a1a.rlib
[INFO] [stdout]           >>> referenced by pyo3.26a58f558d090051-cgu.03
[INFO] [stdout]           >>>               pyo3-62c29b461a018a1a.pyo3.26a58f558d090051-cgu.03.rcgu.o:(<<pyo3::err::PyErr>::new<pyo3::exceptions::PySystemError, &str>::{closure#0} as core::ops::function::FnOnce<(pyo3::marker::Python,)>>::call_once::{shim:vtable#0} (.llvm.18033292708534832782)) in archive /opt/rustwide/target/release/deps/libpyo3-62c29b461a018a1a.rlib
[INFO] [stdout]           >>> referenced 6 more times
[INFO] [stdout]           
[INFO] [stdout]           rust-lld: error: undefined symbol: PyErr_NewExceptionWithDoc
[INFO] [stdout]           >>> referenced by pyo3.26a58f558d090051-cgu.01
[INFO] [stdout]           >>>               pyo3-62c29b461a018a1a.pyo3.26a58f558d090051-cgu.01.rcgu.o:(<pyo3::err::PyErr>::new_type_bound) in archive /opt/rustwide/target/release/deps/libpyo3-62c29b461a018a1a.rlib
[INFO] [stdout]           
[INFO] [stdout]           rust-lld: error: undefined symbol: Py_IsInitialized
[INFO] [stdout]           >>> referenced by pyo3.26a58f558d090051-cgu.02
[INFO] [stdout]           >>>               pyo3-62c29b461a018a1a.pyo3.26a58f558d090051-cgu.02.rcgu.o:(<parking_lot::once::Once>::call_once_force::<<pyo3::gil::GILGuard>::acquire::{closure#0}>::{closure#0} (.llvm.13568697889363381153)) in archive /opt/rustwide/target/release/deps/libpyo3-62c29b461a018a1a.rlib
[INFO] [stdout]           >>> referenced by pyo3.26a58f558d090051-cgu.02
[INFO] [stdout]           >>>               pyo3-62c29b461a018a1a.pyo3.26a58f558d090051-cgu.02.rcgu.o:(<<parking_lot::once::Once>::call_once_force<<pyo3::gil::GILGuard>::acquire::{closure#0}>::{closure#0} as core::ops::function::FnOnce<(parking_lot::once::OnceState,)>>::call_once::{shim:vtable#0} (.llvm.13568697889363381153)) in archive /opt/rustwide/target/release/deps/libpyo3-62c29b461a018a1a.rlib
[INFO] [stdout]           
[INFO] [stdout]           rust-lld: error: undefined symbol: PyErr_Restore
[INFO] [stdout]           >>> referenced by pyo3.26a58f558d090051-cgu.01
[INFO] [stdout]           >>>               pyo3-62c29b461a018a1a.pyo3.26a58f558d090051-cgu.01.rcgu.o:(<pyo3::err::PyErr>::print_panic_and_unwind) in archive /opt/rustwide/target/release/deps/libpyo3-62c29b461a018a1a.rlib
[INFO] [stdout]           >>> referenced by pyo3.26a58f558d090051-cgu.03
[INFO] [stdout]           >>>               pyo3-62c29b461a018a1a.pyo3.26a58f558d090051-cgu.03.rcgu.o:(pyo3::instance::python_format) in archive /opt/rustwide/target/release/deps/libpyo3-62c29b461a018a1a.rlib
[INFO] [stdout]           
[INFO] [stdout]           rust-lld: error: undefined symbol: PyErr_PrintEx
[INFO] [stdout]           >>> referenced by pyo3.26a58f558d090051-cgu.01
[INFO] [stdout]           >>>               pyo3-62c29b461a018a1a.pyo3.26a58f558d090051-cgu.01.rcgu.o:(<pyo3::err::PyErr>::print_panic_and_unwind) in archive /opt/rustwide/target/release/deps/libpyo3-62c29b461a018a1a.rlib
[INFO] [stdout]           
[INFO] [stdout]           rust-lld: error: undefined symbol: PyErr_Fetch
[INFO] [stdout]           >>> referenced by pyo3.26a58f558d090051-cgu.01
[INFO] [stdout]           >>>               pyo3-62c29b461a018a1a.pyo3.26a58f558d090051-cgu.01.rcgu.o:(<pyo3::err::PyErr>::take) in archive /opt/rustwide/target/release/deps/libpyo3-62c29b461a018a1a.rlib
[INFO] [stdout]           >>> referenced by pyo3.26a58f558d090051-cgu.10
[INFO] [stdout]           >>>               pyo3-62c29b461a018a1a.pyo3.26a58f558d090051-cgu.10.rcgu.o:(pyo3::err::err_state::lazy_into_normalized_ffi_tuple (.llvm.6523330531666390660)) in archive /opt/rustwide/target/release/deps/libpyo3-62c29b461a018a1a.rlib
[INFO] [stdout]           
[INFO] [stdout]           rust-lld: error: undefined symbol: PyErr_Print
[INFO] [stdout]           >>> referenced by pyo3.26a58f558d090051-cgu.01
[INFO] [stdout]           >>>               pyo3-62c29b461a018a1a.pyo3.26a58f558d090051-cgu.01.rcgu.o:(pyo3::err::panic_after_error) in archive /opt/rustwide/target/release/deps/libpyo3-62c29b461a018a1a.rlib
[INFO] [stdout]           
[INFO] [stdout]           rust-lld: error: undefined symbol: PyGILState_Ensure
[INFO] [stdout]           >>> referenced by pyo3.26a58f558d090051-cgu.02
[INFO] [stdout]           >>>               pyo3-62c29b461a018a1a.pyo3.26a58f558d090051-cgu.02.rcgu.o:(<pyo3::gil::GILGuard>::acquire) in archive /opt/rustwide/target/release/deps/libpyo3-62c29b461a018a1a.rlib
[INFO] [stdout]           
[INFO] [stdout]           rust-lld: error: undefined symbol: Py_CompileString
[INFO] [stdout]           >>> referenced by pyo3.26a58f558d090051-cgu.02
[INFO] [stdout]           >>>               pyo3-62c29b461a018a1a.pyo3.26a58f558d090051-cgu.02.rcgu.o:(<pyo3::types::module::PyModule>::from_code_bound) in archive /opt/rustwide/target/release/deps/libpyo3-62c29b461a018a1a.rlib
[INFO] [stdout]           
[INFO] [stdout]           rust-lld: error: undefined symbol: PyImport_ExecCodeModuleEx
[INFO] [stdout]           >>> referenced by pyo3.26a58f558d090051-cgu.02
[INFO] [stdout]           >>>               pyo3-62c29b461a018a1a.pyo3.26a58f558d090051-cgu.02.rcgu.o:(<pyo3::types::module::PyModule>::from_code_bound) in archive /opt/rustwide/target/release/deps/libpyo3-62c29b461a018a1a.rlib
[INFO] [stdout]           
[INFO] [stdout]           rust-lld: error: undefined symbol: PyModule_Type
[INFO] [stdout]           >>> referenced by pyo3.26a58f558d090051-cgu.02
[INFO] [stdout]           >>>               pyo3-62c29b461a018a1a.pyo3.26a58f558d090051-cgu.02.rcgu.o:(<pyo3::types::module::PyModule>::from_code_bound) in archive /opt/rustwide/target/release/deps/libpyo3-62c29b461a018a1a.rlib
[INFO] [stdout]           >>> referenced by pyo3.26a58f558d090051-cgu.02
[INFO] [stdout]           >>>               pyo3-62c29b461a018a1a.pyo3.26a58f558d090051-cgu.02.rcgu.o:(<pyo3::types::module::PyModule>::from_code_bound) in archive /opt/rustwide/target/release/deps/libpyo3-62c29b461a018a1a.rlib
[INFO] [stdout]           
[INFO] [stdout]           rust-lld: error: undefined symbol: PyType_IsSubtype
[INFO] [stdout]           >>> referenced by pyo3.26a58f558d090051-cgu.02
[INFO] [stdout]           >>>               pyo3-62c29b461a018a1a.pyo3.26a58f558d090051-cgu.02.rcgu.o:(<pyo3::types::module::PyModule>::from_code_bound) in archive /opt/rustwide/target/release/deps/libpyo3-62c29b461a018a1a.rlib
[INFO] [stdout]           
[INFO] [stdout]           rust-lld: error: undefined symbol: PyUnicode_AsEncodedString
[INFO] [stdout]           >>> referenced by pyo3.26a58f558d090051-cgu.03
[INFO] [stdout]           >>>               pyo3-62c29b461a018a1a.pyo3.26a58f558d090051-cgu.03.rcgu.o:(<pyo3::instance::Borrowed<pyo3::types::string::PyString>>::to_string_lossy) in archive /opt/rustwide/target/release/deps/libpyo3-62c29b461a018a1a.rlib
[INFO] [stdout]           
[INFO] [stdout]           rust-lld: error: too many errors emitted, stopping now (use --error-limit=0 to see all errors)
[INFO] [stdout]           collect2: error: ld returned 1 exit status
[INFO] [stdout]           
[INFO] [stdout] 
[INFO] [stdout] 
[INFO] [stderr] error: could not compile `typed_graph` (lib test) due to 1 previous error
[INFO] running `Command { std: "docker" "inspect" "cd4e2c12adb34fabe168fc846bd12b387506672a1ab3cbacc03e90cf87463526", kill_on_drop: false }`
[INFO] running `Command { std: "docker" "rm" "-f" "cd4e2c12adb34fabe168fc846bd12b387506672a1ab3cbacc03e90cf87463526", kill_on_drop: false }`
[INFO] [stdout] cd4e2c12adb34fabe168fc846bd12b387506672a1ab3cbacc03e90cf87463526
