[INFO] fetching crate typed-openapi 0.0.2...
[INFO] testing typed-openapi-0.0.2 against 1.99.0-beta.8+cargoflags=--release for beta-release-1.100-2
[INFO] extracting crate typed-openapi 0.0.2 into /workspace/builds/worker-1-tc1/source
[INFO] started tweaking crates.io crate typed-openapi 0.0.2
[INFO] removed 0 missing tests
[INFO] finished tweaking crates.io crate typed-openapi 0.0.2
[INFO] tweaked toml for crates.io crate typed-openapi 0.0.2 written to /workspace/builds/worker-1-tc1/source/Cargo.toml
[INFO] validating manifest of crates.io crate typed-openapi 0.0.2 on toolchain 1.99.0-beta.8
[INFO] running `Command { std: CARGO_HOME="/workspace/cargo-home" RUSTUP_HOME="/workspace/rustup-home" "/workspace/cargo-home/bin/cargo" "+1.99.0-beta.8" "metadata" "--manifest-path" "Cargo.toml" "--no-deps", kill_on_drop: false }`
[INFO] crate crates.io crate typed-openapi 0.0.2 already has a lockfile, it will not be regenerated
[INFO] running `Command { std: CARGO_HOME="/workspace/cargo-home" RUSTUP_HOME="/workspace/rustup-home" "/workspace/cargo-home/bin/cargo" "+1.99.0-beta.8" "fetch" "--manifest-path" "Cargo.toml", kill_on_drop: false }`
[INFO] [stderr]     Updating crates.io index
[INFO] [stderr]  Downloading crates ...
[INFO] [stderr]   Downloaded typify v0.8.0
[INFO] [stderr]   Downloaded serde_tokenstream v0.3.0
[INFO] [stderr]   Downloaded typify-macro v0.8.0
[INFO] [stderr]   Downloaded serde_json_path_macros_internal v0.1.2
[INFO] [stderr]   Downloaded serde_json_path_macros v0.1.6
[INFO] [stderr]   Downloaded roas-overlay v0.3.0
[INFO] [stderr]   Downloaded serde_json_path_core v0.2.2
[INFO] [stderr]   Downloaded serde_json_path v0.7.2
[INFO] [stderr]   Downloaded typify-impl v0.8.0
[INFO] [stderr]   Downloaded regress v0.12.0
[INFO] [stderr]   Downloaded openapiv3 v2.2.0
[INFO] running `Command { std: "docker" "create" "-v" "/var/lib/crater-agent-workspace/builds/worker-1-tc1/source:/opt/rustwide/workdir:ro,Z" "-v" "/var/lib/crater-agent-workspace/builds/worker-1-tc1/target:/opt/rustwide/target:rw,Z" "-v" "/var/lib/crater-agent-workspace/cargo-home:/opt/rustwide/cargo-home:ro,Z" "-v" "/var/lib/crater-agent-workspace/rustup-home:/opt/rustwide/rustup-home:ro,Z" "-m" "1610612736" "--network" "none" "ghcr.io/rust-lang/crates-build-env/linux@sha256:77db811e55d90add9212f6832c23229e3de5f1c1f9905e8cb07319ea15df73ac" "sleep" "infinity", kill_on_drop: false }`
[INFO] [stdout] 0bdccd0a0210be86034830de4cbdc974aee36fa5c718ff4751eb50b58febaa35
[INFO] running `Command { std: "docker" "start" "0bdccd0a0210be86034830de4cbdc974aee36fa5c718ff4751eb50b58febaa35", kill_on_drop: false }`
[INFO] running `Command { std: "docker" "inspect" "0bdccd0a0210be86034830de4cbdc974aee36fa5c718ff4751eb50b58febaa35", kill_on_drop: false }`
[INFO] running `Command { std: "docker" "exec" "-e" "SOURCE_DIR=/opt/rustwide/workdir" "-e" "CARGO_HOME=/opt/rustwide/cargo-home" "-e" "RUSTUP_HOME=/opt/rustwide/rustup-home" "-e" "CARGO_TARGET_DIR=/opt/rustwide/target" "-w" "/opt/rustwide/workdir" "--user" "0:0" "0bdccd0a0210be86034830de4cbdc974aee36fa5c718ff4751eb50b58febaa35" "/opt/rustwide/cargo-home/bin/cargo" "+1.99.0-beta.8" "metadata" "--no-deps" "--format-version=1", kill_on_drop: false }`
[INFO] running `Command { std: "docker" "inspect" "0bdccd0a0210be86034830de4cbdc974aee36fa5c718ff4751eb50b58febaa35", kill_on_drop: false }`
[INFO] running `Command { std: "docker" "exec" "-e" "SOURCE_DIR=/opt/rustwide/workdir" "-e" "CARGO_HOME=/opt/rustwide/cargo-home" "-e" "RUSTUP_HOME=/opt/rustwide/rustup-home" "-e" "CARGO_TARGET_DIR=/opt/rustwide/target" "-e" "CARGO_INCREMENTAL=0" "-e" "RUST_BACKTRACE=full" "-e" "RUSTFLAGS=--cap-lints=warn" "-e" "RUSTDOCFLAGS=--cap-lints=warn" "-w" "/opt/rustwide/workdir" "--user" "0:0" "0bdccd0a0210be86034830de4cbdc974aee36fa5c718ff4751eb50b58febaa35" "/opt/rustwide/cargo-home/bin/cargo" "+1.99.0-beta.8" "build" "--frozen" "--message-format=json" "--release", kill_on_drop: false }`
[INFO] [stderr]    Compiling syn v3.0.5
[INFO] [stderr]    Compiling regress v0.12.0
[INFO] [stderr]    Compiling rustix v1.1.4
[INFO] [stderr]    Compiling serde_json v1.0.151
[INFO] [stderr]    Compiling terminal_size v0.4.4
[INFO] [stderr]    Compiling clap_builder v4.6.6
[INFO] [stderr]    Compiling thiserror-impl v2.0.20
[INFO] [stderr]    Compiling serde_derive v1.0.229
[INFO] [stderr]    Compiling thiserror v2.0.20
[INFO] [stderr]    Compiling cobs v0.3.0
[INFO] [stderr]    Compiling clap v4.6.6
[INFO] [stderr]    Compiling serde v1.0.229
[INFO] [stderr]    Compiling postcard v1.1.3
[INFO] [stderr]    Compiling typed-openapi v0.0.2 (/opt/rustwide/workdir)
[INFO] [stderr]     Finished `release` profile [optimized] target(s) in 24.46s
[INFO] running `Command { std: "docker" "inspect" "0bdccd0a0210be86034830de4cbdc974aee36fa5c718ff4751eb50b58febaa35", kill_on_drop: false }`
[INFO] running `Command { std: "docker" "exec" "-e" "SOURCE_DIR=/opt/rustwide/workdir" "-e" "CARGO_HOME=/opt/rustwide/cargo-home" "-e" "RUSTUP_HOME=/opt/rustwide/rustup-home" "-e" "CARGO_TARGET_DIR=/opt/rustwide/target" "-e" "CARGO_INCREMENTAL=0" "-e" "RUST_BACKTRACE=full" "-e" "RUSTFLAGS=--cap-lints=warn" "-e" "RUSTDOCFLAGS=--cap-lints=warn" "-w" "/opt/rustwide/workdir" "--user" "0:0" "0bdccd0a0210be86034830de4cbdc974aee36fa5c718ff4751eb50b58febaa35" "/opt/rustwide/cargo-home/bin/cargo" "+1.99.0-beta.8" "test" "--frozen" "--no-run" "--message-format=json" "--release", kill_on_drop: false }`
[INFO] [stderr]    Compiling typed-openapi v0.0.2 (/opt/rustwide/workdir)
[INFO] [stdout] error[E0432]: unresolved import `typed_openapi::generate`
[INFO] [stdout]   --> tests/generate.rs:22:20
[INFO] [stdout]    |
[INFO] [stdout] 22 | use typed_openapi::generate::{GenerateError, Settings};
[INFO] [stdout]    |                    ^^^^^^^^ could not find `generate` in `typed_openapi`
[INFO] [stdout]    |
[INFO] [stdout] note: found an item that was configured out
[INFO] [stdout]   --> src/lib.rs:60:9
[INFO] [stdout]    |
[INFO] [stdout] 59 | #[cfg(feature = "generate")]
[INFO] [stdout]    |       -------------------- the item is gated behind the `generate` feature
[INFO] [stdout] 60 | pub mod generate;
[INFO] [stdout]    |         ^^^^^^^^
[INFO] [stdout] 
[INFO] [stdout] 
[INFO] [stdout] error[E0599]: no associated function or constant named `load` found for struct `typed_openapi::Document` in the current scope
[INFO] [stdout]    --> tests/generate.rs:137:19
[INFO] [stdout]     |
[INFO] [stdout] 137 |         Document::load(&read(&written[0]), &[]).expect("the written document is a document");
[INFO] [stdout]     |                   ^^^^ associated function or constant not found in `typed_openapi::Document`
[INFO] [stdout]     |
[INFO] [stdout] note: if you're trying to build a new `typed_openapi::Document`, consider using `typed_openapi::Document::from_blob` which returns `Result<typed_openapi::Document, DocumentError>`
[INFO] [stdout]    --> src/model.rs:506:5
[INFO] [stdout]     |
[INFO] [stdout] 506 |     pub fn from_blob(blob: &[u8]) -> Result<Self, DocumentError> {
[INFO] [stdout]     |     ^^^^^^^^^^^^^^^^^^^^^^^^^^^^^^^^^^^^^^^^^^^^^^^^^^^^^^^^^^^^
[INFO] [stdout] 
[INFO] [stdout] 
[INFO] [stdout] error[E0599]: no associated function or constant named `load` found for struct `typed_openapi::Document` in the current scope
[INFO] [stdout]    --> tests/dispatch.rs:47:15
[INFO] [stdout]     |
[INFO] [stdout]  47 |     Document::load(TOY, OVERLAYS).expect("the vendor's document plus the adopter's Overlay")
[INFO] [stdout]     |               ^^^^ associated function or constant not found in `typed_openapi::Document`
[INFO] [stdout]     |
[INFO] [stdout] note: if you're trying to build a new `typed_openapi::Document`, consider using `typed_openapi::Document::from_blob` which returns `Result<typed_openapi::Document, DocumentError>`
[INFO] [stdout]    --> src/model.rs:506:5
[INFO] [stdout]     |
[INFO] [stdout] 506 |     pub fn from_blob(blob: &[u8]) -> Result<Self, DocumentError> {
[INFO] [stdout]     |     ^^^^^^^^^^^^^^^^^^^^^^^^^^^^^^^^^^^^^^^^^^^^^^^^^^^^^^^^^^^^
[INFO] [stdout] 
[INFO] [stdout] 
[INFO] [stdout] Some errors have detailed explanations: E0432, E0599.
[INFO] [stdout] 
[INFO] [stdout] For more information about an error, try `rustc --explain E0432`.
[INFO] [stdout] 
[INFO] [stderr] error: could not compile `typed-openapi` (test "generate") due to 2 previous errors
[INFO] [stderr] warning: build failed, waiting for other jobs to finish...
[INFO] [stdout] error[E0599]: no associated function or constant named `load` found for struct `typed_openapi::Document` in the current scope
[INFO] [stdout]    --> tests/document.rs:30:15
[INFO] [stdout]     |
[INFO] [stdout]  30 |     Document::load(TOY, OVERLAYS).expect("the vendor's document plus the adopter's Overlay")
[INFO] [stdout]     |               ^^^^ associated function or constant not found in `typed_openapi::Document`
[INFO] [stdout]     |
[INFO] [stdout] note: if you're trying to build a new `typed_openapi::Document`, consider using `typed_openapi::Document::from_blob` which returns `Result<typed_openapi::Document, DocumentError>`
[INFO] [stdout]    --> src/model.rs:506:5
[INFO] [stdout]     |
[INFO] [stdout] 506 |     pub fn from_blob(blob: &[u8]) -> Result<Self, DocumentError> {
[INFO] [stdout]     |     ^^^^^^^^^^^^^^^^^^^^^^^^^^^^^^^^^^^^^^^^^^^^^^^^^^^^^^^^^^^^
[INFO] [stdout] 
[INFO] [stdout] 
[INFO] [stdout] error[E0433]: cannot find `overlay` in `typed_openapi`
[INFO] [stdout]   --> tests/drift.rs:41:70
[INFO] [stdout]    |
[INFO] [stdout] 41 | fn bless(document: &str) -> Result<serde_json::Value, typed_openapi::overlay::OverlayError> {
[INFO] [stdout]    |                                                                      ^^^^^^^ could not find `overlay` in `typed_openapi`
[INFO] [stdout]    |
[INFO] [stdout] note: found an item that was configured out
[INFO] [stdout]   --> src/lib.rs:55:9
[INFO] [stdout]    |
[INFO] [stdout] 54 | #[cfg(feature = "document")]
[INFO] [stdout]    |       -------------------- the item is gated behind the `document` feature
[INFO] [stdout] 55 | pub mod overlay;
[INFO] [stdout]    |         ^^^^^^^
[INFO] [stdout] 
[INFO] [stdout] 
[INFO] [stdout] error[E0599]: no associated function or constant named `load` found for struct `typed_openapi::Document` in the current scope
[INFO] [stdout]    --> tests/dispatch.rs:496:25
[INFO] [stdout]     |
[INFO] [stdout] 496 |     let doc = Document::load(TWO_GATES, &[]).expect("a document with a two-gated operation");
[INFO] [stdout]     |                         ^^^^ associated function or constant not found in `typed_openapi::Document`
[INFO] [stdout]     |
[INFO] [stdout] note: if you're trying to build a new `typed_openapi::Document`, consider using `typed_openapi::Document::from_blob` which returns `Result<typed_openapi::Document, DocumentError>`
[INFO] [stdout]    --> src/model.rs:506:5
[INFO] [stdout]     |
[INFO] [stdout] 506 |     pub fn from_blob(blob: &[u8]) -> Result<Self, DocumentError> {
[INFO] [stdout]     |     ^^^^^^^^^^^^^^^^^^^^^^^^^^^^^^^^^^^^^^^^^^^^^^^^^^^^^^^^^^^^
[INFO] [stdout] 
[INFO] [stdout] 
[INFO] [stdout] error[E0433]: cannot find `overlay` in `typed_openapi`
[INFO] [stdout]   --> tests/drift.rs:42:34
[INFO] [stdout]    |
[INFO] [stdout] 42 |     let mut doc = typed_openapi::overlay::parse(document)?;
[INFO] [stdout]    |                                  ^^^^^^^ could not find `overlay` in `typed_openapi`
[INFO] [stdout]    |
[INFO] [stdout] note: found an item that was configured out
[INFO] [stdout]   --> src/lib.rs:55:9
[INFO] [stdout]    |
[INFO] [stdout] 54 | #[cfg(feature = "document")]
[INFO] [stdout]    |       -------------------- the item is gated behind the `document` feature
[INFO] [stdout] 55 | pub mod overlay;
[INFO] [stdout]    |         ^^^^^^^
[INFO] [stdout] 
[INFO] [stdout] 
[INFO] [stdout] error[E0599]: no associated function or constant named `load` found for struct `typed_openapi::Document` in the current scope
[INFO] [stdout]    --> tests/document.rs:215:25
[INFO] [stdout]     |
[INFO] [stdout] 215 |     let doc = Document::load(
[INFO] [stdout]     |                         ^^^^ associated function or constant not found in `typed_openapi::Document`
[INFO] [stdout]     |
[INFO] [stdout] note: if you're trying to build a new `typed_openapi::Document`, consider using `typed_openapi::Document::from_blob` which returns `Result<typed_openapi::Document, DocumentError>`
[INFO] [stdout]    --> src/model.rs:506:5
[INFO] [stdout]     |
[INFO] [stdout] 506 |     pub fn from_blob(blob: &[u8]) -> Result<Self, DocumentError> {
[INFO] [stdout]     |     ^^^^^^^^^^^^^^^^^^^^^^^^^^^^^^^^^^^^^^^^^^^^^^^^^^^^^^^^^^^^
[INFO] [stdout] 
[INFO] [stdout] 
[INFO] [stdout] error[E0433]: cannot find `overlay` in `typed_openapi`
[INFO] [stdout]   --> tests/drift.rs:44:30
[INFO] [stdout]    |
[INFO] [stdout] 44 |         doc = typed_openapi::overlay::apply(doc, layer)?;
[INFO] [stdout]    |                              ^^^^^^^ could not find `overlay` in `typed_openapi`
[INFO] [stdout]    |
[INFO] [stdout] note: found an item that was configured out
[INFO] [stdout]   --> src/lib.rs:55:9
[INFO] [stdout]    |
[INFO] [stdout] 54 | #[cfg(feature = "document")]
[INFO] [stdout]    |       -------------------- the item is gated behind the `document` feature
[INFO] [stdout] 55 | pub mod overlay;
[INFO] [stdout]    |         ^^^^^^^
[INFO] [stdout] 
[INFO] [stdout] 
[INFO] [stdout] error[E0599]: no associated function or constant named `load` found for struct `typed_openapi::Document` in the current scope
[INFO] [stdout]    --> tests/document.rs:271:25
[INFO] [stdout]     |
[INFO] [stdout] 271 |     let doc = Document::load(&synthetic(PARAMETERS), &[]).expect("a document");
[INFO] [stdout]     |                         ^^^^ associated function or constant not found in `typed_openapi::Document`
[INFO] [stdout]     |
[INFO] [stdout] note: if you're trying to build a new `typed_openapi::Document`, consider using `typed_openapi::Document::from_blob` which returns `Result<typed_openapi::Document, DocumentError>`
[INFO] [stdout]    --> src/model.rs:506:5
[INFO] [stdout]     |
[INFO] [stdout] 506 |     pub fn from_blob(blob: &[u8]) -> Result<Self, DocumentError> {
[INFO] [stdout]     |     ^^^^^^^^^^^^^^^^^^^^^^^^^^^^^^^^^^^^^^^^^^^^^^^^^^^^^^^^^^^^
[INFO] [stdout] 
[INFO] [stdout] 
[INFO] [stdout] error[E0599]: no associated function or constant named `load` found for struct `typed_openapi::Document` in the current scope
[INFO] [stdout]    --> tests/document.rs:321:27
[INFO] [stdout]     |
[INFO] [stdout] 321 |     let error = Document::load(
[INFO] [stdout]     |                           ^^^^ associated function or constant not found in `typed_openapi::Document`
[INFO] [stdout]     |
[INFO] [stdout] note: if you're trying to build a new `typed_openapi::Document`, consider using `typed_openapi::Document::from_blob` which returns `Result<typed_openapi::Document, DocumentError>`
[INFO] [stdout]    --> src/model.rs:506:5
[INFO] [stdout]     |
[INFO] [stdout] 506 |     pub fn from_blob(blob: &[u8]) -> Result<Self, DocumentError> {
[INFO] [stdout]     |     ^^^^^^^^^^^^^^^^^^^^^^^^^^^^^^^^^^^^^^^^^^^^^^^^^^^^^^^^^^^^
[INFO] [stdout] 
[INFO] [stdout] 
[INFO] [stdout] error[E0599]: no associated function or constant named `load` found for struct `typed_openapi::Document` in the current scope
[INFO] [stdout]    --> tests/document.rs:376:19
[INFO] [stdout]     |
[INFO] [stdout] 376 |         Document::load(&upload("form-data"), &[]).expect_err("`form-data` names no media type");
[INFO] [stdout]     |                   ^^^^ associated function or constant not found in `typed_openapi::Document`
[INFO] [stdout]     |
[INFO] [stdout] note: if you're trying to build a new `typed_openapi::Document`, consider using `typed_openapi::Document::from_blob` which returns `Result<typed_openapi::Document, DocumentError>`
[INFO] [stdout]    --> src/model.rs:506:5
[INFO] [stdout]     |
[INFO] [stdout] 506 |     pub fn from_blob(blob: &[u8]) -> Result<Self, DocumentError> {
[INFO] [stdout]     |     ^^^^^^^^^^^^^^^^^^^^^^^^^^^^^^^^^^^^^^^^^^^^^^^^^^^^^^^^^^^^
[INFO] [stdout] 
[INFO] [stdout] 
[INFO] [stdout] error[E0599]: no associated function or constant named `load` found for struct `typed_openapi::Document` in the current scope
[INFO] [stdout]    --> tests/document.rs:383:30
[INFO] [stdout]     |
[INFO] [stdout] 383 |     let repaired = Document::load(&upload("form-data"), &[REPAIR]).expect("the Overlay repairs it");
[INFO] [stdout]     |                              ^^^^ associated function or constant not found in `typed_openapi::Document`
[INFO] [stdout]     |
[INFO] [stdout] note: if you're trying to build a new `typed_openapi::Document`, consider using `typed_openapi::Document::from_blob` which returns `Result<typed_openapi::Document, DocumentError>`
[INFO] [stdout]    --> src/model.rs:506:5
[INFO] [stdout]     |
[INFO] [stdout] 506 |     pub fn from_blob(blob: &[u8]) -> Result<Self, DocumentError> {
[INFO] [stdout]     |     ^^^^^^^^^^^^^^^^^^^^^^^^^^^^^^^^^^^^^^^^^^^^^^^^^^^^^^^^^^^^
[INFO] [stdout] 
[INFO] [stdout] 
[INFO] [stdout] error[E0599]: no associated function or constant named `load` found for struct `typed_openapi::Document` in the current scope
[INFO] [stdout]    --> tests/document.rs:399:19
[INFO] [stdout]     |
[INFO] [stdout] 399 |         Document::load(&upload(key), &[])
[INFO] [stdout]     |                   ^^^^ associated function or constant not found in `typed_openapi::Document`
[INFO] [stdout]     |
[INFO] [stdout] note: if you're trying to build a new `typed_openapi::Document`, consider using `typed_openapi::Document::from_blob` which returns `Result<typed_openapi::Document, DocumentError>`
[INFO] [stdout]    --> src/model.rs:506:5
[INFO] [stdout]     |
[INFO] [stdout] 506 |     pub fn from_blob(blob: &[u8]) -> Result<Self, DocumentError> {
[INFO] [stdout]     |     ^^^^^^^^^^^^^^^^^^^^^^^^^^^^^^^^^^^^^^^^^^^^^^^^^^^^^^^^^^^^
[INFO] [stdout] 
[INFO] [stdout] 
[INFO] [stdout] error[E0599]: no associated function or constant named `load` found for struct `typed_openapi::Document` in the current scope
[INFO] [stdout]    --> tests/document.rs:460:25
[INFO] [stdout]     |
[INFO] [stdout] 460 |     let doc = Document::load(
[INFO] [stdout]     |                         ^^^^ associated function or constant not found in `typed_openapi::Document`
[INFO] [stdout]     |
[INFO] [stdout] note: if you're trying to build a new `typed_openapi::Document`, consider using `typed_openapi::Document::from_blob` which returns `Result<typed_openapi::Document, DocumentError>`
[INFO] [stdout]    --> src/model.rs:506:5
[INFO] [stdout]     |
[INFO] [stdout] 506 |     pub fn from_blob(blob: &[u8]) -> Result<Self, DocumentError> {
[INFO] [stdout]     |     ^^^^^^^^^^^^^^^^^^^^^^^^^^^^^^^^^^^^^^^^^^^^^^^^^^^^^^^^^^^^
[INFO] [stdout] 
[INFO] [stdout] 
[INFO] [stdout] error[E0599]: no associated function or constant named `load` found for struct `typed_openapi::Document` in the current scope
[INFO] [stdout]    --> tests/document.rs:506:29
[INFO] [stdout]     |
[INFO] [stdout] 506 |         let doc = Document::load(&pointing(properties), &[]).expect("a document");
[INFO] [stdout]     |                             ^^^^ associated function or constant not found in `typed_openapi::Document`
[INFO] [stdout]     |
[INFO] [stdout] note: if you're trying to build a new `typed_openapi::Document`, consider using `typed_openapi::Document::from_blob` which returns `Result<typed_openapi::Document, DocumentError>`
[INFO] [stdout]    --> src/model.rs:506:5
[INFO] [stdout]     |
[INFO] [stdout] 506 |     pub fn from_blob(blob: &[u8]) -> Result<Self, DocumentError> {
[INFO] [stdout]     |     ^^^^^^^^^^^^^^^^^^^^^^^^^^^^^^^^^^^^^^^^^^^^^^^^^^^^^^^^^^^^
[INFO] [stdout] 
[INFO] [stdout] 
[INFO] [stdout] error[E0599]: no associated function or constant named `load` found for struct `typed_openapi::Document` in the current scope
[INFO] [stdout]    --> tests/document.rs:569:25
[INFO] [stdout]     |
[INFO] [stdout] 569 |     let doc = Document::load(document, &[]).expect("a document");
[INFO] [stdout]     |                         ^^^^ associated function or constant not found in `typed_openapi::Document`
[INFO] [stdout]     |
[INFO] [stdout] note: if you're trying to build a new `typed_openapi::Document`, consider using `typed_openapi::Document::from_blob` which returns `Result<typed_openapi::Document, DocumentError>`
[INFO] [stdout]    --> src/model.rs:506:5
[INFO] [stdout]     |
[INFO] [stdout] 506 |     pub fn from_blob(blob: &[u8]) -> Result<Self, DocumentError> {
[INFO] [stdout]     |     ^^^^^^^^^^^^^^^^^^^^^^^^^^^^^^^^^^^^^^^^^^^^^^^^^^^^^^^^^^^^
[INFO] [stdout] 
[INFO] [stdout] 
[INFO] [stdout] error[E0599]: no associated function or constant named `load` found for struct `typed_openapi::Document` in the current scope
[INFO] [stdout]    --> tests/document.rs:629:25
[INFO] [stdout]     |
[INFO] [stdout] 629 |     let doc = Document::load(&synthetic(SHAPES), &[])
[INFO] [stdout]     |                         ^^^^ associated function or constant not found in `typed_openapi::Document`
[INFO] [stdout]     |
[INFO] [stdout] note: if you're trying to build a new `typed_openapi::Document`, consider using `typed_openapi::Document::from_blob` which returns `Result<typed_openapi::Document, DocumentError>`
[INFO] [stdout]    --> src/model.rs:506:5
[INFO] [stdout]     |
[INFO] [stdout] 506 |     pub fn from_blob(blob: &[u8]) -> Result<Self, DocumentError> {
[INFO] [stdout]     |     ^^^^^^^^^^^^^^^^^^^^^^^^^^^^^^^^^^^^^^^^^^^^^^^^^^^^^^^^^^^^
[INFO] [stdout] 
[INFO] [stdout] 
[INFO] [stdout] error[E0599]: no associated function or constant named `load` found for struct `typed_openapi::Document` in the current scope
[INFO] [stdout]    --> tests/document.rs:671:27
[INFO] [stdout]     |
[INFO] [stdout] 671 |     let error = Document::load(
[INFO] [stdout]     |                           ^^^^ associated function or constant not found in `typed_openapi::Document`
[INFO] [stdout]     |
[INFO] [stdout] note: if you're trying to build a new `typed_openapi::Document`, consider using `typed_openapi::Document::from_blob` which returns `Result<typed_openapi::Document, DocumentError>`
[INFO] [stdout]    --> src/model.rs:506:5
[INFO] [stdout]     |
[INFO] [stdout] 506 |     pub fn from_blob(blob: &[u8]) -> Result<Self, DocumentError> {
[INFO] [stdout]     |     ^^^^^^^^^^^^^^^^^^^^^^^^^^^^^^^^^^^^^^^^^^^^^^^^^^^^^^^^^^^^
[INFO] [stdout] 
[INFO] [stdout] 
[INFO] [stdout] error[E0599]: no associated function or constant named `load` found for struct `typed_openapi::Document` in the current scope
[INFO] [stdout]    --> tests/document.rs:704:25
[INFO] [stdout]     |
[INFO] [stdout] 704 |     let doc = Document::load(&synthetic(NEIGHBOURS), &[]).expect("the document still reduces");
[INFO] [stdout]     |                         ^^^^ associated function or constant not found in `typed_openapi::Document`
[INFO] [stdout]     |
[INFO] [stdout] note: if you're trying to build a new `typed_openapi::Document`, consider using `typed_openapi::Document::from_blob` which returns `Result<typed_openapi::Document, DocumentError>`
[INFO] [stdout]    --> src/model.rs:506:5
[INFO] [stdout]     |
[INFO] [stdout] 506 |     pub fn from_blob(blob: &[u8]) -> Result<Self, DocumentError> {
[INFO] [stdout]     |     ^^^^^^^^^^^^^^^^^^^^^^^^^^^^^^^^^^^^^^^^^^^^^^^^^^^^^^^^^^^^
[INFO] [stdout] 
[INFO] [stdout] 
[INFO] [stdout] error[E0599]: no associated function or constant named `load` found for struct `typed_openapi::Document` in the current scope
[INFO] [stdout]    --> tests/document.rs:771:29
[INFO] [stdout]     |
[INFO] [stdout] 771 |         let doc = Document::load(&document, &[]).expect("the document still reduces");
[INFO] [stdout]     |                             ^^^^ associated function or constant not found in `typed_openapi::Document`
[INFO] [stdout]     |
[INFO] [stdout] note: if you're trying to build a new `typed_openapi::Document`, consider using `typed_openapi::Document::from_blob` which returns `Result<typed_openapi::Document, DocumentError>`
[INFO] [stdout]    --> src/model.rs:506:5
[INFO] [stdout]     |
[INFO] [stdout] 506 |     pub fn from_blob(blob: &[u8]) -> Result<Self, DocumentError> {
[INFO] [stdout]     |     ^^^^^^^^^^^^^^^^^^^^^^^^^^^^^^^^^^^^^^^^^^^^^^^^^^^^^^^^^^^^
[INFO] [stdout] 
[INFO] [stdout] 
[INFO] [stdout] error[E0599]: no associated function or constant named `load` found for struct `typed_openapi::Document` in the current scope
[INFO] [stdout]    --> tests/document.rs:783:31
[INFO] [stdout]     |
[INFO] [stdout] 783 |         let error = Document::load(&document.replace("required: false", "required: true"), &[])
[INFO] [stdout]     |                               ^^^^ associated function or constant not found in `typed_openapi::Document`
[INFO] [stdout]     |
[INFO] [stdout] note: if you're trying to build a new `typed_openapi::Document`, consider using `typed_openapi::Document::from_blob` which returns `Result<typed_openapi::Document, DocumentError>`
[INFO] [stdout]    --> src/model.rs:506:5
[INFO] [stdout]     |
[INFO] [stdout] 506 |     pub fn from_blob(blob: &[u8]) -> Result<Self, DocumentError> {
[INFO] [stdout]     |     ^^^^^^^^^^^^^^^^^^^^^^^^^^^^^^^^^^^^^^^^^^^^^^^^^^^^^^^^^^^^
[INFO] [stdout] 
[INFO] [stdout] 
[INFO] [stdout] error[E0599]: no associated function or constant named `load` found for struct `typed_openapi::Document` in the current scope
[INFO] [stdout]    --> tests/document.rs:806:27
[INFO] [stdout]     |
[INFO] [stdout] 806 |                 Document::load(&document, &[]).expect_err("a path style this crate does not write");
[INFO] [stdout]     |                           ^^^^ associated function or constant not found in `typed_openapi::Document`
[INFO] [stdout]     |
[INFO] [stdout] note: if you're trying to build a new `typed_openapi::Document`, consider using `typed_openapi::Document::from_blob` which returns `Result<typed_openapi::Document, DocumentError>`
[INFO] [stdout]    --> src/model.rs:506:5
[INFO] [stdout]     |
[INFO] [stdout] 506 |     pub fn from_blob(blob: &[u8]) -> Result<Self, DocumentError> {
[INFO] [stdout]     |     ^^^^^^^^^^^^^^^^^^^^^^^^^^^^^^^^^^^^^^^^^^^^^^^^^^^^^^^^^^^^
[INFO] [stdout] 
[INFO] [stdout] 
[INFO] [stdout] error[E0599]: no associated function or constant named `load` found for struct `typed_openapi::Document` in the current scope
[INFO] [stdout]    --> tests/document.rs:834:25
[INFO] [stdout]     |
[INFO] [stdout] 834 |     let doc = Document::load(&synthetic(SEGMENTED), &[]).expect("a document");
[INFO] [stdout]     |                         ^^^^ associated function or constant not found in `typed_openapi::Document`
[INFO] [stdout]     |
[INFO] [stdout] note: if you're trying to build a new `typed_openapi::Document`, consider using `typed_openapi::Document::from_blob` which returns `Result<typed_openapi::Document, DocumentError>`
[INFO] [stdout]    --> src/model.rs:506:5
[INFO] [stdout]     |
[INFO] [stdout] 506 |     pub fn from_blob(blob: &[u8]) -> Result<Self, DocumentError> {
[INFO] [stdout]     |     ^^^^^^^^^^^^^^^^^^^^^^^^^^^^^^^^^^^^^^^^^^^^^^^^^^^^^^^^^^^^
[INFO] [stdout] 
[INFO] [stdout] 
[INFO] [stdout] For more information about this error, try `rustc --explain E0599`.
[INFO] [stdout] 
[INFO] [stdout] error[E0599]: no associated function or constant named `load` found for struct `typed_openapi::Document` in the current scope
[INFO] [stdout]    --> tests/document.rs:857:25
[INFO] [stdout]     |
[INFO] [stdout] 857 |     let doc = Document::load(&synthetic(SHAPES), &[]).expect("a document");
[INFO] [stdout]     |                         ^^^^ associated function or constant not found in `typed_openapi::Document`
[INFO] [stdout]     |
[INFO] [stdout] note: if you're trying to build a new `typed_openapi::Document`, consider using `typed_openapi::Document::from_blob` which returns `Result<typed_openapi::Document, DocumentError>`
[INFO] [stdout]    --> src/model.rs:506:5
[INFO] [stdout]     |
[INFO] [stdout] 506 |     pub fn from_blob(blob: &[u8]) -> Result<Self, DocumentError> {
[INFO] [stdout]     |     ^^^^^^^^^^^^^^^^^^^^^^^^^^^^^^^^^^^^^^^^^^^^^^^^^^^^^^^^^^^^
[INFO] [stdout] 
[INFO] [stdout] 
[INFO] [stdout] error[E0599]: no associated function or constant named `load` found for struct `typed_openapi::Document` in the current scope
[INFO] [stdout]    --> tests/document.rs:872:25
[INFO] [stdout]     |
[INFO] [stdout] 872 |     let doc = Document::load(&synthetic(SHAPES), &[]).expect("a document");
[INFO] [stdout]     |                         ^^^^ associated function or constant not found in `typed_openapi::Document`
[INFO] [stdout]     |
[INFO] [stdout] note: if you're trying to build a new `typed_openapi::Document`, consider using `typed_openapi::Document::from_blob` which returns `Result<typed_openapi::Document, DocumentError>`
[INFO] [stdout]    --> src/model.rs:506:5
[INFO] [stdout]     |
[INFO] [stdout] 506 |     pub fn from_blob(blob: &[u8]) -> Result<Self, DocumentError> {
[INFO] [stdout]     |     ^^^^^^^^^^^^^^^^^^^^^^^^^^^^^^^^^^^^^^^^^^^^^^^^^^^^^^^^^^^^
[INFO] [stdout] 
[INFO] [stdout] 
[INFO] [stdout] error[E0599]: no associated function or constant named `load` found for struct `typed_openapi::Document` in the current scope
[INFO] [stdout]    --> tests/drift.rs:124:25
[INFO] [stdout]     |
[INFO] [stdout] 124 |     let doc = Document::load(&without("  /contacts:", "  /documents:"), OVERLAYS)
[INFO] [stdout]     |                         ^^^^ associated function or constant not found in `typed_openapi::Document`
[INFO] [stdout]     |
[INFO] [stdout] note: if you're trying to build a new `typed_openapi::Document`, consider using `typed_openapi::Document::from_blob` which returns `Result<typed_openapi::Document, DocumentError>`
[INFO] [stdout]    --> src/model.rs:506:5
[INFO] [stdout]     |
[INFO] [stdout] 506 |     pub fn from_blob(blob: &[u8]) -> Result<Self, DocumentError> {
[INFO] [stdout]     |     ^^^^^^^^^^^^^^^^^^^^^^^^^^^^^^^^^^^^^^^^^^^^^^^^^^^^^^^^^^^^
[INFO] [stdout] 
[INFO] [stdout] 
[INFO] [stderr] error: could not compile `typed-openapi` (test "dispatch") due to 2 previous errors
[INFO] [stdout] error[E0599]: no associated function or constant named `load` found for struct `typed_openapi::Document` in the current scope
[INFO] [stdout]    --> tests/document.rs:940:15
[INFO] [stdout]     |
[INFO] [stdout] 940 |     Document::load(document, &[])
[INFO] [stdout]     |               ^^^^ associated function or constant not found in `typed_openapi::Document`
[INFO] [stdout]     |
[INFO] [stdout] note: if you're trying to build a new `typed_openapi::Document`, consider using `typed_openapi::Document::from_blob` which returns `Result<typed_openapi::Document, DocumentError>`
[INFO] [stdout]    --> src/model.rs:506:5
[INFO] [stdout]     |
[INFO] [stdout] 506 |     pub fn from_blob(blob: &[u8]) -> Result<Self, DocumentError> {
[INFO] [stdout]     |     ^^^^^^^^^^^^^^^^^^^^^^^^^^^^^^^^^^^^^^^^^^^^^^^^^^^^^^^^^^^^
[INFO] [stdout] 
[INFO] [stdout] 
[INFO] [stdout] error[E0599]: no associated function or constant named `load` found for struct `typed_openapi::Document` in the current scope
[INFO] [stdout]    --> tests/document.rs:970:27
[INFO] [stdout]     |
[INFO] [stdout] 970 |     let error = Document::load(&synthetic(COLLIDING), &[]).expect_err("both are `vouchers render`");
[INFO] [stdout]     |                           ^^^^ associated function or constant not found in `typed_openapi::Document`
[INFO] [stdout]     |
[INFO] [stdout] note: if you're trying to build a new `typed_openapi::Document`, consider using `typed_openapi::Document::from_blob` which returns `Result<typed_openapi::Document, DocumentError>`
[INFO] [stdout]    --> src/model.rs:506:5
[INFO] [stdout]     |
[INFO] [stdout] 506 |     pub fn from_blob(blob: &[u8]) -> Result<Self, DocumentError> {
[INFO] [stdout]     |     ^^^^^^^^^^^^^^^^^^^^^^^^^^^^^^^^^^^^^^^^^^^^^^^^^^^^^^^^^^^^
[INFO] [stdout] 
[INFO] [stdout] 
[INFO] [stdout] error[E0599]: no associated function or constant named `load` found for struct `typed_openapi::Document` in the current scope
[INFO] [stdout]    --> tests/drift.rs:153:25
[INFO] [stdout]     |
[INFO] [stdout] 153 |     let doc = Document::load(&added, OVERLAYS).expect("the document still loads");
[INFO] [stdout]     |                         ^^^^ associated function or constant not found in `typed_openapi::Document`
[INFO] [stdout]     |
[INFO] [stdout] note: if you're trying to build a new `typed_openapi::Document`, consider using `typed_openapi::Document::from_blob` which returns `Result<typed_openapi::Document, DocumentError>`
[INFO] [stdout]    --> src/model.rs:506:5
[INFO] [stdout]     |
[INFO] [stdout] 506 |     pub fn from_blob(blob: &[u8]) -> Result<Self, DocumentError> {
[INFO] [stdout]     |     ^^^^^^^^^^^^^^^^^^^^^^^^^^^^^^^^^^^^^^^^^^^^^^^^^^^^^^^^^^^^
[INFO] [stdout] 
[INFO] [stdout] 
[INFO] [stdout] error[E0599]: no associated function or constant named `load` found for struct `typed_openapi::Document` in the current scope
[INFO] [stdout]     --> tests/document.rs:1012:27
[INFO] [stdout]      |
[INFO] [stdout] 1012 |     let error = Document::load(
[INFO] [stdout]      |                           ^^^^ associated function or constant not found in `typed_openapi::Document`
[INFO] [stdout]      |
[INFO] [stdout] note: if you're trying to build a new `typed_openapi::Document`, consider using `typed_openapi::Document::from_blob` which returns `Result<typed_openapi::Document, DocumentError>`
[INFO] [stdout]     --> src/model.rs:506:5
[INFO] [stdout]      |
[INFO] [stdout]  506 |     pub fn from_blob(blob: &[u8]) -> Result<Self, DocumentError> {
[INFO] [stdout]      |     ^^^^^^^^^^^^^^^^^^^^^^^^^^^^^^^^^^^^^^^^^^^^^^^^^^^^^^^^^^^^
[INFO] [stdout] 
[INFO] [stdout] 
[INFO] [stdout] error[E0599]: no associated function or constant named `load` found for struct `typed_openapi::Document` in the current scope
[INFO] [stdout]     --> tests/document.rs:1045:19
[INFO] [stdout]      |
[INFO] [stdout] 1045 |         Document::load(&synthetic(&paths), &[])
[INFO] [stdout]      |                   ^^^^ associated function or constant not found in `typed_openapi::Document`
[INFO] [stdout]      |
[INFO] [stdout] note: if you're trying to build a new `typed_openapi::Document`, consider using `typed_openapi::Document::from_blob` which returns `Result<typed_openapi::Document, DocumentError>`
[INFO] [stdout]     --> src/model.rs:506:5
[INFO] [stdout]      |
[INFO] [stdout]  506 |     pub fn from_blob(blob: &[u8]) -> Result<Self, DocumentError> {
[INFO] [stdout]      |     ^^^^^^^^^^^^^^^^^^^^^^^^^^^^^^^^^^^^^^^^^^^^^^^^^^^^^^^^^^^^
[INFO] [stdout] 
[INFO] [stdout] 
[INFO] [stdout] error[E0599]: no associated function or constant named `load` found for struct `typed_openapi::Document` in the current scope
[INFO] [stdout]    --> tests/drift.rs:166:23
[INFO] [stdout]     |
[INFO] [stdout] 166 |     assert!(Document::load(&removed, OVERLAYS).is_ok());
[INFO] [stdout]     |                       ^^^^ associated function or constant not found in `typed_openapi::Document`
[INFO] [stdout]     |
[INFO] [stdout] note: if you're trying to build a new `typed_openapi::Document`, consider using `typed_openapi::Document::from_blob` which returns `Result<typed_openapi::Document, DocumentError>`
[INFO] [stdout]    --> src/model.rs:506:5
[INFO] [stdout]     |
[INFO] [stdout] 506 |     pub fn from_blob(blob: &[u8]) -> Result<Self, DocumentError> {
[INFO] [stdout]     |     ^^^^^^^^^^^^^^^^^^^^^^^^^^^^^^^^^^^^^^^^^^^^^^^^^^^^^^^^^^^^
[INFO] [stdout] 
[INFO] [stdout] 
[INFO] [stdout] error[E0599]: no associated function or constant named `load` found for struct `typed_openapi::Document` in the current scope
[INFO] [stdout]     --> tests/document.rs:1087:25
[INFO] [stdout]      |
[INFO] [stdout] 1087 |     let doc = Document::load(
[INFO] [stdout]      |                         ^^^^ associated function or constant not found in `typed_openapi::Document`
[INFO] [stdout]      |
[INFO] [stdout] note: if you're trying to build a new `typed_openapi::Document`, consider using `typed_openapi::Document::from_blob` which returns `Result<typed_openapi::Document, DocumentError>`
[INFO] [stdout]     --> src/model.rs:506:5
[INFO] [stdout]      |
[INFO] [stdout]  506 |     pub fn from_blob(blob: &[u8]) -> Result<Self, DocumentError> {
[INFO] [stdout]      |     ^^^^^^^^^^^^^^^^^^^^^^^^^^^^^^^^^^^^^^^^^^^^^^^^^^^^^^^^^^^^
[INFO] [stdout] 
[INFO] [stdout] 
[INFO] [stdout] error[E0599]: no associated function or constant named `load` found for struct `typed_openapi::Document` in the current scope
[INFO] [stdout]     --> tests/document.rs:1122:27
[INFO] [stdout]      |
[INFO] [stdout] 1122 |     let error = Document::load(
[INFO] [stdout]      |                           ^^^^ associated function or constant not found in `typed_openapi::Document`
[INFO] [stdout]      |
[INFO] [stdout] note: if you're trying to build a new `typed_openapi::Document`, consider using `typed_openapi::Document::from_blob` which returns `Result<typed_openapi::Document, DocumentError>`
[INFO] [stdout]     --> src/model.rs:506:5
[INFO] [stdout]      |
[INFO] [stdout]  506 |     pub fn from_blob(blob: &[u8]) -> Result<Self, DocumentError> {
[INFO] [stdout]      |     ^^^^^^^^^^^^^^^^^^^^^^^^^^^^^^^^^^^^^^^^^^^^^^^^^^^^^^^^^^^^
[INFO] [stdout] 
[INFO] [stdout] 
[INFO] [stdout] Some errors have detailed explanations: E0433, E0599.
[INFO] [stdout] 
[INFO] [stdout] For more information about an error, try `rustc --explain E0433`.
[INFO] [stdout] 
[INFO] [stderr] error: could not compile `typed-openapi` (test "drift") due to 6 previous errors
[INFO] [stdout] For more information about this error, try `rustc --explain E0599`.
[INFO] [stdout] 
[INFO] [stderr] error: could not compile `typed-openapi` (test "document") due to 25 previous errors
[INFO] running `Command { std: "docker" "inspect" "0bdccd0a0210be86034830de4cbdc974aee36fa5c718ff4751eb50b58febaa35", kill_on_drop: false }`
[INFO] running `Command { std: "docker" "rm" "-f" "0bdccd0a0210be86034830de4cbdc974aee36fa5c718ff4751eb50b58febaa35", kill_on_drop: false }`
[INFO] [stdout] 0bdccd0a0210be86034830de4cbdc974aee36fa5c718ff4751eb50b58febaa35
