[INFO] fetching crate typed-id-new 0.1.0...
[INFO] testing typed-id-new-0.1.0 against 1.100.0-beta.1+cargoflags=--release for beta-release-1.100-2
[INFO] extracting crate typed-id-new 0.1.0 into /workspace/builds/worker-0-tc2/source
[INFO] started tweaking crates.io crate typed-id-new 0.1.0
[INFO] removed 0 missing tests
[INFO] finished tweaking crates.io crate typed-id-new 0.1.0
[INFO] tweaked toml for crates.io crate typed-id-new 0.1.0 written to /workspace/builds/worker-0-tc2/source/Cargo.toml
[INFO] validating manifest of crates.io crate typed-id-new 0.1.0 on toolchain 1.100.0-beta.1
[INFO] running `Command { std: CARGO_HOME="/workspace/cargo-home" RUSTUP_HOME="/workspace/rustup-home" "/workspace/cargo-home/bin/cargo" "+1.100.0-beta.1" "metadata" "--manifest-path" "Cargo.toml" "--no-deps", kill_on_drop: false }`
[INFO] crate crates.io crate typed-id-new 0.1.0 already has a lockfile, it will not be regenerated
[INFO] running `Command { std: CARGO_HOME="/workspace/cargo-home" RUSTUP_HOME="/workspace/rustup-home" "/workspace/cargo-home/bin/cargo" "+1.100.0-beta.1" "fetch" "--manifest-path" "Cargo.toml", kill_on_drop: false }`
[INFO] running `Command { std: "docker" "create" "-v" "/var/lib/crater-agent-workspace/builds/worker-0-tc2/source:/opt/rustwide/workdir:ro,Z" "-v" "/var/lib/crater-agent-workspace/builds/worker-0-tc2/target:/opt/rustwide/target:rw,Z" "-v" "/var/lib/crater-agent-workspace/cargo-home:/opt/rustwide/cargo-home:ro,Z" "-v" "/var/lib/crater-agent-workspace/rustup-home:/opt/rustwide/rustup-home:ro,Z" "-m" "1610612736" "--network" "none" "ghcr.io/rust-lang/crates-build-env/linux@sha256:77db811e55d90add9212f6832c23229e3de5f1c1f9905e8cb07319ea15df73ac" "sleep" "infinity", kill_on_drop: false }`
[INFO] [stdout] bc48649721317a12dc21875ba71b15d641d34062cfa636ccf5e090f42e89565b
[INFO] running `Command { std: "docker" "start" "bc48649721317a12dc21875ba71b15d641d34062cfa636ccf5e090f42e89565b", kill_on_drop: false }`
[INFO] running `Command { std: "docker" "inspect" "bc48649721317a12dc21875ba71b15d641d34062cfa636ccf5e090f42e89565b", kill_on_drop: false }`
[INFO] running `Command { std: "docker" "exec" "-e" "SOURCE_DIR=/opt/rustwide/workdir" "-e" "CARGO_HOME=/opt/rustwide/cargo-home" "-e" "RUSTUP_HOME=/opt/rustwide/rustup-home" "-e" "CARGO_TARGET_DIR=/opt/rustwide/target" "-w" "/opt/rustwide/workdir" "--user" "0:0" "bc48649721317a12dc21875ba71b15d641d34062cfa636ccf5e090f42e89565b" "/opt/rustwide/cargo-home/bin/cargo" "+1.100.0-beta.1" "metadata" "--no-deps" "--format-version=1", kill_on_drop: false }`
[INFO] running `Command { std: "docker" "inspect" "bc48649721317a12dc21875ba71b15d641d34062cfa636ccf5e090f42e89565b", kill_on_drop: false }`
[INFO] running `Command { std: "docker" "exec" "-e" "SOURCE_DIR=/opt/rustwide/workdir" "-e" "CARGO_HOME=/opt/rustwide/cargo-home" "-e" "RUSTUP_HOME=/opt/rustwide/rustup-home" "-e" "CARGO_TARGET_DIR=/opt/rustwide/target" "-e" "CARGO_INCREMENTAL=0" "-e" "RUST_BACKTRACE=full" "-e" "RUSTFLAGS=--cap-lints=warn" "-e" "RUSTDOCFLAGS=--cap-lints=warn" "-w" "/opt/rustwide/workdir" "--user" "0:0" "bc48649721317a12dc21875ba71b15d641d34062cfa636ccf5e090f42e89565b" "/opt/rustwide/cargo-home/bin/cargo" "+1.100.0-beta.1" "build" "--frozen" "--message-format=json" "--release", kill_on_drop: false }`
[INFO] [stderr]    Compiling syn v3.0.4
[INFO] [stderr]    Compiling uuid v1.26.0
[INFO] [stderr]    Compiling typed-id-derive v0.1.0
[INFO] [stderr]    Compiling serde_derive v1.0.229
[INFO] [stderr]    Compiling serde v1.0.229
[INFO] [stderr]    Compiling typed-id-new v0.1.0 (/opt/rustwide/workdir)
[INFO] [stderr] warning: unused dependency `serde`
[INFO] [stderr]  --> Cargo.toml:1:15
[INFO] [stderr]   |
[INFO] [stderr] 1 | [dependencies.serde]
[INFO] [stderr]   |               ^^^^^^
[INFO] [stderr]   |
[INFO] [stderr]   = note: `cargo::unused_dependencies` is set to `warn` by default
[INFO] [stderr] help: consider removing the dependency on `serde`
[INFO] [stderr] warning: `typed-id-new` (manifest) generated 1 warning
[INFO] [stderr]     Finished `release` profile [optimized] target(s) in 5.86s
[INFO] running `Command { std: "docker" "inspect" "bc48649721317a12dc21875ba71b15d641d34062cfa636ccf5e090f42e89565b", kill_on_drop: false }`
[INFO] running `Command { std: "docker" "exec" "-e" "SOURCE_DIR=/opt/rustwide/workdir" "-e" "CARGO_HOME=/opt/rustwide/cargo-home" "-e" "RUSTUP_HOME=/opt/rustwide/rustup-home" "-e" "CARGO_TARGET_DIR=/opt/rustwide/target" "-e" "CARGO_INCREMENTAL=0" "-e" "RUST_BACKTRACE=full" "-e" "RUSTFLAGS=--cap-lints=warn" "-e" "RUSTDOCFLAGS=--cap-lints=warn" "-w" "/opt/rustwide/workdir" "--user" "0:0" "bc48649721317a12dc21875ba71b15d641d34062cfa636ccf5e090f42e89565b" "/opt/rustwide/cargo-home/bin/cargo" "+1.100.0-beta.1" "test" "--frozen" "--no-run" "--message-format=json" "--release", kill_on_drop: false }`
[INFO] [stderr]    Compiling getrandom v0.4.3
[INFO] [stderr]    Compiling ppv-lite86 v0.2.21
[INFO] [stderr]    Compiling rand v0.9.5
[INFO] [stderr]    Compiling rand_xorshift v0.4.0
[INFO] [stderr]    Compiling tempfile v3.27.0
[INFO] [stderr]    Compiling uuid v1.26.0
[INFO] [stderr]    Compiling rand_chacha v0.9.0
[INFO] [stderr]    Compiling typed-id-new v0.1.0 (/opt/rustwide/workdir)
[INFO] [stderr]    Compiling rusty-fork v0.3.1
[INFO] [stderr]    Compiling proptest v1.11.0
[INFO] [stdout] error[E0432]: unresolved import `typed_id`
[INFO] [stdout]  --> tests/integration.rs:1:5
[INFO] [stdout]   |
[INFO] [stdout] 1 | use typed_id::TypedId;
[INFO] [stdout]   |     ^^^^^^^^ use of unresolved module or unlinked crate `typed_id`
[INFO] [stdout]   |
[INFO] [stdout]   = help: if you wanted to use a crate named `typed_id`, use `cargo add typed_id` to add it to your `Cargo.toml`
[INFO] [stdout] 
[INFO] [stdout] 
[INFO] [stdout] error[E0432]: unresolved import `typed_id`
[INFO] [stdout]   --> tests/integration.rs:29:9
[INFO] [stdout]    |
[INFO] [stdout] 29 |     use typed_id::{SystemIdGenerator, IdGenerator};
[INFO] [stdout]    |         ^^^^^^^^ use of unresolved module or unlinked crate `typed_id`
[INFO] [stdout]    |
[INFO] [stdout]    = help: if you wanted to use a crate named `typed_id`, use `cargo add typed_id` to add it to your `Cargo.toml`
[INFO] [stdout] 
[INFO] [stdout] 
[INFO] [stdout] error[E0599]: no associated function or constant named `new` found for struct `UserId` in the current scope
[INFO] [stdout]   --> tests/integration.rs:12:24
[INFO] [stdout]    |
[INFO] [stdout]  5 | pub struct UserId(#[serde(with = "uuid::serde::hyphenated")] uuid::Uuid);
[INFO] [stdout]    | ----------------- associated function or constant `new` not found for this struct
[INFO] [stdout] ...
[INFO] [stdout] 12 |     let user = UserId::new(uuid::Uuid::now_v7());
[INFO] [stdout]    |                        ^^^ associated function or constant not found in `UserId`
[INFO] [stdout]    |
[INFO] [stdout]    = help: items from traits can only be used if the trait is implemented and in scope
[INFO] [stdout]    = note: the following trait defines an item `new`, perhaps you need to implement it:
[INFO] [stdout]            candidate #1: `rand::distr::uniform::UniformSampler`
[INFO] [stdout] help: there is a method `ne` with a similar name
[INFO] [stdout]    |
[INFO] [stdout] 12 -     let user = UserId::new(uuid::Uuid::now_v7());
[INFO] [stdout] 12 +     let user = UserId::ne(uuid::Uuid::now_v7());
[INFO] [stdout]    |
[INFO] [stdout] 
[INFO] [stdout] 
[INFO] [stdout] error[E0599]: no associated function or constant named `new` found for struct `OrderId` in the current scope
[INFO] [stdout]   --> tests/integration.rs:13:26
[INFO] [stdout]    |
[INFO] [stdout]  8 | pub struct OrderId(uuid::Uuid);
[INFO] [stdout]    | ------------------ associated function or constant `new` not found for this struct
[INFO] [stdout] ...
[INFO] [stdout] 13 |     let order = OrderId::new(uuid::Uuid::now_v7());
[INFO] [stdout]    |                          ^^^ associated function or constant not found in `OrderId`
[INFO] [stdout]    |
[INFO] [stdout]    = help: items from traits can only be used if the trait is implemented and in scope
[INFO] [stdout]    = note: the following trait defines an item `new`, perhaps you need to implement it:
[INFO] [stdout]            candidate #1: `rand::distr::uniform::UniformSampler`
[INFO] [stdout] help: there is a method `ne` with a similar name
[INFO] [stdout]    |
[INFO] [stdout] 13 -     let order = OrderId::new(uuid::Uuid::now_v7());
[INFO] [stdout] 13 +     let order = OrderId::ne(uuid::Uuid::now_v7());
[INFO] [stdout]    |
[INFO] [stdout] 
[INFO] [stdout] 
[INFO] [stdout] error[E0599]: no associated function or constant named `new` found for struct `UserId` in the current scope
[INFO] [stdout]   --> tests/integration.rs:21:22
[INFO] [stdout]    |
[INFO] [stdout]  5 | pub struct UserId(#[serde(with = "uuid::serde::hyphenated")] uuid::Uuid);
[INFO] [stdout]    | ----------------- associated function or constant `new` not found for this struct
[INFO] [stdout] ...
[INFO] [stdout] 21 |     let id = UserId::new(uuid::Uuid::now_v7());
[INFO] [stdout]    |                      ^^^ associated function or constant not found in `UserId`
[INFO] [stdout]    |
[INFO] [stdout]    = help: items from traits can only be used if the trait is implemented and in scope
[INFO] [stdout]    = note: the following trait defines an item `new`, perhaps you need to implement it:
[INFO] [stdout]            candidate #1: `rand::distr::uniform::UniformSampler`
[INFO] [stdout] help: there is a method `ne` with a similar name
[INFO] [stdout]    |
[INFO] [stdout] 21 -     let id = UserId::new(uuid::Uuid::now_v7());
[INFO] [stdout] 21 +     let id = UserId::ne(uuid::Uuid::now_v7());
[INFO] [stdout]    |
[INFO] [stdout] 
[INFO] [stdout] 
[INFO] [stdout] Some errors have detailed explanations: E0432, E0599.
[INFO] [stdout] 
[INFO] [stdout] For more information about an error, try `rustc --explain E0432`.
[INFO] [stdout] 
[INFO] [stderr] error: could not compile `typed-id-new` (test "integration") due to 5 previous errors
[INFO] [stderr] warning: unused dependency `serde`
[INFO] [stderr]  --> Cargo.toml:1:15
[INFO] [stderr]   |
[INFO] [stderr] 1 | [dependencies.serde]
[INFO] [stderr]   |               ^^^^^^
[INFO] [stderr]   |
[INFO] [stderr]   = note: `cargo::unused_dependencies` is set to `warn` by default
[INFO] [stderr] help: consider removing the dependency on `serde`
[INFO] [stderr] help: to still use for development builds, move to `dev-dependencies`
[INFO] [stderr] warning: `typed-id-new` (manifest) generated 1 warning
[INFO] running `Command { std: "docker" "inspect" "bc48649721317a12dc21875ba71b15d641d34062cfa636ccf5e090f42e89565b", kill_on_drop: false }`
[INFO] running `Command { std: "docker" "rm" "-f" "bc48649721317a12dc21875ba71b15d641d34062cfa636ccf5e090f42e89565b", kill_on_drop: false }`
[INFO] [stdout] bc48649721317a12dc21875ba71b15d641d34062cfa636ccf5e090f42e89565b
