[INFO] fetching crate txtx-core 0.4.18...
[INFO] testing txtx-core-0.4.18 against 1.99.0-beta.8+cargoflags=--release for beta-release-1.100-2
[INFO] extracting crate txtx-core 0.4.18 into /workspace/builds/worker-2-tc1/source
[INFO] started tweaking crates.io crate txtx-core 0.4.18
[INFO] finished tweaking crates.io crate txtx-core 0.4.18
[INFO] tweaked toml for crates.io crate txtx-core 0.4.18 written to /workspace/builds/worker-2-tc1/source/Cargo.toml
[INFO] validating manifest of crates.io crate txtx-core 0.4.18 on toolchain 1.99.0-beta.8
[INFO] running `Command { std: CARGO_HOME="/workspace/cargo-home" RUSTUP_HOME="/workspace/rustup-home" "/workspace/cargo-home/bin/cargo" "+1.99.0-beta.8" "metadata" "--manifest-path" "Cargo.toml" "--no-deps", kill_on_drop: false }`
[INFO] crate crates.io crate txtx-core 0.4.18 already has a lockfile, it will not be regenerated
[INFO] running `Command { std: CARGO_HOME="/workspace/cargo-home" RUSTUP_HOME="/workspace/rustup-home" "/workspace/cargo-home/bin/cargo" "+1.99.0-beta.8" "fetch" "--manifest-path" "Cargo.toml", kill_on_drop: false }`
[INFO] [stderr]     Blocking waiting for file lock on package cache
[INFO] [stderr]     Updating crates.io index
[INFO] [stderr]     Blocking waiting for file lock on package cache
[INFO] [stderr]  Downloading crates ...
[INFO] [stderr]   Downloaded txtx-addon-kit v0.4.15
[INFO] [stderr]   Downloaded bip32 v0.5.3
[INFO] [stderr]   Downloaded better-debug v1.0.1
[INFO] [stderr]   Downloaded jaq-parse v1.0.3
[INFO] [stderr]   Downloaded mustache v0.9.0
[INFO] [stderr]   Downloaded serde_yml v0.0.11
[INFO] [stderr]   Downloaded libyml v0.0.4
[INFO] [stderr]   Downloaded secp256k1-sys v0.8.2
[INFO] running `Command { std: "docker" "create" "-v" "/var/lib/crater-agent-workspace/builds/worker-2-tc1/source:/opt/rustwide/workdir:ro,Z" "-v" "/var/lib/crater-agent-workspace/builds/worker-2-tc1/target:/opt/rustwide/target:rw,Z" "-v" "/var/lib/crater-agent-workspace/cargo-home:/opt/rustwide/cargo-home:ro,Z" "-v" "/var/lib/crater-agent-workspace/rustup-home:/opt/rustwide/rustup-home:ro,Z" "-m" "1610612736" "--network" "none" "ghcr.io/rust-lang/crates-build-env/linux@sha256:77db811e55d90add9212f6832c23229e3de5f1c1f9905e8cb07319ea15df73ac" "sleep" "infinity", kill_on_drop: false }`
[INFO] [stdout] 67a4c90909fa31515ff97c45557662bdebc4084989e15c4bfa3f45c28fd4570d
[INFO] running `Command { std: "docker" "start" "67a4c90909fa31515ff97c45557662bdebc4084989e15c4bfa3f45c28fd4570d", kill_on_drop: false }`
[INFO] running `Command { std: "docker" "inspect" "67a4c90909fa31515ff97c45557662bdebc4084989e15c4bfa3f45c28fd4570d", kill_on_drop: false }`
[INFO] running `Command { std: "docker" "exec" "-e" "SOURCE_DIR=/opt/rustwide/workdir" "-e" "CARGO_HOME=/opt/rustwide/cargo-home" "-e" "RUSTUP_HOME=/opt/rustwide/rustup-home" "-e" "CARGO_TARGET_DIR=/opt/rustwide/target" "-w" "/opt/rustwide/workdir" "--user" "0:0" "67a4c90909fa31515ff97c45557662bdebc4084989e15c4bfa3f45c28fd4570d" "/opt/rustwide/cargo-home/bin/cargo" "+1.99.0-beta.8" "metadata" "--no-deps" "--format-version=1", kill_on_drop: false }`
[INFO] running `Command { std: "docker" "inspect" "67a4c90909fa31515ff97c45557662bdebc4084989e15c4bfa3f45c28fd4570d", kill_on_drop: false }`
[INFO] running `Command { std: "docker" "exec" "-e" "SOURCE_DIR=/opt/rustwide/workdir" "-e" "CARGO_HOME=/opt/rustwide/cargo-home" "-e" "RUSTUP_HOME=/opt/rustwide/rustup-home" "-e" "CARGO_TARGET_DIR=/opt/rustwide/target" "-e" "CARGO_INCREMENTAL=0" "-e" "RUST_BACKTRACE=full" "-e" "RUSTFLAGS=--cap-lints=warn" "-e" "RUSTDOCFLAGS=--cap-lints=warn" "-w" "/opt/rustwide/workdir" "--user" "0:0" "67a4c90909fa31515ff97c45557662bdebc4084989e15c4bfa3f45c28fd4570d" "/opt/rustwide/cargo-home/bin/cargo" "+1.99.0-beta.8" "build" "--frozen" "--message-format=json" "--release", kill_on_drop: false }`
[INFO] [stderr]    Compiling unicode-ident v1.0.13
[INFO] [stderr]    Compiling zeroize v1.8.1
[INFO] [stderr]    Compiling subtle v2.6.1
[INFO] [stderr]    Compiling crunchy v0.2.2
[INFO] [stderr]    Compiling itoa v1.0.11
[INFO] [stderr]    Compiling cpufeatures v0.2.14
[INFO] [stderr]    Compiling typenum v1.17.0
[INFO] [stderr]    Compiling generic-array v0.14.7
[INFO] [stderr]    Compiling getrandom v0.2.15
[INFO] [stderr]    Compiling ring v0.17.8
[INFO] [stderr]    Compiling indexmap v2.14.0
[INFO] [stderr]    Compiling litemap v0.7.5
[INFO] [stderr]    Compiling getrandom v0.3.2
[INFO] [stderr]    Compiling spin v0.9.8
[INFO] [stderr]    Compiling zerocopy v0.8.27
[INFO] [stderr]    Compiling log v0.4.32
[INFO] [stderr]    Compiling tokio v1.52.3
[INFO] [stderr]    Compiling proc-macro2 v1.0.106
[INFO] [stderr]    Compiling http v0.2.12
[INFO] [stderr]    Compiling der v0.7.9
[INFO] [stderr]    Compiling rand_core v0.6.4
[INFO] [stderr]    Compiling base16ct v0.2.0
[INFO] [stderr]    Compiling rustls v0.21.12
[INFO] [stderr]    Compiling allocator-api2 v0.2.18
[INFO] [stderr]    Compiling httparse v1.9.4
[INFO] [stderr]    Compiling serde_json v1.0.150
[INFO] [stderr]    Compiling tracing v0.1.41
[INFO] [stderr]    Compiling quote v1.0.45
[INFO] [stderr]    Compiling curve25519-dalek v4.1.3
[INFO] [stderr]    Compiling rustversion v1.0.17
[INFO] [stderr]    Compiling syn v2.0.118
[INFO] [stderr]    Compiling ff v0.13.0
[INFO] [stderr]    Compiling socket2 v0.5.8
[INFO] [stderr]    Compiling crossbeam-utils v0.8.20
[INFO] [stderr]    Compiling rustix v0.38.37
[INFO] [stderr]    Compiling group v0.13.0
[INFO] [stderr]    Compiling syn v1.0.109
[INFO] [stderr]    Compiling crypto-common v0.1.6
[INFO] [stderr]    Compiling block-buffer v0.10.4
[INFO] [stderr]    Compiling digest v0.9.0
[INFO] [stderr]    Compiling crypto-bigint v0.5.5
[INFO] [stderr]    Compiling crypto-mac v0.8.0
[INFO] [stderr]    Compiling block-buffer v0.9.0
[INFO] [stderr]    Compiling hmac v0.8.1
[INFO] [stderr]    Compiling uint v0.10.0
[INFO] [stderr]    Compiling digest v0.10.7
[INFO] [stderr]    Compiling password-hash v0.5.0
[INFO] [stderr]    Compiling fixed-hash v0.8.0
[INFO] [stderr]    Compiling num-traits v0.2.19
[INFO] [stderr]    Compiling linux-raw-sys v0.4.14
[INFO] [stderr]    Compiling bitflags v2.9.4
[INFO] [stderr]    Compiling libsecp256k1-core v0.3.0
[INFO] [stderr]    Compiling dirs-sys v0.4.1
[INFO] [stderr]    Compiling sha2 v0.9.9
[INFO] [stderr]    Compiling signature v2.2.0
[INFO] [stderr]    Compiling sha2 v0.10.9
[INFO] [stderr]    Compiling hmac v0.12.1
[INFO] [stderr]    Compiling sec1 v0.7.3
[INFO] [stderr]    Compiling rfc6979 v0.4.0
[INFO] [stderr]    Compiling libsecp256k1-gen-ecmult v0.3.0
[INFO] [stderr]    Compiling libsecp256k1-gen-genmult v0.3.0
[INFO] [stderr]    Compiling http-body v0.4.6
[INFO] [stderr]    Compiling ed25519 v2.2.3
[INFO] [stderr]    Compiling libsecp256k1 v0.7.1
[INFO] [stderr]    Compiling bs58 v0.5.1
[INFO] [stderr]    Compiling pbkdf2 v0.12.2
[INFO] [stderr]    Compiling ripemd v0.1.3
[INFO] [stderr]    Compiling hcl-primitives v0.1.5
[INFO] [stderr]    Compiling hashbrown v0.15.2
[INFO] [stderr]    Compiling primitive-types v0.13.1
[INFO] [stderr]    Compiling proc-macro-error-attr v1.0.4
[INFO] [stderr]    Compiling tiny-keccak v2.0.2
[INFO] [stderr]    Compiling hmac-drbg v0.3.0
[INFO] [stderr]    Compiling encoding_rs v0.8.34
[INFO] [stderr]    Compiling vecmap-rs v0.2.2
[INFO] [stderr]    Compiling dyn-clone v1.0.17
[INFO] [stderr]    Compiling winnow v0.6.18
[INFO] [stderr]    Compiling ahash v0.8.12
[INFO] [stderr]    Compiling ipnet v2.10.0
[INFO] [stderr]    Compiling elliptic-curve v0.13.8
[INFO] [stderr]    Compiling hashbrown v0.14.5
[INFO] [stderr]    Compiling fastrand v2.1.1
[INFO] [stderr]    Compiling webpki-roots v0.25.4
[INFO] [stderr]    Compiling base64 v0.13.1
[INFO] [stderr]    Compiling hifijson v0.2.2
[INFO] [stderr]    Compiling serde_yml v0.0.11
[INFO] [stderr]    Compiling ecdsa v0.16.9
[INFO] [stderr]    Compiling crossbeam-channel v0.5.15
[INFO] [stderr]    Compiling keccak-hash v0.11.0
[INFO] [stderr]    Compiling proc-macro-error v1.0.4
[INFO] [stderr]    Compiling petgraph v0.8.2
[INFO] [stderr]    Compiling k256 v0.13.4
[INFO] [stderr]    Compiling chumsky v0.9.3
[INFO] [stderr]    Compiling dirs v5.0.1
[INFO] [stderr]    Compiling tempfile v3.12.0
[INFO] [stderr]    Compiling log v0.3.9
[INFO] [stderr]    Compiling highway v1.2.0
[INFO] [stderr]    Compiling indoc v2.0.5
[INFO] [stderr]    Compiling bip32 v0.5.3
[INFO] [stderr]    Compiling libyml v0.0.4
[INFO] [stderr]    Compiling synstructure v0.13.1
[INFO] [stderr]    Compiling darling_core v0.20.10
[INFO] [stderr]    Compiling hcl-edit v0.8.1
[INFO] [stderr]    Compiling tokio-util v0.7.18
[INFO] [stderr]    Compiling iana-time-zone v0.1.60
[INFO] [stderr]    Compiling similar v2.6.0
[INFO] [stderr]    Compiling chrono v0.4.40
[INFO] [stderr]    Compiling zerofrom-derive v0.1.6
[INFO] [stderr]    Compiling yoke-derive v0.7.5
[INFO] [stderr]    Compiling zerovec-derive v0.10.3
[INFO] [stderr]    Compiling serde_derive v1.0.228
[INFO] [stderr]    Compiling displaydoc v0.2.5
[INFO] [stderr]    Compiling icu_provider_macros v1.5.0
[INFO] [stderr]    Compiling futures-macro v0.3.32
[INFO] [stderr]    Compiling zerocopy-derive v0.7.35
[INFO] [stderr]    Compiling curve25519-dalek-derive v0.1.1
[INFO] [stderr]    Compiling zerofrom v0.1.6
[INFO] [stderr]    Compiling strum_macros v0.26.4
[INFO] [stderr]    Compiling thiserror-impl v1.0.69
[INFO] [stderr]    Compiling yoke v0.7.5
[INFO] [stderr]    Compiling daggy v0.9.0
[INFO] [stderr]    Compiling zerovec v0.10.4
[INFO] [stderr]    Compiling darling_macro v0.20.10
[INFO] [stderr]    Compiling zerocopy v0.7.35
[INFO] [stderr]    Compiling futures-util v0.3.32
[INFO] [stderr]    Compiling darling v0.20.10
[INFO] [stderr]    Compiling ppv-lite86 v0.2.20
[INFO] [stderr]    Compiling serde_with_macros v3.12.0
[INFO] [stderr]    Compiling better-debug v1.0.1
[INFO] [stderr]    Compiling rand_chacha v0.3.1
[INFO] [stderr]    Compiling tinystr v0.7.6
[INFO] [stderr]    Compiling icu_collections v1.5.0
[INFO] [stderr]    Compiling icu_locid v1.5.0
[INFO] [stderr]    Compiling thiserror v1.0.69
[INFO] [stderr]    Compiling rand v0.8.5
[INFO] [stderr]    Compiling ed25519-dalek v2.1.1
[INFO] [stderr]    Compiling strum v0.26.3
[INFO] [stderr]    Compiling serde v1.0.228
[INFO] [stderr]    Compiling ed25519-dalek-bip32 v0.3.0
[INFO] [stderr]    Compiling icu_provider v1.5.0
[INFO] [stderr]    Compiling jaq-syn v1.6.0
[INFO] [stderr]    Compiling serde_urlencoded v0.7.1
[INFO] [stderr]    Compiling uuid v1.16.0
[INFO] [stderr]    Compiling serde_with v3.12.0
[INFO] [stderr]    Compiling mustache v0.9.0
[INFO] [stderr]    Compiling icu_locid_transform v1.5.0
[INFO] [stderr]    Compiling icu_properties v1.5.1
[INFO] [stderr]    Compiling jaq-interpret v1.5.0
[INFO] [stderr]    Compiling jaq-parse v1.0.3
[INFO] [stderr]    Compiling rustls-webpki v0.101.7
[INFO] [stderr]    Compiling sct v0.7.1
[INFO] [stderr]    Compiling h2 v0.3.26
[INFO] [stderr]    Compiling futures-executor v0.3.32
[INFO] [stderr]    Compiling futures v0.3.32
[INFO] [stderr]    Compiling icu_normalizer v1.5.0
[INFO] [stderr]    Compiling idna_adapter v1.2.0
[INFO] [stderr]    Compiling idna v1.1.0
[INFO] [stderr]    Compiling url v2.5.8
[INFO] [stderr]    Compiling hyper v0.14.30
[INFO] [stderr]    Compiling tokio-rustls v0.24.1
[INFO] [stderr]    Compiling hyper-rustls v0.24.2
[INFO] [stderr]    Compiling reqwest v0.11.27
[INFO] [stderr]    Compiling txtx-addon-kit v0.4.15
[INFO] [stderr]    Compiling txtx-core v0.4.18 (/opt/rustwide/workdir)
[INFO] [stdout] warning: trailing semicolon in macro used in expression position
[INFO] [stdout]   --> src/std/functions/assertions.rs:14:9
[INFO] [stdout]    |
[INFO] [stdout] 14 | /         define_function! {
[INFO] [stdout] 15 | |             AssertEq => {
[INFO] [stdout] 16 | |                 name: "assert_eq",
[INFO] [stdout] 17 | |                 documentation: "`assert_eq` asserts that two values are equal.",
[INFO] [stdout] ...  |
[INFO] [stdout] 40 | |         },
[INFO] [stdout]    | |_________^
[INFO] [stdout]    |
[INFO] [stdout]    = note: macro invocations at the end of a block are treated as expressions
[INFO] [stdout]    = note: to ignore the value produced by the macro, add a semicolon after the invocation of `define_function`
[INFO] [stdout]    = warning: this was previously accepted by the compiler but is being phased out; it will become a hard error in a future release!
[INFO] [stdout]    = note: for more information, see issue #79813 <https://github.com/rust-lang/rust/issues/79813>
[INFO] [stdout]    = note: `#[warn(semicolon_in_expressions_from_non_local_macros)]` (part of `#[warn(future_incompatible)]`) on by default
[INFO] [stdout]    = note: this warning originates in the macro `define_function` (in Nightly builds, run with -Z macro-backtrace for more info)
[INFO] [stdout] 
[INFO] [stdout] 
[INFO] [stdout] warning: trailing semicolon in macro used in expression position
[INFO] [stdout]   --> src/std/functions/assertions.rs:41:9
[INFO] [stdout]    |
[INFO] [stdout] 41 | /         define_function! {
[INFO] [stdout] 42 | |             AssertNe => {
[INFO] [stdout] 43 | |                 name: "assert_ne",
[INFO] [stdout] 44 | |                 documentation: "`assert_ne` asserts that two values are not equal.",
[INFO] [stdout] ...  |
[INFO] [stdout] 67 | |         },
[INFO] [stdout]    | |_________^
[INFO] [stdout]    |
[INFO] [stdout]    = note: macro invocations at the end of a block are treated as expressions
[INFO] [stdout]    = note: to ignore the value produced by the macro, add a semicolon after the invocation of `define_function`
[INFO] [stdout]    = warning: this was previously accepted by the compiler but is being phased out; it will become a hard error in a future release!
[INFO] [stdout]    = note: for more information, see issue #79813 <https://github.com/rust-lang/rust/issues/79813>
[INFO] [stdout]    = note: this warning originates in the macro `define_function` (in Nightly builds, run with -Z macro-backtrace for more info)
[INFO] [stdout] 
[INFO] [stdout] 
[INFO] [stdout] warning: trailing semicolon in macro used in expression position
[INFO] [stdout]   --> src/std/functions/assertions.rs:68:9
[INFO] [stdout]    |
[INFO] [stdout] 68 | /         define_function! {
[INFO] [stdout] 69 | |             AssertGt => {
[INFO] [stdout] 70 | |                 name: "assert_gt",
[INFO] [stdout] 71 | |                 documentation: "`assert_gt` asserts that the left value is greater than the right value.",
[INFO] [stdout] ...  |
[INFO] [stdout] 94 | |         },
[INFO] [stdout]    | |_________^
[INFO] [stdout]    |
[INFO] [stdout]    = note: macro invocations at the end of a block are treated as expressions
[INFO] [stdout]    = note: to ignore the value produced by the macro, add a semicolon after the invocation of `define_function`
[INFO] [stdout]    = warning: this was previously accepted by the compiler but is being phased out; it will become a hard error in a future release!
[INFO] [stdout]    = note: for more information, see issue #79813 <https://github.com/rust-lang/rust/issues/79813>
[INFO] [stdout]    = note: this warning originates in the macro `define_function` (in Nightly builds, run with -Z macro-backtrace for more info)
[INFO] [stdout] 
[INFO] [stdout] 
[INFO] [stdout] warning: trailing semicolon in macro used in expression position
[INFO] [stdout]    --> src/std/functions/assertions.rs:95:9
[INFO] [stdout]     |
[INFO] [stdout]  95 | /         define_function! {
[INFO] [stdout]  96 | |             AssertGte => {
[INFO] [stdout]  97 | |                 name: "assert_gte",
[INFO] [stdout]  98 | |                 documentation: "`assert_gte` asserts that the left value is greater than or equal to the right value.",
[INFO] [stdout] ...   |
[INFO] [stdout] 121 | |         },
[INFO] [stdout]     | |_________^
[INFO] [stdout]     |
[INFO] [stdout]     = note: macro invocations at the end of a block are treated as expressions
[INFO] [stdout]     = note: to ignore the value produced by the macro, add a semicolon after the invocation of `define_function`
[INFO] [stdout]     = warning: this was previously accepted by the compiler but is being phased out; it will become a hard error in a future release!
[INFO] [stdout]     = note: for more information, see issue #79813 <https://github.com/rust-lang/rust/issues/79813>
[INFO] [stdout]     = note: this warning originates in the macro `define_function` (in Nightly builds, run with -Z macro-backtrace for more info)
[INFO] [stdout] 
[INFO] [stdout] 
[INFO] [stdout] warning: trailing semicolon in macro used in expression position
[INFO] [stdout]    --> src/std/functions/assertions.rs:122:9
[INFO] [stdout]     |
[INFO] [stdout] 122 | /         define_function! {
[INFO] [stdout] 123 | |             AssertLt => {
[INFO] [stdout] 124 | |                 name: "assert_lt",
[INFO] [stdout] 125 | |                 documentation: "`assert_lt` asserts that the left value is less than the right value.",
[INFO] [stdout] ...   |
[INFO] [stdout] 148 | |         },
[INFO] [stdout]     | |_________^
[INFO] [stdout]     |
[INFO] [stdout]     = note: macro invocations at the end of a block are treated as expressions
[INFO] [stdout]     = note: to ignore the value produced by the macro, add a semicolon after the invocation of `define_function`
[INFO] [stdout]     = warning: this was previously accepted by the compiler but is being phased out; it will become a hard error in a future release!
[INFO] [stdout]     = note: for more information, see issue #79813 <https://github.com/rust-lang/rust/issues/79813>
[INFO] [stdout]     = note: this warning originates in the macro `define_function` (in Nightly builds, run with -Z macro-backtrace for more info)
[INFO] [stdout] 
[INFO] [stdout] 
[INFO] [stdout] warning: trailing semicolon in macro used in expression position
[INFO] [stdout]    --> src/std/functions/assertions.rs:149:9
[INFO] [stdout]     |
[INFO] [stdout] 149 | /         define_function! {
[INFO] [stdout] 150 | |             AssertLte => {
[INFO] [stdout] 151 | |                 name: "assert_lte",
[INFO] [stdout] 152 | |                 documentation: "`assert_lte` asserts that the left value is less than or equal to the right value.",
[INFO] [stdout] ...   |
[INFO] [stdout] 175 | |         }
[INFO] [stdout]     | |_________^
[INFO] [stdout]     |
[INFO] [stdout]     = note: macro invocations at the end of a block are treated as expressions
[INFO] [stdout]     = note: to ignore the value produced by the macro, add a semicolon after the invocation of `define_function`
[INFO] [stdout]     = warning: this was previously accepted by the compiler but is being phased out; it will become a hard error in a future release!
[INFO] [stdout]     = note: for more information, see issue #79813 <https://github.com/rust-lang/rust/issues/79813>
[INFO] [stdout]     = note: this warning originates in the macro `define_function` (in Nightly builds, run with -Z macro-backtrace for more info)
[INFO] [stdout] 
[INFO] [stdout] 
[INFO] [stdout] warning: trailing semicolon in macro used in expression position
[INFO] [stdout]   --> src/std/functions/base58.rs:14:9
[INFO] [stdout]    |
[INFO] [stdout] 14 | /         define_function! {
[INFO] [stdout] 15 | |             Base58Encode => {
[INFO] [stdout] 16 | |                 name: "encode_base58",
[INFO] [stdout] 17 | |                 documentation: "`encode_base58` encodes a buffer or string as a base58 string.",
[INFO] [stdout] ...  |
[INFO] [stdout] 35 | |         },
[INFO] [stdout]    | |_________^
[INFO] [stdout]    |
[INFO] [stdout]    = note: macro invocations at the end of a block are treated as expressions
[INFO] [stdout]    = note: to ignore the value produced by the macro, add a semicolon after the invocation of `define_function`
[INFO] [stdout]    = warning: this was previously accepted by the compiler but is being phased out; it will become a hard error in a future release!
[INFO] [stdout]    = note: for more information, see issue #79813 <https://github.com/rust-lang/rust/issues/79813>
[INFO] [stdout]    = note: this warning originates in the macro `define_function` (in Nightly builds, run with -Z macro-backtrace for more info)
[INFO] [stdout] 
[INFO] [stdout] 
[INFO] [stdout] warning: trailing semicolon in macro used in expression position
[INFO] [stdout]   --> src/std/functions/base58.rs:36:9
[INFO] [stdout]    |
[INFO] [stdout] 36 | /         define_function! {
[INFO] [stdout] 37 | |             Base58Decode => {
[INFO] [stdout] 38 | |                 name: "decode_base58",
[INFO] [stdout] 39 | |                 documentation: "`decode_base58` decodes a base58 encoded string and returns the result as a buffer.",
[INFO] [stdout] ...  |
[INFO] [stdout] 57 | |         },
[INFO] [stdout]    | |_________^
[INFO] [stdout]    |
[INFO] [stdout]    = note: macro invocations at the end of a block are treated as expressions
[INFO] [stdout]    = note: to ignore the value produced by the macro, add a semicolon after the invocation of `define_function`
[INFO] [stdout]    = warning: this was previously accepted by the compiler but is being phased out; it will become a hard error in a future release!
[INFO] [stdout]    = note: for more information, see issue #79813 <https://github.com/rust-lang/rust/issues/79813>
[INFO] [stdout]    = note: this warning originates in the macro `define_function` (in Nightly builds, run with -Z macro-backtrace for more info)
[INFO] [stdout] 
[INFO] [stdout] 
[INFO] [stdout] warning: trailing semicolon in macro used in expression position
[INFO] [stdout]   --> src/std/functions/base64.rs:14:9
[INFO] [stdout]    |
[INFO] [stdout] 14 | /         define_function! {
[INFO] [stdout] 15 | |             Base64Decode => {
[INFO] [stdout] 16 | |                 name: "decode_base64",
[INFO] [stdout] 17 | |                 documentation: "`decode_base64` decodes a base64 encoded string and returns the result as a buffer.",
[INFO] [stdout] ...  |
[INFO] [stdout] 35 | |         },
[INFO] [stdout]    | |_________^
[INFO] [stdout]    |
[INFO] [stdout]    = note: macro invocations at the end of a block are treated as expressions
[INFO] [stdout]    = note: to ignore the value produced by the macro, add a semicolon after the invocation of `define_function`
[INFO] [stdout]    = warning: this was previously accepted by the compiler but is being phased out; it will become a hard error in a future release!
[INFO] [stdout]    = note: for more information, see issue #79813 <https://github.com/rust-lang/rust/issues/79813>
[INFO] [stdout]    = note: this warning originates in the macro `define_function` (in Nightly builds, run with -Z macro-backtrace for more info)
[INFO] [stdout] 
[INFO] [stdout] 
[INFO] [stdout] warning: trailing semicolon in macro used in expression position
[INFO] [stdout]   --> src/std/functions/base64.rs:36:9
[INFO] [stdout]    |
[INFO] [stdout] 36 | /         define_function! {
[INFO] [stdout] 37 | |             Base64Encode => {
[INFO] [stdout] 38 | |                 name: "encode_base64",
[INFO] [stdout] 39 | |                 documentation: "`encode_base64` encodes a buffer or string as a base64 string.",
[INFO] [stdout] ...  |
[INFO] [stdout] 57 | |         },
[INFO] [stdout]    | |_________^
[INFO] [stdout]    |
[INFO] [stdout]    = note: macro invocations at the end of a block are treated as expressions
[INFO] [stdout]    = note: to ignore the value produced by the macro, add a semicolon after the invocation of `define_function`
[INFO] [stdout]    = warning: this was previously accepted by the compiler but is being phased out; it will become a hard error in a future release!
[INFO] [stdout]    = note: for more information, see issue #79813 <https://github.com/rust-lang/rust/issues/79813>
[INFO] [stdout]    = note: this warning originates in the macro `define_function` (in Nightly builds, run with -Z macro-backtrace for more info)
[INFO] [stdout] 
[INFO] [stdout] 
[INFO] [stdout] warning: trailing semicolon in macro used in expression position
[INFO] [stdout]   --> src/std/functions/big_endian.rs:14:9
[INFO] [stdout]    |
[INFO] [stdout] 14 | /         define_function! {
[INFO] [stdout] 15 | |             BigEndianEncodeU32 => {
[INFO] [stdout] 16 | |                 name: "encode_big_endian_u32",
[INFO] [stdout] 17 | |                 documentation: "`encode_big_endian_u32` encodes a u32 to a big-endian hex string",
[INFO] [stdout] ...  |
[INFO] [stdout] 35 | |         },
[INFO] [stdout]    | |_________^
[INFO] [stdout]    |
[INFO] [stdout]    = note: macro invocations at the end of a block are treated as expressions
[INFO] [stdout]    = note: to ignore the value produced by the macro, add a semicolon after the invocation of `define_function`
[INFO] [stdout]    = warning: this was previously accepted by the compiler but is being phased out; it will become a hard error in a future release!
[INFO] [stdout]    = note: for more information, see issue #79813 <https://github.com/rust-lang/rust/issues/79813>
[INFO] [stdout]    = note: this warning originates in the macro `define_function` (in Nightly builds, run with -Z macro-backtrace for more info)
[INFO] [stdout] 
[INFO] [stdout] 
[INFO] [stdout] warning: trailing semicolon in macro used in expression position
[INFO] [stdout]   --> src/std/functions/big_endian.rs:36:9
[INFO] [stdout]    |
[INFO] [stdout] 36 | /         define_function! {
[INFO] [stdout] 37 | |             BigEndianEncodeU64 => {
[INFO] [stdout] 38 | |                 name: "encode_big_endian_u64",
[INFO] [stdout] 39 | |                 documentation: "`encode_big_endian_u64` encodes a u64 to a big-endian hex string",
[INFO] [stdout] ...  |
[INFO] [stdout] 57 | |         }
[INFO] [stdout]    | |_________^
[INFO] [stdout]    |
[INFO] [stdout]    = note: macro invocations at the end of a block are treated as expressions
[INFO] [stdout]    = note: to ignore the value produced by the macro, add a semicolon after the invocation of `define_function`
[INFO] [stdout]    = warning: this was previously accepted by the compiler but is being phased out; it will become a hard error in a future release!
[INFO] [stdout]    = note: for more information, see issue #79813 <https://github.com/rust-lang/rust/issues/79813>
[INFO] [stdout]    = note: this warning originates in the macro `define_function` (in Nightly builds, run with -Z macro-backtrace for more info)
[INFO] [stdout] 
[INFO] [stdout] 
[INFO] [stdout] warning: trailing semicolon in macro used in expression position
[INFO] [stdout]   --> src/std/functions/crypto.rs:12:65
[INFO] [stdout]    |
[INFO] [stdout] 12 |       pub static ref FUNCTIONS: Vec<FunctionSpecification> = vec![define_function! {
[INFO] [stdout]    |  _________________________________________________________________^
[INFO] [stdout] 13 | |         Secp256k1Recover => {
[INFO] [stdout] 14 | |             name: "secp256k1_recover",
[INFO] [stdout] 15 | |             documentation: "`secp256k1_recover` recovers a public key from a secp256k1 signature.",
[INFO] [stdout] ...  |
[INFO] [stdout] 37 | |     }];
[INFO] [stdout]    | |_____^
[INFO] [stdout]    |
[INFO] [stdout]    = note: macro invocations at the end of a block are treated as expressions
[INFO] [stdout]    = note: to ignore the value produced by the macro, add a semicolon after the invocation of `define_function`
[INFO] [stdout]    = warning: this was previously accepted by the compiler but is being phased out; it will become a hard error in a future release!
[INFO] [stdout]    = note: for more information, see issue #79813 <https://github.com/rust-lang/rust/issues/79813>
[INFO] [stdout]    = note: this warning originates in the macro `define_function` (in Nightly builds, run with -Z macro-backtrace for more info)
[INFO] [stdout] 
[INFO] [stdout] 
[INFO] [stdout] warning: trailing semicolon in macro used in expression position
[INFO] [stdout]   --> src/std/functions/hash.rs:20:9
[INFO] [stdout]    |
[INFO] [stdout] 20 | /         define_function! {
[INFO] [stdout] 21 | |             Ripemd160 => {
[INFO] [stdout] 22 | |                 name: "ripemd160",
[INFO] [stdout] 23 | |                 documentation: "`ripemd160` computes the Ripemd160 hash of a value.",
[INFO] [stdout] ...  |
[INFO] [stdout] 41 | |         },
[INFO] [stdout]    | |_________^
[INFO] [stdout]    |
[INFO] [stdout]    = note: macro invocations at the end of a block are treated as expressions
[INFO] [stdout]    = note: to ignore the value produced by the macro, add a semicolon after the invocation of `define_function`
[INFO] [stdout]    = warning: this was previously accepted by the compiler but is being phased out; it will become a hard error in a future release!
[INFO] [stdout]    = note: for more information, see issue #79813 <https://github.com/rust-lang/rust/issues/79813>
[INFO] [stdout]    = note: this warning originates in the macro `define_function` (in Nightly builds, run with -Z macro-backtrace for more info)
[INFO] [stdout] 
[INFO] [stdout] 
[INFO] [stdout] warning: trailing semicolon in macro used in expression position
[INFO] [stdout]   --> src/std/functions/hash.rs:42:9
[INFO] [stdout]    |
[INFO] [stdout] 42 | /         define_function! {
[INFO] [stdout] 43 | |             Sha256 => {
[INFO] [stdout] 44 | |                 name: "sha256",
[INFO] [stdout] 45 | |                 documentation: "`sha256` computes the sha256 hash of a value.",
[INFO] [stdout] ...  |
[INFO] [stdout] 63 | |         },
[INFO] [stdout]    | |_________^
[INFO] [stdout]    |
[INFO] [stdout]    = note: macro invocations at the end of a block are treated as expressions
[INFO] [stdout]    = note: to ignore the value produced by the macro, add a semicolon after the invocation of `define_function`
[INFO] [stdout]    = warning: this was previously accepted by the compiler but is being phased out; it will become a hard error in a future release!
[INFO] [stdout]    = note: for more information, see issue #79813 <https://github.com/rust-lang/rust/issues/79813>
[INFO] [stdout]    = note: this warning originates in the macro `define_function` (in Nightly builds, run with -Z macro-backtrace for more info)
[INFO] [stdout] 
[INFO] [stdout] 
[INFO] [stdout] warning: trailing semicolon in macro used in expression position
[INFO] [stdout]   --> src/std/functions/hash.rs:64:9
[INFO] [stdout]    |
[INFO] [stdout] 64 | /         define_function! {
[INFO] [stdout] 65 | |             Keccak256 => {
[INFO] [stdout] 66 | |                 name: "keccak256",
[INFO] [stdout] 67 | |                 documentation: "`std::keccak256` computes the keccak256 hash of a value.",
[INFO] [stdout] ...  |
[INFO] [stdout] 85 | |         }
[INFO] [stdout]    | |_________^
[INFO] [stdout]    |
[INFO] [stdout]    = note: macro invocations at the end of a block are treated as expressions
[INFO] [stdout]    = note: to ignore the value produced by the macro, add a semicolon after the invocation of `define_function`
[INFO] [stdout]    = warning: this was previously accepted by the compiler but is being phased out; it will become a hard error in a future release!
[INFO] [stdout]    = note: for more information, see issue #79813 <https://github.com/rust-lang/rust/issues/79813>
[INFO] [stdout]    = note: this warning originates in the macro `define_function` (in Nightly builds, run with -Z macro-backtrace for more info)
[INFO] [stdout] 
[INFO] [stdout] 
[INFO] [stdout] warning: trailing semicolon in macro used in expression position
[INFO] [stdout]   --> src/std/functions/hex.rs:13:9
[INFO] [stdout]    |
[INFO] [stdout] 13 | /         define_function! {
[INFO] [stdout] 14 | |             EncodeHex => {
[INFO] [stdout] 15 | |                 name: "encode_hex",
[INFO] [stdout] 16 | |                 documentation: "`encode_hex` encodes a buffer or string as a hexadecimal string with 0x prefix.",
[INFO] [stdout] ...  |
[INFO] [stdout] 34 | |         },
[INFO] [stdout]    | |_________^
[INFO] [stdout]    |
[INFO] [stdout]    = note: macro invocations at the end of a block are treated as expressions
[INFO] [stdout]    = note: to ignore the value produced by the macro, add a semicolon after the invocation of `define_function`
[INFO] [stdout]    = warning: this was previously accepted by the compiler but is being phased out; it will become a hard error in a future release!
[INFO] [stdout]    = note: for more information, see issue #79813 <https://github.com/rust-lang/rust/issues/79813>
[INFO] [stdout]    = note: this warning originates in the macro `define_function` (in Nightly builds, run with -Z macro-backtrace for more info)
[INFO] [stdout] 
[INFO] [stdout] 
[INFO] [stdout] warning: trailing semicolon in macro used in expression position
[INFO] [stdout]   --> src/std/functions/hex.rs:35:9
[INFO] [stdout]    |
[INFO] [stdout] 35 | /         define_function! {
[INFO] [stdout] 36 | |             DecodeHex => {
[INFO] [stdout] 37 | |                 name: "decode_hex",
[INFO] [stdout] 38 | |                 documentation: "`decode_hex` decodes a hexadecimal string and returns the result as a buffer.",
[INFO] [stdout] ...  |
[INFO] [stdout] 56 | |         },
[INFO] [stdout]    | |_________^
[INFO] [stdout]    |
[INFO] [stdout]    = note: macro invocations at the end of a block are treated as expressions
[INFO] [stdout]    = note: to ignore the value produced by the macro, add a semicolon after the invocation of `define_function`
[INFO] [stdout]    = warning: this was previously accepted by the compiler but is being phased out; it will become a hard error in a future release!
[INFO] [stdout]    = note: for more information, see issue #79813 <https://github.com/rust-lang/rust/issues/79813>
[INFO] [stdout]    = note: this warning originates in the macro `define_function` (in Nightly builds, run with -Z macro-backtrace for more info)
[INFO] [stdout] 
[INFO] [stdout] 
[INFO] [stdout] warning: trailing semicolon in macro used in expression position
[INFO] [stdout]   --> src/std/functions/json.rs:16:70
[INFO] [stdout]    |
[INFO] [stdout] 16 |       pub static ref JSON_FUNCTIONS: Vec<FunctionSpecification> = vec![define_function! {
[INFO] [stdout]    |  ______________________________________________________________________^
[INFO] [stdout] 17 | |         JsonQuery => {
[INFO] [stdout] 18 | |             name: "jq",
[INFO] [stdout] 19 | |             documentation: indoc!{r#"
[INFO] [stdout] ...  |
[INFO] [stdout] 44 | |     },];
[INFO] [stdout]    | |_____^
[INFO] [stdout]    |
[INFO] [stdout]    = note: macro invocations at the end of a block are treated as expressions
[INFO] [stdout]    = note: to ignore the value produced by the macro, add a semicolon after the invocation of `define_function`
[INFO] [stdout]    = warning: this was previously accepted by the compiler but is being phased out; it will become a hard error in a future release!
[INFO] [stdout]    = note: for more information, see issue #79813 <https://github.com/rust-lang/rust/issues/79813>
[INFO] [stdout]    = note: this warning originates in the macro `define_function` (in Nightly builds, run with -Z macro-backtrace for more info)
[INFO] [stdout] 
[INFO] [stdout] 
[INFO] [stdout] warning: trailing semicolon in macro used in expression position
[INFO] [stdout]   --> src/std/functions/list.rs:12:70
[INFO] [stdout]    |
[INFO] [stdout] 12 |       pub static ref LIST_FUNCTIONS: Vec<FunctionSpecification> = vec![define_function! {
[INFO] [stdout]    |  ______________________________________________________________________^
[INFO] [stdout] 13 | |         Index => {
[INFO] [stdout] 14 | |             name: "index",
[INFO] [stdout] 15 | |             documentation: "`index` gets the entry from a list at the specified index.",
[INFO] [stdout] ...  |
[INFO] [stdout] 37 | |     },];
[INFO] [stdout]    | |_____^
[INFO] [stdout]    |
[INFO] [stdout]    = note: macro invocations at the end of a block are treated as expressions
[INFO] [stdout]    = note: to ignore the value produced by the macro, add a semicolon after the invocation of `define_function`
[INFO] [stdout]    = warning: this was previously accepted by the compiler but is being phased out; it will become a hard error in a future release!
[INFO] [stdout]    = note: for more information, see issue #79813 <https://github.com/rust-lang/rust/issues/79813>
[INFO] [stdout]    = note: this warning originates in the macro `define_function` (in Nightly builds, run with -Z macro-backtrace for more info)
[INFO] [stdout] 
[INFO] [stdout] 
[INFO] [stdout] warning: trailing semicolon in macro used in expression position
[INFO] [stdout]   --> src/std/functions/operators.rs:15:9
[INFO] [stdout]    |
[INFO] [stdout] 15 | /         define_function! {
[INFO] [stdout] 16 | |             BinaryAndBool => {
[INFO] [stdout] 17 | |                 name: "and_bool",
[INFO] [stdout] 18 | |                 documentation: "`and_bool` returns the binary AND of the left- and right-hand-side arguments.",
[INFO] [stdout] ...  |
[INFO] [stdout] 40 | |         },
[INFO] [stdout]    | |_________^
[INFO] [stdout]    |
[INFO] [stdout]    = note: macro invocations at the end of a block are treated as expressions
[INFO] [stdout]    = note: to ignore the value produced by the macro, add a semicolon after the invocation of `define_function`
[INFO] [stdout]    = warning: this was previously accepted by the compiler but is being phased out; it will become a hard error in a future release!
[INFO] [stdout]    = note: for more information, see issue #79813 <https://github.com/rust-lang/rust/issues/79813>
[INFO] [stdout]    = note: this warning originates in the macro `define_function` (in Nightly builds, run with -Z macro-backtrace for more info)
[INFO] [stdout] 
[INFO] [stdout] 
[INFO] [stdout] warning: trailing semicolon in macro used in expression position
[INFO] [stdout]   --> src/std/functions/operators.rs:41:9
[INFO] [stdout]    |
[INFO] [stdout] 41 | /         define_function! {
[INFO] [stdout] 42 | |             BinaryOrBool => {
[INFO] [stdout] 43 | |                 name: "or_bool",
[INFO] [stdout] 44 | |                 documentation: "`or_bool` returns the binary OR of the left- and right-hand-side arguments.",
[INFO] [stdout] ...  |
[INFO] [stdout] 66 | |         },
[INFO] [stdout]    | |_________^
[INFO] [stdout]    |
[INFO] [stdout]    = note: macro invocations at the end of a block are treated as expressions
[INFO] [stdout]    = note: to ignore the value produced by the macro, add a semicolon after the invocation of `define_function`
[INFO] [stdout]    = warning: this was previously accepted by the compiler but is being phased out; it will become a hard error in a future release!
[INFO] [stdout]    = note: for more information, see issue #79813 <https://github.com/rust-lang/rust/issues/79813>
[INFO] [stdout]    = note: this warning originates in the macro `define_function` (in Nightly builds, run with -Z macro-backtrace for more info)
[INFO] [stdout] 
[INFO] [stdout] 
[INFO] [stdout] warning: trailing semicolon in macro used in expression position
[INFO] [stdout]   --> src/std/functions/operators.rs:67:9
[INFO] [stdout]    |
[INFO] [stdout] 67 | / ...   define_function! {
[INFO] [stdout] 68 | | ...       BinaryDivSignedInteger => {
[INFO] [stdout] 69 | | ...           name: "div",
[INFO] [stdout] 70 | | ...           documentation: "`div` returns the integer division of the left-hand-side argument by the right-hand-side argument, r...
[INFO] [stdout] ...  |
[INFO] [stdout] 92 | | ...   },
[INFO] [stdout]    | |_______^
[INFO] [stdout]    |
[INFO] [stdout]    = note: macro invocations at the end of a block are treated as expressions
[INFO] [stdout]    = note: to ignore the value produced by the macro, add a semicolon after the invocation of `define_function`
[INFO] [stdout]    = warning: this was previously accepted by the compiler but is being phased out; it will become a hard error in a future release!
[INFO] [stdout]    = note: for more information, see issue #79813 <https://github.com/rust-lang/rust/issues/79813>
[INFO] [stdout]    = note: this warning originates in the macro `define_function` (in Nightly builds, run with -Z macro-backtrace for more info)
[INFO] [stdout] 
[INFO] [stdout] 
[INFO] [stdout] warning: trailing semicolon in macro used in expression position
[INFO] [stdout]    --> src/std/functions/operators.rs:93:9
[INFO] [stdout]     |
[INFO] [stdout]  93 | / ...   define_function! {
[INFO] [stdout]  94 | | ...       BinaryEq => {
[INFO] [stdout]  95 | | ...           name: "eq",
[INFO] [stdout]  96 | | ...           documentation: "`eq` returns `true` if the left- and right-hand-side arguments are equal and `false` if they are no...
[INFO] [stdout] ...   |
[INFO] [stdout] 118 | | ...   },
[INFO] [stdout]     | |_______^
[INFO] [stdout]     |
[INFO] [stdout]     = note: macro invocations at the end of a block are treated as expressions
[INFO] [stdout]     = note: to ignore the value produced by the macro, add a semicolon after the invocation of `define_function`
[INFO] [stdout]     = warning: this was previously accepted by the compiler but is being phased out; it will become a hard error in a future release!
[INFO] [stdout]     = note: for more information, see issue #79813 <https://github.com/rust-lang/rust/issues/79813>
[INFO] [stdout]     = note: this warning originates in the macro `define_function` (in Nightly builds, run with -Z macro-backtrace for more info)
[INFO] [stdout] 
[INFO] [stdout] 
[INFO] [stdout] warning: trailing semicolon in macro used in expression position
[INFO] [stdout]    --> src/std/functions/operators.rs:119:9
[INFO] [stdout]     |
[INFO] [stdout] 119 | / ...   define_function! {
[INFO] [stdout] 120 | | ...       BinaryGreater => {
[INFO] [stdout] 121 | | ...           name: "gt",
[INFO] [stdout] 122 | | ...           documentation: "`gt` returns `true` if the left-hand-side argument is greater than the right-hand-side argument and...
[INFO] [stdout] ...   |
[INFO] [stdout] 144 | | ...   },
[INFO] [stdout]     | |_______^
[INFO] [stdout]     |
[INFO] [stdout]     = note: macro invocations at the end of a block are treated as expressions
[INFO] [stdout]     = note: to ignore the value produced by the macro, add a semicolon after the invocation of `define_function`
[INFO] [stdout]     = warning: this was previously accepted by the compiler but is being phased out; it will become a hard error in a future release!
[INFO] [stdout]     = note: for more information, see issue #79813 <https://github.com/rust-lang/rust/issues/79813>
[INFO] [stdout]     = note: this warning originates in the macro `define_function` (in Nightly builds, run with -Z macro-backtrace for more info)
[INFO] [stdout] 
[INFO] [stdout] 
[INFO] [stdout] warning: trailing semicolon in macro used in expression position
[INFO] [stdout]    --> src/std/functions/operators.rs:145:9
[INFO] [stdout]     |
[INFO] [stdout] 145 | / ...   define_function! {
[INFO] [stdout] 146 | | ...       BinaryGreaterEq => {
[INFO] [stdout] 147 | | ...           name: "gte",
[INFO] [stdout] 148 | | ...           documentation: "`gte` returns `true` if the left-hand-side argument is greater than or equal to the right-hand-side...
[INFO] [stdout] ...   |
[INFO] [stdout] 170 | | ...   },
[INFO] [stdout]     | |_______^
[INFO] [stdout]     |
[INFO] [stdout]     = note: macro invocations at the end of a block are treated as expressions
[INFO] [stdout]     = note: to ignore the value produced by the macro, add a semicolon after the invocation of `define_function`
[INFO] [stdout]     = warning: this was previously accepted by the compiler but is being phased out; it will become a hard error in a future release!
[INFO] [stdout]     = note: for more information, see issue #79813 <https://github.com/rust-lang/rust/issues/79813>
[INFO] [stdout]     = note: this warning originates in the macro `define_function` (in Nightly builds, run with -Z macro-backtrace for more info)
[INFO] [stdout] 
[INFO] [stdout] 
[INFO] [stdout] warning: trailing semicolon in macro used in expression position
[INFO] [stdout]    --> src/std/functions/operators.rs:171:9
[INFO] [stdout]     |
[INFO] [stdout] 171 | / ...   define_function! {
[INFO] [stdout] 172 | | ...       BinaryLess => {
[INFO] [stdout] 173 | | ...           name: "lt",
[INFO] [stdout] 174 | | ...           documentation: "`lt` returns `true` if the left-hand-side argument is less than the right-hand-side argument and `f...
[INFO] [stdout] ...   |
[INFO] [stdout] 196 | | ...   },
[INFO] [stdout]     | |_______^
[INFO] [stdout]     |
[INFO] [stdout]     = note: macro invocations at the end of a block are treated as expressions
[INFO] [stdout]     = note: to ignore the value produced by the macro, add a semicolon after the invocation of `define_function`
[INFO] [stdout]     = warning: this was previously accepted by the compiler but is being phased out; it will become a hard error in a future release!
[INFO] [stdout]     = note: for more information, see issue #79813 <https://github.com/rust-lang/rust/issues/79813>
[INFO] [stdout]     = note: this warning originates in the macro `define_function` (in Nightly builds, run with -Z macro-backtrace for more info)
[INFO] [stdout] 
[INFO] [stdout] 
[INFO] [stdout] warning: trailing semicolon in macro used in expression position
[INFO] [stdout]    --> src/std/functions/operators.rs:197:9
[INFO] [stdout]     |
[INFO] [stdout] 197 | / ...   define_function! {
[INFO] [stdout] 198 | | ...       BinaryLessEq => {
[INFO] [stdout] 199 | | ...           name: "lte",
[INFO] [stdout] 200 | | ...           documentation: "`lte` returns `true` if the left-hand-side argument is less than or equal to the right-hand-side ar...
[INFO] [stdout] ...   |
[INFO] [stdout] 222 | | ...   },
[INFO] [stdout]     | |_______^
[INFO] [stdout]     |
[INFO] [stdout]     = note: macro invocations at the end of a block are treated as expressions
[INFO] [stdout]     = note: to ignore the value produced by the macro, add a semicolon after the invocation of `define_function`
[INFO] [stdout]     = warning: this was previously accepted by the compiler but is being phased out; it will become a hard error in a future release!
[INFO] [stdout]     = note: for more information, see issue #79813 <https://github.com/rust-lang/rust/issues/79813>
[INFO] [stdout]     = note: this warning originates in the macro `define_function` (in Nightly builds, run with -Z macro-backtrace for more info)
[INFO] [stdout] 
[INFO] [stdout] 
[INFO] [stdout] warning: trailing semicolon in macro used in expression position
[INFO] [stdout]    --> src/std/functions/operators.rs:223:9
[INFO] [stdout]     |
[INFO] [stdout] 223 | / ...   define_function! {
[INFO] [stdout] 224 | | ...       BinaryNotEq => {
[INFO] [stdout] 225 | | ...           name: "neq",
[INFO] [stdout] 226 | | ...           documentation: "`enq` returns `true` if the left- and right-hand-side arguments are not equal and `false` otherwise.",
[INFO] [stdout] ...   |
[INFO] [stdout] 248 | | ...   },
[INFO] [stdout]     | |_______^
[INFO] [stdout]     |
[INFO] [stdout]     = note: macro invocations at the end of a block are treated as expressions
[INFO] [stdout]     = note: to ignore the value produced by the macro, add a semicolon after the invocation of `define_function`
[INFO] [stdout]     = warning: this was previously accepted by the compiler but is being phased out; it will become a hard error in a future release!
[INFO] [stdout]     = note: for more information, see issue #79813 <https://github.com/rust-lang/rust/issues/79813>
[INFO] [stdout]     = note: this warning originates in the macro `define_function` (in Nightly builds, run with -Z macro-backtrace for more info)
[INFO] [stdout] 
[INFO] [stdout] 
[INFO] [stdout] warning: trailing semicolon in macro used in expression position
[INFO] [stdout]    --> src/std/functions/operators.rs:249:9
[INFO] [stdout]     |
[INFO] [stdout] 249 | / ...   define_function! {
[INFO] [stdout] 250 | | ...       BinaryMinus => {
[INFO] [stdout] 251 | | ...           name: "minus",
[INFO] [stdout] 252 | | ...           documentation: "`minus` returns the result of subtracting the right-hand-side `integer` argument from the left-hand...
[INFO] [stdout] ...   |
[INFO] [stdout] 274 | | ...   },
[INFO] [stdout]     | |_______^
[INFO] [stdout]     |
[INFO] [stdout]     = note: macro invocations at the end of a block are treated as expressions
[INFO] [stdout]     = note: to ignore the value produced by the macro, add a semicolon after the invocation of `define_function`
[INFO] [stdout]     = warning: this was previously accepted by the compiler but is being phased out; it will become a hard error in a future release!
[INFO] [stdout]     = note: for more information, see issue #79813 <https://github.com/rust-lang/rust/issues/79813>
[INFO] [stdout]     = note: this warning originates in the macro `define_function` (in Nightly builds, run with -Z macro-backtrace for more info)
[INFO] [stdout] 
[INFO] [stdout] 
[INFO] [stdout] warning: trailing semicolon in macro used in expression position
[INFO] [stdout]    --> src/std/functions/operators.rs:275:9
[INFO] [stdout]     |
[INFO] [stdout] 275 | / ...   define_function! {
[INFO] [stdout] 276 | | ...       BinaryModulo => {
[INFO] [stdout] 277 | | ...           name: "modulo",
[INFO] [stdout] 278 | | ...           documentation: "`modulo` returns the remainder of dividing the left-hand-side `integer` argument by the right-hand-...
[INFO] [stdout] ...   |
[INFO] [stdout] 300 | | ...   },
[INFO] [stdout]     | |_______^
[INFO] [stdout]     |
[INFO] [stdout]     = note: macro invocations at the end of a block are treated as expressions
[INFO] [stdout]     = note: to ignore the value produced by the macro, add a semicolon after the invocation of `define_function`
[INFO] [stdout]     = warning: this was previously accepted by the compiler but is being phased out; it will become a hard error in a future release!
[INFO] [stdout]     = note: for more information, see issue #79813 <https://github.com/rust-lang/rust/issues/79813>
[INFO] [stdout]     = note: this warning originates in the macro `define_function` (in Nightly builds, run with -Z macro-backtrace for more info)
[INFO] [stdout] 
[INFO] [stdout] 
[INFO] [stdout] warning: trailing semicolon in macro used in expression position
[INFO] [stdout]    --> src/std/functions/operators.rs:301:9
[INFO] [stdout]     |
[INFO] [stdout] 301 | / ...   define_function! {
[INFO] [stdout] 302 | | ...       BinaryMul => {
[INFO] [stdout] 303 | | ...           name: "multiply",
[INFO] [stdout] 304 | | ...           documentation: "`multiply` returns the product of the left-hand-side `integer` argument and the right-hand-side `in...
[INFO] [stdout] ...   |
[INFO] [stdout] 328 | | ...   },
[INFO] [stdout]     | |_______^
[INFO] [stdout]     |
[INFO] [stdout]     = note: macro invocations at the end of a block are treated as expressions
[INFO] [stdout]     = note: to ignore the value produced by the macro, add a semicolon after the invocation of `define_function`
[INFO] [stdout]     = warning: this was previously accepted by the compiler but is being phased out; it will become a hard error in a future release!
[INFO] [stdout]     = note: for more information, see issue #79813 <https://github.com/rust-lang/rust/issues/79813>
[INFO] [stdout]     = note: this warning originates in the macro `define_function` (in Nightly builds, run with -Z macro-backtrace for more info)
[INFO] [stdout] 
[INFO] [stdout] 
[INFO] [stdout] warning: trailing semicolon in macro used in expression position
[INFO] [stdout]    --> src/std/functions/operators.rs:329:9
[INFO] [stdout]     |
[INFO] [stdout] 329 | / ...   define_function! {
[INFO] [stdout] 330 | | ...       BinaryPlus => {
[INFO] [stdout] 331 | | ...           name: "add",
[INFO] [stdout] 332 | | ...           documentation: "`add` returns the sum of the left-hand-side `integer` argument and the right-hand-side `integer` ar...
[INFO] [stdout] ...   |
[INFO] [stdout] 354 | | ...   },
[INFO] [stdout]     | |_______^
[INFO] [stdout]     |
[INFO] [stdout]     = note: macro invocations at the end of a block are treated as expressions
[INFO] [stdout]     = note: to ignore the value produced by the macro, add a semicolon after the invocation of `define_function`
[INFO] [stdout]     = warning: this was previously accepted by the compiler but is being phased out; it will become a hard error in a future release!
[INFO] [stdout]     = note: for more information, see issue #79813 <https://github.com/rust-lang/rust/issues/79813>
[INFO] [stdout]     = note: this warning originates in the macro `define_function` (in Nightly builds, run with -Z macro-backtrace for more info)
[INFO] [stdout] 
[INFO] [stdout] 
[INFO] [stdout] warning: trailing semicolon in macro used in expression position
[INFO] [stdout]    --> src/std/functions/operators.rs:355:9
[INFO] [stdout]     |
[INFO] [stdout] 355 | /         define_function! {
[INFO] [stdout] 356 | |             UnaryNegInteger => {
[INFO] [stdout] 357 | |                 name: "neg_integer",
[INFO] [stdout] 358 | |                 documentation: "Returns the negation of the given integer.",
[INFO] [stdout] ...   |
[INFO] [stdout] 371 | |         },
[INFO] [stdout]     | |_________^
[INFO] [stdout]     |
[INFO] [stdout]     = note: macro invocations at the end of a block are treated as expressions
[INFO] [stdout]     = note: to ignore the value produced by the macro, add a semicolon after the invocation of `define_function`
[INFO] [stdout]     = warning: this was previously accepted by the compiler but is being phased out; it will become a hard error in a future release!
[INFO] [stdout]     = note: for more information, see issue #79813 <https://github.com/rust-lang/rust/issues/79813>
[INFO] [stdout]     = note: this warning originates in the macro `define_function` (in Nightly builds, run with -Z macro-backtrace for more info)
[INFO] [stdout] 
[INFO] [stdout] 
[INFO] [stdout] warning: trailing semicolon in macro used in expression position
[INFO] [stdout]    --> src/std/functions/operators.rs:372:9
[INFO] [stdout]     |
[INFO] [stdout] 372 | /         define_function! {
[INFO] [stdout] 373 | |             UnaryNotBool => {
[INFO] [stdout] 374 | |                 name: "not_bool",
[INFO] [stdout] 375 | |                 documentation: "Returns the logical negation of the given boolean value.",
[INFO] [stdout] ...   |
[INFO] [stdout] 388 | |         },
[INFO] [stdout]     | |_________^
[INFO] [stdout]     |
[INFO] [stdout]     = note: macro invocations at the end of a block are treated as expressions
[INFO] [stdout]     = note: to ignore the value produced by the macro, add a semicolon after the invocation of `define_function`
[INFO] [stdout]     = warning: this was previously accepted by the compiler but is being phased out; it will become a hard error in a future release!
[INFO] [stdout]     = note: for more information, see issue #79813 <https://github.com/rust-lang/rust/issues/79813>
[INFO] [stdout]     = note: this warning originates in the macro `define_function` (in Nightly builds, run with -Z macro-backtrace for more info)
[INFO] [stdout] 
[INFO] [stdout] 
[INFO] [stdout] warning: value assigned to `current_package` is never read
[INFO] [stdout]    --> src/runbook/workspace_context.rs:922:17
[INFO] [stdout]     |
[INFO] [stdout] 922 |                 current_package = imported_package;
[INFO] [stdout]     |                 ^^^^^^^^^^^^^^^^^^^^^^^^^^^^^^^^^^
[INFO] [stdout]     |
[INFO] [stdout]     = help: maybe it is overwritten before being read?
[INFO] [stdout]     = note: `#[warn(unused_assignments)]` (part of `#[warn(unused)]`) on by default
[INFO] [stdout] 
[INFO] [stdout] 
[INFO] [stderr]     Finished `release` profile [optimized] target(s) in 3m 12s
[INFO] running `Command { std: "docker" "inspect" "67a4c90909fa31515ff97c45557662bdebc4084989e15c4bfa3f45c28fd4570d", kill_on_drop: false }`
[INFO] running `Command { std: "docker" "exec" "-e" "SOURCE_DIR=/opt/rustwide/workdir" "-e" "CARGO_HOME=/opt/rustwide/cargo-home" "-e" "RUSTUP_HOME=/opt/rustwide/rustup-home" "-e" "CARGO_TARGET_DIR=/opt/rustwide/target" "-e" "CARGO_INCREMENTAL=0" "-e" "RUST_BACKTRACE=full" "-e" "RUSTFLAGS=--cap-lints=warn" "-e" "RUSTDOCFLAGS=--cap-lints=warn" "-w" "/opt/rustwide/workdir" "--user" "0:0" "67a4c90909fa31515ff97c45557662bdebc4084989e15c4bfa3f45c28fd4570d" "/opt/rustwide/cargo-home/bin/cargo" "+1.99.0-beta.8" "test" "--frozen" "--no-run" "--message-format=json" "--release", kill_on_drop: false }`
[INFO] [stderr]    Compiling test-case-core v3.3.1
[INFO] [stdout] warning: trailing semicolon in macro used in expression position
[INFO] [stdout]   --> src/std/functions/assertions.rs:14:9
[INFO] [stdout]    |
[INFO] [stdout] 14 | /         define_function! {
[INFO] [stdout] 15 | |             AssertEq => {
[INFO] [stdout] 16 | |                 name: "assert_eq",
[INFO] [stdout] 17 | |                 documentation: "`assert_eq` asserts that two values are equal.",
[INFO] [stdout] ...  |
[INFO] [stdout] 40 | |         },
[INFO] [stdout]    | |_________^
[INFO] [stdout]    |
[INFO] [stdout]    = note: macro invocations at the end of a block are treated as expressions
[INFO] [stdout]    = note: to ignore the value produced by the macro, add a semicolon after the invocation of `define_function`
[INFO] [stdout]    = warning: this was previously accepted by the compiler but is being phased out; it will become a hard error in a future release!
[INFO] [stdout]    = note: for more information, see issue #79813 <https://github.com/rust-lang/rust/issues/79813>
[INFO] [stdout]    = note: `#[warn(semicolon_in_expressions_from_non_local_macros)]` (part of `#[warn(future_incompatible)]`) on by default
[INFO] [stdout]    = note: this warning originates in the macro `define_function` (in Nightly builds, run with -Z macro-backtrace for more info)
[INFO] [stdout] 
[INFO] [stdout] 
[INFO] [stdout] warning: trailing semicolon in macro used in expression position
[INFO] [stdout]   --> src/std/functions/assertions.rs:41:9
[INFO] [stdout]    |
[INFO] [stdout] 41 | /         define_function! {
[INFO] [stdout] 42 | |             AssertNe => {
[INFO] [stdout] 43 | |                 name: "assert_ne",
[INFO] [stdout] 44 | |                 documentation: "`assert_ne` asserts that two values are not equal.",
[INFO] [stdout] ...  |
[INFO] [stdout] 67 | |         },
[INFO] [stdout]    | |_________^
[INFO] [stdout]    |
[INFO] [stdout]    = note: macro invocations at the end of a block are treated as expressions
[INFO] [stdout]    = note: to ignore the value produced by the macro, add a semicolon after the invocation of `define_function`
[INFO] [stdout]    = warning: this was previously accepted by the compiler but is being phased out; it will become a hard error in a future release!
[INFO] [stdout]    = note: for more information, see issue #79813 <https://github.com/rust-lang/rust/issues/79813>
[INFO] [stdout]    = note: this warning originates in the macro `define_function` (in Nightly builds, run with -Z macro-backtrace for more info)
[INFO] [stdout] 
[INFO] [stdout] 
[INFO] [stdout] warning: trailing semicolon in macro used in expression position
[INFO] [stdout]   --> src/std/functions/assertions.rs:68:9
[INFO] [stdout]    |
[INFO] [stdout] 68 | /         define_function! {
[INFO] [stdout] 69 | |             AssertGt => {
[INFO] [stdout] 70 | |                 name: "assert_gt",
[INFO] [stdout] 71 | |                 documentation: "`assert_gt` asserts that the left value is greater than the right value.",
[INFO] [stdout] ...  |
[INFO] [stdout] 94 | |         },
[INFO] [stdout]    | |_________^
[INFO] [stdout]    |
[INFO] [stdout]    = note: macro invocations at the end of a block are treated as expressions
[INFO] [stdout]    = note: to ignore the value produced by the macro, add a semicolon after the invocation of `define_function`
[INFO] [stdout]    = warning: this was previously accepted by the compiler but is being phased out; it will become a hard error in a future release!
[INFO] [stdout]    = note: for more information, see issue #79813 <https://github.com/rust-lang/rust/issues/79813>
[INFO] [stdout]    = note: this warning originates in the macro `define_function` (in Nightly builds, run with -Z macro-backtrace for more info)
[INFO] [stdout] 
[INFO] [stdout] 
[INFO] [stdout] warning: trailing semicolon in macro used in expression position
[INFO] [stdout]    --> src/std/functions/assertions.rs:95:9
[INFO] [stdout]     |
[INFO] [stdout]  95 | /         define_function! {
[INFO] [stdout]  96 | |             AssertGte => {
[INFO] [stdout]  97 | |                 name: "assert_gte",
[INFO] [stdout]  98 | |                 documentation: "`assert_gte` asserts that the left value is greater than or equal to the right value.",
[INFO] [stdout] ...   |
[INFO] [stdout] 121 | |         },
[INFO] [stdout]     | |_________^
[INFO] [stdout]     |
[INFO] [stdout]     = note: macro invocations at the end of a block are treated as expressions
[INFO] [stdout]     = note: to ignore the value produced by the macro, add a semicolon after the invocation of `define_function`
[INFO] [stdout]     = warning: this was previously accepted by the compiler but is being phased out; it will become a hard error in a future release!
[INFO] [stdout]     = note: for more information, see issue #79813 <https://github.com/rust-lang/rust/issues/79813>
[INFO] [stdout]     = note: this warning originates in the macro `define_function` (in Nightly builds, run with -Z macro-backtrace for more info)
[INFO] [stdout] 
[INFO] [stdout] 
[INFO] [stdout] warning: trailing semicolon in macro used in expression position
[INFO] [stdout]    --> src/std/functions/assertions.rs:122:9
[INFO] [stdout]     |
[INFO] [stdout] 122 | /         define_function! {
[INFO] [stdout] 123 | |             AssertLt => {
[INFO] [stdout] 124 | |                 name: "assert_lt",
[INFO] [stdout] 125 | |                 documentation: "`assert_lt` asserts that the left value is less than the right value.",
[INFO] [stdout] ...   |
[INFO] [stdout] 148 | |         },
[INFO] [stdout]     | |_________^
[INFO] [stdout]     |
[INFO] [stdout]     = note: macro invocations at the end of a block are treated as expressions
[INFO] [stdout]     = note: to ignore the value produced by the macro, add a semicolon after the invocation of `define_function`
[INFO] [stdout]     = warning: this was previously accepted by the compiler but is being phased out; it will become a hard error in a future release!
[INFO] [stdout]     = note: for more information, see issue #79813 <https://github.com/rust-lang/rust/issues/79813>
[INFO] [stdout]     = note: this warning originates in the macro `define_function` (in Nightly builds, run with -Z macro-backtrace for more info)
[INFO] [stdout] 
[INFO] [stdout] 
[INFO] [stdout] warning: trailing semicolon in macro used in expression position
[INFO] [stdout]    --> src/std/functions/assertions.rs:149:9
[INFO] [stdout]     |
[INFO] [stdout] 149 | /         define_function! {
[INFO] [stdout] 150 | |             AssertLte => {
[INFO] [stdout] 151 | |                 name: "assert_lte",
[INFO] [stdout] 152 | |                 documentation: "`assert_lte` asserts that the left value is less than or equal to the right value.",
[INFO] [stdout] ...   |
[INFO] [stdout] 175 | |         }
[INFO] [stdout]     | |_________^
[INFO] [stdout]     |
[INFO] [stdout]     = note: macro invocations at the end of a block are treated as expressions
[INFO] [stdout]     = note: to ignore the value produced by the macro, add a semicolon after the invocation of `define_function`
[INFO] [stdout]     = warning: this was previously accepted by the compiler but is being phased out; it will become a hard error in a future release!
[INFO] [stdout]     = note: for more information, see issue #79813 <https://github.com/rust-lang/rust/issues/79813>
[INFO] [stdout]     = note: this warning originates in the macro `define_function` (in Nightly builds, run with -Z macro-backtrace for more info)
[INFO] [stdout] 
[INFO] [stdout] 
[INFO] [stdout] warning: trailing semicolon in macro used in expression position
[INFO] [stdout]   --> src/std/functions/base58.rs:14:9
[INFO] [stdout]    |
[INFO] [stdout] 14 | /         define_function! {
[INFO] [stdout] 15 | |             Base58Encode => {
[INFO] [stdout] 16 | |                 name: "encode_base58",
[INFO] [stdout] 17 | |                 documentation: "`encode_base58` encodes a buffer or string as a base58 string.",
[INFO] [stdout] ...  |
[INFO] [stdout] 35 | |         },
[INFO] [stdout]    | |_________^
[INFO] [stdout]    |
[INFO] [stdout]    = note: macro invocations at the end of a block are treated as expressions
[INFO] [stdout]    = note: to ignore the value produced by the macro, add a semicolon after the invocation of `define_function`
[INFO] [stdout]    = warning: this was previously accepted by the compiler but is being phased out; it will become a hard error in a future release!
[INFO] [stdout]    = note: for more information, see issue #79813 <https://github.com/rust-lang/rust/issues/79813>
[INFO] [stdout]    = note: this warning originates in the macro `define_function` (in Nightly builds, run with -Z macro-backtrace for more info)
[INFO] [stdout] 
[INFO] [stdout] 
[INFO] [stdout] warning: trailing semicolon in macro used in expression position
[INFO] [stdout]   --> src/std/functions/base58.rs:36:9
[INFO] [stdout]    |
[INFO] [stdout] 36 | /         define_function! {
[INFO] [stdout] 37 | |             Base58Decode => {
[INFO] [stdout] 38 | |                 name: "decode_base58",
[INFO] [stdout] 39 | |                 documentation: "`decode_base58` decodes a base58 encoded string and returns the result as a buffer.",
[INFO] [stdout] ...  |
[INFO] [stdout] 57 | |         },
[INFO] [stdout]    | |_________^
[INFO] [stdout]    |
[INFO] [stdout]    = note: macro invocations at the end of a block are treated as expressions
[INFO] [stdout]    = note: to ignore the value produced by the macro, add a semicolon after the invocation of `define_function`
[INFO] [stdout]    = warning: this was previously accepted by the compiler but is being phased out; it will become a hard error in a future release!
[INFO] [stdout]    = note: for more information, see issue #79813 <https://github.com/rust-lang/rust/issues/79813>
[INFO] [stdout]    = note: this warning originates in the macro `define_function` (in Nightly builds, run with -Z macro-backtrace for more info)
[INFO] [stdout] 
[INFO] [stdout] 
[INFO] [stdout] warning: trailing semicolon in macro used in expression position
[INFO] [stdout]   --> src/std/functions/base64.rs:14:9
[INFO] [stdout]    |
[INFO] [stdout] 14 | /         define_function! {
[INFO] [stdout] 15 | |             Base64Decode => {
[INFO] [stdout] 16 | |                 name: "decode_base64",
[INFO] [stdout] 17 | |                 documentation: "`decode_base64` decodes a base64 encoded string and returns the result as a buffer.",
[INFO] [stdout] ...  |
[INFO] [stdout] 35 | |         },
[INFO] [stdout]    | |_________^
[INFO] [stdout]    |
[INFO] [stdout]    = note: macro invocations at the end of a block are treated as expressions
[INFO] [stdout]    = note: to ignore the value produced by the macro, add a semicolon after the invocation of `define_function`
[INFO] [stdout]    = warning: this was previously accepted by the compiler but is being phased out; it will become a hard error in a future release!
[INFO] [stdout]    = note: for more information, see issue #79813 <https://github.com/rust-lang/rust/issues/79813>
[INFO] [stdout]    = note: this warning originates in the macro `define_function` (in Nightly builds, run with -Z macro-backtrace for more info)
[INFO] [stdout] 
[INFO] [stdout] 
[INFO] [stdout] warning: trailing semicolon in macro used in expression position
[INFO] [stdout]   --> src/std/functions/base64.rs:36:9
[INFO] [stdout]    |
[INFO] [stdout] 36 | /         define_function! {
[INFO] [stdout] 37 | |             Base64Encode => {
[INFO] [stdout] 38 | |                 name: "encode_base64",
[INFO] [stdout] 39 | |                 documentation: "`encode_base64` encodes a buffer or string as a base64 string.",
[INFO] [stdout] ...  |
[INFO] [stdout] 57 | |         },
[INFO] [stdout]    | |_________^
[INFO] [stdout]    |
[INFO] [stdout]    = note: macro invocations at the end of a block are treated as expressions
[INFO] [stdout]    = note: to ignore the value produced by the macro, add a semicolon after the invocation of `define_function`
[INFO] [stdout]    = warning: this was previously accepted by the compiler but is being phased out; it will become a hard error in a future release!
[INFO] [stdout]    = note: for more information, see issue #79813 <https://github.com/rust-lang/rust/issues/79813>
[INFO] [stdout]    = note: this warning originates in the macro `define_function` (in Nightly builds, run with -Z macro-backtrace for more info)
[INFO] [stdout] 
[INFO] [stdout] 
[INFO] [stdout] warning: trailing semicolon in macro used in expression position
[INFO] [stdout]   --> src/std/functions/big_endian.rs:14:9
[INFO] [stdout]    |
[INFO] [stdout] 14 | /         define_function! {
[INFO] [stdout] 15 | |             BigEndianEncodeU32 => {
[INFO] [stdout] 16 | |                 name: "encode_big_endian_u32",
[INFO] [stdout] 17 | |                 documentation: "`encode_big_endian_u32` encodes a u32 to a big-endian hex string",
[INFO] [stdout] ...  |
[INFO] [stdout] 35 | |         },
[INFO] [stdout]    | |_________^
[INFO] [stdout]    |
[INFO] [stdout]    = note: macro invocations at the end of a block are treated as expressions
[INFO] [stdout]    = note: to ignore the value produced by the macro, add a semicolon after the invocation of `define_function`
[INFO] [stdout]    = warning: this was previously accepted by the compiler but is being phased out; it will become a hard error in a future release!
[INFO] [stdout]    = note: for more information, see issue #79813 <https://github.com/rust-lang/rust/issues/79813>
[INFO] [stdout]    = note: this warning originates in the macro `define_function` (in Nightly builds, run with -Z macro-backtrace for more info)
[INFO] [stdout] 
[INFO] [stdout] 
[INFO] [stdout] warning: trailing semicolon in macro used in expression position
[INFO] [stdout]   --> src/std/functions/big_endian.rs:36:9
[INFO] [stdout]    |
[INFO] [stdout] 36 | /         define_function! {
[INFO] [stdout] 37 | |             BigEndianEncodeU64 => {
[INFO] [stdout] 38 | |                 name: "encode_big_endian_u64",
[INFO] [stdout] 39 | |                 documentation: "`encode_big_endian_u64` encodes a u64 to a big-endian hex string",
[INFO] [stdout] ...  |
[INFO] [stdout] 57 | |         }
[INFO] [stdout]    | |_________^
[INFO] [stdout]    |
[INFO] [stdout]    = note: macro invocations at the end of a block are treated as expressions
[INFO] [stdout]    = note: to ignore the value produced by the macro, add a semicolon after the invocation of `define_function`
[INFO] [stdout]    = warning: this was previously accepted by the compiler but is being phased out; it will become a hard error in a future release!
[INFO] [stdout]    = note: for more information, see issue #79813 <https://github.com/rust-lang/rust/issues/79813>
[INFO] [stdout]    = note: this warning originates in the macro `define_function` (in Nightly builds, run with -Z macro-backtrace for more info)
[INFO] [stdout] 
[INFO] [stdout] 
[INFO] [stdout] warning: trailing semicolon in macro used in expression position
[INFO] [stdout]   --> src/std/functions/crypto.rs:12:65
[INFO] [stdout]    |
[INFO] [stdout] 12 |       pub static ref FUNCTIONS: Vec<FunctionSpecification> = vec![define_function! {
[INFO] [stdout]    |  _________________________________________________________________^
[INFO] [stdout] 13 | |         Secp256k1Recover => {
[INFO] [stdout] 14 | |             name: "secp256k1_recover",
[INFO] [stdout] 15 | |             documentation: "`secp256k1_recover` recovers a public key from a secp256k1 signature.",
[INFO] [stdout] ...  |
[INFO] [stdout] 37 | |     }];
[INFO] [stdout]    | |_____^
[INFO] [stdout]    |
[INFO] [stdout]    = note: macro invocations at the end of a block are treated as expressions
[INFO] [stdout]    = note: to ignore the value produced by the macro, add a semicolon after the invocation of `define_function`
[INFO] [stdout]    = warning: this was previously accepted by the compiler but is being phased out; it will become a hard error in a future release!
[INFO] [stdout]    = note: for more information, see issue #79813 <https://github.com/rust-lang/rust/issues/79813>
[INFO] [stdout]    = note: this warning originates in the macro `define_function` (in Nightly builds, run with -Z macro-backtrace for more info)
[INFO] [stdout] 
[INFO] [stdout] 
[INFO] [stdout] warning: trailing semicolon in macro used in expression position
[INFO] [stdout]   --> src/std/functions/hash.rs:20:9
[INFO] [stdout]    |
[INFO] [stdout] 20 | /         define_function! {
[INFO] [stdout] 21 | |             Ripemd160 => {
[INFO] [stdout] 22 | |                 name: "ripemd160",
[INFO] [stdout] 23 | |                 documentation: "`ripemd160` computes the Ripemd160 hash of a value.",
[INFO] [stdout] ...  |
[INFO] [stdout] 41 | |         },
[INFO] [stdout]    | |_________^
[INFO] [stdout]    |
[INFO] [stdout]    = note: macro invocations at the end of a block are treated as expressions
[INFO] [stdout]    = note: to ignore the value produced by the macro, add a semicolon after the invocation of `define_function`
[INFO] [stdout]    = warning: this was previously accepted by the compiler but is being phased out; it will become a hard error in a future release!
[INFO] [stdout]    = note: for more information, see issue #79813 <https://github.com/rust-lang/rust/issues/79813>
[INFO] [stdout]    = note: this warning originates in the macro `define_function` (in Nightly builds, run with -Z macro-backtrace for more info)
[INFO] [stdout] 
[INFO] [stdout] 
[INFO] [stdout] warning: trailing semicolon in macro used in expression position
[INFO] [stdout]   --> src/std/functions/hash.rs:42:9
[INFO] [stdout]    |
[INFO] [stdout] 42 | /         define_function! {
[INFO] [stdout] 43 | |             Sha256 => {
[INFO] [stdout] 44 | |                 name: "sha256",
[INFO] [stdout] 45 | |                 documentation: "`sha256` computes the sha256 hash of a value.",
[INFO] [stdout] ...  |
[INFO] [stdout] 63 | |         },
[INFO] [stdout]    | |_________^
[INFO] [stdout]    |
[INFO] [stdout]    = note: macro invocations at the end of a block are treated as expressions
[INFO] [stdout]    = note: to ignore the value produced by the macro, add a semicolon after the invocation of `define_function`
[INFO] [stdout]    = warning: this was previously accepted by the compiler but is being phased out; it will become a hard error in a future release!
[INFO] [stdout]    = note: for more information, see issue #79813 <https://github.com/rust-lang/rust/issues/79813>
[INFO] [stdout]    = note: this warning originates in the macro `define_function` (in Nightly builds, run with -Z macro-backtrace for more info)
[INFO] [stdout] 
[INFO] [stdout] 
[INFO] [stdout] warning: trailing semicolon in macro used in expression position
[INFO] [stdout]   --> src/std/functions/hash.rs:64:9
[INFO] [stdout]    |
[INFO] [stdout] 64 | /         define_function! {
[INFO] [stdout] 65 | |             Keccak256 => {
[INFO] [stdout] 66 | |                 name: "keccak256",
[INFO] [stdout] 67 | |                 documentation: "`std::keccak256` computes the keccak256 hash of a value.",
[INFO] [stdout] ...  |
[INFO] [stdout] 85 | |         }
[INFO] [stdout]    | |_________^
[INFO] [stdout]    |
[INFO] [stdout]    = note: macro invocations at the end of a block are treated as expressions
[INFO] [stdout]    = note: to ignore the value produced by the macro, add a semicolon after the invocation of `define_function`
[INFO] [stdout]    = warning: this was previously accepted by the compiler but is being phased out; it will become a hard error in a future release!
[INFO] [stdout]    = note: for more information, see issue #79813 <https://github.com/rust-lang/rust/issues/79813>
[INFO] [stdout]    = note: this warning originates in the macro `define_function` (in Nightly builds, run with -Z macro-backtrace for more info)
[INFO] [stdout] 
[INFO] [stdout] 
[INFO] [stdout] warning: trailing semicolon in macro used in expression position
[INFO] [stdout]   --> src/std/functions/hex.rs:13:9
[INFO] [stdout]    |
[INFO] [stdout] 13 | /         define_function! {
[INFO] [stdout] 14 | |             EncodeHex => {
[INFO] [stdout] 15 | |                 name: "encode_hex",
[INFO] [stdout] 16 | |                 documentation: "`encode_hex` encodes a buffer or string as a hexadecimal string with 0x prefix.",
[INFO] [stdout] ...  |
[INFO] [stdout] 34 | |         },
[INFO] [stdout]    | |_________^
[INFO] [stdout]    |
[INFO] [stdout]    = note: macro invocations at the end of a block are treated as expressions
[INFO] [stdout]    = note: to ignore the value produced by the macro, add a semicolon after the invocation of `define_function`
[INFO] [stdout]    = warning: this was previously accepted by the compiler but is being phased out; it will become a hard error in a future release!
[INFO] [stdout]    = note: for more information, see issue #79813 <https://github.com/rust-lang/rust/issues/79813>
[INFO] [stdout]    = note: this warning originates in the macro `define_function` (in Nightly builds, run with -Z macro-backtrace for more info)
[INFO] [stdout] 
[INFO] [stdout] 
[INFO] [stdout] warning: trailing semicolon in macro used in expression position
[INFO] [stdout]   --> src/std/functions/hex.rs:35:9
[INFO] [stdout]    |
[INFO] [stdout] 35 | /         define_function! {
[INFO] [stdout] 36 | |             DecodeHex => {
[INFO] [stdout] 37 | |                 name: "decode_hex",
[INFO] [stdout] 38 | |                 documentation: "`decode_hex` decodes a hexadecimal string and returns the result as a buffer.",
[INFO] [stdout] ...  |
[INFO] [stdout] 56 | |         },
[INFO] [stdout]    | |_________^
[INFO] [stdout]    |
[INFO] [stdout]    = note: macro invocations at the end of a block are treated as expressions
[INFO] [stdout]    = note: to ignore the value produced by the macro, add a semicolon after the invocation of `define_function`
[INFO] [stdout]    = warning: this was previously accepted by the compiler but is being phased out; it will become a hard error in a future release!
[INFO] [stdout]    = note: for more information, see issue #79813 <https://github.com/rust-lang/rust/issues/79813>
[INFO] [stdout]    = note: this warning originates in the macro `define_function` (in Nightly builds, run with -Z macro-backtrace for more info)
[INFO] [stdout] 
[INFO] [stdout] 
[INFO] [stdout] warning: trailing semicolon in macro used in expression position
[INFO] [stdout]   --> src/std/functions/json.rs:16:70
[INFO] [stdout]    |
[INFO] [stdout] 16 |       pub static ref JSON_FUNCTIONS: Vec<FunctionSpecification> = vec![define_function! {
[INFO] [stdout]    |  ______________________________________________________________________^
[INFO] [stdout] 17 | |         JsonQuery => {
[INFO] [stdout] 18 | |             name: "jq",
[INFO] [stdout] 19 | |             documentation: indoc!{r#"
[INFO] [stdout] ...  |
[INFO] [stdout] 44 | |     },];
[INFO] [stdout]    | |_____^
[INFO] [stdout]    |
[INFO] [stdout]    = note: macro invocations at the end of a block are treated as expressions
[INFO] [stdout]    = note: to ignore the value produced by the macro, add a semicolon after the invocation of `define_function`
[INFO] [stdout]    = warning: this was previously accepted by the compiler but is being phased out; it will become a hard error in a future release!
[INFO] [stdout]    = note: for more information, see issue #79813 <https://github.com/rust-lang/rust/issues/79813>
[INFO] [stdout]    = note: this warning originates in the macro `define_function` (in Nightly builds, run with -Z macro-backtrace for more info)
[INFO] [stdout] 
[INFO] [stdout] 
[INFO] [stdout] warning: trailing semicolon in macro used in expression position
[INFO] [stdout]   --> src/std/functions/list.rs:12:70
[INFO] [stdout]    |
[INFO] [stdout] 12 |       pub static ref LIST_FUNCTIONS: Vec<FunctionSpecification> = vec![define_function! {
[INFO] [stdout]    |  ______________________________________________________________________^
[INFO] [stdout] 13 | |         Index => {
[INFO] [stdout] 14 | |             name: "index",
[INFO] [stdout] 15 | |             documentation: "`index` gets the entry from a list at the specified index.",
[INFO] [stdout] ...  |
[INFO] [stdout] 37 | |     },];
[INFO] [stdout]    | |_____^
[INFO] [stdout]    |
[INFO] [stdout]    = note: macro invocations at the end of a block are treated as expressions
[INFO] [stdout]    = note: to ignore the value produced by the macro, add a semicolon after the invocation of `define_function`
[INFO] [stdout]    = warning: this was previously accepted by the compiler but is being phased out; it will become a hard error in a future release!
[INFO] [stdout]    = note: for more information, see issue #79813 <https://github.com/rust-lang/rust/issues/79813>
[INFO] [stdout]    = note: this warning originates in the macro `define_function` (in Nightly builds, run with -Z macro-backtrace for more info)
[INFO] [stdout] 
[INFO] [stdout] 
[INFO] [stdout] warning: trailing semicolon in macro used in expression position
[INFO] [stdout]   --> src/std/functions/operators.rs:15:9
[INFO] [stdout]    |
[INFO] [stdout] 15 | /         define_function! {
[INFO] [stdout] 16 | |             BinaryAndBool => {
[INFO] [stdout] 17 | |                 name: "and_bool",
[INFO] [stdout] 18 | |                 documentation: "`and_bool` returns the binary AND of the left- and right-hand-side arguments.",
[INFO] [stdout] ...  |
[INFO] [stdout] 40 | |         },
[INFO] [stdout]    | |_________^
[INFO] [stdout]    |
[INFO] [stdout]    = note: macro invocations at the end of a block are treated as expressions
[INFO] [stdout]    = note: to ignore the value produced by the macro, add a semicolon after the invocation of `define_function`
[INFO] [stdout]    = warning: this was previously accepted by the compiler but is being phased out; it will become a hard error in a future release!
[INFO] [stdout]    = note: for more information, see issue #79813 <https://github.com/rust-lang/rust/issues/79813>
[INFO] [stdout]    = note: this warning originates in the macro `define_function` (in Nightly builds, run with -Z macro-backtrace for more info)
[INFO] [stdout] 
[INFO] [stdout] 
[INFO] [stdout] warning: trailing semicolon in macro used in expression position
[INFO] [stdout]   --> src/std/functions/operators.rs:41:9
[INFO] [stdout]    |
[INFO] [stdout] 41 | /         define_function! {
[INFO] [stdout] 42 | |             BinaryOrBool => {
[INFO] [stdout] 43 | |                 name: "or_bool",
[INFO] [stdout] 44 | |                 documentation: "`or_bool` returns the binary OR of the left- and right-hand-side arguments.",
[INFO] [stdout] ...  |
[INFO] [stdout] 66 | |         },
[INFO] [stdout]    | |_________^
[INFO] [stdout]    |
[INFO] [stdout]    = note: macro invocations at the end of a block are treated as expressions
[INFO] [stdout]    = note: to ignore the value produced by the macro, add a semicolon after the invocation of `define_function`
[INFO] [stdout]    = warning: this was previously accepted by the compiler but is being phased out; it will become a hard error in a future release!
[INFO] [stdout]    = note: for more information, see issue #79813 <https://github.com/rust-lang/rust/issues/79813>
[INFO] [stdout]    = note: this warning originates in the macro `define_function` (in Nightly builds, run with -Z macro-backtrace for more info)
[INFO] [stdout] 
[INFO] [stdout] 
[INFO] [stdout] warning: trailing semicolon in macro used in expression position
[INFO] [stdout]   --> src/std/functions/operators.rs:67:9
[INFO] [stdout]    |
[INFO] [stdout] 67 | / ...   define_function! {
[INFO] [stdout] 68 | | ...       BinaryDivSignedInteger => {
[INFO] [stdout] 69 | | ...           name: "div",
[INFO] [stdout] 70 | | ...           documentation: "`div` returns the integer division of the left-hand-side argument by the right-hand-side argument, r...
[INFO] [stdout] ...  |
[INFO] [stdout] 92 | | ...   },
[INFO] [stdout]    | |_______^
[INFO] [stdout]    |
[INFO] [stdout]    = note: macro invocations at the end of a block are treated as expressions
[INFO] [stdout]    = note: to ignore the value produced by the macro, add a semicolon after the invocation of `define_function`
[INFO] [stdout]    = warning: this was previously accepted by the compiler but is being phased out; it will become a hard error in a future release!
[INFO] [stdout]    = note: for more information, see issue #79813 <https://github.com/rust-lang/rust/issues/79813>
[INFO] [stdout]    = note: this warning originates in the macro `define_function` (in Nightly builds, run with -Z macro-backtrace for more info)
[INFO] [stdout] 
[INFO] [stdout] 
[INFO] [stdout] warning: trailing semicolon in macro used in expression position
[INFO] [stdout]    --> src/std/functions/operators.rs:93:9
[INFO] [stdout]     |
[INFO] [stdout]  93 | / ...   define_function! {
[INFO] [stdout]  94 | | ...       BinaryEq => {
[INFO] [stdout]  95 | | ...           name: "eq",
[INFO] [stdout]  96 | | ...           documentation: "`eq` returns `true` if the left- and right-hand-side arguments are equal and `false` if they are no...
[INFO] [stdout] ...   |
[INFO] [stdout] 118 | | ...   },
[INFO] [stdout]     | |_______^
[INFO] [stdout]     |
[INFO] [stdout]     = note: macro invocations at the end of a block are treated as expressions
[INFO] [stdout]     = note: to ignore the value produced by the macro, add a semicolon after the invocation of `define_function`
[INFO] [stdout]     = warning: this was previously accepted by the compiler but is being phased out; it will become a hard error in a future release!
[INFO] [stdout]     = note: for more information, see issue #79813 <https://github.com/rust-lang/rust/issues/79813>
[INFO] [stdout]     = note: this warning originates in the macro `define_function` (in Nightly builds, run with -Z macro-backtrace for more info)
[INFO] [stdout] 
[INFO] [stdout] 
[INFO] [stdout] warning: trailing semicolon in macro used in expression position
[INFO] [stdout]    --> src/std/functions/operators.rs:119:9
[INFO] [stdout]     |
[INFO] [stdout] 119 | / ...   define_function! {
[INFO] [stdout] 120 | | ...       BinaryGreater => {
[INFO] [stdout] 121 | | ...           name: "gt",
[INFO] [stdout] 122 | | ...           documentation: "`gt` returns `true` if the left-hand-side argument is greater than the right-hand-side argument and...
[INFO] [stdout] ...   |
[INFO] [stdout] 144 | | ...   },
[INFO] [stdout]     | |_______^
[INFO] [stdout]     |
[INFO] [stdout]     = note: macro invocations at the end of a block are treated as expressions
[INFO] [stdout]     = note: to ignore the value produced by the macro, add a semicolon after the invocation of `define_function`
[INFO] [stdout]     = warning: this was previously accepted by the compiler but is being phased out; it will become a hard error in a future release!
[INFO] [stdout]     = note: for more information, see issue #79813 <https://github.com/rust-lang/rust/issues/79813>
[INFO] [stdout]     = note: this warning originates in the macro `define_function` (in Nightly builds, run with -Z macro-backtrace for more info)
[INFO] [stdout] 
[INFO] [stdout] 
[INFO] [stdout] warning: trailing semicolon in macro used in expression position
[INFO] [stdout]    --> src/std/functions/operators.rs:145:9
[INFO] [stdout]     |
[INFO] [stdout] 145 | / ...   define_function! {
[INFO] [stdout] 146 | | ...       BinaryGreaterEq => {
[INFO] [stdout] 147 | | ...           name: "gte",
[INFO] [stdout] 148 | | ...           documentation: "`gte` returns `true` if the left-hand-side argument is greater than or equal to the right-hand-side...
[INFO] [stdout] ...   |
[INFO] [stdout] 170 | | ...   },
[INFO] [stdout]     | |_______^
[INFO] [stdout]     |
[INFO] [stdout]     = note: macro invocations at the end of a block are treated as expressions
[INFO] [stdout]     = note: to ignore the value produced by the macro, add a semicolon after the invocation of `define_function`
[INFO] [stdout]     = warning: this was previously accepted by the compiler but is being phased out; it will become a hard error in a future release!
[INFO] [stdout]     = note: for more information, see issue #79813 <https://github.com/rust-lang/rust/issues/79813>
[INFO] [stdout]     = note: this warning originates in the macro `define_function` (in Nightly builds, run with -Z macro-backtrace for more info)
[INFO] [stdout] 
[INFO] [stdout] 
[INFO] [stdout] warning: trailing semicolon in macro used in expression position
[INFO] [stdout]    --> src/std/functions/operators.rs:171:9
[INFO] [stdout]     |
[INFO] [stdout] 171 | / ...   define_function! {
[INFO] [stdout] 172 | | ...       BinaryLess => {
[INFO] [stdout] 173 | | ...           name: "lt",
[INFO] [stdout] 174 | | ...           documentation: "`lt` returns `true` if the left-hand-side argument is less than the right-hand-side argument and `f...
[INFO] [stdout] ...   |
[INFO] [stdout] 196 | | ...   },
[INFO] [stdout]     | |_______^
[INFO] [stdout]     |
[INFO] [stdout]     = note: macro invocations at the end of a block are treated as expressions
[INFO] [stdout]     = note: to ignore the value produced by the macro, add a semicolon after the invocation of `define_function`
[INFO] [stdout]     = warning: this was previously accepted by the compiler but is being phased out; it will become a hard error in a future release!
[INFO] [stdout]     = note: for more information, see issue #79813 <https://github.com/rust-lang/rust/issues/79813>
[INFO] [stdout]     = note: this warning originates in the macro `define_function` (in Nightly builds, run with -Z macro-backtrace for more info)
[INFO] [stdout] 
[INFO] [stdout] 
[INFO] [stdout] warning: trailing semicolon in macro used in expression position
[INFO] [stdout]    --> src/std/functions/operators.rs:197:9
[INFO] [stdout]     |
[INFO] [stdout] 197 | / ...   define_function! {
[INFO] [stdout] 198 | | ...       BinaryLessEq => {
[INFO] [stdout] 199 | | ...           name: "lte",
[INFO] [stdout] 200 | | ...           documentation: "`lte` returns `true` if the left-hand-side argument is less than or equal to the right-hand-side ar...
[INFO] [stdout] ...   |
[INFO] [stdout] 222 | | ...   },
[INFO] [stdout]     | |_______^
[INFO] [stdout]     |
[INFO] [stdout]     = note: macro invocations at the end of a block are treated as expressions
[INFO] [stdout]     = note: to ignore the value produced by the macro, add a semicolon after the invocation of `define_function`
[INFO] [stdout]     = warning: this was previously accepted by the compiler but is being phased out; it will become a hard error in a future release!
[INFO] [stdout]     = note: for more information, see issue #79813 <https://github.com/rust-lang/rust/issues/79813>
[INFO] [stdout]     = note: this warning originates in the macro `define_function` (in Nightly builds, run with -Z macro-backtrace for more info)
[INFO] [stdout] 
[INFO] [stdout] 
[INFO] [stdout] warning: trailing semicolon in macro used in expression position
[INFO] [stdout]    --> src/std/functions/operators.rs:223:9
[INFO] [stdout]     |
[INFO] [stdout] 223 | / ...   define_function! {
[INFO] [stdout] 224 | | ...       BinaryNotEq => {
[INFO] [stdout] 225 | | ...           name: "neq",
[INFO] [stdout] 226 | | ...           documentation: "`enq` returns `true` if the left- and right-hand-side arguments are not equal and `false` otherwise.",
[INFO] [stdout] ...   |
[INFO] [stdout] 248 | | ...   },
[INFO] [stdout]     | |_______^
[INFO] [stdout]     |
[INFO] [stdout]     = note: macro invocations at the end of a block are treated as expressions
[INFO] [stdout]     = note: to ignore the value produced by the macro, add a semicolon after the invocation of `define_function`
[INFO] [stdout]     = warning: this was previously accepted by the compiler but is being phased out; it will become a hard error in a future release!
[INFO] [stdout]     = note: for more information, see issue #79813 <https://github.com/rust-lang/rust/issues/79813>
[INFO] [stdout]     = note: this warning originates in the macro `define_function` (in Nightly builds, run with -Z macro-backtrace for more info)
[INFO] [stdout] 
[INFO] [stdout] 
[INFO] [stdout] warning: trailing semicolon in macro used in expression position
[INFO] [stdout]    --> src/std/functions/operators.rs:249:9
[INFO] [stdout]     |
[INFO] [stdout] 249 | / ...   define_function! {
[INFO] [stdout] 250 | | ...       BinaryMinus => {
[INFO] [stdout] 251 | | ...           name: "minus",
[INFO] [stdout] 252 | | ...           documentation: "`minus` returns the result of subtracting the right-hand-side `integer` argument from the left-hand...
[INFO] [stdout] ...   |
[INFO] [stdout] 274 | | ...   },
[INFO] [stdout]     | |_______^
[INFO] [stdout]     |
[INFO] [stdout]     = note: macro invocations at the end of a block are treated as expressions
[INFO] [stdout]     = note: to ignore the value produced by the macro, add a semicolon after the invocation of `define_function`
[INFO] [stdout]     = warning: this was previously accepted by the compiler but is being phased out; it will become a hard error in a future release!
[INFO] [stdout]     = note: for more information, see issue #79813 <https://github.com/rust-lang/rust/issues/79813>
[INFO] [stdout]     = note: this warning originates in the macro `define_function` (in Nightly builds, run with -Z macro-backtrace for more info)
[INFO] [stdout] 
[INFO] [stdout] 
[INFO] [stdout] warning: trailing semicolon in macro used in expression position
[INFO] [stdout]    --> src/std/functions/operators.rs:275:9
[INFO] [stdout]     |
[INFO] [stdout] 275 | / ...   define_function! {
[INFO] [stdout] 276 | | ...       BinaryModulo => {
[INFO] [stdout] 277 | | ...           name: "modulo",
[INFO] [stdout] 278 | | ...           documentation: "`modulo` returns the remainder of dividing the left-hand-side `integer` argument by the right-hand-...
[INFO] [stdout] ...   |
[INFO] [stdout] 300 | | ...   },
[INFO] [stdout]     | |_______^
[INFO] [stdout]     |
[INFO] [stdout]     = note: macro invocations at the end of a block are treated as expressions
[INFO] [stdout]     = note: to ignore the value produced by the macro, add a semicolon after the invocation of `define_function`
[INFO] [stdout]     = warning: this was previously accepted by the compiler but is being phased out; it will become a hard error in a future release!
[INFO] [stdout]     = note: for more information, see issue #79813 <https://github.com/rust-lang/rust/issues/79813>
[INFO] [stdout]     = note: this warning originates in the macro `define_function` (in Nightly builds, run with -Z macro-backtrace for more info)
[INFO] [stdout] 
[INFO] [stdout] 
[INFO] [stdout] warning: trailing semicolon in macro used in expression position
[INFO] [stdout]    --> src/std/functions/operators.rs:301:9
[INFO] [stdout]     |
[INFO] [stdout] 301 | / ...   define_function! {
[INFO] [stdout] 302 | | ...       BinaryMul => {
[INFO] [stdout] 303 | | ...           name: "multiply",
[INFO] [stdout] 304 | | ...           documentation: "`multiply` returns the product of the left-hand-side `integer` argument and the right-hand-side `in...
[INFO] [stdout] ...   |
[INFO] [stdout] 328 | | ...   },
[INFO] [stdout]     | |_______^
[INFO] [stdout]     |
[INFO] [stdout]     = note: macro invocations at the end of a block are treated as expressions
[INFO] [stdout]     = note: to ignore the value produced by the macro, add a semicolon after the invocation of `define_function`
[INFO] [stdout]     = warning: this was previously accepted by the compiler but is being phased out; it will become a hard error in a future release!
[INFO] [stdout]     = note: for more information, see issue #79813 <https://github.com/rust-lang/rust/issues/79813>
[INFO] [stdout]     = note: this warning originates in the macro `define_function` (in Nightly builds, run with -Z macro-backtrace for more info)
[INFO] [stdout] 
[INFO] [stdout] 
[INFO] [stdout] warning: trailing semicolon in macro used in expression position
[INFO] [stdout]    --> src/std/functions/operators.rs:329:9
[INFO] [stdout]     |
[INFO] [stdout] 329 | / ...   define_function! {
[INFO] [stdout] 330 | | ...       BinaryPlus => {
[INFO] [stdout] 331 | | ...           name: "add",
[INFO] [stdout] 332 | | ...           documentation: "`add` returns the sum of the left-hand-side `integer` argument and the right-hand-side `integer` ar...
[INFO] [stdout] ...   |
[INFO] [stdout] 354 | | ...   },
[INFO] [stdout]     | |_______^
[INFO] [stdout]     |
[INFO] [stdout]     = note: macro invocations at the end of a block are treated as expressions
[INFO] [stdout]     = note: to ignore the value produced by the macro, add a semicolon after the invocation of `define_function`
[INFO] [stdout]     = warning: this was previously accepted by the compiler but is being phased out; it will become a hard error in a future release!
[INFO] [stdout]     = note: for more information, see issue #79813 <https://github.com/rust-lang/rust/issues/79813>
[INFO] [stdout]     = note: this warning originates in the macro `define_function` (in Nightly builds, run with -Z macro-backtrace for more info)
[INFO] [stdout] 
[INFO] [stdout] 
[INFO] [stdout] warning: trailing semicolon in macro used in expression position
[INFO] [stdout]    --> src/std/functions/operators.rs:355:9
[INFO] [stdout]     |
[INFO] [stdout] 355 | /         define_function! {
[INFO] [stdout] 356 | |             UnaryNegInteger => {
[INFO] [stdout] 357 | |                 name: "neg_integer",
[INFO] [stdout] 358 | |                 documentation: "Returns the negation of the given integer.",
[INFO] [stdout] ...   |
[INFO] [stdout] 371 | |         },
[INFO] [stdout]     | |_________^
[INFO] [stdout]     |
[INFO] [stdout]     = note: macro invocations at the end of a block are treated as expressions
[INFO] [stdout]     = note: to ignore the value produced by the macro, add a semicolon after the invocation of `define_function`
[INFO] [stdout]     = warning: this was previously accepted by the compiler but is being phased out; it will become a hard error in a future release!
[INFO] [stdout]     = note: for more information, see issue #79813 <https://github.com/rust-lang/rust/issues/79813>
[INFO] [stdout]     = note: this warning originates in the macro `define_function` (in Nightly builds, run with -Z macro-backtrace for more info)
[INFO] [stdout] 
[INFO] [stdout] 
[INFO] [stdout] warning: trailing semicolon in macro used in expression position
[INFO] [stdout]    --> src/std/functions/operators.rs:372:9
[INFO] [stdout]     |
[INFO] [stdout] 372 | /         define_function! {
[INFO] [stdout] 373 | |             UnaryNotBool => {
[INFO] [stdout] 374 | |                 name: "not_bool",
[INFO] [stdout] 375 | |                 documentation: "Returns the logical negation of the given boolean value.",
[INFO] [stdout] ...   |
[INFO] [stdout] 388 | |         },
[INFO] [stdout]     | |_________^
[INFO] [stdout]     |
[INFO] [stdout]     = note: macro invocations at the end of a block are treated as expressions
[INFO] [stdout]     = note: to ignore the value produced by the macro, add a semicolon after the invocation of `define_function`
[INFO] [stdout]     = warning: this was previously accepted by the compiler but is being phased out; it will become a hard error in a future release!
[INFO] [stdout]     = note: for more information, see issue #79813 <https://github.com/rust-lang/rust/issues/79813>
[INFO] [stdout]     = note: this warning originates in the macro `define_function` (in Nightly builds, run with -Z macro-backtrace for more info)
[INFO] [stdout] 
[INFO] [stdout] 
[INFO] [stdout] warning: value assigned to `current_package` is never read
[INFO] [stdout]    --> src/runbook/workspace_context.rs:922:17
[INFO] [stdout]     |
[INFO] [stdout] 922 |                 current_package = imported_package;
[INFO] [stdout]     |                 ^^^^^^^^^^^^^^^^^^^^^^^^^^^^^^^^^^
[INFO] [stdout]     |
[INFO] [stdout]     = help: maybe it is overwritten before being read?
[INFO] [stdout]     = note: `#[warn(unused_assignments)]` (part of `#[warn(unused)]`) on by default
[INFO] [stdout] 
[INFO] [stdout] 
[INFO] [stderr]    Compiling test-case-macros v3.3.1
[INFO] [stderr]    Compiling test-case v3.3.1
[INFO] [stderr]    Compiling txtx-core v0.4.18 (/opt/rustwide/workdir)
[INFO] [stdout] error[E0433]: cannot find module or crate `txtx_test_utils` in this scope
[INFO] [stdout]    --> src/runbook/graph_context.rs:544:9
[INFO] [stdout]     |
[INFO] [stdout] 544 |     use txtx_test_utils::test_harness::build_runbook_from_fixture;
[INFO] [stdout]     |         ^^^^^^^^^^^^^^^ use of unresolved module or unlinked crate `txtx_test_utils`
[INFO] [stdout]     |
[INFO] [stdout]     = help: if you wanted to use a crate named `txtx_test_utils`, use `cargo add txtx_test_utils` to add it to your `Cargo.toml`
[INFO] [stdout] 
[INFO] [stdout] 
[INFO] [stdout] error[E0433]: cannot find module or crate `txtx_test_utils` in this scope
[INFO] [stdout]  --> src/tests/mod.rs:9:5
[INFO] [stdout]   |
[INFO] [stdout] 9 | use txtx_test_utils::test_harness::setup_test;
[INFO] [stdout]   |     ^^^^^^^^^^^^^^^ use of unresolved module or unlinked crate `txtx_test_utils`
[INFO] [stdout]   |
[INFO] [stdout]   = help: if you wanted to use a crate named `txtx_test_utils`, use `cargo add txtx_test_utils` to add it to your `Cargo.toml`
[INFO] [stdout] 
[INFO] [stdout] 
[INFO] [stdout] error[E0433]: cannot find `test` in `tokio`
[INFO] [stdout]    --> src/runbook/graph_context.rs:550:14
[INFO] [stdout]     |
[INFO] [stdout] 550 |     #[tokio::test]
[INFO] [stdout]     |              ^^^^ could not find `test` in `tokio`
[INFO] [stdout] 
[INFO] [stdout] 
[INFO] [stdout] error[E0433]: cannot find `test` in `tokio`
[INFO] [stdout]    --> src/runbook/graph_context.rs:568:14
[INFO] [stdout]     |
[INFO] [stdout] 568 |     #[tokio::test]
[INFO] [stdout]     |              ^^^^ could not find `test` in `tokio`
[INFO] [stdout] 
[INFO] [stdout] 
[INFO] [stdout] warning: trailing semicolon in macro used in expression position
[INFO] [stdout]   --> src/std/functions/assertions.rs:14:9
[INFO] [stdout]    |
[INFO] [stdout] 14 | /         define_function! {
[INFO] [stdout] 15 | |             AssertEq => {
[INFO] [stdout] 16 | |                 name: "assert_eq",
[INFO] [stdout] 17 | |                 documentation: "`assert_eq` asserts that two values are equal.",
[INFO] [stdout] ...  |
[INFO] [stdout] 40 | |         },
[INFO] [stdout]    | |_________^
[INFO] [stdout]    |
[INFO] [stdout]    = note: macro invocations at the end of a block are treated as expressions
[INFO] [stdout]    = note: to ignore the value produced by the macro, add a semicolon after the invocation of `define_function`
[INFO] [stdout]    = warning: this was previously accepted by the compiler but is being phased out; it will become a hard error in a future release!
[INFO] [stdout]    = note: for more information, see issue #79813 <https://github.com/rust-lang/rust/issues/79813>
[INFO] [stdout]    = note: `#[warn(semicolon_in_expressions_from_non_local_macros)]` (part of `#[warn(future_incompatible)]`) on by default
[INFO] [stdout]    = note: this warning originates in the macro `define_function` (in Nightly builds, run with -Z macro-backtrace for more info)
[INFO] [stdout] 
[INFO] [stdout] 
[INFO] [stdout] warning: trailing semicolon in macro used in expression position
[INFO] [stdout]   --> src/std/functions/assertions.rs:41:9
[INFO] [stdout]    |
[INFO] [stdout] 41 | /         define_function! {
[INFO] [stdout] 42 | |             AssertNe => {
[INFO] [stdout] 43 | |                 name: "assert_ne",
[INFO] [stdout] 44 | |                 documentation: "`assert_ne` asserts that two values are not equal.",
[INFO] [stdout] ...  |
[INFO] [stdout] 67 | |         },
[INFO] [stdout]    | |_________^
[INFO] [stdout]    |
[INFO] [stdout]    = note: macro invocations at the end of a block are treated as expressions
[INFO] [stdout]    = note: to ignore the value produced by the macro, add a semicolon after the invocation of `define_function`
[INFO] [stdout]    = warning: this was previously accepted by the compiler but is being phased out; it will become a hard error in a future release!
[INFO] [stdout]    = note: for more information, see issue #79813 <https://github.com/rust-lang/rust/issues/79813>
[INFO] [stdout]    = note: this warning originates in the macro `define_function` (in Nightly builds, run with -Z macro-backtrace for more info)
[INFO] [stdout] 
[INFO] [stdout] 
[INFO] [stdout] warning: trailing semicolon in macro used in expression position
[INFO] [stdout]   --> src/std/functions/assertions.rs:68:9
[INFO] [stdout]    |
[INFO] [stdout] 68 | /         define_function! {
[INFO] [stdout] 69 | |             AssertGt => {
[INFO] [stdout] 70 | |                 name: "assert_gt",
[INFO] [stdout] 71 | |                 documentation: "`assert_gt` asserts that the left value is greater than the right value.",
[INFO] [stdout] ...  |
[INFO] [stdout] 94 | |         },
[INFO] [stdout]    | |_________^
[INFO] [stdout]    |
[INFO] [stdout]    = note: macro invocations at the end of a block are treated as expressions
[INFO] [stdout]    = note: to ignore the value produced by the macro, add a semicolon after the invocation of `define_function`
[INFO] [stdout]    = warning: this was previously accepted by the compiler but is being phased out; it will become a hard error in a future release!
[INFO] [stdout]    = note: for more information, see issue #79813 <https://github.com/rust-lang/rust/issues/79813>
[INFO] [stdout]    = note: this warning originates in the macro `define_function` (in Nightly builds, run with -Z macro-backtrace for more info)
[INFO] [stdout] 
[INFO] [stdout] 
[INFO] [stdout] warning: trailing semicolon in macro used in expression position
[INFO] [stdout]    --> src/std/functions/assertions.rs:95:9
[INFO] [stdout]     |
[INFO] [stdout]  95 | /         define_function! {
[INFO] [stdout]  96 | |             AssertGte => {
[INFO] [stdout]  97 | |                 name: "assert_gte",
[INFO] [stdout]  98 | |                 documentation: "`assert_gte` asserts that the left value is greater than or equal to the right value.",
[INFO] [stdout] ...   |
[INFO] [stdout] 121 | |         },
[INFO] [stdout]     | |_________^
[INFO] [stdout]     |
[INFO] [stdout]     = note: macro invocations at the end of a block are treated as expressions
[INFO] [stdout]     = note: to ignore the value produced by the macro, add a semicolon after the invocation of `define_function`
[INFO] [stdout]     = warning: this was previously accepted by the compiler but is being phased out; it will become a hard error in a future release!
[INFO] [stdout]     = note: for more information, see issue #79813 <https://github.com/rust-lang/rust/issues/79813>
[INFO] [stdout]     = note: this warning originates in the macro `define_function` (in Nightly builds, run with -Z macro-backtrace for more info)
[INFO] [stdout] 
[INFO] [stdout] 
[INFO] [stdout] warning: trailing semicolon in macro used in expression position
[INFO] [stdout]    --> src/std/functions/assertions.rs:122:9
[INFO] [stdout]     |
[INFO] [stdout] 122 | /         define_function! {
[INFO] [stdout] 123 | |             AssertLt => {
[INFO] [stdout] 124 | |                 name: "assert_lt",
[INFO] [stdout] 125 | |                 documentation: "`assert_lt` asserts that the left value is less than the right value.",
[INFO] [stdout] ...   |
[INFO] [stdout] 148 | |         },
[INFO] [stdout]     | |_________^
[INFO] [stdout]     |
[INFO] [stdout]     = note: macro invocations at the end of a block are treated as expressions
[INFO] [stdout]     = note: to ignore the value produced by the macro, add a semicolon after the invocation of `define_function`
[INFO] [stdout]     = warning: this was previously accepted by the compiler but is being phased out; it will become a hard error in a future release!
[INFO] [stdout]     = note: for more information, see issue #79813 <https://github.com/rust-lang/rust/issues/79813>
[INFO] [stdout]     = note: this warning originates in the macro `define_function` (in Nightly builds, run with -Z macro-backtrace for more info)
[INFO] [stdout] 
[INFO] [stdout] 
[INFO] [stdout] warning: trailing semicolon in macro used in expression position
[INFO] [stdout]    --> src/std/functions/assertions.rs:149:9
[INFO] [stdout]     |
[INFO] [stdout] 149 | /         define_function! {
[INFO] [stdout] 150 | |             AssertLte => {
[INFO] [stdout] 151 | |                 name: "assert_lte",
[INFO] [stdout] 152 | |                 documentation: "`assert_lte` asserts that the left value is less than or equal to the right value.",
[INFO] [stdout] ...   |
[INFO] [stdout] 175 | |         }
[INFO] [stdout]     | |_________^
[INFO] [stdout]     |
[INFO] [stdout]     = note: macro invocations at the end of a block are treated as expressions
[INFO] [stdout]     = note: to ignore the value produced by the macro, add a semicolon after the invocation of `define_function`
[INFO] [stdout]     = warning: this was previously accepted by the compiler but is being phased out; it will become a hard error in a future release!
[INFO] [stdout]     = note: for more information, see issue #79813 <https://github.com/rust-lang/rust/issues/79813>
[INFO] [stdout]     = note: this warning originates in the macro `define_function` (in Nightly builds, run with -Z macro-backtrace for more info)
[INFO] [stdout] 
[INFO] [stdout] 
[INFO] [stdout] warning: trailing semicolon in macro used in expression position
[INFO] [stdout]   --> src/std/functions/base58.rs:14:9
[INFO] [stdout]    |
[INFO] [stdout] 14 | /         define_function! {
[INFO] [stdout] 15 | |             Base58Encode => {
[INFO] [stdout] 16 | |                 name: "encode_base58",
[INFO] [stdout] 17 | |                 documentation: "`encode_base58` encodes a buffer or string as a base58 string.",
[INFO] [stdout] ...  |
[INFO] [stdout] 35 | |         },
[INFO] [stdout]    | |_________^
[INFO] [stdout]    |
[INFO] [stdout]    = note: macro invocations at the end of a block are treated as expressions
[INFO] [stdout]    = note: to ignore the value produced by the macro, add a semicolon after the invocation of `define_function`
[INFO] [stdout]    = warning: this was previously accepted by the compiler but is being phased out; it will become a hard error in a future release!
[INFO] [stdout]    = note: for more information, see issue #79813 <https://github.com/rust-lang/rust/issues/79813>
[INFO] [stdout]    = note: this warning originates in the macro `define_function` (in Nightly builds, run with -Z macro-backtrace for more info)
[INFO] [stdout] 
[INFO] [stdout] 
[INFO] [stdout] warning: trailing semicolon in macro used in expression position
[INFO] [stdout]   --> src/std/functions/base58.rs:36:9
[INFO] [stdout]    |
[INFO] [stdout] 36 | /         define_function! {
[INFO] [stdout] 37 | |             Base58Decode => {
[INFO] [stdout] 38 | |                 name: "decode_base58",
[INFO] [stdout] 39 | |                 documentation: "`decode_base58` decodes a base58 encoded string and returns the result as a buffer.",
[INFO] [stdout] ...  |
[INFO] [stdout] 57 | |         },
[INFO] [stdout]    | |_________^
[INFO] [stdout]    |
[INFO] [stdout]    = note: macro invocations at the end of a block are treated as expressions
[INFO] [stdout]    = note: to ignore the value produced by the macro, add a semicolon after the invocation of `define_function`
[INFO] [stdout]    = warning: this was previously accepted by the compiler but is being phased out; it will become a hard error in a future release!
[INFO] [stdout]    = note: for more information, see issue #79813 <https://github.com/rust-lang/rust/issues/79813>
[INFO] [stdout]    = note: this warning originates in the macro `define_function` (in Nightly builds, run with -Z macro-backtrace for more info)
[INFO] [stdout] 
[INFO] [stdout] 
[INFO] [stdout] warning: trailing semicolon in macro used in expression position
[INFO] [stdout]   --> src/std/functions/base64.rs:14:9
[INFO] [stdout]    |
[INFO] [stdout] 14 | /         define_function! {
[INFO] [stdout] 15 | |             Base64Decode => {
[INFO] [stdout] 16 | |                 name: "decode_base64",
[INFO] [stdout] 17 | |                 documentation: "`decode_base64` decodes a base64 encoded string and returns the result as a buffer.",
[INFO] [stdout] ...  |
[INFO] [stdout] 35 | |         },
[INFO] [stdout]    | |_________^
[INFO] [stdout]    |
[INFO] [stdout]    = note: macro invocations at the end of a block are treated as expressions
[INFO] [stdout]    = note: to ignore the value produced by the macro, add a semicolon after the invocation of `define_function`
[INFO] [stdout]    = warning: this was previously accepted by the compiler but is being phased out; it will become a hard error in a future release!
[INFO] [stdout]    = note: for more information, see issue #79813 <https://github.com/rust-lang/rust/issues/79813>
[INFO] [stdout]    = note: this warning originates in the macro `define_function` (in Nightly builds, run with -Z macro-backtrace for more info)
[INFO] [stdout] 
[INFO] [stdout] 
[INFO] [stdout] warning: trailing semicolon in macro used in expression position
[INFO] [stdout]   --> src/std/functions/base64.rs:36:9
[INFO] [stdout]    |
[INFO] [stdout] 36 | /         define_function! {
[INFO] [stdout] 37 | |             Base64Encode => {
[INFO] [stdout] 38 | |                 name: "encode_base64",
[INFO] [stdout] 39 | |                 documentation: "`encode_base64` encodes a buffer or string as a base64 string.",
[INFO] [stdout] ...  |
[INFO] [stdout] 57 | |         },
[INFO] [stdout]    | |_________^
[INFO] [stdout]    |
[INFO] [stdout]    = note: macro invocations at the end of a block are treated as expressions
[INFO] [stdout]    = note: to ignore the value produced by the macro, add a semicolon after the invocation of `define_function`
[INFO] [stdout]    = warning: this was previously accepted by the compiler but is being phased out; it will become a hard error in a future release!
[INFO] [stdout]    = note: for more information, see issue #79813 <https://github.com/rust-lang/rust/issues/79813>
[INFO] [stdout]    = note: this warning originates in the macro `define_function` (in Nightly builds, run with -Z macro-backtrace for more info)
[INFO] [stdout] 
[INFO] [stdout] 
[INFO] [stdout] warning: trailing semicolon in macro used in expression position
[INFO] [stdout]   --> src/std/functions/big_endian.rs:14:9
[INFO] [stdout]    |
[INFO] [stdout] 14 | /         define_function! {
[INFO] [stdout] 15 | |             BigEndianEncodeU32 => {
[INFO] [stdout] 16 | |                 name: "encode_big_endian_u32",
[INFO] [stdout] 17 | |                 documentation: "`encode_big_endian_u32` encodes a u32 to a big-endian hex string",
[INFO] [stdout] ...  |
[INFO] [stdout] 35 | |         },
[INFO] [stdout]    | |_________^
[INFO] [stdout]    |
[INFO] [stdout]    = note: macro invocations at the end of a block are treated as expressions
[INFO] [stdout]    = note: to ignore the value produced by the macro, add a semicolon after the invocation of `define_function`
[INFO] [stdout]    = warning: this was previously accepted by the compiler but is being phased out; it will become a hard error in a future release!
[INFO] [stdout]    = note: for more information, see issue #79813 <https://github.com/rust-lang/rust/issues/79813>
[INFO] [stdout]    = note: this warning originates in the macro `define_function` (in Nightly builds, run with -Z macro-backtrace for more info)
[INFO] [stdout] 
[INFO] [stdout] 
[INFO] [stdout] warning: trailing semicolon in macro used in expression position
[INFO] [stdout]   --> src/std/functions/big_endian.rs:36:9
[INFO] [stdout]    |
[INFO] [stdout] 36 | /         define_function! {
[INFO] [stdout] 37 | |             BigEndianEncodeU64 => {
[INFO] [stdout] 38 | |                 name: "encode_big_endian_u64",
[INFO] [stdout] 39 | |                 documentation: "`encode_big_endian_u64` encodes a u64 to a big-endian hex string",
[INFO] [stdout] ...  |
[INFO] [stdout] 57 | |         }
[INFO] [stdout]    | |_________^
[INFO] [stdout]    |
[INFO] [stdout]    = note: macro invocations at the end of a block are treated as expressions
[INFO] [stdout]    = note: to ignore the value produced by the macro, add a semicolon after the invocation of `define_function`
[INFO] [stdout]    = warning: this was previously accepted by the compiler but is being phased out; it will become a hard error in a future release!
[INFO] [stdout]    = note: for more information, see issue #79813 <https://github.com/rust-lang/rust/issues/79813>
[INFO] [stdout]    = note: this warning originates in the macro `define_function` (in Nightly builds, run with -Z macro-backtrace for more info)
[INFO] [stdout] 
[INFO] [stdout] 
[INFO] [stdout] warning: trailing semicolon in macro used in expression position
[INFO] [stdout]   --> src/std/functions/crypto.rs:12:65
[INFO] [stdout]    |
[INFO] [stdout] 12 |       pub static ref FUNCTIONS: Vec<FunctionSpecification> = vec![define_function! {
[INFO] [stdout]    |  _________________________________________________________________^
[INFO] [stdout] 13 | |         Secp256k1Recover => {
[INFO] [stdout] 14 | |             name: "secp256k1_recover",
[INFO] [stdout] 15 | |             documentation: "`secp256k1_recover` recovers a public key from a secp256k1 signature.",
[INFO] [stdout] ...  |
[INFO] [stdout] 37 | |     }];
[INFO] [stdout]    | |_____^
[INFO] [stdout]    |
[INFO] [stdout]    = note: macro invocations at the end of a block are treated as expressions
[INFO] [stdout]    = note: to ignore the value produced by the macro, add a semicolon after the invocation of `define_function`
[INFO] [stdout]    = warning: this was previously accepted by the compiler but is being phased out; it will become a hard error in a future release!
[INFO] [stdout]    = note: for more information, see issue #79813 <https://github.com/rust-lang/rust/issues/79813>
[INFO] [stdout]    = note: this warning originates in the macro `define_function` (in Nightly builds, run with -Z macro-backtrace for more info)
[INFO] [stdout] 
[INFO] [stdout] 
[INFO] [stdout] warning: trailing semicolon in macro used in expression position
[INFO] [stdout]   --> src/std/functions/hash.rs:20:9
[INFO] [stdout]    |
[INFO] [stdout] 20 | /         define_function! {
[INFO] [stdout] 21 | |             Ripemd160 => {
[INFO] [stdout] 22 | |                 name: "ripemd160",
[INFO] [stdout] 23 | |                 documentation: "`ripemd160` computes the Ripemd160 hash of a value.",
[INFO] [stdout] ...  |
[INFO] [stdout] 41 | |         },
[INFO] [stdout]    | |_________^
[INFO] [stdout]    |
[INFO] [stdout]    = note: macro invocations at the end of a block are treated as expressions
[INFO] [stdout]    = note: to ignore the value produced by the macro, add a semicolon after the invocation of `define_function`
[INFO] [stdout]    = warning: this was previously accepted by the compiler but is being phased out; it will become a hard error in a future release!
[INFO] [stdout]    = note: for more information, see issue #79813 <https://github.com/rust-lang/rust/issues/79813>
[INFO] [stdout]    = note: this warning originates in the macro `define_function` (in Nightly builds, run with -Z macro-backtrace for more info)
[INFO] [stdout] 
[INFO] [stdout] 
[INFO] [stdout] warning: trailing semicolon in macro used in expression position
[INFO] [stdout]   --> src/std/functions/hash.rs:42:9
[INFO] [stdout]    |
[INFO] [stdout] 42 | /         define_function! {
[INFO] [stdout] 43 | |             Sha256 => {
[INFO] [stdout] 44 | |                 name: "sha256",
[INFO] [stdout] 45 | |                 documentation: "`sha256` computes the sha256 hash of a value.",
[INFO] [stdout] ...  |
[INFO] [stdout] 63 | |         },
[INFO] [stdout]    | |_________^
[INFO] [stdout]    |
[INFO] [stdout]    = note: macro invocations at the end of a block are treated as expressions
[INFO] [stdout]    = note: to ignore the value produced by the macro, add a semicolon after the invocation of `define_function`
[INFO] [stdout]    = warning: this was previously accepted by the compiler but is being phased out; it will become a hard error in a future release!
[INFO] [stdout]    = note: for more information, see issue #79813 <https://github.com/rust-lang/rust/issues/79813>
[INFO] [stdout]    = note: this warning originates in the macro `define_function` (in Nightly builds, run with -Z macro-backtrace for more info)
[INFO] [stdout] 
[INFO] [stdout] 
[INFO] [stdout] warning: trailing semicolon in macro used in expression position
[INFO] [stdout]   --> src/std/functions/hash.rs:64:9
[INFO] [stdout]    |
[INFO] [stdout] 64 | /         define_function! {
[INFO] [stdout] 65 | |             Keccak256 => {
[INFO] [stdout] 66 | |                 name: "keccak256",
[INFO] [stdout] 67 | |                 documentation: "`std::keccak256` computes the keccak256 hash of a value.",
[INFO] [stdout] ...  |
[INFO] [stdout] 85 | |         }
[INFO] [stdout]    | |_________^
[INFO] [stdout]    |
[INFO] [stdout]    = note: macro invocations at the end of a block are treated as expressions
[INFO] [stdout]    = note: to ignore the value produced by the macro, add a semicolon after the invocation of `define_function`
[INFO] [stdout]    = warning: this was previously accepted by the compiler but is being phased out; it will become a hard error in a future release!
[INFO] [stdout]    = note: for more information, see issue #79813 <https://github.com/rust-lang/rust/issues/79813>
[INFO] [stdout]    = note: this warning originates in the macro `define_function` (in Nightly builds, run with -Z macro-backtrace for more info)
[INFO] [stdout] 
[INFO] [stdout] 
[INFO] [stdout] warning: trailing semicolon in macro used in expression position
[INFO] [stdout]   --> src/std/functions/hex.rs:13:9
[INFO] [stdout]    |
[INFO] [stdout] 13 | /         define_function! {
[INFO] [stdout] 14 | |             EncodeHex => {
[INFO] [stdout] 15 | |                 name: "encode_hex",
[INFO] [stdout] 16 | |                 documentation: "`encode_hex` encodes a buffer or string as a hexadecimal string with 0x prefix.",
[INFO] [stdout] ...  |
[INFO] [stdout] 34 | |         },
[INFO] [stdout]    | |_________^
[INFO] [stdout]    |
[INFO] [stdout]    = note: macro invocations at the end of a block are treated as expressions
[INFO] [stdout]    = note: to ignore the value produced by the macro, add a semicolon after the invocation of `define_function`
[INFO] [stdout]    = warning: this was previously accepted by the compiler but is being phased out; it will become a hard error in a future release!
[INFO] [stdout]    = note: for more information, see issue #79813 <https://github.com/rust-lang/rust/issues/79813>
[INFO] [stdout]    = note: this warning originates in the macro `define_function` (in Nightly builds, run with -Z macro-backtrace for more info)
[INFO] [stdout] 
[INFO] [stdout] 
[INFO] [stdout] warning: trailing semicolon in macro used in expression position
[INFO] [stdout]   --> src/std/functions/hex.rs:35:9
[INFO] [stdout]    |
[INFO] [stdout] 35 | /         define_function! {
[INFO] [stdout] 36 | |             DecodeHex => {
[INFO] [stdout] 37 | |                 name: "decode_hex",
[INFO] [stdout] 38 | |                 documentation: "`decode_hex` decodes a hexadecimal string and returns the result as a buffer.",
[INFO] [stdout] ...  |
[INFO] [stdout] 56 | |         },
[INFO] [stdout]    | |_________^
[INFO] [stdout]    |
[INFO] [stdout]    = note: macro invocations at the end of a block are treated as expressions
[INFO] [stdout]    = note: to ignore the value produced by the macro, add a semicolon after the invocation of `define_function`
[INFO] [stdout]    = warning: this was previously accepted by the compiler but is being phased out; it will become a hard error in a future release!
[INFO] [stdout]    = note: for more information, see issue #79813 <https://github.com/rust-lang/rust/issues/79813>
[INFO] [stdout]    = note: this warning originates in the macro `define_function` (in Nightly builds, run with -Z macro-backtrace for more info)
[INFO] [stdout] 
[INFO] [stdout] 
[INFO] [stdout] warning: trailing semicolon in macro used in expression position
[INFO] [stdout]   --> src/std/functions/json.rs:16:70
[INFO] [stdout]    |
[INFO] [stdout] 16 |       pub static ref JSON_FUNCTIONS: Vec<FunctionSpecification> = vec![define_function! {
[INFO] [stdout]    |  ______________________________________________________________________^
[INFO] [stdout] 17 | |         JsonQuery => {
[INFO] [stdout] 18 | |             name: "jq",
[INFO] [stdout] 19 | |             documentation: indoc!{r#"
[INFO] [stdout] ...  |
[INFO] [stdout] 44 | |     },];
[INFO] [stdout]    | |_____^
[INFO] [stdout]    |
[INFO] [stdout]    = note: macro invocations at the end of a block are treated as expressions
[INFO] [stdout]    = note: to ignore the value produced by the macro, add a semicolon after the invocation of `define_function`
[INFO] [stdout]    = warning: this was previously accepted by the compiler but is being phased out; it will become a hard error in a future release!
[INFO] [stdout]    = note: for more information, see issue #79813 <https://github.com/rust-lang/rust/issues/79813>
[INFO] [stdout]    = note: this warning originates in the macro `define_function` (in Nightly builds, run with -Z macro-backtrace for more info)
[INFO] [stdout] 
[INFO] [stdout] 
[INFO] [stdout] warning: trailing semicolon in macro used in expression position
[INFO] [stdout]   --> src/std/functions/list.rs:12:70
[INFO] [stdout]    |
[INFO] [stdout] 12 |       pub static ref LIST_FUNCTIONS: Vec<FunctionSpecification> = vec![define_function! {
[INFO] [stdout]    |  ______________________________________________________________________^
[INFO] [stdout] 13 | |         Index => {
[INFO] [stdout] 14 | |             name: "index",
[INFO] [stdout] 15 | |             documentation: "`index` gets the entry from a list at the specified index.",
[INFO] [stdout] ...  |
[INFO] [stdout] 37 | |     },];
[INFO] [stdout]    | |_____^
[INFO] [stdout]    |
[INFO] [stdout]    = note: macro invocations at the end of a block are treated as expressions
[INFO] [stdout]    = note: to ignore the value produced by the macro, add a semicolon after the invocation of `define_function`
[INFO] [stdout]    = warning: this was previously accepted by the compiler but is being phased out; it will become a hard error in a future release!
[INFO] [stdout]    = note: for more information, see issue #79813 <https://github.com/rust-lang/rust/issues/79813>
[INFO] [stdout]    = note: this warning originates in the macro `define_function` (in Nightly builds, run with -Z macro-backtrace for more info)
[INFO] [stdout] 
[INFO] [stdout] 
[INFO] [stdout] warning: trailing semicolon in macro used in expression position
[INFO] [stdout]   --> src/std/functions/operators.rs:15:9
[INFO] [stdout]    |
[INFO] [stdout] 15 | /         define_function! {
[INFO] [stdout] 16 | |             BinaryAndBool => {
[INFO] [stdout] 17 | |                 name: "and_bool",
[INFO] [stdout] 18 | |                 documentation: "`and_bool` returns the binary AND of the left- and right-hand-side arguments.",
[INFO] [stdout] ...  |
[INFO] [stdout] 40 | |         },
[INFO] [stdout]    | |_________^
[INFO] [stdout]    |
[INFO] [stdout]    = note: macro invocations at the end of a block are treated as expressions
[INFO] [stdout]    = note: to ignore the value produced by the macro, add a semicolon after the invocation of `define_function`
[INFO] [stdout]    = warning: this was previously accepted by the compiler but is being phased out; it will become a hard error in a future release!
[INFO] [stdout]    = note: for more information, see issue #79813 <https://github.com/rust-lang/rust/issues/79813>
[INFO] [stdout]    = note: this warning originates in the macro `define_function` (in Nightly builds, run with -Z macro-backtrace for more info)
[INFO] [stdout] 
[INFO] [stdout] 
[INFO] [stdout] warning: trailing semicolon in macro used in expression position
[INFO] [stdout]   --> src/std/functions/operators.rs:41:9
[INFO] [stdout]    |
[INFO] [stdout] 41 | /         define_function! {
[INFO] [stdout] 42 | |             BinaryOrBool => {
[INFO] [stdout] 43 | |                 name: "or_bool",
[INFO] [stdout] 44 | |                 documentation: "`or_bool` returns the binary OR of the left- and right-hand-side arguments.",
[INFO] [stdout] ...  |
[INFO] [stdout] 66 | |         },
[INFO] [stdout]    | |_________^
[INFO] [stdout]    |
[INFO] [stdout]    = note: macro invocations at the end of a block are treated as expressions
[INFO] [stdout]    = note: to ignore the value produced by the macro, add a semicolon after the invocation of `define_function`
[INFO] [stdout]    = warning: this was previously accepted by the compiler but is being phased out; it will become a hard error in a future release!
[INFO] [stdout]    = note: for more information, see issue #79813 <https://github.com/rust-lang/rust/issues/79813>
[INFO] [stdout]    = note: this warning originates in the macro `define_function` (in Nightly builds, run with -Z macro-backtrace for more info)
[INFO] [stdout] 
[INFO] [stdout] 
[INFO] [stdout] warning: trailing semicolon in macro used in expression position
[INFO] [stdout]   --> src/std/functions/operators.rs:67:9
[INFO] [stdout]    |
[INFO] [stdout] 67 | / ...   define_function! {
[INFO] [stdout] 68 | | ...       BinaryDivSignedInteger => {
[INFO] [stdout] 69 | | ...           name: "div",
[INFO] [stdout] 70 | | ...           documentation: "`div` returns the integer division of the left-hand-side argument by the right-hand-side argument, r...
[INFO] [stdout] ...  |
[INFO] [stdout] 92 | | ...   },
[INFO] [stdout]    | |_______^
[INFO] [stdout]    |
[INFO] [stdout]    = note: macro invocations at the end of a block are treated as expressions
[INFO] [stdout]    = note: to ignore the value produced by the macro, add a semicolon after the invocation of `define_function`
[INFO] [stdout]    = warning: this was previously accepted by the compiler but is being phased out; it will become a hard error in a future release!
[INFO] [stdout]    = note: for more information, see issue #79813 <https://github.com/rust-lang/rust/issues/79813>
[INFO] [stdout]    = note: this warning originates in the macro `define_function` (in Nightly builds, run with -Z macro-backtrace for more info)
[INFO] [stdout] 
[INFO] [stdout] 
[INFO] [stdout] warning: trailing semicolon in macro used in expression position
[INFO] [stdout]    --> src/std/functions/operators.rs:93:9
[INFO] [stdout]     |
[INFO] [stdout]  93 | / ...   define_function! {
[INFO] [stdout]  94 | | ...       BinaryEq => {
[INFO] [stdout]  95 | | ...           name: "eq",
[INFO] [stdout]  96 | | ...           documentation: "`eq` returns `true` if the left- and right-hand-side arguments are equal and `false` if they are no...
[INFO] [stdout] ...   |
[INFO] [stdout] 118 | | ...   },
[INFO] [stdout]     | |_______^
[INFO] [stdout]     |
[INFO] [stdout]     = note: macro invocations at the end of a block are treated as expressions
[INFO] [stdout]     = note: to ignore the value produced by the macro, add a semicolon after the invocation of `define_function`
[INFO] [stdout]     = warning: this was previously accepted by the compiler but is being phased out; it will become a hard error in a future release!
[INFO] [stdout]     = note: for more information, see issue #79813 <https://github.com/rust-lang/rust/issues/79813>
[INFO] [stdout]     = note: this warning originates in the macro `define_function` (in Nightly builds, run with -Z macro-backtrace for more info)
[INFO] [stdout] 
[INFO] [stdout] 
[INFO] [stdout] warning: trailing semicolon in macro used in expression position
[INFO] [stdout]    --> src/std/functions/operators.rs:119:9
[INFO] [stdout]     |
[INFO] [stdout] 119 | / ...   define_function! {
[INFO] [stdout] 120 | | ...       BinaryGreater => {
[INFO] [stdout] 121 | | ...           name: "gt",
[INFO] [stdout] 122 | | ...           documentation: "`gt` returns `true` if the left-hand-side argument is greater than the right-hand-side argument and...
[INFO] [stdout] ...   |
[INFO] [stdout] 144 | | ...   },
[INFO] [stdout]     | |_______^
[INFO] [stdout]     |
[INFO] [stdout]     = note: macro invocations at the end of a block are treated as expressions
[INFO] [stdout]     = note: to ignore the value produced by the macro, add a semicolon after the invocation of `define_function`
[INFO] [stdout]     = warning: this was previously accepted by the compiler but is being phased out; it will become a hard error in a future release!
[INFO] [stdout]     = note: for more information, see issue #79813 <https://github.com/rust-lang/rust/issues/79813>
[INFO] [stdout]     = note: this warning originates in the macro `define_function` (in Nightly builds, run with -Z macro-backtrace for more info)
[INFO] [stdout] 
[INFO] [stdout] 
[INFO] [stdout] warning: trailing semicolon in macro used in expression position
[INFO] [stdout]    --> src/std/functions/operators.rs:145:9
[INFO] [stdout]     |
[INFO] [stdout] 145 | / ...   define_function! {
[INFO] [stdout] 146 | | ...       BinaryGreaterEq => {
[INFO] [stdout] 147 | | ...           name: "gte",
[INFO] [stdout] 148 | | ...           documentation: "`gte` returns `true` if the left-hand-side argument is greater than or equal to the right-hand-side...
[INFO] [stdout] ...   |
[INFO] [stdout] 170 | | ...   },
[INFO] [stdout]     | |_______^
[INFO] [stdout]     |
[INFO] [stdout]     = note: macro invocations at the end of a block are treated as expressions
[INFO] [stdout]     = note: to ignore the value produced by the macro, add a semicolon after the invocation of `define_function`
[INFO] [stdout]     = warning: this was previously accepted by the compiler but is being phased out; it will become a hard error in a future release!
[INFO] [stdout]     = note: for more information, see issue #79813 <https://github.com/rust-lang/rust/issues/79813>
[INFO] [stdout]     = note: this warning originates in the macro `define_function` (in Nightly builds, run with -Z macro-backtrace for more info)
[INFO] [stdout] 
[INFO] [stdout] 
[INFO] [stdout] warning: trailing semicolon in macro used in expression position
[INFO] [stdout]    --> src/std/functions/operators.rs:171:9
[INFO] [stdout]     |
[INFO] [stdout] 171 | / ...   define_function! {
[INFO] [stdout] 172 | | ...       BinaryLess => {
[INFO] [stdout] 173 | | ...           name: "lt",
[INFO] [stdout] 174 | | ...           documentation: "`lt` returns `true` if the left-hand-side argument is less than the right-hand-side argument and `f...
[INFO] [stdout] ...   |
[INFO] [stdout] 196 | | ...   },
[INFO] [stdout]     | |_______^
[INFO] [stdout]     |
[INFO] [stdout]     = note: macro invocations at the end of a block are treated as expressions
[INFO] [stdout]     = note: to ignore the value produced by the macro, add a semicolon after the invocation of `define_function`
[INFO] [stdout]     = warning: this was previously accepted by the compiler but is being phased out; it will become a hard error in a future release!
[INFO] [stdout]     = note: for more information, see issue #79813 <https://github.com/rust-lang/rust/issues/79813>
[INFO] [stdout]     = note: this warning originates in the macro `define_function` (in Nightly builds, run with -Z macro-backtrace for more info)
[INFO] [stdout] 
[INFO] [stdout] 
[INFO] [stdout] warning: trailing semicolon in macro used in expression position
[INFO] [stdout]    --> src/std/functions/operators.rs:197:9
[INFO] [stdout]     |
[INFO] [stdout] 197 | / ...   define_function! {
[INFO] [stdout] 198 | | ...       BinaryLessEq => {
[INFO] [stdout] 199 | | ...           name: "lte",
[INFO] [stdout] 200 | | ...           documentation: "`lte` returns `true` if the left-hand-side argument is less than or equal to the right-hand-side ar...
[INFO] [stdout] ...   |
[INFO] [stdout] 222 | | ...   },
[INFO] [stdout]     | |_______^
[INFO] [stdout]     |
[INFO] [stdout]     = note: macro invocations at the end of a block are treated as expressions
[INFO] [stdout]     = note: to ignore the value produced by the macro, add a semicolon after the invocation of `define_function`
[INFO] [stdout]     = warning: this was previously accepted by the compiler but is being phased out; it will become a hard error in a future release!
[INFO] [stdout]     = note: for more information, see issue #79813 <https://github.com/rust-lang/rust/issues/79813>
[INFO] [stdout]     = note: this warning originates in the macro `define_function` (in Nightly builds, run with -Z macro-backtrace for more info)
[INFO] [stdout] 
[INFO] [stdout] 
[INFO] [stdout] warning: trailing semicolon in macro used in expression position
[INFO] [stdout]    --> src/std/functions/operators.rs:223:9
[INFO] [stdout]     |
[INFO] [stdout] 223 | / ...   define_function! {
[INFO] [stdout] 224 | | ...       BinaryNotEq => {
[INFO] [stdout] 225 | | ...           name: "neq",
[INFO] [stdout] 226 | | ...           documentation: "`enq` returns `true` if the left- and right-hand-side arguments are not equal and `false` otherwise.",
[INFO] [stdout] ...   |
[INFO] [stdout] 248 | | ...   },
[INFO] [stdout]     | |_______^
[INFO] [stdout]     |
[INFO] [stdout]     = note: macro invocations at the end of a block are treated as expressions
[INFO] [stdout]     = note: to ignore the value produced by the macro, add a semicolon after the invocation of `define_function`
[INFO] [stdout]     = warning: this was previously accepted by the compiler but is being phased out; it will become a hard error in a future release!
[INFO] [stdout]     = note: for more information, see issue #79813 <https://github.com/rust-lang/rust/issues/79813>
[INFO] [stdout]     = note: this warning originates in the macro `define_function` (in Nightly builds, run with -Z macro-backtrace for more info)
[INFO] [stdout] 
[INFO] [stdout] 
[INFO] [stdout] warning: trailing semicolon in macro used in expression position
[INFO] [stdout]    --> src/std/functions/operators.rs:249:9
[INFO] [stdout]     |
[INFO] [stdout] 249 | / ...   define_function! {
[INFO] [stdout] 250 | | ...       BinaryMinus => {
[INFO] [stdout] 251 | | ...           name: "minus",
[INFO] [stdout] 252 | | ...           documentation: "`minus` returns the result of subtracting the right-hand-side `integer` argument from the left-hand...
[INFO] [stdout] ...   |
[INFO] [stdout] 274 | | ...   },
[INFO] [stdout]     | |_______^
[INFO] [stdout]     |
[INFO] [stdout]     = note: macro invocations at the end of a block are treated as expressions
[INFO] [stdout]     = note: to ignore the value produced by the macro, add a semicolon after the invocation of `define_function`
[INFO] [stdout]     = warning: this was previously accepted by the compiler but is being phased out; it will become a hard error in a future release!
[INFO] [stdout]     = note: for more information, see issue #79813 <https://github.com/rust-lang/rust/issues/79813>
[INFO] [stdout]     = note: this warning originates in the macro `define_function` (in Nightly builds, run with -Z macro-backtrace for more info)
[INFO] [stdout] 
[INFO] [stdout] 
[INFO] [stdout] warning: trailing semicolon in macro used in expression position
[INFO] [stdout]    --> src/std/functions/operators.rs:275:9
[INFO] [stdout]     |
[INFO] [stdout] 275 | / ...   define_function! {
[INFO] [stdout] 276 | | ...       BinaryModulo => {
[INFO] [stdout] 277 | | ...           name: "modulo",
[INFO] [stdout] 278 | | ...           documentation: "`modulo` returns the remainder of dividing the left-hand-side `integer` argument by the right-hand-...
[INFO] [stdout] ...   |
[INFO] [stdout] 300 | | ...   },
[INFO] [stdout]     | |_______^
[INFO] [stdout]     |
[INFO] [stdout]     = note: macro invocations at the end of a block are treated as expressions
[INFO] [stdout]     = note: to ignore the value produced by the macro, add a semicolon after the invocation of `define_function`
[INFO] [stdout]     = warning: this was previously accepted by the compiler but is being phased out; it will become a hard error in a future release!
[INFO] [stdout]     = note: for more information, see issue #79813 <https://github.com/rust-lang/rust/issues/79813>
[INFO] [stdout]     = note: this warning originates in the macro `define_function` (in Nightly builds, run with -Z macro-backtrace for more info)
[INFO] [stdout] 
[INFO] [stdout] 
[INFO] [stdout] warning: trailing semicolon in macro used in expression position
[INFO] [stdout]    --> src/std/functions/operators.rs:301:9
[INFO] [stdout]     |
[INFO] [stdout] 301 | / ...   define_function! {
[INFO] [stdout] 302 | | ...       BinaryMul => {
[INFO] [stdout] 303 | | ...           name: "multiply",
[INFO] [stdout] 304 | | ...           documentation: "`multiply` returns the product of the left-hand-side `integer` argument and the right-hand-side `in...
[INFO] [stdout] ...   |
[INFO] [stdout] 328 | | ...   },
[INFO] [stdout]     | |_______^
[INFO] [stdout]     |
[INFO] [stdout]     = note: macro invocations at the end of a block are treated as expressions
[INFO] [stdout]     = note: to ignore the value produced by the macro, add a semicolon after the invocation of `define_function`
[INFO] [stdout]     = warning: this was previously accepted by the compiler but is being phased out; it will become a hard error in a future release!
[INFO] [stdout]     = note: for more information, see issue #79813 <https://github.com/rust-lang/rust/issues/79813>
[INFO] [stdout]     = note: this warning originates in the macro `define_function` (in Nightly builds, run with -Z macro-backtrace for more info)
[INFO] [stdout] 
[INFO] [stdout] 
[INFO] [stdout] warning: trailing semicolon in macro used in expression position
[INFO] [stdout]    --> src/std/functions/operators.rs:329:9
[INFO] [stdout]     |
[INFO] [stdout] 329 | / ...   define_function! {
[INFO] [stdout] 330 | | ...       BinaryPlus => {
[INFO] [stdout] 331 | | ...           name: "add",
[INFO] [stdout] 332 | | ...           documentation: "`add` returns the sum of the left-hand-side `integer` argument and the right-hand-side `integer` ar...
[INFO] [stdout] ...   |
[INFO] [stdout] 354 | | ...   },
[INFO] [stdout]     | |_______^
[INFO] [stdout]     |
[INFO] [stdout]     = note: macro invocations at the end of a block are treated as expressions
[INFO] [stdout]     = note: to ignore the value produced by the macro, add a semicolon after the invocation of `define_function`
[INFO] [stdout]     = warning: this was previously accepted by the compiler but is being phased out; it will become a hard error in a future release!
[INFO] [stdout]     = note: for more information, see issue #79813 <https://github.com/rust-lang/rust/issues/79813>
[INFO] [stdout]     = note: this warning originates in the macro `define_function` (in Nightly builds, run with -Z macro-backtrace for more info)
[INFO] [stdout] 
[INFO] [stdout] 
[INFO] [stdout] warning: trailing semicolon in macro used in expression position
[INFO] [stdout]    --> src/std/functions/operators.rs:355:9
[INFO] [stdout]     |
[INFO] [stdout] 355 | /         define_function! {
[INFO] [stdout] 356 | |             UnaryNegInteger => {
[INFO] [stdout] 357 | |                 name: "neg_integer",
[INFO] [stdout] 358 | |                 documentation: "Returns the negation of the given integer.",
[INFO] [stdout] ...   |
[INFO] [stdout] 371 | |         },
[INFO] [stdout]     | |_________^
[INFO] [stdout]     |
[INFO] [stdout]     = note: macro invocations at the end of a block are treated as expressions
[INFO] [stdout]     = note: to ignore the value produced by the macro, add a semicolon after the invocation of `define_function`
[INFO] [stdout]     = warning: this was previously accepted by the compiler but is being phased out; it will become a hard error in a future release!
[INFO] [stdout]     = note: for more information, see issue #79813 <https://github.com/rust-lang/rust/issues/79813>
[INFO] [stdout]     = note: this warning originates in the macro `define_function` (in Nightly builds, run with -Z macro-backtrace for more info)
[INFO] [stdout] 
[INFO] [stdout] 
[INFO] [stdout] warning: trailing semicolon in macro used in expression position
[INFO] [stdout]    --> src/std/functions/operators.rs:372:9
[INFO] [stdout]     |
[INFO] [stdout] 372 | /         define_function! {
[INFO] [stdout] 373 | |             UnaryNotBool => {
[INFO] [stdout] 374 | |                 name: "not_bool",
[INFO] [stdout] 375 | |                 documentation: "Returns the logical negation of the given boolean value.",
[INFO] [stdout] ...   |
[INFO] [stdout] 388 | |         },
[INFO] [stdout]     | |_________^
[INFO] [stdout]     |
[INFO] [stdout]     = note: macro invocations at the end of a block are treated as expressions
[INFO] [stdout]     = note: to ignore the value produced by the macro, add a semicolon after the invocation of `define_function`
[INFO] [stdout]     = warning: this was previously accepted by the compiler but is being phased out; it will become a hard error in a future release!
[INFO] [stdout]     = note: for more information, see issue #79813 <https://github.com/rust-lang/rust/issues/79813>
[INFO] [stdout]     = note: this warning originates in the macro `define_function` (in Nightly builds, run with -Z macro-backtrace for more info)
[INFO] [stdout] 
[INFO] [stdout] 
[INFO] [stdout] warning: unused import: `BasicHclValidator`
[INFO] [stdout]  --> src/validation/hcl_validator/tests.rs:3:22
[INFO] [stdout]   |
[INFO] [stdout] 3 | use super::visitor::{BasicHclValidator, validate_with_hcl};
[INFO] [stdout]   |                      ^^^^^^^^^^^^^^^^^
[INFO] [stdout]   |
[INFO] [stdout]   = note: `#[warn(unused_imports)]` (part of `#[warn(unused)]`) on by default
[INFO] [stdout] 
[INFO] [stdout] 
[INFO] [stdout] warning: unused import: `visitor::HclValidationVisitor`
[INFO] [stdout]   --> src/validation/hcl_validator/mod.rs:28:16
[INFO] [stdout]    |
[INFO] [stdout] 28 | pub(crate) use visitor::HclValidationVisitor;
[INFO] [stdout]    |                ^^^^^^^^^^^^^^^^^^^^^^^^^^^^^
[INFO] [stdout] 
[INFO] [stdout] 
[INFO] [stdout] warning: value assigned to `current_package` is never read
[INFO] [stdout]    --> src/runbook/workspace_context.rs:922:17
[INFO] [stdout]     |
[INFO] [stdout] 922 |                 current_package = imported_package;
[INFO] [stdout]     |                 ^^^^^^^^^^^^^^^^^^^^^^^^^^^^^^^^^^
[INFO] [stdout]     |
[INFO] [stdout]     = help: maybe it is overwritten before being read?
[INFO] [stdout]     = note: `#[warn(unused_assignments)]` (part of `#[warn(unused)]`) on by default
[INFO] [stdout] 
[INFO] [stdout] 
[INFO] [stdout] warning: unused variable: `line`
[INFO] [stdout]    --> src/validation/file_boundary.rs:154:20
[INFO] [stdout]     |
[INFO] [stdout] 154 |         let (file, line) = map.map_line(4);
[INFO] [stdout]     |                    ^^^^ help: if this is intentional, prefix it with an underscore: `_line`
[INFO] [stdout]     |
[INFO] [stdout]     = note: `#[warn(unused_variables)]` (part of `#[warn(unused)]`) on by default
[INFO] [stdout] 
[INFO] [stdout] 
[INFO] [stdout] For more information about this error, try `rustc --explain E0433`.
[INFO] [stdout] 
[INFO] [stderr] error: could not compile `txtx-core` (lib test) due to 4 previous errors; 39 warnings emitted
[INFO] running `Command { std: "docker" "inspect" "67a4c90909fa31515ff97c45557662bdebc4084989e15c4bfa3f45c28fd4570d", kill_on_drop: false }`
[INFO] running `Command { std: "docker" "rm" "-f" "67a4c90909fa31515ff97c45557662bdebc4084989e15c4bfa3f45c28fd4570d", kill_on_drop: false }`
[INFO] [stdout] 67a4c90909fa31515ff97c45557662bdebc4084989e15c4bfa3f45c28fd4570d
