[INFO] fetching crate twin 0.1.4...
[INFO] testing twin-0.1.4 against 1.100.0-beta.1+cargoflags=--release for beta-release-1.100-2
[INFO] extracting crate twin 0.1.4 into /workspace/builds/worker-0-tc2/source
[INFO] started tweaking crates.io crate twin 0.1.4
[INFO] finished tweaking crates.io crate twin 0.1.4
[INFO] tweaked toml for crates.io crate twin 0.1.4 written to /workspace/builds/worker-0-tc2/source/Cargo.toml
[INFO] validating manifest of crates.io crate twin 0.1.4 on toolchain 1.100.0-beta.1
[INFO] running `Command { std: CARGO_HOME="/workspace/cargo-home" RUSTUP_HOME="/workspace/rustup-home" "/workspace/cargo-home/bin/cargo" "+1.100.0-beta.1" "metadata" "--manifest-path" "Cargo.toml" "--no-deps", kill_on_drop: false }`
[INFO] running `Command { std: CARGO_HOME="/workspace/cargo-home" RUSTUP_HOME="/workspace/rustup-home" "/workspace/cargo-home/bin/cargo" "+1.100.0-beta.1" "generate-lockfile" "--manifest-path" "Cargo.toml", kill_on_drop: false }`
[INFO] [stderr]     Updating crates.io index
[INFO] [stderr]      Locking 8 packages to highest compatible versions
[INFO] [stderr]       Adding windows v0.10.0 (available: v0.62.2)
[INFO] running `Command { std: CARGO_HOME="/workspace/cargo-home" RUSTUP_HOME="/workspace/rustup-home" "/workspace/cargo-home/bin/cargo" "+1.100.0-beta.1" "fetch" "--manifest-path" "Cargo.toml", kill_on_drop: false }`
[INFO] running `Command { std: "docker" "create" "-v" "/var/lib/crater-agent-workspace/builds/worker-0-tc2/source:/opt/rustwide/workdir:ro,Z" "-v" "/var/lib/crater-agent-workspace/builds/worker-0-tc2/target:/opt/rustwide/target:rw,Z" "-v" "/var/lib/crater-agent-workspace/cargo-home:/opt/rustwide/cargo-home:ro,Z" "-v" "/var/lib/crater-agent-workspace/rustup-home:/opt/rustwide/rustup-home:ro,Z" "-m" "1610612736" "--network" "none" "ghcr.io/rust-lang/crates-build-env/linux@sha256:77db811e55d90add9212f6832c23229e3de5f1c1f9905e8cb07319ea15df73ac" "sleep" "infinity", kill_on_drop: false }`
[INFO] [stdout] 78cbce1fae36d13b884e785cd44fa623c286a66ffc81b17ea68a53b99e38f083
[INFO] running `Command { std: "docker" "start" "78cbce1fae36d13b884e785cd44fa623c286a66ffc81b17ea68a53b99e38f083", kill_on_drop: false }`
[INFO] running `Command { std: "docker" "inspect" "78cbce1fae36d13b884e785cd44fa623c286a66ffc81b17ea68a53b99e38f083", kill_on_drop: false }`
[INFO] running `Command { std: "docker" "exec" "-e" "SOURCE_DIR=/opt/rustwide/workdir" "-e" "CARGO_HOME=/opt/rustwide/cargo-home" "-e" "RUSTUP_HOME=/opt/rustwide/rustup-home" "-e" "CARGO_TARGET_DIR=/opt/rustwide/target" "-w" "/opt/rustwide/workdir" "--user" "0:0" "78cbce1fae36d13b884e785cd44fa623c286a66ffc81b17ea68a53b99e38f083" "/opt/rustwide/cargo-home/bin/cargo" "+1.100.0-beta.1" "metadata" "--no-deps" "--format-version=1", kill_on_drop: false }`
[INFO] running `Command { std: "docker" "inspect" "78cbce1fae36d13b884e785cd44fa623c286a66ffc81b17ea68a53b99e38f083", kill_on_drop: false }`
[INFO] running `Command { std: "docker" "exec" "-e" "SOURCE_DIR=/opt/rustwide/workdir" "-e" "CARGO_HOME=/opt/rustwide/cargo-home" "-e" "RUSTUP_HOME=/opt/rustwide/rustup-home" "-e" "CARGO_TARGET_DIR=/opt/rustwide/target" "-e" "CARGO_INCREMENTAL=0" "-e" "RUST_BACKTRACE=full" "-e" "RUSTFLAGS=--cap-lints=warn" "-e" "RUSTDOCFLAGS=--cap-lints=warn" "-w" "/opt/rustwide/workdir" "--user" "0:0" "78cbce1fae36d13b884e785cd44fa623c286a66ffc81b17ea68a53b99e38f083" "/opt/rustwide/cargo-home/bin/cargo" "+1.100.0-beta.1" "build" "--frozen" "--message-format=json" "--release", kill_on_drop: false }`
[INFO] [stderr]    Compiling syn v1.0.109
[INFO] [stderr]    Compiling windows_gen v0.10.0
[INFO] [stderr]    Compiling const-sha1 v0.2.0
[INFO] [stderr]    Compiling windows_macros v0.10.0
[INFO] [stderr]    Compiling windows v0.10.0
[INFO] [stderr]    Compiling twin v0.1.4 (/opt/rustwide/workdir)
[INFO] [stdout] error: linking with `cc` failed: exit status: 1
[INFO] [stdout]   |
[INFO] [stdout]   = note:  "cc" "-m64" "/opt/rustwide/target/release/build/twin/aaa7f285585d36b7/out/rustcphc7ig/symbols.o" "<2 object files omitted>" "-Wl,--as-needed" "-Wl,-Bstatic" "/opt/rustwide/target/release/build/windows/956739a4a86d5462/out/libwindows-956739a4a86d5462.rlib" "/opt/rustwide/target/release/build/const-sha1/0c14a3eae70fb3bd/out/libconst_sha1-0c14a3eae70fb3bd.rlib" "<sysroot>/lib/rustlib/x86_64-unknown-linux-gnu/lib/{libstd-*,libpanic_unwind-*,libobject-*,libmemchr-*,libaddr2line-*,libgimli-*,libcfg_if-*,librustc_demangle-*,libstd_detect-*,libhashbrown-*,librustc_std_workspace_alloc-*,libminiz_oxide-*,libadler2-*,libunwind-*,liblibc-*,librustc_std_workspace_core-*,liballoc-*,libcore-*,libcompiler_builtins-*}.rlib" "-Wl,-Bdynamic" "-lOLE32" "-lKERNEL32" "-lOLEAUT32" "-lKERNEL32" "-lgcc_s" "-lutil" "-lrt" "-lpthread" "-lm" "-ldl" "-lc" "-L" "/opt/rustwide/target/release/build/twin/aaa7f285585d36b7/out/rustcphc7ig/raw-dylibs" "-B<sysroot>/lib/rustlib/x86_64-unknown-linux-gnu/bin/gcc-ld" "-fuse-ld=lld" "-Wl,--eh-frame-hdr" "-Wl,-z,noexecstack" "-L" "<sysroot>/lib/rustlib/x86_64-unknown-linux-gnu/lib" "-o" "/opt/rustwide/target/release/build/twin/aaa7f285585d36b7/out/build_script_build" "-Wl,--gc-sections" "-pie" "-Wl,-z,relro,-z,now" "-Wl,--strip-debug" "-nodefaultlibs"
[INFO] [stdout]   = note: some arguments are omitted. use `--verbose` to show all linker arguments
[INFO] [stdout]   = note: rust-lld: error: unable to find library -lOLE32
[INFO] [stdout]           rust-lld: error: unable to find library -lKERNEL32
[INFO] [stdout]           rust-lld: error: unable to find library -lOLEAUT32
[INFO] [stdout]           rust-lld: error: unable to find library -lKERNEL32
[INFO] [stdout]           collect2: error: ld returned 1 exit status
[INFO] [stdout]           
[INFO] [stdout] 
[INFO] [stdout] 
[INFO] [stderr] error: could not compile `twin` (build script) due to 1 previous error
[INFO] [stderr] warning: build failed, waiting for other jobs to finish...
[INFO] running `Command { std: "docker" "inspect" "78cbce1fae36d13b884e785cd44fa623c286a66ffc81b17ea68a53b99e38f083", kill_on_drop: false }`
[INFO] running `Command { std: "docker" "rm" "-f" "78cbce1fae36d13b884e785cd44fa623c286a66ffc81b17ea68a53b99e38f083", kill_on_drop: false }`
[INFO] [stdout] 78cbce1fae36d13b884e785cd44fa623c286a66ffc81b17ea68a53b99e38f083
